[INFO] cloning repository https://github.com/queer/deb-rust
[INFO] running `Command { std: "git" "-c" "credential.helper=" "-c" "credential.helper=/workspace/cargo-home/bin/git-credential-null" "clone" "--bare" "https://github.com/queer/deb-rust" "/workspace/cache/git-repos/https%3A%2F%2Fgithub.com%2Fqueer%2Fdeb-rust", kill_on_drop: false }`
[INFO] [stderr] Cloning into bare repository '/workspace/cache/git-repos/https%3A%2F%2Fgithub.com%2Fqueer%2Fdeb-rust'...
[INFO] running `Command { std: "git" "rev-parse" "HEAD", kill_on_drop: false }`
[INFO] [stdout] 6c70b746ae2f4d2b9f73edc675a022bf1a3e0be1
[INFO] testing queer/deb-rust against 1.75.0 for beta-1.76-1
[INFO] running `Command { std: "git" "clone" "/workspace/cache/git-repos/https%3A%2F%2Fgithub.com%2Fqueer%2Fdeb-rust" "/workspace/builds/worker-0-tc1/source", kill_on_drop: false }`
[INFO] [stderr] Cloning into '/workspace/builds/worker-0-tc1/source'...
[INFO] [stderr] done.
[INFO] validating manifest of git repo https://github.com/queer/deb-rust on toolchain 1.75.0
[INFO] running `Command { std: CARGO_HOME="/workspace/cargo-home" RUSTUP_HOME="/workspace/rustup-home" "/workspace/cargo-home/bin/cargo" "+1.75.0" "metadata" "--manifest-path" "Cargo.toml" "--no-deps", kill_on_drop: false }`
[INFO] started tweaking git repo https://github.com/queer/deb-rust
[INFO] finished tweaking git repo https://github.com/queer/deb-rust
[INFO] tweaked toml for git repo https://github.com/queer/deb-rust written to /workspace/builds/worker-0-tc1/source/Cargo.toml
[INFO] crate git repo https://github.com/queer/deb-rust already has a lockfile, it will not be regenerated
[INFO] running `Command { std: CARGO_HOME="/workspace/cargo-home" RUSTUP_HOME="/workspace/rustup-home" "/workspace/cargo-home/bin/cargo" "+1.75.0" "fetch" "--manifest-path" "Cargo.toml", kill_on_drop: false }`
[INFO] running `Command { std: "docker" "create" "-v" "/var/lib/crater-agent-workspace/builds/worker-0-tc1/target:/opt/rustwide/target:rw,Z" "-v" "/var/lib/crater-agent-workspace/builds/worker-0-tc1/source:/opt/rustwide/workdir:ro,Z" "-v" "/var/lib/crater-agent-workspace/cargo-home:/opt/rustwide/cargo-home:ro,Z" "-v" "/var/lib/crater-agent-workspace/rustup-home:/opt/rustwide/rustup-home:ro,Z" "-e" "SOURCE_DIR=/opt/rustwide/workdir" "-e" "CARGO_TARGET_DIR=/opt/rustwide/target" "-e" "CARGO_HOME=/opt/rustwide/cargo-home" "-e" "RUSTUP_HOME=/opt/rustwide/rustup-home" "-w" "/opt/rustwide/workdir" "-m" "1610612736" "--user" "0:0" "--network" "none" "ghcr.io/rust-lang/crates-build-env/linux@sha256:2788e3201cd34a07e3172128adcd8b3090168a8e3bcc40d7c032b9dda1df7d1c" "/opt/rustwide/cargo-home/bin/cargo" "+1.75.0" "metadata" "--no-deps" "--format-version=1", kill_on_drop: false }`
[INFO] [stdout] c6d1f3454f148bbaa3d5a892a0759d97a8256b2c17e897cba531754f34849787
[INFO] running `Command { std: "docker" "start" "-a" "c6d1f3454f148bbaa3d5a892a0759d97a8256b2c17e897cba531754f34849787", kill_on_drop: false }`
[INFO] running `Command { std: "docker" "inspect" "c6d1f3454f148bbaa3d5a892a0759d97a8256b2c17e897cba531754f34849787", kill_on_drop: false }`
[INFO] running `Command { std: "docker" "rm" "-f" "c6d1f3454f148bbaa3d5a892a0759d97a8256b2c17e897cba531754f34849787", kill_on_drop: false }`
[INFO] [stdout] c6d1f3454f148bbaa3d5a892a0759d97a8256b2c17e897cba531754f34849787
[INFO] running `Command { std: "docker" "create" "-v" "/var/lib/crater-agent-workspace/builds/worker-0-tc1/target:/opt/rustwide/target:rw,Z" "-v" "/var/lib/crater-agent-workspace/builds/worker-0-tc1/source:/opt/rustwide/workdir:ro,Z" "-v" "/var/lib/crater-agent-workspace/cargo-home:/opt/rustwide/cargo-home:ro,Z" "-v" "/var/lib/crater-agent-workspace/rustup-home:/opt/rustwide/rustup-home:ro,Z" "-e" "SOURCE_DIR=/opt/rustwide/workdir" "-e" "CARGO_TARGET_DIR=/opt/rustwide/target" "-e" "CARGO_INCREMENTAL=0" "-e" "RUST_BACKTRACE=full" "-e" "RUSTFLAGS=--cap-lints=warn" "-e" "RUSTDOCFLAGS=--cap-lints=warn" "-e" "CARGO_HOME=/opt/rustwide/cargo-home" "-e" "RUSTUP_HOME=/opt/rustwide/rustup-home" "-w" "/opt/rustwide/workdir" "-m" "1610612736" "--user" "0:0" "--network" "none" "ghcr.io/rust-lang/crates-build-env/linux@sha256:2788e3201cd34a07e3172128adcd8b3090168a8e3bcc40d7c032b9dda1df7d1c" "/opt/rustwide/cargo-home/bin/cargo" "+1.75.0" "build" "--frozen" "--message-format=json", kill_on_drop: false }`
[INFO] [stdout] e0ecf1adcb58e33a433f062832275936ac89e1cc6b4c55d1f7ce8a72b3348e18
[INFO] running `Command { std: "docker" "start" "-a" "e0ecf1adcb58e33a433f062832275936ac89e1cc6b4c55d1f7ce8a72b3348e18", kill_on_drop: false }`
[INFO] [stderr]    Compiling libc v0.2.139
[INFO] [stderr]    Compiling autocfg v1.1.0
[INFO] [stderr]    Compiling pkg-config v0.3.26
[INFO] [stderr]    Compiling memchr v2.5.0
[INFO] [stderr]    Compiling zstd-safe v4.1.3+zstd.1.5.1
[INFO] [stderr]    Compiling cfg-if v1.0.0
[INFO] [stderr]    Compiling regex-syntax v0.6.28
[INFO] [stderr]    Compiling same-file v1.0.6
[INFO] [stderr]    Compiling iana-time-zone v0.1.53
[INFO] [stderr]    Compiling md5 v0.7.0
[INFO] [stderr]    Compiling ar v0.9.0
[INFO] [stderr]    Compiling walkdir v2.3.2
[INFO] [stderr]    Compiling num-traits v0.2.15
[INFO] [stderr]    Compiling num-integer v0.1.45
[INFO] [stderr]    Compiling aho-corasick v0.7.20
[INFO] [stderr]    Compiling jobserver v0.1.25
[INFO] [stderr]    Compiling filetime v0.2.19
[INFO] [stderr]    Compiling time v0.1.45
[INFO] [stderr]    Compiling xattr v0.2.3
[INFO] [stderr]    Compiling tar v0.4.38
[INFO] [stderr]    Compiling cc v1.0.78
[INFO] [stderr]    Compiling chrono v0.4.23
[INFO] [stderr]    Compiling zstd-sys v1.6.2+zstd.1.5.1
[INFO] [stderr]    Compiling lzma-sys v0.1.20
[INFO] [stderr]    Compiling regex v1.7.1
[INFO] [stderr]    Compiling xz2 v0.1.7
[INFO] [stderr]    Compiling xz v0.1.0
[INFO] [stderr]    Compiling zstd v0.9.2+zstd.1.5.1
[INFO] [stderr]    Compiling deb-rust v0.1.2 (/opt/rustwide/workdir)
[INFO] [stderr]     Finished dev [unoptimized + debuginfo] target(s) in 14.21s
[INFO] running `Command { std: "docker" "inspect" "e0ecf1adcb58e33a433f062832275936ac89e1cc6b4c55d1f7ce8a72b3348e18", kill_on_drop: false }`
[INFO] running `Command { std: "docker" "rm" "-f" "e0ecf1adcb58e33a433f062832275936ac89e1cc6b4c55d1f7ce8a72b3348e18", kill_on_drop: false }`
[INFO] [stdout] e0ecf1adcb58e33a433f062832275936ac89e1cc6b4c55d1f7ce8a72b3348e18
[INFO] running `Command { std: "docker" "create" "-v" "/var/lib/crater-agent-workspace/builds/worker-0-tc1/target:/opt/rustwide/target:rw,Z" "-v" "/var/lib/crater-agent-workspace/builds/worker-0-tc1/source:/opt/rustwide/workdir:ro,Z" "-v" "/var/lib/crater-agent-workspace/cargo-home:/opt/rustwide/cargo-home:ro,Z" "-v" "/var/lib/crater-agent-workspace/rustup-home:/opt/rustwide/rustup-home:ro,Z" "-e" "SOURCE_DIR=/opt/rustwide/workdir" "-e" "CARGO_TARGET_DIR=/opt/rustwide/target" "-e" "CARGO_INCREMENTAL=0" "-e" "RUST_BACKTRACE=full" "-e" "RUSTFLAGS=--cap-lints=warn" "-e" "RUSTDOCFLAGS=--cap-lints=warn" "-e" "CARGO_HOME=/opt/rustwide/cargo-home" "-e" "RUSTUP_HOME=/opt/rustwide/rustup-home" "-w" "/opt/rustwide/workdir" "-m" "1610612736" "--user" "0:0" "--network" "none" "ghcr.io/rust-lang/crates-build-env/linux@sha256:2788e3201cd34a07e3172128adcd8b3090168a8e3bcc40d7c032b9dda1df7d1c" "/opt/rustwide/cargo-home/bin/cargo" "+1.75.0" "test" "--frozen" "--no-run" "--message-format=json", kill_on_drop: false }`
[INFO] [stdout] f11883ff3ce23ffb16ddbdab5494a775157a943c80cc7ec26b54a49e45409cdc
[INFO] running `Command { std: "docker" "start" "-a" "f11883ff3ce23ffb16ddbdab5494a775157a943c80cc7ec26b54a49e45409cdc", kill_on_drop: false }`
[INFO] [stderr]    Compiling deb-rust v0.1.2 (/opt/rustwide/workdir)
[INFO] [stderr]     Finished test [unoptimized + debuginfo] target(s) in 1.30s
[INFO] running `Command { std: "docker" "inspect" "f11883ff3ce23ffb16ddbdab5494a775157a943c80cc7ec26b54a49e45409cdc", kill_on_drop: false }`
[INFO] running `Command { std: "docker" "rm" "-f" "f11883ff3ce23ffb16ddbdab5494a775157a943c80cc7ec26b54a49e45409cdc", kill_on_drop: false }`
[INFO] [stdout] f11883ff3ce23ffb16ddbdab5494a775157a943c80cc7ec26b54a49e45409cdc
[INFO] running `Command { std: "docker" "create" "-v" "/var/lib/crater-agent-workspace/builds/worker-0-tc1/target:/opt/rustwide/target:rw,Z" "-v" "/var/lib/crater-agent-workspace/builds/worker-0-tc1/source:/opt/rustwide/workdir:ro,Z" "-v" "/var/lib/crater-agent-workspace/cargo-home:/opt/rustwide/cargo-home:ro,Z" "-v" "/var/lib/crater-agent-workspace/rustup-home:/opt/rustwide/rustup-home:ro,Z" "-e" "SOURCE_DIR=/opt/rustwide/workdir" "-e" "CARGO_TARGET_DIR=/opt/rustwide/target" "-e" "CARGO_INCREMENTAL=0" "-e" "RUST_BACKTRACE=full" "-e" "RUSTFLAGS=--cap-lints=warn" "-e" "RUSTDOCFLAGS=--cap-lints=warn" "-e" "CARGO_HOME=/opt/rustwide/cargo-home" "-e" "RUSTUP_HOME=/opt/rustwide/rustup-home" "-w" "/opt/rustwide/workdir" "-m" "1610612736" "--user" "0:0" "--network" "none" "ghcr.io/rust-lang/crates-build-env/linux@sha256:2788e3201cd34a07e3172128adcd8b3090168a8e3bcc40d7c032b9dda1df7d1c" "/opt/rustwide/cargo-home/bin/cargo" "+1.75.0" "test" "--frozen", kill_on_drop: false }`
[INFO] [stdout] 56dfd131855fd67c6f524b9ea4ed8b30c6b1acff970c37cd4459a178409872c5
[INFO] running `Command { std: "docker" "start" "-a" "56dfd131855fd67c6f524b9ea4ed8b30c6b1acff970c37cd4459a178409872c5", kill_on_drop: false }`
[INFO] [stderr]     Finished test [unoptimized + debuginfo] target(s) in 0.02s
[INFO] [stderr]      Running unittests src/lib.rs (/opt/rustwide/target/debug/deps/deb_rust-48a43a2790cc1ae4)
[INFO] [stdout] 
[INFO] [stdout] running 2 tests
[INFO] [stdout] test test::read_simple_package ... FAILED
[INFO] [stdout] test test::build_simple_package ... FAILED
[INFO] [stdout] 
[INFO] [stdout] failures:
[INFO] [stdout] 
[INFO] [stdout] ---- test::read_simple_package stdout ----
[INFO] [stdout] Error: Os { code: 2, kind: NotFound, message: "No such file or directory" }
[INFO] [stdout] 
[INFO] [stdout] ---- test::build_simple_package stdout ----
[INFO] [stdout] Error: Os { code: 30, kind: ReadOnlyFilesystem, message: "Read-only file system" }
[INFO] [stdout] 
[INFO] [stdout] 
[INFO] [stdout] failures:
[INFO] [stdout]     test::build_simple_package
[INFO] [stdout]     test::read_simple_package
[INFO] [stdout] 
[INFO] [stdout] test result: FAILED. 0 passed; 2 failed; 0 ignored; 0 measured; 0 filtered out; finished in 0.00s
[INFO] [stdout] 
[INFO] [stderr] error: test failed, to rerun pass `--lib`
[INFO] running `Command { std: "docker" "inspect" "56dfd131855fd67c6f524b9ea4ed8b30c6b1acff970c37cd4459a178409872c5", kill_on_drop: false }`
[INFO] running `Command { std: "docker" "rm" "-f" "56dfd131855fd67c6f524b9ea4ed8b30c6b1acff970c37cd4459a178409872c5", kill_on_drop: false }`
[INFO] [stdout] 56dfd131855fd67c6f524b9ea4ed8b30c6b1acff970c37cd4459a178409872c5
