[INFO] cloning repository https://github.com/qihaiyan/reston
[INFO] running `Command { std: "git" "-c" "credential.helper=" "-c" "credential.helper=/workspace/cargo-home/bin/git-credential-null" "clone" "--bare" "https://github.com/qihaiyan/reston" "/workspace/cache/git-repos/https%3A%2F%2Fgithub.com%2Fqihaiyan%2Freston", kill_on_drop: false }`
[INFO] [stderr] Cloning into bare repository '/workspace/cache/git-repos/https%3A%2F%2Fgithub.com%2Fqihaiyan%2Freston'...
[INFO] running `Command { std: "git" "rev-parse" "HEAD", kill_on_drop: false }`
[INFO] [stdout] f937675c0da2b479a8d542d0539874198a0a16e6
[INFO] testing qihaiyan/reston against 1.75.0 for beta-1.76-1
[INFO] running `Command { std: "git" "clone" "/workspace/cache/git-repos/https%3A%2F%2Fgithub.com%2Fqihaiyan%2Freston" "/workspace/builds/worker-1-tc1/source", kill_on_drop: false }`
[INFO] [stderr] Cloning into '/workspace/builds/worker-1-tc1/source'...
[INFO] [stderr] done.
[INFO] validating manifest of git repo https://github.com/qihaiyan/reston on toolchain 1.75.0
[INFO] running `Command { std: CARGO_HOME="/workspace/cargo-home" RUSTUP_HOME="/workspace/rustup-home" "/workspace/cargo-home/bin/cargo" "+1.75.0" "metadata" "--manifest-path" "Cargo.toml" "--no-deps", kill_on_drop: false }`
[INFO] started tweaking git repo https://github.com/qihaiyan/reston
[INFO] finished tweaking git repo https://github.com/qihaiyan/reston
[INFO] tweaked toml for git repo https://github.com/qihaiyan/reston written to /workspace/builds/worker-1-tc1/source/Cargo.toml
[INFO] crate git repo https://github.com/qihaiyan/reston already has a lockfile, it will not be regenerated
[INFO] running `Command { std: CARGO_HOME="/workspace/cargo-home" RUSTUP_HOME="/workspace/rustup-home" "/workspace/cargo-home/bin/cargo" "+1.75.0" "fetch" "--manifest-path" "Cargo.toml", kill_on_drop: false }`
[INFO] [stderr]     Updating crates.io index
[INFO] [stderr]  Downloading crates ...
[INFO] [stderr]   Downloaded color-hex v0.2.0
[INFO] [stderr]   Downloaded egui_extras v0.24.1
[INFO] [stderr]   Downloaded egui_dock v0.9.0
[INFO] [stderr]   Downloaded sublime_fuzzy v0.7.0
[INFO] [stderr]   Downloaded material-icons v0.2.0
[INFO] running `Command { std: "docker" "create" "-v" "/var/lib/crater-agent-workspace/builds/worker-1-tc1/target:/opt/rustwide/target:rw,Z" "-v" "/var/lib/crater-agent-workspace/builds/worker-1-tc1/source:/opt/rustwide/workdir:ro,Z" "-v" "/var/lib/crater-agent-workspace/cargo-home:/opt/rustwide/cargo-home:ro,Z" "-v" "/var/lib/crater-agent-workspace/rustup-home:/opt/rustwide/rustup-home:ro,Z" "-e" "SOURCE_DIR=/opt/rustwide/workdir" "-e" "CARGO_TARGET_DIR=/opt/rustwide/target" "-e" "CARGO_HOME=/opt/rustwide/cargo-home" "-e" "RUSTUP_HOME=/opt/rustwide/rustup-home" "-w" "/opt/rustwide/workdir" "-m" "1610612736" "--user" "0:0" "--network" "none" "ghcr.io/rust-lang/crates-build-env/linux@sha256:2788e3201cd34a07e3172128adcd8b3090168a8e3bcc40d7c032b9dda1df7d1c" "/opt/rustwide/cargo-home/bin/cargo" "+1.75.0" "metadata" "--no-deps" "--format-version=1", kill_on_drop: false }`
[INFO] [stdout] 9217a302a910508cc3c77f55bd51544585ad51391334c1ca822a918fb1614fb1
[INFO] running `Command { std: "docker" "start" "-a" "9217a302a910508cc3c77f55bd51544585ad51391334c1ca822a918fb1614fb1", kill_on_drop: false }`
[INFO] running `Command { std: "docker" "inspect" "9217a302a910508cc3c77f55bd51544585ad51391334c1ca822a918fb1614fb1", kill_on_drop: false }`
[INFO] running `Command { std: "docker" "rm" "-f" "9217a302a910508cc3c77f55bd51544585ad51391334c1ca822a918fb1614fb1", kill_on_drop: false }`
[INFO] [stdout] 9217a302a910508cc3c77f55bd51544585ad51391334c1ca822a918fb1614fb1
[INFO] running `Command { std: "docker" "create" "-v" "/var/lib/crater-agent-workspace/builds/worker-1-tc1/target:/opt/rustwide/target:rw,Z" "-v" "/var/lib/crater-agent-workspace/builds/worker-1-tc1/source:/opt/rustwide/workdir:ro,Z" "-v" "/var/lib/crater-agent-workspace/cargo-home:/opt/rustwide/cargo-home:ro,Z" "-v" "/var/lib/crater-agent-workspace/rustup-home:/opt/rustwide/rustup-home:ro,Z" "-e" "SOURCE_DIR=/opt/rustwide/workdir" "-e" "CARGO_TARGET_DIR=/opt/rustwide/target" "-e" "CARGO_INCREMENTAL=0" "-e" "RUST_BACKTRACE=full" "-e" "RUSTFLAGS=--cap-lints=warn" "-e" "RUSTDOCFLAGS=--cap-lints=warn" "-e" "CARGO_HOME=/opt/rustwide/cargo-home" "-e" "RUSTUP_HOME=/opt/rustwide/rustup-home" "-w" "/opt/rustwide/workdir" "-m" "1610612736" "--user" "0:0" "--network" "none" "ghcr.io/rust-lang/crates-build-env/linux@sha256:2788e3201cd34a07e3172128adcd8b3090168a8e3bcc40d7c032b9dda1df7d1c" "/opt/rustwide/cargo-home/bin/cargo" "+1.75.0" "build" "--frozen" "--message-format=json", kill_on_drop: false }`
[INFO] [stdout] 47a39541a08c665dc9d5ab6be74662e786a279237e271d017959e4f8d1206663
[INFO] running `Command { std: "docker" "start" "-a" "47a39541a08c665dc9d5ab6be74662e786a279237e271d017959e4f8d1206663", kill_on_drop: false }`
[INFO] [stderr]    Compiling cfg-if v1.0.0
[INFO] [stderr]    Compiling proc-macro2 v1.0.69
[INFO] [stderr]    Compiling unicode-ident v1.0.12
[INFO] [stderr]    Compiling autocfg v1.1.0
[INFO] [stderr]    Compiling libc v0.2.150
[INFO] [stderr]    Compiling pkg-config v0.3.27
[INFO] [stderr]    Compiling smallvec v1.11.2
[INFO] [stderr]    Compiling version_check v0.9.4
[INFO] [stderr]    Compiling serde v1.0.193
[INFO] [stderr]    Compiling hashbrown v0.14.2
[INFO] [stderr]    Compiling equivalent v1.0.1
[INFO] [stderr]    Compiling winnow v0.5.19
[INFO] [stderr]    Compiling once_cell v1.18.0
[INFO] [stderr]    Compiling log v0.4.20
[INFO] [stderr]    Compiling bitflags v1.3.2
[INFO] [stderr]    Compiling heck v0.4.1
[INFO] [stderr]    Compiling indexmap v2.1.0
[INFO] [stderr]    Compiling target-lexicon v0.12.12
[INFO] [stderr]    Compiling memchr v2.6.4
[INFO] [stderr]    Compiling version-compare v0.1.1
[INFO] [stderr]    Compiling quote v1.0.33
[INFO] [stderr]    Compiling cfg-expr v0.15.5
[INFO] [stderr]    Compiling crossbeam-utils v0.8.16
[INFO] [stderr]    Compiling syn v2.0.39
[INFO] [stderr]    Compiling xml-rs v0.8.19
[INFO] [stderr]    Compiling scopeguard v1.2.0
[INFO] [stderr]    Compiling typenum v1.17.0
[INFO] [stderr]    Compiling syn v1.0.109
[INFO] [stderr]    Compiling generic-array v0.14.7
[INFO] [stderr]    Compiling pin-project-lite v0.2.13
[INFO] [stderr]    Compiling futures-core v0.3.29
[INFO] [stderr]    Compiling getrandom v0.2.11
[INFO] [stderr]    Compiling simd-adler32 v0.3.7
[INFO] [stderr]    Compiling jobserver v0.1.27
[INFO] [stderr]    Compiling lock_api v0.4.11
[INFO] [stderr]    Compiling adler v1.0.2
[INFO] [stderr]    Compiling crc32fast v1.3.2
[INFO] [stderr]    Compiling cc v1.0.83
[INFO] [stderr]    Compiling miniz_oxide v0.7.1
[INFO] [stderr]    Compiling concurrent-queue v2.3.0
[INFO] [stderr]    Compiling libloading v0.8.1
[INFO] [stderr]    Compiling parking v2.2.0
[INFO] [stderr]    Compiling toml_datetime v0.6.5
[INFO] [stderr]    Compiling serde_spanned v0.6.4
[INFO] [stderr]    Compiling lazy_static v1.4.0
[INFO] [stderr]    Compiling dlib v0.5.2
[INFO] [stderr]    Compiling toml_edit v0.21.0
[INFO] [stderr]    Compiling wayland-scanner v0.29.5
[INFO] [stderr]    Compiling memoffset v0.7.1
[INFO] [stderr]    Compiling crypto-common v0.1.6
[INFO] [stderr]    Compiling memoffset v0.6.5
[INFO] [stderr]    Compiling flate2 v1.0.28
[INFO] [stderr]    Compiling aho-corasick v1.1.2
[INFO] [stderr]    Compiling subtle v2.5.0
[INFO] [stderr]    Compiling block-buffer v0.10.4
[INFO] [stderr]    Compiling event-listener v4.0.0
[INFO] [stderr]    Compiling rand_core v0.6.4
[INFO] [stderr]    Compiling futures-io v0.3.29
[INFO] [stderr]    Compiling event-listener-strategy v0.4.0
[INFO] [stderr]    Compiling digest v0.10.7
[INFO] [stderr]    Compiling toml_edit v0.19.15
[INFO] [stderr]    Compiling wayland-sys v0.29.5
[INFO] [stderr]    Compiling toml v0.8.8
[INFO] [stderr]    Compiling tracing-core v0.1.32
[INFO] [stderr]    Compiling slab v0.4.9
[INFO] [stderr]    Compiling system-deps v6.2.0
[INFO] [stderr]    Compiling event-listener v2.5.3
[INFO] [stderr]    Compiling byteorder v1.5.0
[INFO] [stderr]    Compiling cpufeatures v0.2.11
[INFO] [stderr]    Compiling zvariant_utils v1.0.1
[INFO] [stderr]    Compiling nix v0.26.4
[INFO] [stderr]    Compiling io-lifetimes v1.0.11
[INFO] [stderr]    Compiling proc-macro-crate v1.3.1
[INFO] [stderr]    Compiling ttf-parser v0.20.0
[INFO] [stderr]    Compiling fastrand v2.0.1
[INFO] [stderr]    Compiling thiserror v1.0.50
[INFO] [stderr]    Compiling wayland-client v0.29.5
[INFO] [stderr]    Compiling async-lock v3.1.2
[INFO] [stderr]    Compiling serde_derive v1.0.193
[INFO] [stderr]    Compiling bytemuck_derive v1.5.0
[INFO] [stderr]    Compiling enumflags2_derive v0.7.8
[INFO] [stderr]    Compiling tracing-attributes v0.1.27
[INFO] [stderr]    Compiling thiserror-impl v1.0.50
[INFO] [stderr]    Compiling nix v0.24.3
[INFO] [stderr]    Compiling futures-lite v2.0.1
[INFO] [stderr]    Compiling bytemuck v1.14.0
[INFO] [stderr]    Compiling owned_ttf_parser v0.20.0
[INFO] [stderr]    Compiling polling v2.8.0
[INFO] [stderr]    Compiling futures-task v0.3.29
[INFO] [stderr]    Compiling khronos_api v3.1.0
[INFO] [stderr]    Compiling waker-fn v1.1.1
[INFO] [stderr]    Compiling ppv-lite86 v0.2.17
[INFO] [stderr]    Compiling ab_glyph_rasterizer v0.1.8
[INFO] [stderr]    Compiling cfg_aliases v0.1.1
[INFO] [stderr]    Compiling regex-syntax v0.8.2
[INFO] [stderr]    Compiling async-task v4.5.0
[INFO] [stderr]    Compiling fastrand v1.9.0
[INFO] [stderr]    Compiling float-cmp v0.9.0
[INFO] [stderr]    Compiling atomic-waker v1.1.2
[INFO] [stderr]    Compiling rustix v0.37.27
[INFO] [stderr]    Compiling piper v0.2.1
[INFO] [stderr]    Compiling strict-num v0.1.1
[INFO] [stderr]    Compiling tracing v0.1.40
[INFO] [stderr]    Compiling futures-lite v1.13.0
[INFO] [stderr]    Compiling rand_chacha v0.3.1
[INFO] [stderr]    Compiling wayland-commons v0.29.5
[INFO] [stderr]    Compiling ab_glyph v0.2.23
[INFO] [stderr]    Compiling zvariant_derive v3.15.0
[INFO] [stderr]    Compiling async-lock v2.8.0
[INFO] [stderr]    Compiling async-channel v2.1.1
[INFO] [stderr]    Compiling fdeflate v0.3.1
[INFO] [stderr]    Compiling async-io v1.13.0
[INFO] [stderr]    Compiling async-fs v1.6.0
[INFO] [stderr]    Compiling memoffset v0.9.0
[INFO] [stderr]    Compiling slotmap v1.0.6
[INFO] [stderr]    Compiling arrayvec v0.7.4
[INFO] [stderr]    Compiling static_assertions v1.1.0
[INFO] [stderr]    Compiling linux-raw-sys v0.3.8
[INFO] [stderr]    Compiling scoped-tls v1.0.1
[INFO] [stderr]    Compiling futures-util v0.3.29
[INFO] [stderr]    Compiling downcast-rs v1.2.0
[INFO] [stderr]    Compiling minimal-lexical v0.2.1
[INFO] [stderr]    Compiling parking_lot_core v0.9.9
[INFO] [stderr]    Compiling async-trait v0.1.74
[INFO] [stderr]    Compiling nom v7.1.3
[INFO] [stderr]    Compiling png v0.17.10
[INFO] [stderr]    Compiling blocking v1.5.1
[INFO] [stderr]    Compiling regex-automata v0.4.3
[INFO] [stderr]    Compiling rand v0.8.5
[INFO] [stderr]    Compiling enumn v0.1.12
[INFO] [stderr]    Compiling glib-sys v0.18.1
[INFO] [stderr]    Compiling sha1 v0.10.6
[INFO] [stderr]    Compiling wayland-protocols v0.29.5
[INFO] [stderr]    Compiling socket2 v0.4.10
[INFO] [stderr]    Compiling crossbeam-epoch v0.9.15
[INFO] [stderr]    Compiling base64 v0.21.5
[INFO] [stderr]    Compiling pin-utils v0.1.0
[INFO] [stderr]    Compiling futures-sink v0.3.29
[INFO] [stderr]    Compiling regex v1.10.2
[INFO] [stderr]    Compiling arrayref v0.3.7
[INFO] [stderr]    Compiling tiny-skia-path v0.8.4
[INFO] [stderr]    Compiling gl_generator v0.14.0
[INFO] [stderr]    Compiling xcursor v0.3.4
[INFO] [stderr]    Compiling enumflags2 v0.7.8
[INFO] [stderr]    Compiling accesskit v0.12.1
[INFO] [stderr]    Compiling zvariant v3.15.0
[INFO] [stderr]    Compiling async-executor v1.8.0
[INFO] [stderr]    Compiling derivative v2.2.0
[INFO] [stderr]    Compiling xdg-home v1.0.0
[INFO] [stderr]    Compiling async-recursion v1.0.5
[INFO] [stderr]    Compiling serde_repr v0.1.17
[INFO] [stderr]    Compiling gobject-sys v0.18.0
[INFO] [stderr]    Compiling zbus_macros v3.14.1
[INFO] [stderr]    Compiling zbus_names v2.6.0
[INFO] [stderr]    Compiling async-broadcast v0.5.1
[INFO] [stderr]    Compiling nix v0.25.1
[INFO] [stderr]    Compiling spin v0.9.8
[INFO] [stderr]    Compiling ordered-stream v0.2.0
[INFO] [stderr]    Compiling smithay-client-toolkit v0.16.1
[INFO] [stderr]    Compiling x11-dl v2.21.0
[INFO] [stderr]    Compiling ahash v0.8.6
[INFO] [stderr]    Compiling vec_map v0.8.2
[INFO] [stderr]    Compiling percent-encoding v2.3.1
[INFO] [stderr]    Compiling hex v0.4.3
[INFO] [stderr]    Compiling parking_lot v0.12.1
[INFO] [stderr]    Compiling calloop v0.10.6
[INFO] [stderr]    Compiling wayland-cursor v0.29.5
[INFO] [stderr]    Compiling tiny-skia v0.8.4
[INFO] [stderr]    Compiling memmap2 v0.5.10
[INFO] [stderr]    Compiling color-hex v0.2.0
[INFO] [stderr]    Compiling zerocopy v0.7.26
[INFO] [stderr]    Compiling semver v1.0.20
[INFO] [stderr]    Compiling rayon-core v1.12.0
[INFO] [stderr]    Compiling tinyvec_macros v0.1.1
[INFO] [stderr]    Compiling ecolor v0.24.1
[INFO] [stderr]    Compiling tinyvec v1.6.0
[INFO] [stderr]    Compiling crossbeam-deque v0.8.3
[INFO] [stderr]    Compiling emath v0.24.1
[INFO] [stderr]    Compiling bitflags v2.4.1
[INFO] [stderr]    Compiling ring v0.17.5
[INFO] [stderr]    Compiling nohash-hasher v0.2.0
[INFO] [stderr]    Compiling raw-window-handle v0.5.2
[INFO] [stderr]    Compiling unicode-normalization v0.1.22
[INFO] [stderr]    Compiling epaint v0.24.1
[INFO] [stderr]    Compiling ron v0.8.1
[INFO] [stderr]    Compiling winit v0.28.7
[INFO] [stderr]    Compiling atk-sys v0.18.0
[INFO] [stderr]    Compiling gdk-sys v0.18.0
[INFO] [stderr]    Compiling gio-sys v0.18.1
[INFO] [stderr]    Compiling zstd-sys v2.0.9+zstd.1.5.5
[INFO] [stderr]    Compiling num-traits v0.2.17
[INFO] [stderr]    Compiling unicase v2.7.0
[INFO] [stderr]    Compiling unicode-bidi v0.3.13
[INFO] [stderr]    Compiling idna v0.5.0
[INFO] [stderr]    Compiling rustc_version v0.4.0
[INFO] [stderr]    Compiling egui v0.24.1
[INFO] [stderr]    Compiling form_urlencoded v1.2.1
[INFO] [stderr]    Compiling glutin_egl_sys v0.5.1
[INFO] [stderr]    Compiling glutin_glx_sys v0.4.0
[INFO] [stderr]    Compiling cairo-sys-rs v0.18.2
[INFO] [stderr]    Compiling zbus v3.14.1
[INFO] [stderr]    Compiling gdk-pixbuf-sys v0.18.0
[INFO] [stderr]    Compiling pango-sys v0.18.0
[INFO] [stderr]    Compiling cmake v0.1.50
[INFO] [stderr]    Compiling mio v0.8.9
[INFO] [stderr]    Compiling wayland-sys v0.30.1
[INFO] [stderr]    Compiling num-integer v0.1.45
[INFO] [stderr]    Compiling proc-macro-error-attr v1.0.4
[INFO] [stderr]    Compiling instant v0.1.12
[INFO] [stderr]    Compiling itoa v1.0.9
[INFO] [stderr]    Compiling untrusted v0.9.0
[INFO] [stderr]    Compiling either v1.9.0
[INFO] [stderr]    Compiling powerfmt v0.2.0
[INFO] [stderr]    Compiling x11rb v0.12.0
[INFO] [stderr]    Compiling rayon v1.8.0
[INFO] [stderr]    Compiling deranged v0.3.9
[INFO] [stderr]    Compiling freetype-sys v0.13.1
[INFO] [stderr]    Compiling url v2.5.0
[INFO] [stderr]    Compiling pathfinder_simd v0.5.2
[INFO] [stderr]    Compiling accesskit_consumer v0.16.1
[INFO] [stderr]    Compiling glutin v0.30.10
[INFO] [stderr]    Compiling x11rb-protocol v0.12.0
[INFO] [stderr]    Compiling gtk-sys v0.18.0
[INFO] [stderr]    Compiling async-channel v1.9.0
[INFO] [stderr]    Compiling bzip2-sys v0.1.11+1.0.8
[INFO] [stderr]    Compiling gethostname v0.3.0
[INFO] [stderr]    Compiling dirs-sys-next v0.1.2
[INFO] [stderr]    Compiling yeslogic-fontconfig-sys v3.2.0
[INFO] [stderr]    Compiling atspi-common v0.3.0
[INFO] [stderr]    Compiling num-rational v0.4.1
[INFO] [stderr]    Compiling proc-macro-error v1.0.4
[INFO] [stderr]    Compiling weezl v0.1.7
[INFO] [stderr]    Compiling xmlparser v0.13.6
[INFO] [stderr]    Compiling async-once-cell v0.5.3
[INFO] [stderr]    Compiling time-core v0.1.2
[INFO] [stderr]    Compiling zstd-safe v5.0.2+zstd.1.5.2
[INFO] [stderr]    Compiling rustversion v1.0.14
[INFO] [stderr]    Compiling siphasher v0.3.11
[INFO] [stderr]    Compiling svgtypes v0.8.2
[INFO] [stderr]    Compiling time v0.3.30
[INFO] [stderr]    Compiling roxmltree v0.15.1
[INFO] [stderr]    Compiling atspi-proxies v0.3.0
[INFO] [stderr]    Compiling jpeg-decoder v0.3.0
[INFO] [stderr]    Compiling atspi-connection v0.3.0
[INFO] [stderr]    Compiling atspi v0.19.0
[INFO] [stderr]    Compiling accesskit_unix v0.6.1
[INFO] [stderr]    Compiling mime_guess2 v2.0.5
[INFO] [stderr]    Compiling flume v0.11.0
[INFO] [stderr]    Compiling kurbo v0.8.3
[INFO] [stderr]    Compiling glutin-winit v0.3.0
[INFO] [stderr]    Compiling inout v0.1.3
[INFO] [stderr]    Compiling zune-inflate v0.2.54
[INFO] [stderr]    Compiling simplecss v0.2.1
[INFO] [stderr]    Compiling libloading v0.7.4
[INFO] [stderr]    Compiling same-file v1.0.6
[INFO] [stderr]    Compiling bit_field v0.10.2
[INFO] [stderr]    Compiling paste v1.0.14
[INFO] [stderr]    Compiling data-url v0.2.0
[INFO] [stderr]    Compiling safemem v0.3.3
[INFO] [stderr]    Compiling rctree v0.5.0
[INFO] [stderr]    Compiling rustls v0.21.9
[INFO] [stderr]    Compiling base64 v0.13.1
[INFO] [stderr]    Compiling lebe v0.5.2
[INFO] [stderr]    Compiling bit-vec v0.6.3
[INFO] [stderr]    Compiling base64ct v1.6.0
[INFO] [stderr]    Compiling half v2.2.1
[INFO] [stderr]    Compiling imagesize v0.10.1
[INFO] [stderr]    Compiling home v0.5.5
[INFO] [stderr]    Compiling serde_json v1.0.108
[INFO] [stderr]    Compiling color_quant v1.1.0
[INFO] [stderr]    Compiling gif v0.12.0
[INFO] [stderr]    Compiling usvg v0.28.0
[INFO] [stderr]    Compiling exr v1.71.0
[INFO] [stderr]    Compiling password-hash v0.4.2
[INFO] [stderr]    Compiling webbrowser v0.8.12
[INFO] [stderr]    Compiling bit-set v0.5.3
[INFO] [stderr]    Compiling line-wrap v0.1.1
[INFO] [stderr]    Compiling walkdir v2.4.0
[INFO] [stderr]    Compiling cipher v0.4.4
[INFO] [stderr]    Compiling tiff v0.9.0
[INFO] [stderr]    Compiling arboard v3.3.0
[INFO] [stderr]    Compiling enum-iterator-derive v0.8.1
[INFO] [stderr]    Compiling rgb v0.8.37
[INFO] [stderr]    Compiling qoi v0.4.1
[INFO] [stderr]    Compiling enum-map-derive v0.17.0
[INFO] [stderr]    Compiling sha2 v0.10.8
[INFO] [stderr]    Compiling hmac v0.12.1
[INFO] [stderr]    Compiling quick-xml v0.31.0
[INFO] [stderr]    Compiling overload v0.1.1
[INFO] [stderr]    Compiling font-kit v0.11.0
[INFO] [stderr]    Compiling mime v0.3.17
[INFO] [stderr]    Compiling const-cstr v0.3.0
[INFO] [stderr]    Compiling rfd v0.12.1
[INFO] [stderr]    Compiling ryu v1.0.15
[INFO] [stderr]    Compiling pico-args v0.5.0
[INFO] [stderr]    Compiling linked-hash-map v0.5.6
[INFO] [stderr]    Compiling glow v0.12.3
[INFO] [stderr]    Compiling web-time v0.2.3
[INFO] [stderr]    Compiling enum-map v2.7.3
[INFO] [stderr]    Compiling yaml-rust v0.4.5
[INFO] [stderr]    Compiling resvg v0.28.0
[INFO] [stderr]    Compiling plist v1.6.0
[INFO] [stderr]    Compiling enum-iterator v0.8.1
[INFO] [stderr]    Compiling pbkdf2 v0.11.0
[INFO] [stderr]    Compiling nu-ansi-term v0.46.0
[INFO] [stderr]    Compiling image v0.24.7
[INFO] [stderr]    Compiling strum_macros v0.25.3
[INFO] [stderr]    Compiling egui_glow v0.24.1
[INFO] [stderr]    Compiling fancy-regex v0.11.0
[INFO] [stderr]    Compiling pathfinder_geometry v0.5.1
[INFO] [stderr]    Compiling freetype v0.7.0
[INFO] [stderr]    Compiling aes v0.8.3
[INFO] [stderr]    Compiling duplicate v1.0.0
[INFO] [stderr]    Compiling dirs-next v2.0.0
[INFO] [stderr]    Compiling directories-next v2.0.0
[INFO] [stderr]    Compiling bincode v1.3.3
[INFO] [stderr]    Compiling uuid-macro-internal v1.6.1
[INFO] [stderr]    Compiling tracing-log v0.2.0
[INFO] [stderr]    Compiling sharded-slab v0.1.7
[INFO] [stderr]    Compiling thread_local v1.1.7
[INFO] [stderr]    Compiling float-ord v0.2.0
[INFO] [stderr]    Compiling constant_time_eq v0.1.5
[INFO] [stderr]    Compiling regex-syntax v0.7.5
[INFO] [stderr]    Compiling reston v0.1.0 (/opt/rustwide/workdir)
[INFO] [stderr]    Compiling fnv v1.0.7
[INFO] [stderr]    Compiling webpki-roots v0.25.3
[INFO] [stderr]    Compiling uuid v1.6.1
[INFO] [stderr]    Compiling egui_dock v0.9.0
[INFO] [stderr]    Compiling tracing-subscriber v0.3.18
[INFO] [stderr]    Compiling strum v0.25.0
[INFO] [stderr]    Compiling material-icons v0.2.0
[INFO] [stderr]    Compiling egui_extras v0.24.1
[INFO] [stderr]    Compiling sublime_fuzzy v0.7.0
[INFO] [stderr]    Compiling syntect v5.1.0
[INFO] [stderr]    Compiling bzip2 v0.4.4
[INFO] [stderr]    Compiling sct v0.7.1
[INFO] [stderr]    Compiling rustls-webpki v0.101.7
[INFO] [stderr]    Compiling zstd v0.11.2+zstd.1.5.2
[INFO] [stderr]    Compiling zip v0.6.6
[INFO] [stderr]    Compiling ureq v2.9.1
[INFO] [stderr]    Compiling sctk-adwaita v0.5.4
[INFO] [stderr]    Compiling smithay-clipboard v0.6.6
[INFO] [stderr]    Compiling accesskit_winit v0.15.0
[INFO] [stderr]    Compiling egui-winit v0.24.1
[INFO] [stderr]    Compiling eframe v0.24.1
[INFO] [stdout] warning: unused import: `std::sync::Arc`
[INFO] [stdout]   --> src/lib.rs:55:5
[INFO] [stdout]    |
[INFO] [stdout] 55 | use std::sync::Arc;
[INFO] [stdout]    |     ^^^^^^^^^^^^^^
[INFO] [stdout]    |
[INFO] [stdout]    = note: `#[warn(unused_imports)]` on by default
[INFO] [stdout] 
[INFO] [stdout] 
[INFO] [stdout] warning: unused imports: `Align2`, `Mesh`, `Vec2`, `pos2`
[INFO] [stdout]   --> src/lib.rs:57:12
[INFO] [stdout]    |
[INFO] [stdout] 57 | use egui::{pos2, Align2, Color32, Mesh, NumExt, Rect, Shape, Vec2};
[INFO] [stdout]    |            ^^^^  ^^^^^^           ^^^^                       ^^^^
[INFO] [stdout] 
[INFO] [stdout] 
[INFO] [stdout] warning: unused variable: `frame`
[INFO] [stdout]    --> src/app.rs:738:47
[INFO] [stdout]     |
[INFO] [stdout] 738 |     fn update(&mut self, ctx: &egui::Context, frame: &mut eframe::Frame) {
[INFO] [stdout]     |                                               ^^^^^ help: if this is intentional, prefix it with an underscore: `_frame`
[INFO] [stdout]     |
[INFO] [stdout]     = note: `#[warn(unused_variables)]` on by default
[INFO] [stdout] 
[INFO] [stdout] 
[INFO] [stdout] warning: unused variable: `ui`
[INFO] [stdout]    --> src/app.rs:768:36
[INFO] [stdout]     |
[INFO] [stdout] 768 |                     ui.horizontal(|ui| {
[INFO] [stdout]     |                                    ^^ help: if this is intentional, prefix it with an underscore: `_ui`
[INFO] [stdout] 
[INFO] [stdout] 
[INFO] [stdout] warning: unused variable: `app`
[INFO] [stdout]     --> src/app.rs:1396:9
[INFO] [stdout]      |
[INFO] [stdout] 1396 | fn save(app: &mut HttpApp) {
[INFO] [stdout]      |         ^^^ help: if this is intentional, prefix it with an underscore: `_app`
[INFO] [stdout] 
[INFO] [stdout] 
[INFO] [stdout] warning: field `color` is never read
[INFO] [stdout]    --> src/app.rs:252:5
[INFO] [stdout]     |
[INFO] [stdout] 251 | struct Color {
[INFO] [stdout]     |        ----- field in this struct
[INFO] [stdout] 252 |     color: Color32,
[INFO] [stdout]     |     ^^^^^
[INFO] [stdout]     |
[INFO] [stdout]     = note: `Color` has a derived impl for the trait `Clone`, but this is intentionally ignored during dead code analysis
[INFO] [stdout]     = note: `#[warn(dead_code)]` on by default
[INFO] [stdout] 
[INFO] [stdout] 
[INFO] [stdout] warning: function `save` is never used
[INFO] [stdout]     --> src/app.rs:1396:4
[INFO] [stdout]      |
[INFO] [stdout] 1396 | fn save(app: &mut HttpApp) {
[INFO] [stdout]      |    ^^^^
[INFO] [stdout] 
[INFO] [stdout] 
[INFO] [stdout] warning: function `vertex_gradient` is never used
[INFO] [stdout]     --> src/app.rs:1407:4
[INFO] [stdout]      |
[INFO] [stdout] 1407 | fn vertex_gradient(ui: &mut Ui, bg_fill: Color32, gradient: &Gradient) {
[INFO] [stdout]      |    ^^^^^^^^^^^^^^^
[INFO] [stdout] 
[INFO] [stdout] 
[INFO] [stdout] warning: function `key` is never used
[INFO] [stdout]   --> src/command.rs:33:12
[INFO] [stdout]    |
[INFO] [stdout] 33 |         fn key(key: Key) -> KeyboardShortcut {
[INFO] [stdout]    |            ^^^
[INFO] [stdout] 
[INFO] [stdout] 
[INFO] [stdout] warning: function `cmd_shift` is never used
[INFO] [stdout]   --> src/command.rs:42:12
[INFO] [stdout]    |
[INFO] [stdout] 42 |         fn cmd_shift(key: Key) -> KeyboardShortcut {
[INFO] [stdout]    |            ^^^^^^^^^
[INFO] [stdout] 
[INFO] [stdout] 
[INFO] [stdout] warning: function `ctrl_shift` is never used
[INFO] [stdout]   --> src/command.rs:46:12
[INFO] [stdout]    |
[INFO] [stdout] 46 |         fn ctrl_shift(key: Key) -> KeyboardShortcut {
[INFO] [stdout]    |            ^^^^^^^^^^
[INFO] [stdout] 
[INFO] [stdout] 
[INFO] [stdout] warning: 11 warnings emitted
[INFO] [stdout] 
[INFO] [stdout] 
[INFO] [stderr]     Finished dev [unoptimized + debuginfo] target(s) in 2m 42s
[INFO] running `Command { std: "docker" "inspect" "47a39541a08c665dc9d5ab6be74662e786a279237e271d017959e4f8d1206663", kill_on_drop: false }`
[INFO] running `Command { std: "docker" "rm" "-f" "47a39541a08c665dc9d5ab6be74662e786a279237e271d017959e4f8d1206663", kill_on_drop: false }`
[INFO] [stdout] 47a39541a08c665dc9d5ab6be74662e786a279237e271d017959e4f8d1206663
[INFO] running `Command { std: "docker" "create" "-v" "/var/lib/crater-agent-workspace/builds/worker-1-tc1/target:/opt/rustwide/target:rw,Z" "-v" "/var/lib/crater-agent-workspace/builds/worker-1-tc1/source:/opt/rustwide/workdir:ro,Z" "-v" "/var/lib/crater-agent-workspace/cargo-home:/opt/rustwide/cargo-home:ro,Z" "-v" "/var/lib/crater-agent-workspace/rustup-home:/opt/rustwide/rustup-home:ro,Z" "-e" "SOURCE_DIR=/opt/rustwide/workdir" "-e" "CARGO_TARGET_DIR=/opt/rustwide/target" "-e" "CARGO_INCREMENTAL=0" "-e" "RUST_BACKTRACE=full" "-e" "RUSTFLAGS=--cap-lints=warn" "-e" "RUSTDOCFLAGS=--cap-lints=warn" "-e" "CARGO_HOME=/opt/rustwide/cargo-home" "-e" "RUSTUP_HOME=/opt/rustwide/rustup-home" "-w" "/opt/rustwide/workdir" "-m" "1610612736" "--user" "0:0" "--network" "none" "ghcr.io/rust-lang/crates-build-env/linux@sha256:2788e3201cd34a07e3172128adcd8b3090168a8e3bcc40d7c032b9dda1df7d1c" "/opt/rustwide/cargo-home/bin/cargo" "+1.75.0" "test" "--frozen" "--no-run" "--message-format=json", kill_on_drop: false }`
[INFO] [stdout] b74f8bf090e3cf0c96c7f996d55baa64f184e8da516d2d09d09f705bbc5ab760
[INFO] running `Command { std: "docker" "start" "-a" "b74f8bf090e3cf0c96c7f996d55baa64f184e8da516d2d09d09f705bbc5ab760", kill_on_drop: false }`
[INFO] [stderr]    Compiling reston v0.1.0 (/opt/rustwide/workdir)
[INFO] [stdout] warning: unused import: `std::sync::Arc`
[INFO] [stdout]   --> src/lib.rs:55:5
[INFO] [stdout]    |
[INFO] [stdout] 55 | use std::sync::Arc;
[INFO] [stdout]    |     ^^^^^^^^^^^^^^
[INFO] [stdout]    |
[INFO] [stdout]    = note: `#[warn(unused_imports)]` on by default
[INFO] [stdout] 
[INFO] [stdout] 
[INFO] [stdout] warning: unused imports: `Align2`, `Mesh`, `Vec2`, `pos2`
[INFO] [stdout]   --> src/lib.rs:57:12
[INFO] [stdout]    |
[INFO] [stdout] 57 | use egui::{pos2, Align2, Color32, Mesh, NumExt, Rect, Shape, Vec2};
[INFO] [stdout]    |            ^^^^  ^^^^^^           ^^^^                       ^^^^
[INFO] [stdout] 
[INFO] [stdout] 
[INFO] [stdout] warning: unused variable: `frame`
[INFO] [stdout]    --> src/app.rs:738:47
[INFO] [stdout]     |
[INFO] [stdout] 738 |     fn update(&mut self, ctx: &egui::Context, frame: &mut eframe::Frame) {
[INFO] [stdout]     |                                               ^^^^^ help: if this is intentional, prefix it with an underscore: `_frame`
[INFO] [stdout]     |
[INFO] [stdout]     = note: `#[warn(unused_variables)]` on by default
[INFO] [stdout] 
[INFO] [stdout] 
[INFO] [stdout] warning: unused variable: `ui`
[INFO] [stdout]    --> src/app.rs:768:36
[INFO] [stdout]     |
[INFO] [stdout] 768 |                     ui.horizontal(|ui| {
[INFO] [stdout]     |                                    ^^ help: if this is intentional, prefix it with an underscore: `_ui`
[INFO] [stdout] 
[INFO] [stdout] 
[INFO] [stdout] warning: unused variable: `app`
[INFO] [stdout]     --> src/app.rs:1396:9
[INFO] [stdout]      |
[INFO] [stdout] 1396 | fn save(app: &mut HttpApp) {
[INFO] [stdout]      |         ^^^ help: if this is intentional, prefix it with an underscore: `_app`
[INFO] [stdout] 
[INFO] [stdout] 
[INFO] [stdout] warning: field `color` is never read
[INFO] [stdout]    --> src/app.rs:252:5
[INFO] [stdout]     |
[INFO] [stdout] 251 | struct Color {
[INFO] [stdout]     |        ----- field in this struct
[INFO] [stdout] 252 |     color: Color32,
[INFO] [stdout]     |     ^^^^^
[INFO] [stdout]     |
[INFO] [stdout]     = note: `Color` has a derived impl for the trait `Clone`, but this is intentionally ignored during dead code analysis
[INFO] [stdout]     = note: `#[warn(dead_code)]` on by default
[INFO] [stdout] 
[INFO] [stdout] 
[INFO] [stdout] warning: function `save` is never used
[INFO] [stdout]     --> src/app.rs:1396:4
[INFO] [stdout]      |
[INFO] [stdout] 1396 | fn save(app: &mut HttpApp) {
[INFO] [stdout]      |    ^^^^
[INFO] [stdout] 
[INFO] [stdout] 
[INFO] [stdout] warning: function `vertex_gradient` is never used
[INFO] [stdout]     --> src/app.rs:1407:4
[INFO] [stdout]      |
[INFO] [stdout] 1407 | fn vertex_gradient(ui: &mut Ui, bg_fill: Color32, gradient: &Gradient) {
[INFO] [stdout]      |    ^^^^^^^^^^^^^^^
[INFO] [stdout] 
[INFO] [stdout] 
[INFO] [stdout] warning: function `key` is never used
[INFO] [stdout]   --> src/command.rs:33:12
[INFO] [stdout]    |
[INFO] [stdout] 33 |         fn key(key: Key) -> KeyboardShortcut {
[INFO] [stdout]    |            ^^^
[INFO] [stdout] 
[INFO] [stdout] 
[INFO] [stdout] warning: function `cmd_shift` is never used
[INFO] [stdout]   --> src/command.rs:42:12
[INFO] [stdout]    |
[INFO] [stdout] 42 |         fn cmd_shift(key: Key) -> KeyboardShortcut {
[INFO] [stdout]    |            ^^^^^^^^^
[INFO] [stdout] 
[INFO] [stdout] 
[INFO] [stdout] warning: function `ctrl_shift` is never used
[INFO] [stdout]   --> src/command.rs:46:12
[INFO] [stdout]    |
[INFO] [stdout] 46 |         fn ctrl_shift(key: Key) -> KeyboardShortcut {
[INFO] [stdout]    |            ^^^^^^^^^^
[INFO] [stdout] 
[INFO] [stdout] 
[INFO] [stdout] warning: 11 warnings emitted
[INFO] [stdout] 
[INFO] [stdout] 
[INFO] [stdout] warning: unused import: `std::sync::Arc`
[INFO] [stdout]   --> src/lib.rs:55:5
[INFO] [stdout]    |
[INFO] [stdout] 55 | use std::sync::Arc;
[INFO] [stdout]    |     ^^^^^^^^^^^^^^
[INFO] [stdout]    |
[INFO] [stdout]    = note: `#[warn(unused_imports)]` on by default
[INFO] [stdout] 
[INFO] [stdout] 
[INFO] [stdout] warning: unused imports: `Align2`, `Mesh`, `Vec2`, `pos2`
[INFO] [stdout]   --> src/lib.rs:57:12
[INFO] [stdout]    |
[INFO] [stdout] 57 | use egui::{pos2, Align2, Color32, Mesh, NumExt, Rect, Shape, Vec2};
[INFO] [stdout]    |            ^^^^  ^^^^^^           ^^^^                       ^^^^
[INFO] [stdout] 
[INFO] [stdout] 
[INFO] [stdout] warning: unused variable: `frame`
[INFO] [stdout]    --> src/app.rs:738:47
[INFO] [stdout]     |
[INFO] [stdout] 738 |     fn update(&mut self, ctx: &egui::Context, frame: &mut eframe::Frame) {
[INFO] [stdout]     |                                               ^^^^^ help: if this is intentional, prefix it with an underscore: `_frame`
[INFO] [stdout]     |
[INFO] [stdout]     = note: `#[warn(unused_variables)]` on by default
[INFO] [stdout] 
[INFO] [stdout] 
[INFO] [stdout] warning: unused variable: `ui`
[INFO] [stdout]    --> src/app.rs:768:36
[INFO] [stdout]     |
[INFO] [stdout] 768 |                     ui.horizontal(|ui| {
[INFO] [stdout]     |                                    ^^ help: if this is intentional, prefix it with an underscore: `_ui`
[INFO] [stdout] 
[INFO] [stdout] 
[INFO] [stdout] warning: unused variable: `app`
[INFO] [stdout]     --> src/app.rs:1396:9
[INFO] [stdout]      |
[INFO] [stdout] 1396 | fn save(app: &mut HttpApp) {
[INFO] [stdout]      |         ^^^ help: if this is intentional, prefix it with an underscore: `_app`
[INFO] [stdout] 
[INFO] [stdout] 
[INFO] [stdout] warning: field `color` is never read
[INFO] [stdout]    --> src/app.rs:252:5
[INFO] [stdout]     |
[INFO] [stdout] 251 | struct Color {
[INFO] [stdout]     |        ----- field in this struct
[INFO] [stdout] 252 |     color: Color32,
[INFO] [stdout]     |     ^^^^^
[INFO] [stdout]     |
[INFO] [stdout]     = note: `Color` has a derived impl for the trait `Clone`, but this is intentionally ignored during dead code analysis
[INFO] [stdout]     = note: `#[warn(dead_code)]` on by default
[INFO] [stdout] 
[INFO] [stdout] 
[INFO] [stdout] warning: function `save` is never used
[INFO] [stdout]     --> src/app.rs:1396:4
[INFO] [stdout]      |
[INFO] [stdout] 1396 | fn save(app: &mut HttpApp) {
[INFO] [stdout]      |    ^^^^
[INFO] [stdout] 
[INFO] [stdout] 
[INFO] [stdout] warning: function `vertex_gradient` is never used
[INFO] [stdout]     --> src/app.rs:1407:4
[INFO] [stdout]      |
[INFO] [stdout] 1407 | fn vertex_gradient(ui: &mut Ui, bg_fill: Color32, gradient: &Gradient) {
[INFO] [stdout]      |    ^^^^^^^^^^^^^^^
[INFO] [stdout] 
[INFO] [stdout] 
[INFO] [stdout] warning: function `key` is never used
[INFO] [stdout]   --> src/command.rs:33:12
[INFO] [stdout]    |
[INFO] [stdout] 33 |         fn key(key: Key) -> KeyboardShortcut {
[INFO] [stdout]    |            ^^^
[INFO] [stdout] 
[INFO] [stdout] 
[INFO] [stdout] warning: function `cmd_shift` is never used
[INFO] [stdout]   --> src/command.rs:42:12
[INFO] [stdout]    |
[INFO] [stdout] 42 |         fn cmd_shift(key: Key) -> KeyboardShortcut {
[INFO] [stdout]    |            ^^^^^^^^^
[INFO] [stdout] 
[INFO] [stdout] 
[INFO] [stdout] warning: function `ctrl_shift` is never used
[INFO] [stdout]   --> src/command.rs:46:12
[INFO] [stdout]    |
[INFO] [stdout] 46 |         fn ctrl_shift(key: Key) -> KeyboardShortcut {
[INFO] [stdout]    |            ^^^^^^^^^^
[INFO] [stdout] 
[INFO] [stdout] 
[INFO] [stdout] warning: 11 warnings emitted
[INFO] [stdout] 
[INFO] [stdout] 
[INFO] [stderr]     Finished test [unoptimized + debuginfo] target(s) in 21.76s
[INFO] running `Command { std: "docker" "inspect" "b74f8bf090e3cf0c96c7f996d55baa64f184e8da516d2d09d09f705bbc5ab760", kill_on_drop: false }`
[INFO] running `Command { std: "docker" "rm" "-f" "b74f8bf090e3cf0c96c7f996d55baa64f184e8da516d2d09d09f705bbc5ab760", kill_on_drop: false }`
[INFO] [stdout] b74f8bf090e3cf0c96c7f996d55baa64f184e8da516d2d09d09f705bbc5ab760
[INFO] running `Command { std: "docker" "create" "-v" "/var/lib/crater-agent-workspace/builds/worker-1-tc1/target:/opt/rustwide/target:rw,Z" "-v" "/var/lib/crater-agent-workspace/builds/worker-1-tc1/source:/opt/rustwide/workdir:ro,Z" "-v" "/var/lib/crater-agent-workspace/cargo-home:/opt/rustwide/cargo-home:ro,Z" "-v" "/var/lib/crater-agent-workspace/rustup-home:/opt/rustwide/rustup-home:ro,Z" "-e" "SOURCE_DIR=/opt/rustwide/workdir" "-e" "CARGO_TARGET_DIR=/opt/rustwide/target" "-e" "CARGO_INCREMENTAL=0" "-e" "RUST_BACKTRACE=full" "-e" "RUSTFLAGS=--cap-lints=warn" "-e" "RUSTDOCFLAGS=--cap-lints=warn" "-e" "CARGO_HOME=/opt/rustwide/cargo-home" "-e" "RUSTUP_HOME=/opt/rustwide/rustup-home" "-w" "/opt/rustwide/workdir" "-m" "1610612736" "--user" "0:0" "--network" "none" "ghcr.io/rust-lang/crates-build-env/linux@sha256:2788e3201cd34a07e3172128adcd8b3090168a8e3bcc40d7c032b9dda1df7d1c" "/opt/rustwide/cargo-home/bin/cargo" "+1.75.0" "test" "--frozen", kill_on_drop: false }`
[INFO] [stdout] 5bab392c6ff9dc718d8add8b4edc50e27d34fa2e2f6c236dd8855bcadf560450
[INFO] running `Command { std: "docker" "start" "-a" "5bab392c6ff9dc718d8add8b4edc50e27d34fa2e2f6c236dd8855bcadf560450", kill_on_drop: false }`
[INFO] [stderr] warning: unused import: `std::sync::Arc`
[INFO] [stderr]   --> src/lib.rs:55:5
[INFO] [stderr]    |
[INFO] [stderr] 55 | use std::sync::Arc;
[INFO] [stderr]    |     ^^^^^^^^^^^^^^
[INFO] [stderr]    |
[INFO] [stderr]    = note: `#[warn(unused_imports)]` on by default
[INFO] [stderr] 
[INFO] [stderr] warning: unused imports: `Align2`, `Mesh`, `Vec2`, `pos2`
[INFO] [stderr]   --> src/lib.rs:57:12
[INFO] [stderr]    |
[INFO] [stderr] 57 | use egui::{pos2, Align2, Color32, Mesh, NumExt, Rect, Shape, Vec2};
[INFO] [stderr]    |            ^^^^  ^^^^^^           ^^^^                       ^^^^
[INFO] [stderr] 
[INFO] [stderr] warning: unused variable: `frame`
[INFO] [stderr]    --> src/app.rs:738:47
[INFO] [stderr]     |
[INFO] [stderr] 738 |     fn update(&mut self, ctx: &egui::Context, frame: &mut eframe::Frame) {
[INFO] [stderr]     |                                               ^^^^^ help: if this is intentional, prefix it with an underscore: `_frame`
[INFO] [stderr]     |
[INFO] [stderr]     = note: `#[warn(unused_variables)]` on by default
[INFO] [stderr] 
[INFO] [stderr] warning: unused variable: `ui`
[INFO] [stderr]    --> src/app.rs:768:36
[INFO] [stderr]     |
[INFO] [stderr] 768 |                     ui.horizontal(|ui| {
[INFO] [stderr]     |                                    ^^ help: if this is intentional, prefix it with an underscore: `_ui`
[INFO] [stderr] 
[INFO] [stderr] warning: unused variable: `app`
[INFO] [stderr]     --> src/app.rs:1396:9
[INFO] [stderr]      |
[INFO] [stderr] 1396 | fn save(app: &mut HttpApp) {
[INFO] [stderr]      |         ^^^ help: if this is intentional, prefix it with an underscore: `_app`
[INFO] [stderr] 
[INFO] [stderr] warning: field `color` is never read
[INFO] [stderr]    --> src/app.rs:252:5
[INFO] [stderr]     |
[INFO] [stderr] 251 | struct Color {
[INFO] [stderr]     |        ----- field in this struct
[INFO] [stderr] 252 |     color: Color32,
[INFO] [stderr]     |     ^^^^^
[INFO] [stderr]     |
[INFO] [stderr]     = note: `Color` has a derived impl for the trait `Clone`, but this is intentionally ignored during dead code analysis
[INFO] [stderr]     = note: `#[warn(dead_code)]` on by default
[INFO] [stderr] 
[INFO] [stderr] warning: function `save` is never used
[INFO] [stderr]     --> src/app.rs:1396:4
[INFO] [stderr]      |
[INFO] [stderr] 1396 | fn save(app: &mut HttpApp) {
[INFO] [stderr]      |    ^^^^
[INFO] [stderr] 
[INFO] [stderr] warning: function `vertex_gradient` is never used
[INFO] [stderr]     --> src/app.rs:1407:4
[INFO] [stderr]      |
[INFO] [stderr] 1407 | fn vertex_gradient(ui: &mut Ui, bg_fill: Color32, gradient: &Gradient) {
[INFO] [stderr]      |    ^^^^^^^^^^^^^^^
[INFO] [stderr] 
[INFO] [stderr] warning: function `key` is never used
[INFO] [stderr]   --> src/command.rs:33:12
[INFO] [stderr]    |
[INFO] [stderr] 33 |         fn key(key: Key) -> KeyboardShortcut {
[INFO] [stderr]    |            ^^^
[INFO] [stderr] 
[INFO] [stderr] warning: function `cmd_shift` is never used
[INFO] [stderr]   --> src/command.rs:42:12
[INFO] [stderr]    |
[INFO] [stderr] 42 |         fn cmd_shift(key: Key) -> KeyboardShortcut {
[INFO] [stderr]    |            ^^^^^^^^^
[INFO] [stderr] 
[INFO] [stderr] warning: function `ctrl_shift` is never used
[INFO] [stderr]   --> src/command.rs:46:12
[INFO] [stderr]    |
[INFO] [stderr] 46 |         fn ctrl_shift(key: Key) -> KeyboardShortcut {
[INFO] [stderr]    |            ^^^^^^^^^^
[INFO] [stderr] 
[INFO] [stderr] warning: `reston` (lib) generated 11 warnings (run `cargo fix --lib -p reston` to apply 5 suggestions)
[INFO] [stderr] warning: `reston` (lib test) generated 11 warnings (11 duplicates)
[INFO] [stderr]     Finished test [unoptimized + debuginfo] target(s) in 0.79s
[INFO] [stderr]      Running unittests src/lib.rs (/opt/rustwide/target/debug/deps/reston-fcae3aff975d0969)
[INFO] [stdout] 
[INFO] [stdout] running 9 tests
[INFO] [stdout] test url_parser::tests::test_fragment ... ok
[INFO] [stdout] test url_parser::tests::test_authority ... ok
[INFO] [stdout] test url_parser::tests::test_scheme ... ok
[INFO] [stdout] test url_parser::tests::test_path ... ok
[INFO] [stdout] test url_parser::tests::test_host ... ok
[INFO] [stdout] test url_parser::tests::test_ipv4 ... ok
[INFO] [stdout] test design_tokens::test_design_tokens ... ok
[INFO] [stdout] test url_parser::tests::test_query_params ... FAILED
[INFO] [stdout] test url_parser::tests::test_uri ... FAILED
[INFO] [stdout] 
[INFO] [stdout] failures:
[INFO] [stdout] 
[INFO] [stdout] ---- url_parser::tests::test_query_params stdout ----
[INFO] [stdout] thread 'url_parser::tests::test_query_params' panicked at src/url_parser.rs:493:9:
[INFO] [stdout] assertion `left == right` failed
[INFO] [stdout]   left: Ok(("", [("bla", "5"), ("blub", "val#yay")]))
[INFO] [stdout]  right: Ok(("#yay", [("bla", "5"), ("blub", "val")]))
[INFO] [stdout] stack backtrace:
[INFO] [stdout]    0:     0x5647f16e97bc - std::backtrace_rs::backtrace::libunwind::trace::ha637c64ce894333a
[INFO] [stdout]                                at /rustc/82e1608dfa6e0b5569232559e3d385fea5a93112/library/std/src/../../backtrace/src/backtrace/libunwind.rs:104:5
[INFO] [stdout]    1:     0x5647f16e97bc - std::backtrace_rs::backtrace::trace_unsynchronized::h47f62dea28e0c88d
[INFO] [stdout]                                at /rustc/82e1608dfa6e0b5569232559e3d385fea5a93112/library/std/src/../../backtrace/src/backtrace/mod.rs:66:5
[INFO] [stdout]    2:     0x5647f16e97bc - std::sys_common::backtrace::_print_fmt::h9eef0abe20ede486
[INFO] [stdout]                                at /rustc/82e1608dfa6e0b5569232559e3d385fea5a93112/library/std/src/sys_common/backtrace.rs:67:5
[INFO] [stdout]    3:     0x5647f16e97bc - <std::sys_common::backtrace::_print::DisplayBacktrace as core::fmt::Display>::fmt::hed7f999df88cc644
[INFO] [stdout]                                at /rustc/82e1608dfa6e0b5569232559e3d385fea5a93112/library/std/src/sys_common/backtrace.rs:44:22
[INFO] [stdout]    4:     0x5647f1715a10 - core::fmt::rt::Argument::fmt::h1539a9308b8d058d
[INFO] [stdout]                                at /rustc/82e1608dfa6e0b5569232559e3d385fea5a93112/library/core/src/fmt/rt.rs:142:9
[INFO] [stdout]    5:     0x5647f1715a10 - core::fmt::write::h3a39390d8560d9c9
[INFO] [stdout]                                at /rustc/82e1608dfa6e0b5569232559e3d385fea5a93112/library/core/src/fmt/mod.rs:1120:17
[INFO] [stdout]    6:     0x5647f16e716f - std::io::Write::write_fmt::h040b369f3a0f9cbc
[INFO] [stdout]                                at /rustc/82e1608dfa6e0b5569232559e3d385fea5a93112/library/std/src/io/mod.rs:1762:15
[INFO] [stdout]    7:     0x5647f16e95a4 - std::sys_common::backtrace::_print::h894006fb5c6f3d45
[INFO] [stdout]                                at /rustc/82e1608dfa6e0b5569232559e3d385fea5a93112/library/std/src/sys_common/backtrace.rs:47:5
[INFO] [stdout]    8:     0x5647f16e95a4 - std::sys_common::backtrace::print::h23a2d212c6fff936
[INFO] [stdout]                                at /rustc/82e1608dfa6e0b5569232559e3d385fea5a93112/library/std/src/sys_common/backtrace.rs:34:9
[INFO] [stdout]    9:     0x5647f16eb267 - std::panicking::default_hook::{{closure}}::h8a1d2ee00185001a
[INFO] [stdout]   10:     0x5647f16eaf53 - std::panicking::default_hook::h6038f2eba384e475
[INFO] [stdout]                                at /rustc/82e1608dfa6e0b5569232559e3d385fea5a93112/library/std/src/panicking.rs:289:9
[INFO] [stdout]   11:     0x5647f1475d27 - <alloc::boxed::Box<F,A> as core::ops::function::Fn<Args>>::call::h0ad024c9bdc6d768
[INFO] [stdout]                                at /rustc/82e1608dfa6e0b5569232559e3d385fea5a93112/library/alloc/src/boxed.rs:2021:9
[INFO] [stdout]   12:     0x5647f1475d27 - test::test_main::{{closure}}::h7500b54257359db6
[INFO] [stdout]                                at /rustc/82e1608dfa6e0b5569232559e3d385fea5a93112/library/test/src/lib.rs:138:21
[INFO] [stdout]   13:     0x5647f16eb878 - <alloc::boxed::Box<F,A> as core::ops::function::Fn<Args>>::call::h1f8f335eaa9cfaee
[INFO] [stdout]                                at /rustc/82e1608dfa6e0b5569232559e3d385fea5a93112/library/alloc/src/boxed.rs:2021:9
[INFO] [stdout]   14:     0x5647f16eb878 - std::panicking::rust_panic_with_hook::h2b5517d590cab22e
[INFO] [stdout]                                at /rustc/82e1608dfa6e0b5569232559e3d385fea5a93112/library/std/src/panicking.rs:783:13
[INFO] [stdout]   15:     0x5647f16eb5ce - std::panicking::begin_panic_handler::{{closure}}::h233112c06e0ef43e
[INFO] [stdout]                                at /rustc/82e1608dfa6e0b5569232559e3d385fea5a93112/library/std/src/panicking.rs:657:13
[INFO] [stdout]   16:     0x5647f16e9c86 - std::sys_common::backtrace::__rust_end_short_backtrace::h6e893f24d7ebbff8
[INFO] [stdout]                                at /rustc/82e1608dfa6e0b5569232559e3d385fea5a93112/library/std/src/sys_common/backtrace.rs:170:18
[INFO] [stdout]   17:     0x5647f16eb332 - rust_begin_unwind
[INFO] [stdout]                                at /rustc/82e1608dfa6e0b5569232559e3d385fea5a93112/library/std/src/panicking.rs:645:5
[INFO] [stdout]   18:     0x5647f14131c5 - core::panicking::panic_fmt::hbf0e066aabfa482c
[INFO] [stdout]                                at /rustc/82e1608dfa6e0b5569232559e3d385fea5a93112/library/core/src/panicking.rs:72:14
[INFO] [stdout]   19:     0x5647f141367b - core::panicking::assert_failed_inner::h0bba8b7c26ee4492
[INFO] [stdout]   20:     0x5647f1439cbe - core::panicking::assert_failed::h2c3308ff895b9cfe
[INFO] [stdout]                                at /rustc/82e1608dfa6e0b5569232559e3d385fea5a93112/library/core/src/panicking.rs:279:5
[INFO] [stdout]   21:     0x5647f1420d1b - reston::url_parser::tests::test_query_params::h46d17559d682c3a2
[INFO] [stdout]                                at /opt/rustwide/workdir/src/url_parser.rs:493:9
[INFO] [stdout]   22:     0x5647f1420aa7 - reston::url_parser::tests::test_query_params::{{closure}}::h7fb985a0b48cb1b9
[INFO] [stdout]                                at /opt/rustwide/workdir/src/url_parser.rs:492:27
[INFO] [stdout]   23:     0x5647f142ed46 - core::ops::function::FnOnce::call_once::h6e6136ad47bdca47
[INFO] [stdout]                                at /rustc/82e1608dfa6e0b5569232559e3d385fea5a93112/library/core/src/ops/function.rs:250:5
[INFO] [stdout]   24:     0x5647f147b37f - core::ops::function::FnOnce::call_once::h2b5d431d5046312d
[INFO] [stdout]                                at /rustc/82e1608dfa6e0b5569232559e3d385fea5a93112/library/core/src/ops/function.rs:250:5
[INFO] [stdout]   25:     0x5647f147b37f - test::__rust_begin_short_backtrace::h7714669af176e207
[INFO] [stdout]                                at /rustc/82e1608dfa6e0b5569232559e3d385fea5a93112/library/test/src/lib.rs:628:18
[INFO] [stdout]   26:     0x5647f147a395 - test::run_test_in_process::{{closure}}::h85218797dcbcec12
[INFO] [stdout]                                at /rustc/82e1608dfa6e0b5569232559e3d385fea5a93112/library/test/src/lib.rs:651:60
[INFO] [stdout]   27:     0x5647f147a395 - <core::panic::unwind_safe::AssertUnwindSafe<F> as core::ops::function::FnOnce<()>>::call_once::h76c106ea31c14d7b
[INFO] [stdout]                                at /rustc/82e1608dfa6e0b5569232559e3d385fea5a93112/library/core/src/panic/unwind_safe.rs:272:9
[INFO] [stdout]   28:     0x5647f147a395 - std::panicking::try::do_call::h3bd5d0f6620ee946
[INFO] [stdout]                                at /rustc/82e1608dfa6e0b5569232559e3d385fea5a93112/library/std/src/panicking.rs:552:40
[INFO] [stdout]   29:     0x5647f147a395 - std::panicking::try::h232e535e4744fe31
[INFO] [stdout]                                at /rustc/82e1608dfa6e0b5569232559e3d385fea5a93112/library/std/src/panicking.rs:516:19
[INFO] [stdout]   30:     0x5647f147a395 - std::panic::catch_unwind::h3ce3bd6ca8dbac68
[INFO] [stdout]                                at /rustc/82e1608dfa6e0b5569232559e3d385fea5a93112/library/std/src/panic.rs:142:14
[INFO] [stdout]   31:     0x5647f147a395 - test::run_test_in_process::hc97b257c9621286a
[INFO] [stdout]                                at /rustc/82e1608dfa6e0b5569232559e3d385fea5a93112/library/test/src/lib.rs:651:27
[INFO] [stdout]   32:     0x5647f147a395 - test::run_test::{{closure}}::h2aa798823a438d38
[INFO] [stdout]                                at /rustc/82e1608dfa6e0b5569232559e3d385fea5a93112/library/test/src/lib.rs:574:43
[INFO] [stdout]   33:     0x5647f1442656 - test::run_test::{{closure}}::h87d231c78fb59832
[INFO] [stdout]                                at /rustc/82e1608dfa6e0b5569232559e3d385fea5a93112/library/test/src/lib.rs:602:41
[INFO] [stdout]   34:     0x5647f1442656 - std::sys_common::backtrace::__rust_begin_short_backtrace::he6df152596625789
[INFO] [stdout]                                at /rustc/82e1608dfa6e0b5569232559e3d385fea5a93112/library/std/src/sys_common/backtrace.rs:154:18
[INFO] [stdout]   35:     0x5647f1447707 - std::thread::Builder::spawn_unchecked_::{{closure}}::{{closure}}::ha94be15d1e0acf36
[INFO] [stdout]                                at /rustc/82e1608dfa6e0b5569232559e3d385fea5a93112/library/std/src/thread/mod.rs:529:17
[INFO] [stdout]   36:     0x5647f1447707 - <core::panic::unwind_safe::AssertUnwindSafe<F> as core::ops::function::FnOnce<()>>::call_once::h9dc6bd6372f16606
[INFO] [stdout]                                at /rustc/82e1608dfa6e0b5569232559e3d385fea5a93112/library/core/src/panic/unwind_safe.rs:272:9
[INFO] [stdout]   37:     0x5647f1447707 - std::panicking::try::do_call::h9057517f80303cd4
[INFO] [stdout]                                at /rustc/82e1608dfa6e0b5569232559e3d385fea5a93112/library/std/src/panicking.rs:552:40
[INFO] [stdout]   38:     0x5647f1447707 - std::panicking::try::he3a30b11ee45340c
[INFO] [stdout]                                at /rustc/82e1608dfa6e0b5569232559e3d385fea5a93112/library/std/src/panicking.rs:516:19
[INFO] [stdout]   39:     0x5647f1447707 - std::panic::catch_unwind::h410458cfd3528b8b
[INFO] [stdout]                                at /rustc/82e1608dfa6e0b5569232559e3d385fea5a93112/library/std/src/panic.rs:142:14
[INFO] [stdout]   40:     0x5647f1447707 - std::thread::Builder::spawn_unchecked_::{{closure}}::h72ac3bdb567b737b
[INFO] [stdout]                                at /rustc/82e1608dfa6e0b5569232559e3d385fea5a93112/library/std/src/thread/mod.rs:528:30
[INFO] [stdout]   41:     0x5647f1447707 - core::ops::function::FnOnce::call_once{{vtable.shim}}::h38f34da3654a8344
[INFO] [stdout]                                at /rustc/82e1608dfa6e0b5569232559e3d385fea5a93112/library/core/src/ops/function.rs:250:5
[INFO] [stdout]   42:     0x5647f16f0305 - <alloc::boxed::Box<F,A> as core::ops::function::FnOnce<Args>>::call_once::hc7eafaff61e32df9
[INFO] [stdout]                                at /rustc/82e1608dfa6e0b5569232559e3d385fea5a93112/library/alloc/src/boxed.rs:2007:9
[INFO] [stdout]   43:     0x5647f16f0305 - <alloc::boxed::Box<F,A> as core::ops::function::FnOnce<Args>>::call_once::h6ba4a5de48dd2304
[INFO] [stdout]                                at /rustc/82e1608dfa6e0b5569232559e3d385fea5a93112/library/alloc/src/boxed.rs:2007:9
[INFO] [stdout]   44:     0x5647f16f0305 - std::sys::unix::thread::Thread::new::thread_start::he469335aef763e45
[INFO] [stdout]                                at /rustc/82e1608dfa6e0b5569232559e3d385fea5a93112/library/std/src/sys/unix/thread.rs:108:17
[INFO] [stdout]   45:     0x7ff7aef6aac3 - <unknown>
[INFO] [stdout]   46:     0x7ff7aeffbbf4 - __clone
[INFO] [stdout]   47:                0x0 - <unknown>
[INFO] [stdout] 
[INFO] [stdout] ---- url_parser::tests::test_uri stdout ----
[INFO] [stdout] thread 'url_parser::tests::test_uri' panicked at src/url_parser.rs:544:9:
[INFO] [stdout] assertion `left == right` failed
[INFO] [stdout]   left: Ok(("", URI { scheme: HTTPS, authority: None, host: HOST("www.zupzup.org"), port: Some(443), path: Some(["about"]), query: Some([("someVal", "5#anchor")]), fragment: None }))
[INFO] [stdout]  right: Ok(("", URI { scheme: HTTPS, authority: None, host: HOST("www.zupzup.org"), port: Some(443), path: Some(["about"]), query: Some([("someVal", "5")]), fragment: Some("anchor") }))
[INFO] [stdout] stack backtrace:
[INFO] [stdout]    0:     0x5647f16e97bc - std::backtrace_rs::backtrace::libunwind::trace::ha637c64ce894333a
[INFO] [stdout]                                at /rustc/82e1608dfa6e0b5569232559e3d385fea5a93112/library/std/src/../../backtrace/src/backtrace/libunwind.rs:104:5
[INFO] [stdout]    1:     0x5647f16e97bc - std::backtrace_rs::backtrace::trace_unsynchronized::h47f62dea28e0c88d
[INFO] [stdout]                                at /rustc/82e1608dfa6e0b5569232559e3d385fea5a93112/library/std/src/../../backtrace/src/backtrace/mod.rs:66:5
[INFO] [stdout]    2:     0x5647f16e97bc - std::sys_common::backtrace::_print_fmt::h9eef0abe20ede486
[INFO] [stdout]                                at /rustc/82e1608dfa6e0b5569232559e3d385fea5a93112/library/std/src/sys_common/backtrace.rs:67:5
[INFO] [stdout]    3:     0x5647f16e97bc - <std::sys_common::backtrace::_print::DisplayBacktrace as core::fmt::Display>::fmt::hed7f999df88cc644
[INFO] [stdout]                                at /rustc/82e1608dfa6e0b5569232559e3d385fea5a93112/library/std/src/sys_common/backtrace.rs:44:22
[INFO] [stdout]    4:     0x5647f1715a10 - core::fmt::rt::Argument::fmt::h1539a9308b8d058d
[INFO] [stdout]                                at /rustc/82e1608dfa6e0b5569232559e3d385fea5a93112/library/core/src/fmt/rt.rs:142:9
[INFO] [stdout]    5:     0x5647f1715a10 - core::fmt::write::h3a39390d8560d9c9
[INFO] [stdout]                                at /rustc/82e1608dfa6e0b5569232559e3d385fea5a93112/library/core/src/fmt/mod.rs:1120:17
[INFO] [stdout]    6:     0x5647f16e716f - std::io::Write::write_fmt::h040b369f3a0f9cbc
[INFO] [stdout]                                at /rustc/82e1608dfa6e0b5569232559e3d385fea5a93112/library/std/src/io/mod.rs:1762:15
[INFO] [stdout]    7:     0x5647f16e95a4 - std::sys_common::backtrace::_print::h894006fb5c6f3d45
[INFO] [stdout]                                at /rustc/82e1608dfa6e0b5569232559e3d385fea5a93112/library/std/src/sys_common/backtrace.rs:47:5
[INFO] [stdout]    8:     0x5647f16e95a4 - std::sys_common::backtrace::print::h23a2d212c6fff936
[INFO] [stdout]                                at /rustc/82e1608dfa6e0b5569232559e3d385fea5a93112/library/std/src/sys_common/backtrace.rs:34:9
[INFO] [stdout]    9:     0x5647f16eb267 - std::panicking::default_hook::{{closure}}::h8a1d2ee00185001a
[INFO] [stdout]   10:     0x5647f16eaf53 - std::panicking::default_hook::h6038f2eba384e475
[INFO] [stdout]                                at /rustc/82e1608dfa6e0b5569232559e3d385fea5a93112/library/std/src/panicking.rs:289:9
[INFO] [stdout]   11:     0x5647f1475d27 - <alloc::boxed::Box<F,A> as core::ops::function::Fn<Args>>::call::h0ad024c9bdc6d768
[INFO] [stdout]                                at /rustc/82e1608dfa6e0b5569232559e3d385fea5a93112/library/alloc/src/boxed.rs:2021:9
[INFO] [stdout]   12:     0x5647f1475d27 - test::test_main::{{closure}}::h7500b54257359db6
[INFO] [stdout]                                at /rustc/82e1608dfa6e0b5569232559e3d385fea5a93112/library/test/src/lib.rs:138:21
[INFO] [stdout]   13:     0x5647f16eb878 - <alloc::boxed::Box<F,A> as core::ops::function::Fn<Args>>::call::h1f8f335eaa9cfaee
[INFO] [stdout]                                at /rustc/82e1608dfa6e0b5569232559e3d385fea5a93112/library/alloc/src/boxed.rs:2021:9
[INFO] [stdout]   14:     0x5647f16eb878 - std::panicking::rust_panic_with_hook::h2b5517d590cab22e
[INFO] [stdout]                                at /rustc/82e1608dfa6e0b5569232559e3d385fea5a93112/library/std/src/panicking.rs:783:13
[INFO] [stdout]   15:     0x5647f16eb5ce - std::panicking::begin_panic_handler::{{closure}}::h233112c06e0ef43e
[INFO] [stdout]                                at /rustc/82e1608dfa6e0b5569232559e3d385fea5a93112/library/std/src/panicking.rs:657:13
[INFO] [stdout]   16:     0x5647f16e9c86 - std::sys_common::backtrace::__rust_end_short_backtrace::h6e893f24d7ebbff8
[INFO] [stdout]                                at /rustc/82e1608dfa6e0b5569232559e3d385fea5a93112/library/std/src/sys_common/backtrace.rs:170:18
[INFO] [stdout]   17:     0x5647f16eb332 - rust_begin_unwind
[INFO] [stdout]                                at /rustc/82e1608dfa6e0b5569232559e3d385fea5a93112/library/std/src/panicking.rs:645:5
[INFO] [stdout]   18:     0x5647f14131c5 - core::panicking::panic_fmt::hbf0e066aabfa482c
[INFO] [stdout]                                at /rustc/82e1608dfa6e0b5569232559e3d385fea5a93112/library/core/src/panicking.rs:72:14
[INFO] [stdout]   19:     0x5647f141367b - core::panicking::assert_failed_inner::h0bba8b7c26ee4492
[INFO] [stdout]   20:     0x5647f1439d7e - core::panicking::assert_failed::hc35a243a4f59ba49
[INFO] [stdout]                                at /rustc/82e1608dfa6e0b5569232559e3d385fea5a93112/library/core/src/panicking.rs:279:5
[INFO] [stdout]   21:     0x5647f1421dd0 - reston::url_parser::tests::test_uri::had4e80f06b42aab4
[INFO] [stdout]                                at /opt/rustwide/workdir/src/url_parser.rs:544:9
[INFO] [stdout]   22:     0x5647f14211d7 - reston::url_parser::tests::test_uri::{{closure}}::h0cc61dbcf622578a
[INFO] [stdout]                                at /opt/rustwide/workdir/src/url_parser.rs:511:18
[INFO] [stdout]   23:     0x5647f142ed86 - core::ops::function::FnOnce::call_once::h706dca8a4d17da3f
[INFO] [stdout]                                at /rustc/82e1608dfa6e0b5569232559e3d385fea5a93112/library/core/src/ops/function.rs:250:5
[INFO] [stdout]   24:     0x5647f147b37f - core::ops::function::FnOnce::call_once::h2b5d431d5046312d
[INFO] [stdout]                                at /rustc/82e1608dfa6e0b5569232559e3d385fea5a93112/library/core/src/ops/function.rs:250:5
[INFO] [stdout]   25:     0x5647f147b37f - test::__rust_begin_short_backtrace::h7714669af176e207
[INFO] [stdout]                                at /rustc/82e1608dfa6e0b5569232559e3d385fea5a93112/library/test/src/lib.rs:628:18
[INFO] [stdout]   26:     0x5647f147a395 - test::run_test_in_process::{{closure}}::h85218797dcbcec12
[INFO] [stdout]                                at /rustc/82e1608dfa6e0b5569232559e3d385fea5a93112/library/test/src/lib.rs:651:60
[INFO] [stdout]   27:     0x5647f147a395 - <core::panic::unwind_safe::AssertUnwindSafe<F> as core::ops::function::FnOnce<()>>::call_once::h76c106ea31c14d7b
[INFO] [stdout]                                at /rustc/82e1608dfa6e0b5569232559e3d385fea5a93112/library/core/src/panic/unwind_safe.rs:272:9
[INFO] [stdout]   28:     0x5647f147a395 - std::panicking::try::do_call::h3bd5d0f6620ee946
[INFO] [stdout]                                at /rustc/82e1608dfa6e0b5569232559e3d385fea5a93112/library/std/src/panicking.rs:552:40
[INFO] [stdout]   29:     0x5647f147a395 - std::panicking::try::h232e535e4744fe31
[INFO] [stdout]                                at /rustc/82e1608dfa6e0b5569232559e3d385fea5a93112/library/std/src/panicking.rs:516:19
[INFO] [stdout]   30:     0x5647f147a395 - std::panic::catch_unwind::h3ce3bd6ca8dbac68
[INFO] [stdout]                                at /rustc/82e1608dfa6e0b5569232559e3d385fea5a93112/library/std/src/panic.rs:142:14
[INFO] [stdout]   31:     0x5647f147a395 - test::run_test_in_process::hc97b257c9621286a
[INFO] [stdout]                                at /rustc/82e1608dfa6e0b5569232559e3d385fea5a93112/library/test/src/lib.rs:651:27
[INFO] [stdout]   32:     0x5647f147a395 - test::run_test::{{closure}}::h2aa798823a438d38
[INFO] [stdout]                                at /rustc/82e1608dfa6e0b5569232559e3d385fea5a93112/library/test/src/lib.rs:574:43
[INFO] [stdout]   33:     0x5647f1442656 - test::run_test::{{closure}}::h87d231c78fb59832
[INFO] [stdout]                                at /rustc/82e1608dfa6e0b5569232559e3d385fea5a93112/library/test/src/lib.rs:602:41
[INFO] [stdout]   34:     0x5647f1442656 - std::sys_common::backtrace::__rust_begin_short_backtrace::he6df152596625789
[INFO] [stdout]                                at /rustc/82e1608dfa6e0b5569232559e3d385fea5a93112/library/std/src/sys_common/backtrace.rs:154:18
[INFO] [stdout]   35:     0x5647f1447707 - std::thread::Builder::spawn_unchecked_::{{closure}}::{{closure}}::ha94be15d1e0acf36
[INFO] [stdout]                                at /rustc/82e1608dfa6e0b5569232559e3d385fea5a93112/library/std/src/thread/mod.rs:529:17
[INFO] [stdout]   36:     0x5647f1447707 - <core::panic::unwind_safe::AssertUnwindSafe<F> as core::ops::function::FnOnce<()>>::call_once::h9dc6bd6372f16606
[INFO] [stdout]                                at /rustc/82e1608dfa6e0b5569232559e3d385fea5a93112/library/core/src/panic/unwind_safe.rs:272:9
[INFO] [stdout]   37:     0x5647f1447707 - std::panicking::try::do_call::h9057517f80303cd4
[INFO] [stdout]                                at /rustc/82e1608dfa6e0b5569232559e3d385fea5a93112/library/std/src/panicking.rs:552:40
[INFO] [stdout]   38:     0x5647f1447707 - std::panicking::try::he3a30b11ee45340c
[INFO] [stdout]                                at /rustc/82e1608dfa6e0b5569232559e3d385fea5a93112/library/std/src/panicking.rs:516:19
[INFO] [stdout]   39:     0x5647f1447707 - std::panic::catch_unwind::h410458cfd3528b8b
[INFO] [stdout]                                at /rustc/82e1608dfa6e0b5569232559e3d385fea5a93112/library/std/src/panic.rs:142:14
[INFO] [stdout]   40:     0x5647f1447707 - std::thread::Builder::spawn_unchecked_::{{closure}}::h72ac3bdb567b737b
[INFO] [stdout]                                at /rustc/82e1608dfa6e0b5569232559e3d385fea5a93112/library/std/src/thread/mod.rs:528:30
[INFO] [stdout]   41:     0x5647f1447707 - core::ops::function::FnOnce::call_once{{vtable.shim}}::h38f34da3654a8344
[INFO] [stdout]                                at /rustc/82e1608dfa6e0b5569232559e3d385fea5a93112/library/core/src/ops/function.rs:250:5
[INFO] [stdout]   42:     0x5647f16f0305 - <alloc::boxed::Box<F,A> as core::ops::function::FnOnce<Args>>::call_once::hc7eafaff61e32df9
[INFO] [stdout]                                at /rustc/82e1608dfa6e0b5569232559e3d385fea5a93112/library/alloc/src/boxed.rs:2007:9
[INFO] [stdout]   43:     0x5647f16f0305 - <alloc::boxed::Box<F,A> as core::ops::function::FnOnce<Args>>::call_once::h6ba4a5de48dd2304
[INFO] [stdout]                                at /rustc/82e1608dfa6e0b5569232559e3d385fea5a93112/library/alloc/src/boxed.rs:2007:9
[INFO] [stdout]   44:     0x5647f16f0305 - std::sys::unix::thread::Thread::new::thread_start::he469335aef763e45
[INFO] [stdout]                                at /rustc/82e1608dfa6e0b5569232559e3d385fea5a93112/library/std/src/sys/unix/thread.rs:108:17
[INFO] [stdout]   45:     0x7ff7aef6aac3 - <unknown>
[INFO] [stdout]   46:     0x7ff7aeffbbf4 - __clone
[INFO] [stdout]   47:                0x0 - <unknown>
[INFO] [stdout] 
[INFO] [stdout] 
[INFO] [stdout] failures:
[INFO] [stdout]     url_parser::tests::test_query_params
[INFO] [stdout]     url_parser::tests::test_uri
[INFO] [stdout] 
[INFO] [stdout] test result: FAILED. 7 passed; 2 failed; 0 ignored; 0 measured; 0 filtered out; finished in 0.47s
[INFO] [stdout] 
[INFO] [stderr] error: test failed, to rerun pass `--lib`
[INFO] running `Command { std: "docker" "inspect" "5bab392c6ff9dc718d8add8b4edc50e27d34fa2e2f6c236dd8855bcadf560450", kill_on_drop: false }`
[INFO] running `Command { std: "docker" "rm" "-f" "5bab392c6ff9dc718d8add8b4edc50e27d34fa2e2f6c236dd8855bcadf560450", kill_on_drop: false }`
[INFO] [stdout] 5bab392c6ff9dc718d8add8b4edc50e27d34fa2e2f6c236dd8855bcadf560450
[INFO] testing qihaiyan/reston against beta-2023-12-22 for beta-1.76-1
[INFO] running `Command { std: "git" "clone" "/workspace/cache/git-repos/https%3A%2F%2Fgithub.com%2Fqihaiyan%2Freston" "/workspace/builds/worker-1-tc2/source", kill_on_drop: false }`
[INFO] [stderr] Cloning into '/workspace/builds/worker-1-tc2/source'...
[INFO] [stderr] done.
[INFO] validating manifest of git repo https://github.com/qihaiyan/reston on toolchain beta-2023-12-22
[INFO] running `Command { std: CARGO_HOME="/workspace/cargo-home" RUSTUP_HOME="/workspace/rustup-home" "/workspace/cargo-home/bin/cargo" "+beta-2023-12-22" "metadata" "--manifest-path" "Cargo.toml" "--no-deps", kill_on_drop: false }`
[INFO] started tweaking git repo https://github.com/qihaiyan/reston
[INFO] finished tweaking git repo https://github.com/qihaiyan/reston
[INFO] tweaked toml for git repo https://github.com/qihaiyan/reston written to /workspace/builds/worker-1-tc2/source/Cargo.toml
[INFO] crate git repo https://github.com/qihaiyan/reston already has a lockfile, it will not be regenerated
[INFO] running `Command { std: CARGO_HOME="/workspace/cargo-home" RUSTUP_HOME="/workspace/rustup-home" "/workspace/cargo-home/bin/cargo" "+beta-2023-12-22" "fetch" "--manifest-path" "Cargo.toml", kill_on_drop: false }`
[INFO] running `Command { std: "docker" "create" "-v" "/var/lib/crater-agent-workspace/builds/worker-1-tc2/target:/opt/rustwide/target:rw,Z" "-v" "/var/lib/crater-agent-workspace/builds/worker-1-tc2/source:/opt/rustwide/workdir:ro,Z" "-v" "/var/lib/crater-agent-workspace/cargo-home:/opt/rustwide/cargo-home:ro,Z" "-v" "/var/lib/crater-agent-workspace/rustup-home:/opt/rustwide/rustup-home:ro,Z" "-e" "SOURCE_DIR=/opt/rustwide/workdir" "-e" "CARGO_TARGET_DIR=/opt/rustwide/target" "-e" "CARGO_HOME=/opt/rustwide/cargo-home" "-e" "RUSTUP_HOME=/opt/rustwide/rustup-home" "-w" "/opt/rustwide/workdir" "-m" "1610612736" "--user" "0:0" "--network" "none" "ghcr.io/rust-lang/crates-build-env/linux@sha256:2788e3201cd34a07e3172128adcd8b3090168a8e3bcc40d7c032b9dda1df7d1c" "/opt/rustwide/cargo-home/bin/cargo" "+beta-2023-12-22" "metadata" "--no-deps" "--format-version=1", kill_on_drop: false }`
[INFO] [stdout] a57ba1e819d65842238b3518672c94cbfc32032aa142b7f9890351f57bf35454
[INFO] running `Command { std: "docker" "start" "-a" "a57ba1e819d65842238b3518672c94cbfc32032aa142b7f9890351f57bf35454", kill_on_drop: false }`
[INFO] running `Command { std: "docker" "inspect" "a57ba1e819d65842238b3518672c94cbfc32032aa142b7f9890351f57bf35454", kill_on_drop: false }`
[INFO] running `Command { std: "docker" "rm" "-f" "a57ba1e819d65842238b3518672c94cbfc32032aa142b7f9890351f57bf35454", kill_on_drop: false }`
[INFO] [stdout] a57ba1e819d65842238b3518672c94cbfc32032aa142b7f9890351f57bf35454
[INFO] running `Command { std: "docker" "create" "-v" "/var/lib/crater-agent-workspace/builds/worker-1-tc2/target:/opt/rustwide/target:rw,Z" "-v" "/var/lib/crater-agent-workspace/builds/worker-1-tc2/source:/opt/rustwide/workdir:ro,Z" "-v" "/var/lib/crater-agent-workspace/cargo-home:/opt/rustwide/cargo-home:ro,Z" "-v" "/var/lib/crater-agent-workspace/rustup-home:/opt/rustwide/rustup-home:ro,Z" "-e" "SOURCE_DIR=/opt/rustwide/workdir" "-e" "CARGO_TARGET_DIR=/opt/rustwide/target" "-e" "CARGO_INCREMENTAL=0" "-e" "RUST_BACKTRACE=full" "-e" "RUSTFLAGS=--cap-lints=warn" "-e" "RUSTDOCFLAGS=--cap-lints=warn" "-e" "CARGO_HOME=/opt/rustwide/cargo-home" "-e" "RUSTUP_HOME=/opt/rustwide/rustup-home" "-w" "/opt/rustwide/workdir" "-m" "1610612736" "--user" "0:0" "--network" "none" "ghcr.io/rust-lang/crates-build-env/linux@sha256:2788e3201cd34a07e3172128adcd8b3090168a8e3bcc40d7c032b9dda1df7d1c" "/opt/rustwide/cargo-home/bin/cargo" "+beta-2023-12-22" "build" "--frozen" "--message-format=json", kill_on_drop: false }`
[INFO] [stdout] a8d2ba4d0715ce29ceb4beb87c9db140c4bef33efb14a5ef67a4d2331e934e99
[INFO] running `Command { std: "docker" "start" "-a" "a8d2ba4d0715ce29ceb4beb87c9db140c4bef33efb14a5ef67a4d2331e934e99", kill_on_drop: false }`
[INFO] [stderr]    Compiling cfg-if v1.0.0
[INFO] [stderr]    Compiling proc-macro2 v1.0.69
[INFO] [stderr]    Compiling unicode-ident v1.0.12
[INFO] [stderr]    Compiling autocfg v1.1.0
[INFO] [stderr]    Compiling libc v0.2.150
[INFO] [stderr]    Compiling pkg-config v0.3.27
[INFO] [stderr]    Compiling smallvec v1.11.2
[INFO] [stderr]    Compiling version_check v0.9.4
[INFO] [stderr]    Compiling serde v1.0.193
[INFO] [stderr]    Compiling equivalent v1.0.1
[INFO] [stderr]    Compiling hashbrown v0.14.2
[INFO] [stderr]    Compiling winnow v0.5.19
[INFO] [stderr]    Compiling once_cell v1.18.0
[INFO] [stderr]    Compiling log v0.4.20
[INFO] [stderr]    Compiling bitflags v1.3.2
[INFO] [stderr]    Compiling heck v0.4.1
[INFO] [stderr]    Compiling target-lexicon v0.12.12
[INFO] [stderr]    Compiling memchr v2.6.4
[INFO] [stderr]    Compiling indexmap v2.1.0
[INFO] [stderr]    Compiling quote v1.0.33
[INFO] [stderr]    Compiling syn v2.0.39
[INFO] [stderr]    Compiling version-compare v0.1.1
[INFO] [stderr]    Compiling crossbeam-utils v0.8.16
[INFO] [stderr]    Compiling cfg-expr v0.15.5
[INFO] [stderr]    Compiling xml-rs v0.8.19
[INFO] [stderr]    Compiling scopeguard v1.2.0
[INFO] [stderr]    Compiling syn v1.0.109
[INFO] [stderr]    Compiling typenum v1.17.0
[INFO] [stderr]    Compiling generic-array v0.14.7
[INFO] [stderr]    Compiling pin-project-lite v0.2.13
[INFO] [stderr]    Compiling futures-core v0.3.29
[INFO] [stderr]    Compiling getrandom v0.2.11
[INFO] [stderr]    Compiling jobserver v0.1.27
[INFO] [stderr]    Compiling simd-adler32 v0.3.7
[INFO] [stderr]    Compiling cc v1.0.83
[INFO] [stderr]    Compiling lock_api v0.4.11
[INFO] [stderr]    Compiling adler v1.0.2
[INFO] [stderr]    Compiling crc32fast v1.3.2
[INFO] [stderr]    Compiling miniz_oxide v0.7.1
[INFO] [stderr]    Compiling concurrent-queue v2.3.0
[INFO] [stderr]    Compiling libloading v0.8.1
[INFO] [stderr]    Compiling lazy_static v1.4.0
[INFO] [stderr]    Compiling parking v2.2.0
[INFO] [stderr]    Compiling toml_datetime v0.6.5
[INFO] [stderr]    Compiling serde_spanned v0.6.4
[INFO] [stderr]    Compiling dlib v0.5.2
[INFO] [stderr]    Compiling toml_edit v0.21.0
[INFO] [stderr]    Compiling wayland-scanner v0.29.5
[INFO] [stderr]    Compiling memoffset v0.7.1
[INFO] [stderr]    Compiling memoffset v0.6.5
[INFO] [stderr]    Compiling flate2 v1.0.28
[INFO] [stderr]    Compiling aho-corasick v1.1.2
[INFO] [stderr]    Compiling subtle v2.5.0
[INFO] [stderr]    Compiling crypto-common v0.1.6
[INFO] [stderr]    Compiling block-buffer v0.10.4
[INFO] [stderr]    Compiling event-listener v4.0.0
[INFO] [stderr]    Compiling rand_core v0.6.4
[INFO] [stderr]    Compiling futures-io v0.3.29
[INFO] [stderr]    Compiling digest v0.10.7
[INFO] [stderr]    Compiling toml_edit v0.19.15
[INFO] [stderr]    Compiling wayland-sys v0.29.5
[INFO] [stderr]    Compiling event-listener-strategy v0.4.0
[INFO] [stderr]    Compiling tracing-core v0.1.32
[INFO] [stderr]    Compiling slab v0.4.9
[INFO] [stderr]    Compiling toml v0.8.8
[INFO] [stderr]    Compiling event-listener v2.5.3
[INFO] [stderr]    Compiling cpufeatures v0.2.11
[INFO] [stderr]    Compiling system-deps v6.2.0
[INFO] [stderr]    Compiling byteorder v1.5.0
[INFO] [stderr]    Compiling nix v0.26.4
[INFO] [stderr]    Compiling proc-macro-crate v1.3.1
[INFO] [stderr]    Compiling ttf-parser v0.20.0
[INFO] [stderr]    Compiling zvariant_utils v1.0.1
[INFO] [stderr]    Compiling io-lifetimes v1.0.11
[INFO] [stderr]    Compiling serde_derive v1.0.193
[INFO] [stderr]    Compiling bytemuck_derive v1.5.0
[INFO] [stderr]    Compiling fastrand v2.0.1
[INFO] [stderr]    Compiling thiserror v1.0.50
[INFO] [stderr]    Compiling thiserror-impl v1.0.50
[INFO] [stderr]    Compiling enumflags2_derive v0.7.8
[INFO] [stderr]    Compiling tracing-attributes v0.1.27
[INFO] [stderr]    Compiling bytemuck v1.14.0
[INFO] [stderr]    Compiling async-lock v3.1.2
[INFO] [stderr]    Compiling wayland-client v0.29.5
[INFO] [stderr]    Compiling nix v0.24.3
[INFO] [stderr]    Compiling owned_ttf_parser v0.20.0
[INFO] [stderr]    Compiling futures-lite v2.0.1
[INFO] [stderr]    Compiling polling v2.8.0
[INFO] [stderr]    Compiling async-task v4.5.0
[INFO] [stderr]    Compiling khronos_api v3.1.0
[INFO] [stderr]    Compiling regex-syntax v0.8.2
[INFO] [stderr]    Compiling futures-task v0.3.29
[INFO] [stderr]    Compiling float-cmp v0.9.0
[INFO] [stderr]    Compiling atomic-waker v1.1.2
[INFO] [stderr]    Compiling waker-fn v1.1.1
[INFO] [stderr]    Compiling ppv-lite86 v0.2.17
[INFO] [stderr]    Compiling rustix v0.37.27
[INFO] [stderr]    Compiling cfg_aliases v0.1.1
[INFO] [stderr]    Compiling ab_glyph_rasterizer v0.1.8
[INFO] [stderr]    Compiling fastrand v1.9.0
[INFO] [stderr]    Compiling rand_chacha v0.3.1
[INFO] [stderr]    Compiling futures-lite v1.13.0
[INFO] [stderr]    Compiling ab_glyph v0.2.23
[INFO] [stderr]    Compiling piper v0.2.1
[INFO] [stderr]    Compiling tracing v0.1.40
[INFO] [stderr]    Compiling wayland-commons v0.29.5
[INFO] [stderr]    Compiling strict-num v0.1.1
[INFO] [stderr]    Compiling zvariant_derive v3.15.0
[INFO] [stderr]    Compiling async-lock v2.8.0
[INFO] [stderr]    Compiling async-channel v2.1.1
[INFO] [stderr]    Compiling fdeflate v0.3.1
[INFO] [stderr]    Compiling memoffset v0.9.0
[INFO] [stderr]    Compiling async-io v1.13.0
[INFO] [stderr]    Compiling async-fs v1.6.0
[INFO] [stderr]    Compiling slotmap v1.0.6
[INFO] [stderr]    Compiling async-trait v0.1.74
[INFO] [stderr]    Compiling futures-util v0.3.29
[INFO] [stderr]    Compiling parking_lot_core v0.9.9
[INFO] [stderr]    Compiling static_assertions v1.1.0
[INFO] [stderr]    Compiling linux-raw-sys v0.3.8
[INFO] [stderr]    Compiling regex-automata v0.4.3
[INFO] [stderr]    Compiling arrayvec v0.7.4
[INFO] [stderr]    Compiling downcast-rs v1.2.0
[INFO] [stderr]    Compiling scoped-tls v1.0.1
[INFO] [stderr]    Compiling minimal-lexical v0.2.1
[INFO] [stderr]    Compiling nom v7.1.3
[INFO] [stderr]    Compiling png v0.17.10
[INFO] [stderr]    Compiling blocking v1.5.1
[INFO] [stderr]    Compiling rand v0.8.5
[INFO] [stderr]    Compiling glib-sys v0.18.1
[INFO] [stderr]    Compiling enumn v0.1.12
[INFO] [stderr]    Compiling sha1 v0.10.6
[INFO] [stderr]    Compiling wayland-protocols v0.29.5
[INFO] [stderr]    Compiling socket2 v0.4.10
[INFO] [stderr]    Compiling crossbeam-epoch v0.9.15
[INFO] [stderr]    Compiling futures-sink v0.3.29
[INFO] [stderr]    Compiling arrayref v0.3.7
[INFO] [stderr]    Compiling pin-utils v0.1.0
[INFO] [stderr]    Compiling base64 v0.21.5
[INFO] [stderr]    Compiling enumflags2 v0.7.8
[INFO] [stderr]    Compiling regex v1.10.2
[INFO] [stderr]    Compiling gl_generator v0.14.0
[INFO] [stderr]    Compiling accesskit v0.12.1
[INFO] [stderr]    Compiling zvariant v3.15.0
[INFO] [stderr]    Compiling tiny-skia-path v0.8.4
[INFO] [stderr]    Compiling xcursor v0.3.4
[INFO] [stderr]    Compiling zbus_names v2.6.0
[INFO] [stderr]    Compiling async-executor v1.8.0
[INFO] [stderr]    Compiling derivative v2.2.0
[INFO] [stderr]    Compiling gobject-sys v0.18.0
[INFO] [stderr]    Compiling xdg-home v1.0.0
[INFO] [stderr]    Compiling async-recursion v1.0.5
[INFO] [stderr]    Compiling serde_repr v0.1.17
[INFO] [stderr]    Compiling async-broadcast v0.5.1
[INFO] [stderr]    Compiling nix v0.25.1
[INFO] [stderr]    Compiling spin v0.9.8
[INFO] [stderr]    Compiling ordered-stream v0.2.0
[INFO] [stderr]    Compiling x11-dl v2.21.0
[INFO] [stderr]    Compiling smithay-client-toolkit v0.16.1
[INFO] [stderr]    Compiling ahash v0.8.6
[INFO] [stderr]    Compiling percent-encoding v2.3.1
[INFO] [stderr]    Compiling hex v0.4.3
[INFO] [stderr]    Compiling zbus_macros v3.14.1
[INFO] [stderr]    Compiling vec_map v0.8.2
[INFO] [stderr]    Compiling parking_lot v0.12.1
[INFO] [stderr]    Compiling wayland-cursor v0.29.5
[INFO] [stderr]    Compiling tiny-skia v0.8.4
[INFO] [stderr]    Compiling memmap2 v0.5.10
[INFO] [stderr]    Compiling color-hex v0.2.0
[INFO] [stderr]    Compiling calloop v0.10.6
[INFO] [stderr]    Compiling rayon-core v1.12.0
[INFO] [stderr]    Compiling tinyvec_macros v0.1.1
[INFO] [stderr]    Compiling zerocopy v0.7.26
[INFO] [stderr]    Compiling semver v1.0.20
[INFO] [stderr]    Compiling ecolor v0.24.1
[INFO] [stderr]    Compiling tinyvec v1.6.0
[INFO] [stderr]    Compiling crossbeam-deque v0.8.3
[INFO] [stderr]    Compiling emath v0.24.1
[INFO] [stderr]    Compiling bitflags v2.4.1
[INFO] [stderr]    Compiling ring v0.17.5
[INFO] [stderr]    Compiling nohash-hasher v0.2.0
[INFO] [stderr]    Compiling raw-window-handle v0.5.2
[INFO] [stderr]    Compiling epaint v0.24.1
[INFO] [stderr]    Compiling unicode-normalization v0.1.22
[INFO] [stderr]    Compiling ron v0.8.1
[INFO] [stderr]    Compiling winit v0.28.7
[INFO] [stderr]    Compiling atk-sys v0.18.0
[INFO] [stderr]    Compiling gdk-sys v0.18.0
[INFO] [stderr]    Compiling gio-sys v0.18.1
[INFO] [stderr]    Compiling zstd-sys v2.0.9+zstd.1.5.5
[INFO] [stderr]    Compiling num-traits v0.2.17
[INFO] [stderr]    Compiling unicase v2.7.0
[INFO] [stderr]    Compiling unicode-bidi v0.3.13
[INFO] [stderr]    Compiling egui v0.24.1
[INFO] [stderr]    Compiling idna v0.5.0
[INFO] [stderr]    Compiling rustc_version v0.4.0
[INFO] [stderr]    Compiling form_urlencoded v1.2.1
[INFO] [stderr]    Compiling zbus v3.14.1
[INFO] [stderr]    Compiling glutin_egl_sys v0.5.1
[INFO] [stderr]    Compiling glutin_glx_sys v0.4.0
[INFO] [stderr]    Compiling gdk-pixbuf-sys v0.18.0
[INFO] [stderr]    Compiling pango-sys v0.18.0
[INFO] [stderr]    Compiling cairo-sys-rs v0.18.2
[INFO] [stderr]    Compiling cmake v0.1.50
[INFO] [stderr]    Compiling mio v0.8.9
[INFO] [stderr]    Compiling wayland-sys v0.30.1
[INFO] [stderr]    Compiling num-integer v0.1.45
[INFO] [stderr]    Compiling proc-macro-error-attr v1.0.4
[INFO] [stderr]    Compiling instant v0.1.12
[INFO] [stderr]    Compiling x11rb v0.12.0
[INFO] [stderr]    Compiling either v1.9.0
[INFO] [stderr]    Compiling untrusted v0.9.0
[INFO] [stderr]    Compiling powerfmt v0.2.0
[INFO] [stderr]    Compiling itoa v1.0.9
[INFO] [stderr]    Compiling freetype-sys v0.13.1
[INFO] [stderr]    Compiling rayon v1.8.0
[INFO] [stderr]    Compiling deranged v0.3.9
[INFO] [stderr]    Compiling pathfinder_simd v0.5.2
[INFO] [stderr]    Compiling url v2.5.0
[INFO] [stderr]    Compiling accesskit_consumer v0.16.1
[INFO] [stderr]    Compiling glutin v0.30.10
[INFO] [stderr]    Compiling gtk-sys v0.18.0
[INFO] [stderr]    Compiling x11rb-protocol v0.12.0
[INFO] [stderr]    Compiling async-channel v1.9.0
[INFO] [stderr]    Compiling bzip2-sys v0.1.11+1.0.8
[INFO] [stderr]    Compiling dirs-sys-next v0.1.2
[INFO] [stderr]    Compiling gethostname v0.3.0
[INFO] [stderr]    Compiling yeslogic-fontconfig-sys v3.2.0
[INFO] [stderr]    Compiling num-rational v0.4.1
[INFO] [stderr]    Compiling proc-macro-error v1.0.4
[INFO] [stderr]    Compiling xmlparser v0.13.6
[INFO] [stderr]    Compiling time-core v0.1.2
[INFO] [stderr]    Compiling weezl v0.1.7
[INFO] [stderr]    Compiling siphasher v0.3.11
[INFO] [stderr]    Compiling atspi-common v0.3.0
[INFO] [stderr]    Compiling async-once-cell v0.5.3
[INFO] [stderr]    Compiling rustversion v1.0.14
[INFO] [stderr]    Compiling zstd-safe v5.0.2+zstd.1.5.2
[INFO] [stderr]    Compiling svgtypes v0.8.2
[INFO] [stderr]    Compiling time v0.3.30
[INFO] [stderr]    Compiling roxmltree v0.15.1
[INFO] [stderr]    Compiling atspi-proxies v0.3.0
[INFO] [stderr]    Compiling jpeg-decoder v0.3.0
[INFO] [stderr]    Compiling mime_guess2 v2.0.5
[INFO] [stderr]    Compiling atspi-connection v0.3.0
[INFO] [stderr]    Compiling atspi v0.19.0
[INFO] [stderr]    Compiling accesskit_unix v0.6.1
[INFO] [stderr]    Compiling flume v0.11.0
[INFO] [stderr]    Compiling kurbo v0.8.3
[INFO] [stderr]    Compiling glutin-winit v0.3.0
[INFO] [stderr]    Compiling inout v0.1.3
[INFO] [stderr]    Compiling zune-inflate v0.2.54
[INFO] [stderr]    Compiling simplecss v0.2.1
[INFO] [stderr]    Compiling libloading v0.7.4
[INFO] [stderr]    Compiling home v0.5.5
[INFO] [stderr]    Compiling rctree v0.5.0
[INFO] [stderr]    Compiling imagesize v0.10.1
[INFO] [stderr]    Compiling paste v1.0.14
[INFO] [stderr]    Compiling bit_field v0.10.2
[INFO] [stderr]    Compiling base64 v0.13.1
[INFO] [stderr]    Compiling safemem v0.3.3
[INFO] [stderr]    Compiling color_quant v1.1.0
[INFO] [stderr]    Compiling same-file v1.0.6
[INFO] [stderr]    Compiling serde_json v1.0.108
[INFO] [stderr]    Compiling bit-vec v0.6.3
[INFO] [stderr]    Compiling rustls v0.21.9
[INFO] [stderr]    Compiling lebe v0.5.2
[INFO] [stderr]    Compiling half v2.2.1
[INFO] [stderr]    Compiling data-url v0.2.0
[INFO] [stderr]    Compiling base64ct v1.6.0
[INFO] [stderr]    Compiling bit-set v0.5.3
[INFO] [stderr]    Compiling usvg v0.28.0
[INFO] [stderr]    Compiling password-hash v0.4.2
[INFO] [stderr]    Compiling exr v1.71.0
[INFO] [stderr]    Compiling walkdir v2.4.0
[INFO] [stderr]    Compiling gif v0.12.0
[INFO] [stderr]    Compiling line-wrap v0.1.1
[INFO] [stderr]    Compiling webbrowser v0.8.12
[INFO] [stderr]    Compiling cipher v0.4.4
[INFO] [stderr]    Compiling tiff v0.9.0
[INFO] [stderr]    Compiling arboard v3.3.0
[INFO] [stderr]    Compiling enum-iterator-derive v0.8.1
[INFO] [stderr]    Compiling rgb v0.8.37
[INFO] [stderr]    Compiling qoi v0.4.1
[INFO] [stderr]    Compiling enum-map-derive v0.17.0
[INFO] [stderr]    Compiling sha2 v0.10.8
[INFO] [stderr]    Compiling hmac v0.12.1
[INFO] [stderr]    Compiling quick-xml v0.31.0
[INFO] [stderr]    Compiling linked-hash-map v0.5.6
[INFO] [stderr]    Compiling font-kit v0.11.0
[INFO] [stderr]    Compiling rfd v0.12.1
[INFO] [stderr]    Compiling web-time v0.2.3
[INFO] [stderr]    Compiling mime v0.3.17
[INFO] [stderr]    Compiling const-cstr v0.3.0
[INFO] [stderr]    Compiling glow v0.12.3
[INFO] [stderr]    Compiling ryu v1.0.15
[INFO] [stderr]    Compiling pico-args v0.5.0
[INFO] [stderr]    Compiling overload v0.1.1
[INFO] [stderr]    Compiling resvg v0.28.0
[INFO] [stderr]    Compiling nu-ansi-term v0.46.0
[INFO] [stderr]    Compiling enum-map v2.7.3
[INFO] [stderr]    Compiling enum-iterator v0.8.1
[INFO] [stderr]    Compiling plist v1.6.0
[INFO] [stderr]    Compiling yaml-rust v0.4.5
[INFO] [stderr]    Compiling pbkdf2 v0.11.0
[INFO] [stderr]    Compiling image v0.24.7
[INFO] [stderr]    Compiling strum_macros v0.25.3
[INFO] [stderr]    Compiling egui_glow v0.24.1
[INFO] [stderr]    Compiling fancy-regex v0.11.0
[INFO] [stderr]    Compiling pathfinder_geometry v0.5.1
[INFO] [stderr]    Compiling freetype v0.7.0
[INFO] [stderr]    Compiling duplicate v1.0.0
[INFO] [stderr]    Compiling aes v0.8.3
[INFO] [stderr]    Compiling dirs-next v2.0.0
[INFO] [stderr]    Compiling directories-next v2.0.0
[INFO] [stderr]    Compiling bincode v1.3.3
[INFO] [stderr]    Compiling uuid-macro-internal v1.6.1
[INFO] [stderr]    Compiling tracing-log v0.2.0
[INFO] [stderr]    Compiling sharded-slab v0.1.7
[INFO] [stderr]    Compiling thread_local v1.1.7
[INFO] [stderr]    Compiling fnv v1.0.7
[INFO] [stderr]    Compiling constant_time_eq v0.1.5
[INFO] [stderr]    Compiling regex-syntax v0.7.5
[INFO] [stderr]    Compiling reston v0.1.0 (/opt/rustwide/workdir)
[INFO] [stderr]    Compiling webpki-roots v0.25.3
[INFO] [stderr]    Compiling float-ord v0.2.0
[INFO] [stderr]    Compiling egui_dock v0.9.0
[INFO] [stderr]    Compiling tracing-subscriber v0.3.18
[INFO] [stderr]    Compiling uuid v1.6.1
[INFO] [stderr]    Compiling strum v0.25.0
[INFO] [stderr]    Compiling material-icons v0.2.0
[INFO] [stderr]    Compiling egui_extras v0.24.1
[INFO] [stderr]    Compiling syntect v5.1.0
[INFO] [stderr]    Compiling sublime_fuzzy v0.7.0
[INFO] [stderr]    Compiling bzip2 v0.4.4
[INFO] [stderr]    Compiling sct v0.7.1
[INFO] [stderr]    Compiling rustls-webpki v0.101.7
[INFO] [stderr]    Compiling zstd v0.11.2+zstd.1.5.2
[INFO] [stderr]    Compiling zip v0.6.6
[INFO] [stderr]    Compiling ureq v2.9.1
[INFO] [stderr]    Compiling sctk-adwaita v0.5.4
[INFO] [stderr]    Compiling smithay-clipboard v0.6.6
[INFO] [stderr]    Compiling accesskit_winit v0.15.0
[INFO] [stderr]    Compiling egui-winit v0.24.1
[INFO] [stderr]    Compiling eframe v0.24.1
[INFO] [stdout] warning: unused import: `std::sync::Arc`
[INFO] [stdout]   --> src/lib.rs:55:5
[INFO] [stdout]    |
[INFO] [stdout] 55 | use std::sync::Arc;
[INFO] [stdout]    |     ^^^^^^^^^^^^^^
[INFO] [stdout]    |
[INFO] [stdout]    = note: `#[warn(unused_imports)]` on by default
[INFO] [stdout] 
[INFO] [stdout] 
[INFO] [stdout] warning: unused imports: `Align2`, `Mesh`, `Vec2`, `pos2`
[INFO] [stdout]   --> src/lib.rs:57:12
[INFO] [stdout]    |
[INFO] [stdout] 57 | use egui::{pos2, Align2, Color32, Mesh, NumExt, Rect, Shape, Vec2};
[INFO] [stdout]    |            ^^^^  ^^^^^^           ^^^^                       ^^^^
[INFO] [stdout] 
[INFO] [stdout] 
[INFO] [stdout] warning: unused variable: `frame`
[INFO] [stdout]    --> src/app.rs:738:47
[INFO] [stdout]     |
[INFO] [stdout] 738 |     fn update(&mut self, ctx: &egui::Context, frame: &mut eframe::Frame) {
[INFO] [stdout]     |                                               ^^^^^ help: if this is intentional, prefix it with an underscore: `_frame`
[INFO] [stdout]     |
[INFO] [stdout]     = note: `#[warn(unused_variables)]` on by default
[INFO] [stdout] 
[INFO] [stdout] 
[INFO] [stdout] warning: unused variable: `ui`
[INFO] [stdout]    --> src/app.rs:768:36
[INFO] [stdout]     |
[INFO] [stdout] 768 |                     ui.horizontal(|ui| {
[INFO] [stdout]     |                                    ^^ help: if this is intentional, prefix it with an underscore: `_ui`
[INFO] [stdout] 
[INFO] [stdout] 
[INFO] [stdout] warning: unused variable: `app`
[INFO] [stdout]     --> src/app.rs:1396:9
[INFO] [stdout]      |
[INFO] [stdout] 1396 | fn save(app: &mut HttpApp) {
[INFO] [stdout]      |         ^^^ help: if this is intentional, prefix it with an underscore: `_app`
[INFO] [stdout] 
[INFO] [stdout] 
[INFO] [stdout] warning: field `color` is never read
[INFO] [stdout]    --> src/app.rs:252:5
[INFO] [stdout]     |
[INFO] [stdout] 251 | struct Color {
[INFO] [stdout]     |        ----- field in this struct
[INFO] [stdout] 252 |     color: Color32,
[INFO] [stdout]     |     ^^^^^
[INFO] [stdout]     |
[INFO] [stdout]     = note: `Color` has a derived impl for the trait `Clone`, but this is intentionally ignored during dead code analysis
[INFO] [stdout]     = note: `#[warn(dead_code)]` on by default
[INFO] [stdout] 
[INFO] [stdout] 
[INFO] [stdout] warning: function `save` is never used
[INFO] [stdout]     --> src/app.rs:1396:4
[INFO] [stdout]      |
[INFO] [stdout] 1396 | fn save(app: &mut HttpApp) {
[INFO] [stdout]      |    ^^^^
[INFO] [stdout] 
[INFO] [stdout] 
[INFO] [stdout] warning: function `vertex_gradient` is never used
[INFO] [stdout]     --> src/app.rs:1407:4
[INFO] [stdout]      |
[INFO] [stdout] 1407 | fn vertex_gradient(ui: &mut Ui, bg_fill: Color32, gradient: &Gradient) {
[INFO] [stdout]      |    ^^^^^^^^^^^^^^^
[INFO] [stdout] 
[INFO] [stdout] 
[INFO] [stdout] warning: function `key` is never used
[INFO] [stdout]   --> src/command.rs:33:12
[INFO] [stdout]    |
[INFO] [stdout] 33 |         fn key(key: Key) -> KeyboardShortcut {
[INFO] [stdout]    |            ^^^
[INFO] [stdout] 
[INFO] [stdout] 
[INFO] [stdout] warning: function `cmd_shift` is never used
[INFO] [stdout]   --> src/command.rs:42:12
[INFO] [stdout]    |
[INFO] [stdout] 42 |         fn cmd_shift(key: Key) -> KeyboardShortcut {
[INFO] [stdout]    |            ^^^^^^^^^
[INFO] [stdout] 
[INFO] [stdout] 
[INFO] [stdout] warning: function `ctrl_shift` is never used
[INFO] [stdout]   --> src/command.rs:46:12
[INFO] [stdout]    |
[INFO] [stdout] 46 |         fn ctrl_shift(key: Key) -> KeyboardShortcut {
[INFO] [stdout]    |            ^^^^^^^^^^
[INFO] [stdout] 
[INFO] [stdout] 
[INFO] [stdout] warning: 11 warnings emitted
[INFO] [stdout] 
[INFO] [stdout] 
[INFO] [stderr]     Finished dev [unoptimized + debuginfo] target(s) in 3m 25s
[INFO] running `Command { std: "docker" "inspect" "a8d2ba4d0715ce29ceb4beb87c9db140c4bef33efb14a5ef67a4d2331e934e99", kill_on_drop: false }`
[INFO] running `Command { std: "docker" "rm" "-f" "a8d2ba4d0715ce29ceb4beb87c9db140c4bef33efb14a5ef67a4d2331e934e99", kill_on_drop: false }`
[INFO] [stdout] a8d2ba4d0715ce29ceb4beb87c9db140c4bef33efb14a5ef67a4d2331e934e99
[INFO] running `Command { std: "docker" "create" "-v" "/var/lib/crater-agent-workspace/builds/worker-1-tc2/target:/opt/rustwide/target:rw,Z" "-v" "/var/lib/crater-agent-workspace/builds/worker-1-tc2/source:/opt/rustwide/workdir:ro,Z" "-v" "/var/lib/crater-agent-workspace/cargo-home:/opt/rustwide/cargo-home:ro,Z" "-v" "/var/lib/crater-agent-workspace/rustup-home:/opt/rustwide/rustup-home:ro,Z" "-e" "SOURCE_DIR=/opt/rustwide/workdir" "-e" "CARGO_TARGET_DIR=/opt/rustwide/target" "-e" "CARGO_INCREMENTAL=0" "-e" "RUST_BACKTRACE=full" "-e" "RUSTFLAGS=--cap-lints=warn" "-e" "RUSTDOCFLAGS=--cap-lints=warn" "-e" "CARGO_HOME=/opt/rustwide/cargo-home" "-e" "RUSTUP_HOME=/opt/rustwide/rustup-home" "-w" "/opt/rustwide/workdir" "-m" "1610612736" "--user" "0:0" "--network" "none" "ghcr.io/rust-lang/crates-build-env/linux@sha256:2788e3201cd34a07e3172128adcd8b3090168a8e3bcc40d7c032b9dda1df7d1c" "/opt/rustwide/cargo-home/bin/cargo" "+beta-2023-12-22" "test" "--frozen" "--no-run" "--message-format=json", kill_on_drop: false }`
[INFO] [stdout] 59e65229bc0f360bd379e91a461effa7935084e64087d8c23604b06de1f6d33c
[INFO] running `Command { std: "docker" "start" "-a" "59e65229bc0f360bd379e91a461effa7935084e64087d8c23604b06de1f6d33c", kill_on_drop: false }`
[INFO] [stdout] warning: unused import: `std::sync::Arc`
[INFO] [stdout]   --> src/lib.rs:55:5
[INFO] [stdout]    |
[INFO] [stdout] 55 | use std::sync::Arc;
[INFO] [stdout]    |     ^^^^^^^^^^^^^^
[INFO] [stdout]    |
[INFO] [stdout]    = note: `#[warn(unused_imports)]` on by default
[INFO] [stdout] 
[INFO] [stdout] 
[INFO] [stdout] warning: unused imports: `Align2`, `Mesh`, `Vec2`, `pos2`
[INFO] [stdout]   --> src/lib.rs:57:12
[INFO] [stdout]    |
[INFO] [stdout] 57 | use egui::{pos2, Align2, Color32, Mesh, NumExt, Rect, Shape, Vec2};
[INFO] [stdout]    |            ^^^^  ^^^^^^           ^^^^                       ^^^^
[INFO] [stdout] 
[INFO] [stdout] 
[INFO] [stdout] warning: unused variable: `frame`
[INFO] [stdout]    --> src/app.rs:738:47
[INFO] [stdout]     |
[INFO] [stdout] 738 |     fn update(&mut self, ctx: &egui::Context, frame: &mut eframe::Frame) {
[INFO] [stdout]     |                                               ^^^^^ help: if this is intentional, prefix it with an underscore: `_frame`
[INFO] [stdout]     |
[INFO] [stdout]     = note: `#[warn(unused_variables)]` on by default
[INFO] [stdout] 
[INFO] [stdout] 
[INFO] [stdout] warning: unused variable: `ui`
[INFO] [stdout]    --> src/app.rs:768:36
[INFO] [stdout]     |
[INFO] [stdout] 768 |                     ui.horizontal(|ui| {
[INFO] [stdout]     |                                    ^^ help: if this is intentional, prefix it with an underscore: `_ui`
[INFO] [stdout] 
[INFO] [stdout] 
[INFO] [stdout] warning: unused variable: `app`
[INFO] [stdout]     --> src/app.rs:1396:9
[INFO] [stdout]      |
[INFO] [stdout] 1396 | fn save(app: &mut HttpApp) {
[INFO] [stdout]      |         ^^^ help: if this is intentional, prefix it with an underscore: `_app`
[INFO] [stdout] 
[INFO] [stdout] 
[INFO] [stdout] warning: field `color` is never read
[INFO] [stdout]    --> src/app.rs:252:5
[INFO] [stdout]     |
[INFO] [stdout] 251 | struct Color {
[INFO] [stdout]     |        ----- field in this struct
[INFO] [stdout] 252 |     color: Color32,
[INFO] [stdout]     |     ^^^^^
[INFO] [stdout]     |
[INFO] [stdout]     = note: `Color` has a derived impl for the trait `Clone`, but this is intentionally ignored during dead code analysis
[INFO] [stdout]     = note: `#[warn(dead_code)]` on by default
[INFO] [stdout] 
[INFO] [stdout] 
[INFO] [stdout] warning: function `save` is never used
[INFO] [stdout]     --> src/app.rs:1396:4
[INFO] [stdout]      |
[INFO] [stdout] 1396 | fn save(app: &mut HttpApp) {
[INFO] [stdout]      |    ^^^^
[INFO] [stdout] 
[INFO] [stdout] 
[INFO] [stdout] warning: function `vertex_gradient` is never used
[INFO] [stdout]     --> src/app.rs:1407:4
[INFO] [stdout]      |
[INFO] [stdout] 1407 | fn vertex_gradient(ui: &mut Ui, bg_fill: Color32, gradient: &Gradient) {
[INFO] [stdout]      |    ^^^^^^^^^^^^^^^
[INFO] [stdout] 
[INFO] [stdout] 
[INFO] [stdout] warning: function `key` is never used
[INFO] [stdout]   --> src/command.rs:33:12
[INFO] [stdout]    |
[INFO] [stdout] 33 |         fn key(key: Key) -> KeyboardShortcut {
[INFO] [stdout]    |            ^^^
[INFO] [stdout] 
[INFO] [stdout] 
[INFO] [stderr]    Compiling reston v0.1.0 (/opt/rustwide/workdir)
[INFO] [stdout] warning: function `cmd_shift` is never used
[INFO] [stdout]   --> src/command.rs:42:12
[INFO] [stdout]    |
[INFO] [stdout] 42 |         fn cmd_shift(key: Key) -> KeyboardShortcut {
[INFO] [stdout]    |            ^^^^^^^^^
[INFO] [stdout] 
[INFO] [stdout] 
[INFO] [stdout] warning: function `ctrl_shift` is never used
[INFO] [stdout]   --> src/command.rs:46:12
[INFO] [stdout]    |
[INFO] [stdout] 46 |         fn ctrl_shift(key: Key) -> KeyboardShortcut {
[INFO] [stdout]    |            ^^^^^^^^^^
[INFO] [stdout] 
[INFO] [stdout] 
[INFO] [stdout] warning: 11 warnings emitted
[INFO] [stdout] 
[INFO] [stdout] 
[INFO] [stdout] warning: unused import: `std::sync::Arc`
[INFO] [stdout]   --> src/lib.rs:55:5
[INFO] [stdout]    |
[INFO] [stdout] 55 | use std::sync::Arc;
[INFO] [stdout]    |     ^^^^^^^^^^^^^^
[INFO] [stdout]    |
[INFO] [stdout]    = note: `#[warn(unused_imports)]` on by default
[INFO] [stdout] 
[INFO] [stdout] 
[INFO] [stdout] warning: unused imports: `Align2`, `Mesh`, `Vec2`, `pos2`
[INFO] [stdout]   --> src/lib.rs:57:12
[INFO] [stdout]    |
[INFO] [stdout] 57 | use egui::{pos2, Align2, Color32, Mesh, NumExt, Rect, Shape, Vec2};
[INFO] [stdout]    |            ^^^^  ^^^^^^           ^^^^                       ^^^^
[INFO] [stdout] 
[INFO] [stdout] 
[INFO] [stdout] warning: unused variable: `frame`
[INFO] [stdout]    --> src/app.rs:738:47
[INFO] [stdout]     |
[INFO] [stdout] 738 |     fn update(&mut self, ctx: &egui::Context, frame: &mut eframe::Frame) {
[INFO] [stdout]     |                                               ^^^^^ help: if this is intentional, prefix it with an underscore: `_frame`
[INFO] [stdout]     |
[INFO] [stdout]     = note: `#[warn(unused_variables)]` on by default
[INFO] [stdout] 
[INFO] [stdout] 
[INFO] [stdout] warning: unused variable: `ui`
[INFO] [stdout]    --> src/app.rs:768:36
[INFO] [stdout]     |
[INFO] [stdout] 768 |                     ui.horizontal(|ui| {
[INFO] [stdout]     |                                    ^^ help: if this is intentional, prefix it with an underscore: `_ui`
[INFO] [stdout] 
[INFO] [stdout] 
[INFO] [stdout] warning: unused variable: `app`
[INFO] [stdout]     --> src/app.rs:1396:9
[INFO] [stdout]      |
[INFO] [stdout] 1396 | fn save(app: &mut HttpApp) {
[INFO] [stdout]      |         ^^^ help: if this is intentional, prefix it with an underscore: `_app`
[INFO] [stdout] 
[INFO] [stdout] 
[INFO] [stdout] warning: field `color` is never read
[INFO] [stdout]    --> src/app.rs:252:5
[INFO] [stdout]     |
[INFO] [stdout] 251 | struct Color {
[INFO] [stdout]     |        ----- field in this struct
[INFO] [stdout] 252 |     color: Color32,
[INFO] [stdout]     |     ^^^^^
[INFO] [stdout]     |
[INFO] [stdout]     = note: `Color` has a derived impl for the trait `Clone`, but this is intentionally ignored during dead code analysis
[INFO] [stdout]     = note: `#[warn(dead_code)]` on by default
[INFO] [stdout] 
[INFO] [stdout] 
[INFO] [stdout] warning: function `save` is never used
[INFO] [stdout]     --> src/app.rs:1396:4
[INFO] [stdout]      |
[INFO] [stdout] 1396 | fn save(app: &mut HttpApp) {
[INFO] [stdout]      |    ^^^^
[INFO] [stdout] 
[INFO] [stdout] 
[INFO] [stdout] warning: function `vertex_gradient` is never used
[INFO] [stdout]     --> src/app.rs:1407:4
[INFO] [stdout]      |
[INFO] [stdout] 1407 | fn vertex_gradient(ui: &mut Ui, bg_fill: Color32, gradient: &Gradient) {
[INFO] [stdout]      |    ^^^^^^^^^^^^^^^
[INFO] [stdout] 
[INFO] [stdout] 
[INFO] [stdout] warning: function `key` is never used
[INFO] [stdout]   --> src/command.rs:33:12
[INFO] [stdout]    |
[INFO] [stdout] 33 |         fn key(key: Key) -> KeyboardShortcut {
[INFO] [stdout]    |            ^^^
[INFO] [stdout] 
[INFO] [stdout] 
[INFO] [stdout] warning: function `cmd_shift` is never used
[INFO] [stdout]   --> src/command.rs:42:12
[INFO] [stdout]    |
[INFO] [stdout] 42 |         fn cmd_shift(key: Key) -> KeyboardShortcut {
[INFO] [stdout]    |            ^^^^^^^^^
[INFO] [stdout] 
[INFO] [stdout] 
[INFO] [stdout] warning: function `ctrl_shift` is never used
[INFO] [stdout]   --> src/command.rs:46:12
[INFO] [stdout]    |
[INFO] [stdout] 46 |         fn ctrl_shift(key: Key) -> KeyboardShortcut {
[INFO] [stdout]    |            ^^^^^^^^^^
[INFO] [stdout] 
[INFO] [stdout] 
[INFO] [stdout] warning: 11 warnings emitted
[INFO] [stdout] 
[INFO] [stdout] 
[INFO] [stderr]     Finished test [unoptimized + debuginfo] target(s) in 19.87s
[INFO] running `Command { std: "docker" "inspect" "59e65229bc0f360bd379e91a461effa7935084e64087d8c23604b06de1f6d33c", kill_on_drop: false }`
[INFO] running `Command { std: "docker" "rm" "-f" "59e65229bc0f360bd379e91a461effa7935084e64087d8c23604b06de1f6d33c", kill_on_drop: false }`
[INFO] [stdout] 59e65229bc0f360bd379e91a461effa7935084e64087d8c23604b06de1f6d33c
[INFO] running `Command { std: "docker" "create" "-v" "/var/lib/crater-agent-workspace/builds/worker-1-tc2/target:/opt/rustwide/target:rw,Z" "-v" "/var/lib/crater-agent-workspace/builds/worker-1-tc2/source:/opt/rustwide/workdir:ro,Z" "-v" "/var/lib/crater-agent-workspace/cargo-home:/opt/rustwide/cargo-home:ro,Z" "-v" "/var/lib/crater-agent-workspace/rustup-home:/opt/rustwide/rustup-home:ro,Z" "-e" "SOURCE_DIR=/opt/rustwide/workdir" "-e" "CARGO_TARGET_DIR=/opt/rustwide/target" "-e" "CARGO_INCREMENTAL=0" "-e" "RUST_BACKTRACE=full" "-e" "RUSTFLAGS=--cap-lints=warn" "-e" "RUSTDOCFLAGS=--cap-lints=warn" "-e" "CARGO_HOME=/opt/rustwide/cargo-home" "-e" "RUSTUP_HOME=/opt/rustwide/rustup-home" "-w" "/opt/rustwide/workdir" "-m" "1610612736" "--user" "0:0" "--network" "none" "ghcr.io/rust-lang/crates-build-env/linux@sha256:2788e3201cd34a07e3172128adcd8b3090168a8e3bcc40d7c032b9dda1df7d1c" "/opt/rustwide/cargo-home/bin/cargo" "+beta-2023-12-22" "test" "--frozen", kill_on_drop: false }`
[INFO] [stdout] be34813d2b27a6d78c7b5535326c92ea32cf72b080e79a0270787a76a7913288
[INFO] running `Command { std: "docker" "start" "-a" "be34813d2b27a6d78c7b5535326c92ea32cf72b080e79a0270787a76a7913288", kill_on_drop: false }`
[INFO] [stderr] warning: unused import: `std::sync::Arc`
[INFO] [stderr]   --> src/lib.rs:55:5
[INFO] [stderr]    |
[INFO] [stderr] 55 | use std::sync::Arc;
[INFO] [stderr]    |     ^^^^^^^^^^^^^^
[INFO] [stderr]    |
[INFO] [stderr]    = note: `#[warn(unused_imports)]` on by default
[INFO] [stderr] 
[INFO] [stderr] warning: unused imports: `Align2`, `Mesh`, `Vec2`, `pos2`
[INFO] [stderr]   --> src/lib.rs:57:12
[INFO] [stderr]    |
[INFO] [stderr] 57 | use egui::{pos2, Align2, Color32, Mesh, NumExt, Rect, Shape, Vec2};
[INFO] [stderr]    |            ^^^^  ^^^^^^           ^^^^                       ^^^^
[INFO] [stderr] 
[INFO] [stderr] warning: unused variable: `frame`
[INFO] [stderr]    --> src/app.rs:738:47
[INFO] [stderr]     |
[INFO] [stderr] 738 |     fn update(&mut self, ctx: &egui::Context, frame: &mut eframe::Frame) {
[INFO] [stderr]     |                                               ^^^^^ help: if this is intentional, prefix it with an underscore: `_frame`
[INFO] [stderr]     |
[INFO] [stderr]     = note: `#[warn(unused_variables)]` on by default
[INFO] [stderr] 
[INFO] [stderr] warning: unused variable: `ui`
[INFO] [stderr]    --> src/app.rs:768:36
[INFO] [stderr]     |
[INFO] [stderr] 768 |                     ui.horizontal(|ui| {
[INFO] [stderr]     |                                    ^^ help: if this is intentional, prefix it with an underscore: `_ui`
[INFO] [stderr] 
[INFO] [stderr] warning: unused variable: `app`
[INFO] [stderr]     --> src/app.rs:1396:9
[INFO] [stderr]      |
[INFO] [stderr] 1396 | fn save(app: &mut HttpApp) {
[INFO] [stderr]      |         ^^^ help: if this is intentional, prefix it with an underscore: `_app`
[INFO] [stderr] 
[INFO] [stderr] warning: field `color` is never read
[INFO] [stderr]    --> src/app.rs:252:5
[INFO] [stderr]     |
[INFO] [stderr] 251 | struct Color {
[INFO] [stderr]     |        ----- field in this struct
[INFO] [stderr] 252 |     color: Color32,
[INFO] [stderr]     |     ^^^^^
[INFO] [stderr]     |
[INFO] [stderr]     = note: `Color` has a derived impl for the trait `Clone`, but this is intentionally ignored during dead code analysis
[INFO] [stderr]     = note: `#[warn(dead_code)]` on by default
[INFO] [stderr] 
[INFO] [stderr] warning: function `save` is never used
[INFO] [stderr]     --> src/app.rs:1396:4
[INFO] [stderr]      |
[INFO] [stderr] 1396 | fn save(app: &mut HttpApp) {
[INFO] [stderr]      |    ^^^^
[INFO] [stderr] 
[INFO] [stderr] warning: function `vertex_gradient` is never used
[INFO] [stderr]     --> src/app.rs:1407:4
[INFO] [stderr]      |
[INFO] [stderr] 1407 | fn vertex_gradient(ui: &mut Ui, bg_fill: Color32, gradient: &Gradient) {
[INFO] [stderr]      |    ^^^^^^^^^^^^^^^
[INFO] [stderr] 
[INFO] [stderr] warning: function `key` is never used
[INFO] [stderr]   --> src/command.rs:33:12
[INFO] [stderr]    |
[INFO] [stderr] 33 |         fn key(key: Key) -> KeyboardShortcut {
[INFO] [stderr]    |            ^^^
[INFO] [stderr] 
[INFO] [stderr] warning: function `cmd_shift` is never used
[INFO] [stderr]   --> src/command.rs:42:12
[INFO] [stderr]    |
[INFO] [stderr] 42 |         fn cmd_shift(key: Key) -> KeyboardShortcut {
[INFO] [stderr]    |            ^^^^^^^^^
[INFO] [stderr] 
[INFO] [stderr] warning: function `ctrl_shift` is never used
[INFO] [stderr]   --> src/command.rs:46:12
[INFO] [stderr]    |
[INFO] [stderr] 46 |         fn ctrl_shift(key: Key) -> KeyboardShortcut {
[INFO] [stderr]    |            ^^^^^^^^^^
[INFO] [stderr] 
[INFO] [stderr] warning: `reston` (lib) generated 11 warnings (run `cargo fix --lib -p reston` to apply 5 suggestions)
[INFO] [stderr] warning: `reston` (lib test) generated 11 warnings (11 duplicates)
[INFO] [stderr]     Finished test [unoptimized + debuginfo] target(s) in 0.78s
[INFO] [stderr]      Running unittests src/lib.rs (/opt/rustwide/target/debug/deps/reston-d1b6c89587ccd4fb)
[INFO] [stdout] 
[INFO] [stdout] running 9 tests
[INFO] [stdout] test url_parser::tests::test_authority ... ok
[INFO] [stdout] test url_parser::tests::test_fragment ... ok
[INFO] [stdout] test url_parser::tests::test_host ... ok
[INFO] [stdout] test url_parser::tests::test_ipv4 ... ok
[INFO] [stdout] test url_parser::tests::test_scheme ... ok
[INFO] [stdout] test url_parser::tests::test_path ... ok
[INFO] [stdout] test design_tokens::test_design_tokens ... ok
[INFO] [stdout] test url_parser::tests::test_query_params ... FAILED
[INFO] [stdout] test url_parser::tests::test_uri ... FAILED
[INFO] [stdout] 
[INFO] [stdout] failures:
[INFO] [stdout] 
[INFO] [stdout] ---- url_parser::tests::test_query_params stdout ----
[INFO] [stdout] thread 'url_parser::tests::test_query_params' panicked at src/url_parser.rs:493:9:
[INFO] [stdout] assertion `left == right` failed
[INFO] [stdout]   left: Ok(("", [("bla", "5"), ("blub", "val#yay")]))
[INFO] [stdout]  right: Ok(("#yay", [("bla", "5"), ("blub", "val")]))
[INFO] [stdout] stack backtrace:
[INFO] [stdout]    0:     0x55ba393650c6 - std::backtrace_rs::backtrace::libunwind::trace::h261606ad26a499c1
[INFO] [stdout]                                at /rustc/0e09125c6c3c2fd70d7de961bcf0e51575235fad/library/std/src/../../backtrace/src/backtrace/libunwind.rs:104:5
[INFO] [stdout]    1:     0x55ba393650c6 - std::backtrace_rs::backtrace::trace_unsynchronized::hd183f0625477fb28
[INFO] [stdout]                                at /rustc/0e09125c6c3c2fd70d7de961bcf0e51575235fad/library/std/src/../../backtrace/src/backtrace/mod.rs:66:5
[INFO] [stdout]    2:     0x55ba393650c6 - std::sys_common::backtrace::_print_fmt::hd7f8fef21b4eda67
[INFO] [stdout]                                at /rustc/0e09125c6c3c2fd70d7de961bcf0e51575235fad/library/std/src/sys_common/backtrace.rs:68:5
[INFO] [stdout]    3:     0x55ba393650c6 - <std::sys_common::backtrace::_print::DisplayBacktrace as core::fmt::Display>::fmt::h623d9b51f2f453f1
[INFO] [stdout]                                at /rustc/0e09125c6c3c2fd70d7de961bcf0e51575235fad/library/std/src/sys_common/backtrace.rs:44:22
[INFO] [stdout]    4:     0x55ba39390600 - core::fmt::rt::Argument::fmt::h9f417ac76a86f368
[INFO] [stdout]                                at /rustc/0e09125c6c3c2fd70d7de961bcf0e51575235fad/library/core/src/fmt/rt.rs:142:9
[INFO] [stdout]    5:     0x55ba39390600 - core::fmt::write::hc9b6faf4ac2aeff7
[INFO] [stdout]                                at /rustc/0e09125c6c3c2fd70d7de961bcf0e51575235fad/library/core/src/fmt/mod.rs:1120:17
[INFO] [stdout]    6:     0x55ba39362b2f - std::io::Write::write_fmt::he04625a3a989fec3
[INFO] [stdout]                                at /rustc/0e09125c6c3c2fd70d7de961bcf0e51575235fad/library/std/src/io/mod.rs:1810:15
[INFO] [stdout]    7:     0x55ba39364ea4 - std::sys_common::backtrace::_print::hd5d66399c7df88a2
[INFO] [stdout]                                at /rustc/0e09125c6c3c2fd70d7de961bcf0e51575235fad/library/std/src/sys_common/backtrace.rs:47:5
[INFO] [stdout]    8:     0x55ba39364ea4 - std::sys_common::backtrace::print::he81ed2da642d37e5
[INFO] [stdout]                                at /rustc/0e09125c6c3c2fd70d7de961bcf0e51575235fad/library/std/src/sys_common/backtrace.rs:34:9
[INFO] [stdout]    9:     0x55ba39366c17 - std::panicking::default_hook::{{closure}}::h85773f4fa117163d
[INFO] [stdout]   10:     0x55ba393668fd - std::panicking::default_hook::h6a1694a91d09b278
[INFO] [stdout]                                at /rustc/0e09125c6c3c2fd70d7de961bcf0e51575235fad/library/std/src/panicking.rs:289:9
[INFO] [stdout]   11:     0x55ba390fae37 - <alloc::boxed::Box<F,A> as core::ops::function::Fn<Args>>::call::h616ac37fa3cd6c8f
[INFO] [stdout]                                at /rustc/0e09125c6c3c2fd70d7de961bcf0e51575235fad/library/alloc/src/boxed.rs:2029:9
[INFO] [stdout]   12:     0x55ba390fae37 - test::test_main::{{closure}}::h00d84697cefdcbb6
[INFO] [stdout]                                at /rustc/0e09125c6c3c2fd70d7de961bcf0e51575235fad/library/test/src/lib.rs:138:21
[INFO] [stdout]   13:     0x55ba39367236 - <alloc::boxed::Box<F,A> as core::ops::function::Fn<Args>>::call::hcb3fe3b9bb537ba8
[INFO] [stdout]                                at /rustc/0e09125c6c3c2fd70d7de961bcf0e51575235fad/library/alloc/src/boxed.rs:2029:9
[INFO] [stdout]   14:     0x55ba39367236 - std::panicking::rust_panic_with_hook::h0a7ad96e90f7145b
[INFO] [stdout]                                at /rustc/0e09125c6c3c2fd70d7de961bcf0e51575235fad/library/std/src/panicking.rs:783:13
[INFO] [stdout]   15:     0x55ba39366f82 - std::panicking::begin_panic_handler::{{closure}}::h7919090525c6485e
[INFO] [stdout]                                at /rustc/0e09125c6c3c2fd70d7de961bcf0e51575235fad/library/std/src/panicking.rs:657:13
[INFO] [stdout]   16:     0x55ba393655c6 - std::sys_common::backtrace::__rust_end_short_backtrace::hf3289479464f7dfe
[INFO] [stdout]                                at /rustc/0e09125c6c3c2fd70d7de961bcf0e51575235fad/library/std/src/sys_common/backtrace.rs:171:18
[INFO] [stdout]   17:     0x55ba39366ce0 - rust_begin_unwind
[INFO] [stdout]                                at /rustc/0e09125c6c3c2fd70d7de961bcf0e51575235fad/library/std/src/panicking.rs:645:5
[INFO] [stdout]   18:     0x55ba390961a5 - core::panicking::panic_fmt::hcc9f77c5c132af55
[INFO] [stdout]                                at /rustc/0e09125c6c3c2fd70d7de961bcf0e51575235fad/library/core/src/panicking.rs:72:14
[INFO] [stdout]   19:     0x55ba3909667b - core::panicking::assert_failed_inner::h9f13e27dd63c3a08
[INFO] [stdout]                                at /rustc/0e09125c6c3c2fd70d7de961bcf0e51575235fad/library/core/src/panicking.rs:342:17
[INFO] [stdout]   20:     0x55ba390baf3e - core::panicking::assert_failed::h9e6bffdaa7ed3771
[INFO] [stdout]                                at /rustc/0e09125c6c3c2fd70d7de961bcf0e51575235fad/library/core/src/panicking.rs:297:5
[INFO] [stdout]   21:     0x55ba390a3d35 - reston::url_parser::tests::test_query_params::hb6a65b49927674f5
[INFO] [stdout]                                at /opt/rustwide/workdir/src/url_parser.rs:493:9
[INFO] [stdout]   22:     0x55ba390a3ab7 - reston::url_parser::tests::test_query_params::{{closure}}::h2588a028405864a3
[INFO] [stdout]                                at /opt/rustwide/workdir/src/url_parser.rs:492:27
[INFO] [stdout]   23:     0x55ba390b9f76 - core::ops::function::FnOnce::call_once::h6bfe0708d556d0bc
[INFO] [stdout]                                at /rustc/0e09125c6c3c2fd70d7de961bcf0e51575235fad/library/core/src/ops/function.rs:250:5
[INFO] [stdout]   24:     0x55ba3910070f - core::ops::function::FnOnce::call_once::hd64d26f405258157
[INFO] [stdout]                                at /rustc/0e09125c6c3c2fd70d7de961bcf0e51575235fad/library/core/src/ops/function.rs:250:5
[INFO] [stdout]   25:     0x55ba3910070f - test::__rust_begin_short_backtrace::he21b0b7a6d731bf9
[INFO] [stdout]                                at /rustc/0e09125c6c3c2fd70d7de961bcf0e51575235fad/library/test/src/lib.rs:627:18
[INFO] [stdout]   26:     0x55ba390ff491 - test::run_test_in_process::{{closure}}::hf5c73986d7bdfde2
[INFO] [stdout]                                at /rustc/0e09125c6c3c2fd70d7de961bcf0e51575235fad/library/test/src/lib.rs:650:60
[INFO] [stdout]   27:     0x55ba390ff491 - <core::panic::unwind_safe::AssertUnwindSafe<F> as core::ops::function::FnOnce<()>>::call_once::h330011ad032aadc0
[INFO] [stdout]                                at /rustc/0e09125c6c3c2fd70d7de961bcf0e51575235fad/library/core/src/panic/unwind_safe.rs:272:9
[INFO] [stdout]   28:     0x55ba390ff491 - std::panicking::try::do_call::he61b0a958b795a41
[INFO] [stdout]                                at /rustc/0e09125c6c3c2fd70d7de961bcf0e51575235fad/library/std/src/panicking.rs:552:40
[INFO] [stdout]   29:     0x55ba390ff491 - std::panicking::try::h7309da130f906eb7
[INFO] [stdout]                                at /rustc/0e09125c6c3c2fd70d7de961bcf0e51575235fad/library/std/src/panicking.rs:516:19
[INFO] [stdout]   30:     0x55ba390ff491 - std::panic::catch_unwind::hc5c3a06fdaf0a92a
[INFO] [stdout]                                at /rustc/0e09125c6c3c2fd70d7de961bcf0e51575235fad/library/std/src/panic.rs:142:14
[INFO] [stdout]   31:     0x55ba390ff491 - test::run_test_in_process::h7e7b7c71c3324e0f
[INFO] [stdout]                                at /rustc/0e09125c6c3c2fd70d7de961bcf0e51575235fad/library/test/src/lib.rs:650:27
[INFO] [stdout]   32:     0x55ba390ff491 - test::run_test::{{closure}}::h1f509f28f5cf20b1
[INFO] [stdout]                                at /rustc/0e09125c6c3c2fd70d7de961bcf0e51575235fad/library/test/src/lib.rs:573:43
[INFO] [stdout]   33:     0x55ba390c67c6 - test::run_test::{{closure}}::h1754218abf443f6d
[INFO] [stdout]                                at /rustc/0e09125c6c3c2fd70d7de961bcf0e51575235fad/library/test/src/lib.rs:601:41
[INFO] [stdout]   34:     0x55ba390c67c6 - std::sys_common::backtrace::__rust_begin_short_backtrace::h2ee174b9d5954948
[INFO] [stdout]                                at /rustc/0e09125c6c3c2fd70d7de961bcf0e51575235fad/library/std/src/sys_common/backtrace.rs:155:18
[INFO] [stdout]   35:     0x55ba390cb827 - std::thread::Builder::spawn_unchecked_::{{closure}}::{{closure}}::hf60bee9c1a17ef09
[INFO] [stdout]                                at /rustc/0e09125c6c3c2fd70d7de961bcf0e51575235fad/library/std/src/thread/mod.rs:529:17
[INFO] [stdout]   36:     0x55ba390cb827 - <core::panic::unwind_safe::AssertUnwindSafe<F> as core::ops::function::FnOnce<()>>::call_once::h33d0dddec5216160
[INFO] [stdout]                                at /rustc/0e09125c6c3c2fd70d7de961bcf0e51575235fad/library/core/src/panic/unwind_safe.rs:272:9
[INFO] [stdout]   37:     0x55ba390cb827 - std::panicking::try::do_call::h144b3048b546f835
[INFO] [stdout]                                at /rustc/0e09125c6c3c2fd70d7de961bcf0e51575235fad/library/std/src/panicking.rs:552:40
[INFO] [stdout]   38:     0x55ba390cb827 - std::panicking::try::h978244d04646189f
[INFO] [stdout]                                at /rustc/0e09125c6c3c2fd70d7de961bcf0e51575235fad/library/std/src/panicking.rs:516:19
[INFO] [stdout]   39:     0x55ba390cb827 - std::panic::catch_unwind::hdf436369d188fe86
[INFO] [stdout]                                at /rustc/0e09125c6c3c2fd70d7de961bcf0e51575235fad/library/std/src/panic.rs:142:14
[INFO] [stdout]   40:     0x55ba390cb827 - std::thread::Builder::spawn_unchecked_::{{closure}}::h87329cbdd33c79ec
[INFO] [stdout]                                at /rustc/0e09125c6c3c2fd70d7de961bcf0e51575235fad/library/std/src/thread/mod.rs:528:30
[INFO] [stdout]   41:     0x55ba390cb827 - core::ops::function::FnOnce::call_once{{vtable.shim}}::h401abbe67897d450
[INFO] [stdout]                                at /rustc/0e09125c6c3c2fd70d7de961bcf0e51575235fad/library/core/src/ops/function.rs:250:5
[INFO] [stdout]   42:     0x55ba3936bce5 - <alloc::boxed::Box<F,A> as core::ops::function::FnOnce<Args>>::call_once::h5d7c8f150ab9c84c
[INFO] [stdout]                                at /rustc/0e09125c6c3c2fd70d7de961bcf0e51575235fad/library/alloc/src/boxed.rs:2015:9
[INFO] [stdout]   43:     0x55ba3936bce5 - <alloc::boxed::Box<F,A> as core::ops::function::FnOnce<Args>>::call_once::h570d5b005c242c15
[INFO] [stdout]                                at /rustc/0e09125c6c3c2fd70d7de961bcf0e51575235fad/library/alloc/src/boxed.rs:2015:9
[INFO] [stdout]   44:     0x55ba3936bce5 - std::sys::unix::thread::Thread::new::thread_start::h36b0a20c0b2361ad
[INFO] [stdout]                                at /rustc/0e09125c6c3c2fd70d7de961bcf0e51575235fad/library/std/src/sys/unix/thread.rs:108:17
[INFO] [stdout]   45:     0x7f4cc4932ac3 - <unknown>
[INFO] [stdout]   46:     0x7f4cc49c3bf4 - __clone
[INFO] [stdout]   47:                0x0 - <unknown>
[INFO] [stdout] 
[INFO] [stdout] ---- url_parser::tests::test_uri stdout ----
[INFO] [stdout] thread 'url_parser::tests::test_uri' panicked at src/url_parser.rs:544:9:
[INFO] [stdout] assertion `left == right` failed
[INFO] [stdout]   left: Ok(("", URI { scheme: HTTPS, authority: None, host: HOST("www.zupzup.org"), port: Some(443), path: Some(["about"]), query: Some([("someVal", "5#anchor")]), fragment: None }))
[INFO] [stdout]  right: Ok(("", URI { scheme: HTTPS, authority: None, host: HOST("www.zupzup.org"), port: Some(443), path: Some(["about"]), query: Some([("someVal", "5")]), fragment: Some("anchor") }))
[INFO] [stdout] stack backtrace:
[INFO] [stdout]    0:     0x55ba393650c6 - std::backtrace_rs::backtrace::libunwind::trace::h261606ad26a499c1
[INFO] [stdout]                                at /rustc/0e09125c6c3c2fd70d7de961bcf0e51575235fad/library/std/src/../../backtrace/src/backtrace/libunwind.rs:104:5
[INFO] [stdout]    1:     0x55ba393650c6 - std::backtrace_rs::backtrace::trace_unsynchronized::hd183f0625477fb28
[INFO] [stdout]                                at /rustc/0e09125c6c3c2fd70d7de961bcf0e51575235fad/library/std/src/../../backtrace/src/backtrace/mod.rs:66:5
[INFO] [stdout]    2:     0x55ba393650c6 - std::sys_common::backtrace::_print_fmt::hd7f8fef21b4eda67
[INFO] [stdout]                                at /rustc/0e09125c6c3c2fd70d7de961bcf0e51575235fad/library/std/src/sys_common/backtrace.rs:68:5
[INFO] [stdout]    3:     0x55ba393650c6 - <std::sys_common::backtrace::_print::DisplayBacktrace as core::fmt::Display>::fmt::h623d9b51f2f453f1
[INFO] [stdout]                                at /rustc/0e09125c6c3c2fd70d7de961bcf0e51575235fad/library/std/src/sys_common/backtrace.rs:44:22
[INFO] [stdout]    4:     0x55ba39390600 - core::fmt::rt::Argument::fmt::h9f417ac76a86f368
[INFO] [stdout]                                at /rustc/0e09125c6c3c2fd70d7de961bcf0e51575235fad/library/core/src/fmt/rt.rs:142:9
[INFO] [stdout]    5:     0x55ba39390600 - core::fmt::write::hc9b6faf4ac2aeff7
[INFO] [stdout]                                at /rustc/0e09125c6c3c2fd70d7de961bcf0e51575235fad/library/core/src/fmt/mod.rs:1120:17
[INFO] [stdout]    6:     0x55ba39362b2f - std::io::Write::write_fmt::he04625a3a989fec3
[INFO] [stdout]                                at /rustc/0e09125c6c3c2fd70d7de961bcf0e51575235fad/library/std/src/io/mod.rs:1810:15
[INFO] [stdout]    7:     0x55ba39364ea4 - std::sys_common::backtrace::_print::hd5d66399c7df88a2
[INFO] [stdout]                                at /rustc/0e09125c6c3c2fd70d7de961bcf0e51575235fad/library/std/src/sys_common/backtrace.rs:47:5
[INFO] [stdout]    8:     0x55ba39364ea4 - std::sys_common::backtrace::print::he81ed2da642d37e5
[INFO] [stdout]                                at /rustc/0e09125c6c3c2fd70d7de961bcf0e51575235fad/library/std/src/sys_common/backtrace.rs:34:9
[INFO] [stdout]    9:     0x55ba39366c17 - std::panicking::default_hook::{{closure}}::h85773f4fa117163d
[INFO] [stdout]   10:     0x55ba393668fd - std::panicking::default_hook::h6a1694a91d09b278
[INFO] [stdout]                                at /rustc/0e09125c6c3c2fd70d7de961bcf0e51575235fad/library/std/src/panicking.rs:289:9
[INFO] [stdout]   11:     0x55ba390fae37 - <alloc::boxed::Box<F,A> as core::ops::function::Fn<Args>>::call::h616ac37fa3cd6c8f
[INFO] [stdout]                                at /rustc/0e09125c6c3c2fd70d7de961bcf0e51575235fad/library/alloc/src/boxed.rs:2029:9
[INFO] [stdout]   12:     0x55ba390fae37 - test::test_main::{{closure}}::h00d84697cefdcbb6
[INFO] [stdout]                                at /rustc/0e09125c6c3c2fd70d7de961bcf0e51575235fad/library/test/src/lib.rs:138:21
[INFO] [stdout]   13:     0x55ba39367236 - <alloc::boxed::Box<F,A> as core::ops::function::Fn<Args>>::call::hcb3fe3b9bb537ba8
[INFO] [stdout]                                at /rustc/0e09125c6c3c2fd70d7de961bcf0e51575235fad/library/alloc/src/boxed.rs:2029:9
[INFO] [stdout]   14:     0x55ba39367236 - std::panicking::rust_panic_with_hook::h0a7ad96e90f7145b
[INFO] [stdout]                                at /rustc/0e09125c6c3c2fd70d7de961bcf0e51575235fad/library/std/src/panicking.rs:783:13
[INFO] [stdout]   15:     0x55ba39366f82 - std::panicking::begin_panic_handler::{{closure}}::h7919090525c6485e
[INFO] [stdout]                                at /rustc/0e09125c6c3c2fd70d7de961bcf0e51575235fad/library/std/src/panicking.rs:657:13
[INFO] [stdout]   16:     0x55ba393655c6 - std::sys_common::backtrace::__rust_end_short_backtrace::hf3289479464f7dfe
[INFO] [stdout]                                at /rustc/0e09125c6c3c2fd70d7de961bcf0e51575235fad/library/std/src/sys_common/backtrace.rs:171:18
[INFO] [stdout]   17:     0x55ba39366ce0 - rust_begin_unwind
[INFO] [stdout]                                at /rustc/0e09125c6c3c2fd70d7de961bcf0e51575235fad/library/std/src/panicking.rs:645:5
[INFO] [stdout]   18:     0x55ba390961a5 - core::panicking::panic_fmt::hcc9f77c5c132af55
[INFO] [stdout]                                at /rustc/0e09125c6c3c2fd70d7de961bcf0e51575235fad/library/core/src/panicking.rs:72:14
[INFO] [stdout]   19:     0x55ba3909667b - core::panicking::assert_failed_inner::h9f13e27dd63c3a08
[INFO] [stdout]                                at /rustc/0e09125c6c3c2fd70d7de961bcf0e51575235fad/library/core/src/panicking.rs:342:17
[INFO] [stdout]   20:     0x55ba390baffe - core::panicking::assert_failed::hdefd874f787d5198
[INFO] [stdout]                                at /rustc/0e09125c6c3c2fd70d7de961bcf0e51575235fad/library/core/src/panicking.rs:297:5
[INFO] [stdout]   21:     0x55ba390a4df2 - reston::url_parser::tests::test_uri::h73f1173a2d21f7da
[INFO] [stdout]                                at /opt/rustwide/workdir/src/url_parser.rs:544:9
[INFO] [stdout]   22:     0x55ba390a41f7 - reston::url_parser::tests::test_uri::{{closure}}::h503a801c2e6cee47
[INFO] [stdout]                                at /opt/rustwide/workdir/src/url_parser.rs:511:18
[INFO] [stdout]   23:     0x55ba390b9ef6 - core::ops::function::FnOnce::call_once::h5050387a8603e9de
[INFO] [stdout]                                at /rustc/0e09125c6c3c2fd70d7de961bcf0e51575235fad/library/core/src/ops/function.rs:250:5
[INFO] [stdout]   24:     0x55ba3910070f - core::ops::function::FnOnce::call_once::hd64d26f405258157
[INFO] [stdout]                                at /rustc/0e09125c6c3c2fd70d7de961bcf0e51575235fad/library/core/src/ops/function.rs:250:5
[INFO] [stdout]   25:     0x55ba3910070f - test::__rust_begin_short_backtrace::he21b0b7a6d731bf9
[INFO] [stdout]                                at /rustc/0e09125c6c3c2fd70d7de961bcf0e51575235fad/library/test/src/lib.rs:627:18
[INFO] [stdout]   26:     0x55ba390ff491 - test::run_test_in_process::{{closure}}::hf5c73986d7bdfde2
[INFO] [stdout]                                at /rustc/0e09125c6c3c2fd70d7de961bcf0e51575235fad/library/test/src/lib.rs:650:60
[INFO] [stdout]   27:     0x55ba390ff491 - <core::panic::unwind_safe::AssertUnwindSafe<F> as core::ops::function::FnOnce<()>>::call_once::h330011ad032aadc0
[INFO] [stdout]                                at /rustc/0e09125c6c3c2fd70d7de961bcf0e51575235fad/library/core/src/panic/unwind_safe.rs:272:9
[INFO] [stdout]   28:     0x55ba390ff491 - std::panicking::try::do_call::he61b0a958b795a41
[INFO] [stdout]                                at /rustc/0e09125c6c3c2fd70d7de961bcf0e51575235fad/library/std/src/panicking.rs:552:40
[INFO] [stdout]   29:     0x55ba390ff491 - std::panicking::try::h7309da130f906eb7
[INFO] [stdout]                                at /rustc/0e09125c6c3c2fd70d7de961bcf0e51575235fad/library/std/src/panicking.rs:516:19
[INFO] [stdout]   30:     0x55ba390ff491 - std::panic::catch_unwind::hc5c3a06fdaf0a92a
[INFO] [stdout]                                at /rustc/0e09125c6c3c2fd70d7de961bcf0e51575235fad/library/std/src/panic.rs:142:14
[INFO] [stdout]   31:     0x55ba390ff491 - test::run_test_in_process::h7e7b7c71c3324e0f
[INFO] [stdout]                                at /rustc/0e09125c6c3c2fd70d7de961bcf0e51575235fad/library/test/src/lib.rs:650:27
[INFO] [stdout]   32:     0x55ba390ff491 - test::run_test::{{closure}}::h1f509f28f5cf20b1
[INFO] [stdout]                                at /rustc/0e09125c6c3c2fd70d7de961bcf0e51575235fad/library/test/src/lib.rs:573:43
[INFO] [stdout]   33:     0x55ba390c67c6 - test::run_test::{{closure}}::h1754218abf443f6d
[INFO] [stdout]                                at /rustc/0e09125c6c3c2fd70d7de961bcf0e51575235fad/library/test/src/lib.rs:601:41
[INFO] [stdout]   34:     0x55ba390c67c6 - std::sys_common::backtrace::__rust_begin_short_backtrace::h2ee174b9d5954948
[INFO] [stdout]                                at /rustc/0e09125c6c3c2fd70d7de961bcf0e51575235fad/library/std/src/sys_common/backtrace.rs:155:18
[INFO] [stdout]   35:     0x55ba390cb827 - std::thread::Builder::spawn_unchecked_::{{closure}}::{{closure}}::hf60bee9c1a17ef09
[INFO] [stdout]                                at /rustc/0e09125c6c3c2fd70d7de961bcf0e51575235fad/library/std/src/thread/mod.rs:529:17
[INFO] [stdout]   36:     0x55ba390cb827 - <core::panic::unwind_safe::AssertUnwindSafe<F> as core::ops::function::FnOnce<()>>::call_once::h33d0dddec5216160
[INFO] [stdout]                                at /rustc/0e09125c6c3c2fd70d7de961bcf0e51575235fad/library/core/src/panic/unwind_safe.rs:272:9
[INFO] [stdout]   37:     0x55ba390cb827 - std::panicking::try::do_call::h144b3048b546f835
[INFO] [stdout]                                at /rustc/0e09125c6c3c2fd70d7de961bcf0e51575235fad/library/std/src/panicking.rs:552:40
[INFO] [stdout]   38:     0x55ba390cb827 - std::panicking::try::h978244d04646189f
[INFO] [stdout]                                at /rustc/0e09125c6c3c2fd70d7de961bcf0e51575235fad/library/std/src/panicking.rs:516:19
[INFO] [stdout]   39:     0x55ba390cb827 - std::panic::catch_unwind::hdf436369d188fe86
[INFO] [stdout]                                at /rustc/0e09125c6c3c2fd70d7de961bcf0e51575235fad/library/std/src/panic.rs:142:14
[INFO] [stdout]   40:     0x55ba390cb827 - std::thread::Builder::spawn_unchecked_::{{closure}}::h87329cbdd33c79ec
[INFO] [stdout]                                at /rustc/0e09125c6c3c2fd70d7de961bcf0e51575235fad/library/std/src/thread/mod.rs:528:30
[INFO] [stdout]   41:     0x55ba390cb827 - core::ops::function::FnOnce::call_once{{vtable.shim}}::h401abbe67897d450
[INFO] [stdout]                                at /rustc/0e09125c6c3c2fd70d7de961bcf0e51575235fad/library/core/src/ops/function.rs:250:5
[INFO] [stdout]   42:     0x55ba3936bce5 - <alloc::boxed::Box<F,A> as core::ops::function::FnOnce<Args>>::call_once::h5d7c8f150ab9c84c
[INFO] [stdout]                                at /rustc/0e09125c6c3c2fd70d7de961bcf0e51575235fad/library/alloc/src/boxed.rs:2015:9
[INFO] [stdout]   43:     0x55ba3936bce5 - <alloc::boxed::Box<F,A> as core::ops::function::FnOnce<Args>>::call_once::h570d5b005c242c15
[INFO] [stdout]                                at /rustc/0e09125c6c3c2fd70d7de961bcf0e51575235fad/library/alloc/src/boxed.rs:2015:9
[INFO] [stdout]   44:     0x55ba3936bce5 - std::sys::unix::thread::Thread::new::thread_start::h36b0a20c0b2361ad
[INFO] [stdout]                                at /rustc/0e09125c6c3c2fd70d7de961bcf0e51575235fad/library/std/src/sys/unix/thread.rs:108:17
[INFO] [stdout]   45:     0x7f4cc4932ac3 - <unknown>
[INFO] [stdout]   46:     0x7f4cc49c3bf4 - __clone
[INFO] [stdout]   47:                0x0 - <unknown>
[INFO] [stdout] 
[INFO] [stdout] 
[INFO] [stdout] failures:
[INFO] [stdout]     url_parser::tests::test_query_params
[INFO] [stdout]     url_parser::tests::test_uri
[INFO] [stdout] 
[INFO] [stdout] test result: FAILED. 7 passed; 2 failed; 0 ignored; 0 measured; 0 filtered out; finished in 0.43s
[INFO] [stdout] 
[INFO] [stderr] error: test failed, to rerun pass `--lib`
[INFO] running `Command { std: "docker" "inspect" "be34813d2b27a6d78c7b5535326c92ea32cf72b080e79a0270787a76a7913288", kill_on_drop: false }`
[INFO] running `Command { std: "docker" "rm" "-f" "be34813d2b27a6d78c7b5535326c92ea32cf72b080e79a0270787a76a7913288", kill_on_drop: false }`
[INFO] [stdout] be34813d2b27a6d78c7b5535326c92ea32cf72b080e79a0270787a76a7913288
