[INFO] cloning repository https://github.com/qi-protocol/swap-optimizer
[INFO] running `Command { std: "git" "-c" "credential.helper=" "-c" "credential.helper=/workspace/cargo-home/bin/git-credential-null" "clone" "--bare" "https://github.com/qi-protocol/swap-optimizer" "/workspace/cache/git-repos/https%3A%2F%2Fgithub.com%2Fqi-protocol%2Fswap-optimizer", kill_on_drop: false }`
[INFO] [stderr] Cloning into bare repository '/workspace/cache/git-repos/https%3A%2F%2Fgithub.com%2Fqi-protocol%2Fswap-optimizer'...
[INFO] running `Command { std: "git" "rev-parse" "HEAD", kill_on_drop: false }`
[INFO] [stdout] b3ec22fc75967bb3ffa00bc3ec730a298c1260ba
[INFO] testing qi-protocol/swap-optimizer against 1.75.0 for beta-1.76-1
[INFO] running `Command { std: "git" "clone" "/workspace/cache/git-repos/https%3A%2F%2Fgithub.com%2Fqi-protocol%2Fswap-optimizer" "/workspace/builds/worker-3-tc1/source", kill_on_drop: false }`
[INFO] [stderr] Cloning into '/workspace/builds/worker-3-tc1/source'...
[INFO] [stderr] done.
[INFO] validating manifest of git repo https://github.com/qi-protocol/swap-optimizer on toolchain 1.75.0
[INFO] running `Command { std: CARGO_HOME="/workspace/cargo-home" RUSTUP_HOME="/workspace/rustup-home" "/workspace/cargo-home/bin/cargo" "+1.75.0" "metadata" "--manifest-path" "Cargo.toml" "--no-deps", kill_on_drop: false }`
[INFO] started tweaking git repo https://github.com/qi-protocol/swap-optimizer
[INFO] finished tweaking git repo https://github.com/qi-protocol/swap-optimizer
[INFO] tweaked toml for git repo https://github.com/qi-protocol/swap-optimizer written to /workspace/builds/worker-3-tc1/source/Cargo.toml
[INFO] crate git repo https://github.com/qi-protocol/swap-optimizer already has a lockfile, it will not be regenerated
[INFO] running `Command { std: CARGO_HOME="/workspace/cargo-home" RUSTUP_HOME="/workspace/rustup-home" "/workspace/cargo-home/bin/cargo" "+1.75.0" "fetch" "--manifest-path" "Cargo.toml", kill_on_drop: false }`
[INFO] [stderr]     Updating git repository `https://github.com/da-bao-jian/cfmms-rs`
[INFO] [stderr]     Updating crates.io index
[INFO] [stderr]  Downloading crates ...
[INFO] [stderr]   Downloaded alloy-sol-types v0.2.0
[INFO] [stderr]   Downloaded syn-solidity v0.2.0
[INFO] [stderr]   Downloaded alloy-rlp v0.2.0
[INFO] [stderr]   Downloaded alloy-sol-macro v0.2.0
[INFO] [stderr]   Downloaded ruint2 v1.9.0
[INFO] [stderr]   Downloaded num-bigfloat v1.7.0
[INFO] [stderr]   Downloaded alloy-primitives v0.2.0
[INFO] [stderr]   Downloaded uniswap_v3_math v0.4.0
[INFO] [stderr]   Downloaded uniswap_v3_math v0.2.26
[INFO] running `Command { std: "docker" "create" "-v" "/var/lib/crater-agent-workspace/builds/worker-3-tc1/target:/opt/rustwide/target:rw,Z" "-v" "/var/lib/crater-agent-workspace/builds/worker-3-tc1/source:/opt/rustwide/workdir:ro,Z" "-v" "/var/lib/crater-agent-workspace/cargo-home:/opt/rustwide/cargo-home:ro,Z" "-v" "/var/lib/crater-agent-workspace/rustup-home:/opt/rustwide/rustup-home:ro,Z" "-e" "SOURCE_DIR=/opt/rustwide/workdir" "-e" "CARGO_TARGET_DIR=/opt/rustwide/target" "-e" "CARGO_HOME=/opt/rustwide/cargo-home" "-e" "RUSTUP_HOME=/opt/rustwide/rustup-home" "-w" "/opt/rustwide/workdir" "-m" "1610612736" "--user" "0:0" "--network" "none" "ghcr.io/rust-lang/crates-build-env/linux@sha256:2788e3201cd34a07e3172128adcd8b3090168a8e3bcc40d7c032b9dda1df7d1c" "/opt/rustwide/cargo-home/bin/cargo" "+1.75.0" "metadata" "--no-deps" "--format-version=1", kill_on_drop: false }`
[INFO] [stdout] 9e5a9a953713eedcecb6e009a131a9ea4f44a1686402da42092bf891c2916f45
[INFO] running `Command { std: "docker" "start" "-a" "9e5a9a953713eedcecb6e009a131a9ea4f44a1686402da42092bf891c2916f45", kill_on_drop: false }`
[INFO] running `Command { std: "docker" "inspect" "9e5a9a953713eedcecb6e009a131a9ea4f44a1686402da42092bf891c2916f45", kill_on_drop: false }`
[INFO] running `Command { std: "docker" "rm" "-f" "9e5a9a953713eedcecb6e009a131a9ea4f44a1686402da42092bf891c2916f45", kill_on_drop: false }`
[INFO] [stdout] 9e5a9a953713eedcecb6e009a131a9ea4f44a1686402da42092bf891c2916f45
[INFO] running `Command { std: "docker" "create" "-v" "/var/lib/crater-agent-workspace/builds/worker-3-tc1/target:/opt/rustwide/target:rw,Z" "-v" "/var/lib/crater-agent-workspace/builds/worker-3-tc1/source:/opt/rustwide/workdir:ro,Z" "-v" "/var/lib/crater-agent-workspace/cargo-home:/opt/rustwide/cargo-home:ro,Z" "-v" "/var/lib/crater-agent-workspace/rustup-home:/opt/rustwide/rustup-home:ro,Z" "-e" "SOURCE_DIR=/opt/rustwide/workdir" "-e" "CARGO_TARGET_DIR=/opt/rustwide/target" "-e" "CARGO_INCREMENTAL=0" "-e" "RUST_BACKTRACE=full" "-e" "RUSTFLAGS=--cap-lints=warn" "-e" "RUSTDOCFLAGS=--cap-lints=warn" "-e" "CARGO_HOME=/opt/rustwide/cargo-home" "-e" "RUSTUP_HOME=/opt/rustwide/rustup-home" "-w" "/opt/rustwide/workdir" "-m" "1610612736" "--user" "0:0" "--network" "none" "ghcr.io/rust-lang/crates-build-env/linux@sha256:2788e3201cd34a07e3172128adcd8b3090168a8e3bcc40d7c032b9dda1df7d1c" "/opt/rustwide/cargo-home/bin/cargo" "+1.75.0" "build" "--frozen" "--message-format=json", kill_on_drop: false }`
[INFO] [stdout] bac11ce032366fb654a239a74dbe01761ece0590eac313e788043a1d3c4c66fb
[INFO] running `Command { std: "docker" "start" "-a" "bac11ce032366fb654a239a74dbe01761ece0590eac313e788043a1d3c4c66fb", kill_on_drop: false }`
[INFO] [stderr]    Compiling proc-macro2 v1.0.67
[INFO] [stderr]    Compiling unicode-ident v1.0.12
[INFO] [stderr]    Compiling cfg-if v1.0.0
[INFO] [stderr]    Compiling version_check v0.9.4
[INFO] [stderr]    Compiling serde v1.0.188
[INFO] [stderr]    Compiling libc v0.2.148
[INFO] [stderr]    Compiling once_cell v1.18.0
[INFO] [stderr]    Compiling typenum v1.17.0
[INFO] [stderr]    Compiling subtle v2.5.0
[INFO] [stderr]    Compiling autocfg v1.1.0
[INFO] [stderr]    Compiling const-oid v0.9.5
[INFO] [stderr]    Compiling syn v1.0.109
[INFO] [stderr]    Compiling zeroize v1.6.0
[INFO] [stderr]    Compiling generic-array v0.14.7
[INFO] [stderr]    Compiling equivalent v1.0.1
[INFO] [stderr]    Compiling hashbrown v0.14.0
[INFO] [stderr]    Compiling winnow v0.5.15
[INFO] [stderr]    Compiling ppv-lite86 v0.2.17
[INFO] [stderr]    Compiling itoa v1.0.9
[INFO] [stderr]    Compiling quote v1.0.33
[INFO] [stderr]    Compiling getrandom v0.2.10
[INFO] [stderr]    Compiling syn v2.0.37
[INFO] [stderr]    Compiling indexmap v2.0.0
[INFO] [stderr]    Compiling thiserror v1.0.48
[INFO] [stderr]    Compiling cpufeatures v0.2.9
[INFO] [stderr]    Compiling crunchy v0.2.2
[INFO] [stderr]    Compiling rustc-hex v2.1.0
[INFO] [stderr]    Compiling byte-slice-cast v1.2.2
[INFO] [stderr]    Compiling convert_case v0.4.0
[INFO] [stderr]    Compiling arrayvec v0.7.4
[INFO] [stderr]    Compiling memchr v2.6.3
[INFO] [stderr]    Compiling static_assertions v1.1.0
[INFO] [stderr]    Compiling tiny-keccak v2.0.2
[INFO] [stderr]    Compiling crypto-common v0.1.6
[INFO] [stderr]    Compiling block-buffer v0.10.4
[INFO] [stderr]    Compiling ryu v1.0.15
[INFO] [stderr]    Compiling base16ct v0.2.0
[INFO] [stderr]    Compiling digest v0.10.7
[INFO] [stderr]    Compiling semver v1.0.18
[INFO] [stderr]    Compiling hex v0.4.3
[INFO] [stderr]    Compiling rand_core v0.6.4
[INFO] [stderr]    Compiling keccak v0.1.4
[INFO] [stderr]    Compiling cc v1.0.83
[INFO] [stderr]    Compiling num-traits v0.2.16
[INFO] [stderr]    Compiling futures-core v0.3.28
[INFO] [stderr]    Compiling pin-project-lite v0.2.13
[INFO] [stderr]    Compiling byteorder v1.4.3
[INFO] [stderr]    Compiling aho-corasick v1.1.0
[INFO] [stderr]    Compiling hmac v0.12.1
[INFO] [stderr]    Compiling der v0.7.8
[INFO] [stderr]    Compiling proc-macro-error-attr v1.0.4
[INFO] [stderr]    Compiling linux-raw-sys v0.4.7
[INFO] [stderr]    Compiling serde_json v1.0.107
[INFO] [stderr]    Compiling bitflags v2.4.0
[INFO] [stderr]    Compiling regex-syntax v0.7.5
[INFO] [stderr]    Compiling futures-channel v0.3.28
[INFO] [stderr]    Compiling ring v0.16.20
[INFO] [stderr]    Compiling futures-sink v0.3.28
[INFO] [stderr]    Compiling sha2 v0.10.7
[INFO] [stderr]    Compiling proc-macro-error v1.0.4
[INFO] [stderr]    Compiling spin v0.5.2
[INFO] [stderr]    Compiling untrusted v0.7.1
[INFO] [stderr]    Compiling camino v1.1.6
[INFO] [stderr]    Compiling spki v0.7.2
[INFO] [stderr]    Compiling lock_api v0.4.10
[INFO] [stderr]    Compiling futures-task v0.3.28
[INFO] [stderr]    Compiling parking_lot_core v0.9.8
[INFO] [stderr]    Compiling rustversion v1.0.14
[INFO] [stderr]    Compiling regex-automata v0.3.8
[INFO] [stderr]    Compiling pkcs8 v0.10.2
[INFO] [stderr]    Compiling sec1 v0.7.3
[INFO] [stderr]    Compiling sha3 v0.10.8
[INFO] [stderr]    Compiling slab v0.4.9
[INFO] [stderr]    Compiling smallvec v1.11.0
[INFO] [stderr]    Compiling scopeguard v1.2.0
[INFO] [stderr]    Compiling rfc6979 v0.4.0
[INFO] [stderr]    Compiling rustix v0.38.13
[INFO] [stderr]    Compiling heck v0.4.1
[INFO] [stderr]    Compiling futures-util v0.3.28
[INFO] [stderr]    Compiling fastrand v2.0.0
[INFO] [stderr]    Compiling serde_derive v1.0.188
[INFO] [stderr]    Compiling thiserror-impl v1.0.48
[INFO] [stderr]    Compiling strum_macros v0.25.2
[INFO] [stderr]    Compiling futures-macro v0.3.28
[INFO] [stderr]    Compiling tracing-attributes v0.1.26
[INFO] [stderr]    Compiling impl-trait-for-tuples v0.2.2
[INFO] [stderr]    Compiling derive_more v0.99.17
[INFO] [stderr]    Compiling rlp-derive v0.1.0
[INFO] [stderr]    Compiling regex v1.9.5
[INFO] [stderr]    Compiling auto_impl v1.1.0
[INFO] [stderr]    Compiling tokio-macros v2.1.0
[INFO] [stderr]    Compiling parking_lot v0.12.1
[INFO] [stderr]    Compiling uint v0.9.5
[INFO] [stderr]    Compiling rand_chacha v0.3.1
[INFO] [stderr]    Compiling signal-hook-registry v1.4.1
[INFO] [stderr]    Compiling socket2 v0.5.4
[INFO] [stderr]    Compiling mio v0.8.8
[INFO] [stderr]    Compiling num_cpus v1.16.0
[INFO] [stderr]    Compiling tracing-core v0.1.31
[INFO] [stderr]    Compiling wasm-bindgen-shared v0.2.87
[INFO] [stderr]    Compiling base64 v0.21.4
[INFO] [stderr]    Compiling pin-utils v0.1.0
[INFO] [stderr]    Compiling log v0.4.20
[INFO] [stderr]    Compiling fnv v1.0.7
[INFO] [stderr]    Compiling futures-io v0.3.28
[INFO] [stderr]    Compiling tracing v0.1.37
[INFO] [stderr]    Compiling rand v0.8.5
[INFO] [stderr]    Compiling strum v0.25.0
[INFO] [stderr]    Compiling tinyvec_macros v0.1.1
[INFO] [stderr]    Compiling rustls v0.21.7
[INFO] [stderr]    Compiling unicode-xid v0.2.4
[INFO] [stderr]    Compiling httparse v1.8.0
[INFO] [stderr]    Compiling fixed-hash v0.8.0
[INFO] [stderr]    Compiling tinyvec v1.6.0
[INFO] [stderr]    Compiling rustls-webpki v0.101.5
[INFO] [stderr]    Compiling sct v0.7.0
[INFO] [stderr]    Compiling const-hex v1.8.0
[INFO] [stderr]    Compiling num-integer v0.1.45
[INFO] [stderr]    Compiling indexmap v1.9.3
[INFO] [stderr]    Compiling time-core v0.1.1
[INFO] [stderr]    Compiling bumpalo v3.14.0
[INFO] [stderr]    Compiling percent-encoding v2.3.0
[INFO] [stderr]    Compiling form_urlencoded v1.2.0
[INFO] [stderr]    Compiling wasm-bindgen-backend v0.2.87
[INFO] [stderr]    Compiling time-macros v0.2.14
[INFO] [stderr]    Compiling unicode-normalization v0.1.22
[INFO] [stderr]    Compiling bytes v1.5.0
[INFO] [stderr]    Compiling toml_datetime v0.6.3
[INFO] [stderr]    Compiling serde_spanned v0.6.3
[INFO] [stderr]    Compiling toml_edit v0.19.15
[INFO] [stderr]    Compiling rlp v0.5.2
[INFO] [stderr]    Compiling ff v0.13.0
[INFO] [stderr]    Compiling group v0.13.0
[INFO] [stderr]    Compiling crypto-bigint v0.5.3
[INFO] [stderr]    Compiling impl-rlp v0.3.0
[INFO] [stderr]    Compiling signature v2.1.0
[INFO] [stderr]    Compiling impl-serde v0.4.0
[INFO] [stderr]    Compiling open-fastrlp-derive v0.1.1
[INFO] [stderr]    Compiling tokio v1.32.0
[INFO] [stderr]    Compiling http v0.2.9
[INFO] [stderr]    Compiling cargo-platform v0.1.3
[INFO] [stderr]    Compiling proc-macro-crate v1.3.1
[INFO] [stderr]    Compiling elliptic-curve v0.13.5
[INFO] [stderr]    Compiling hashbrown v0.12.3
[INFO] [stderr]    Compiling ecdsa v0.16.8
[INFO] [stderr]    Compiling unicode-bidi v0.3.13
[INFO] [stderr]    Compiling num_threads v0.1.6
[INFO] [stderr]    Compiling deranged v0.3.8
[INFO] [stderr]    Compiling k256 v0.13.1
[INFO] [stderr]    Compiling time v0.3.28
[INFO] [stderr]    Compiling idna v0.4.0
[INFO] [stderr]    Compiling cargo_metadata v0.17.0
[INFO] [stderr]    Compiling wasm-bindgen-macro-support v0.2.87
[INFO] [stderr]    Compiling tempfile v3.8.0
[INFO] [stderr]    Compiling chrono v0.4.31
[INFO] [stderr]    Compiling inout v0.1.3
[INFO] [stderr]    Compiling parity-scale-codec-derive v3.6.5
[INFO] [stderr]    Compiling scale-info-derive v2.9.0
[INFO] [stderr]    Compiling num_enum_derive v0.7.0
[INFO] [stderr]    Compiling tokio-util v0.7.8
[INFO] [stderr]    Compiling try-lock v0.2.4
[INFO] [stderr]    Compiling lazy_static v1.4.0
[INFO] [stderr]    Compiling prettyplease v0.2.15
[INFO] [stderr]    Compiling maybe-uninit v2.0.0
[INFO] [stderr]    Compiling wasm-bindgen v0.2.87
[INFO] [stderr]    Compiling want v0.3.1
[INFO] [stderr]    Compiling h2 v0.3.21
[INFO] [stderr]    Compiling tokio-rustls v0.24.1
[INFO] [stderr]    Compiling cipher v0.4.4
[INFO] [stderr]    Compiling wasm-bindgen-macro v0.2.87
[INFO] [stderr]    Compiling url v2.4.1
[INFO] [stderr]    Compiling num_enum v0.7.0
[INFO] [stderr]    Compiling http-body v0.4.5
[INFO] [stderr]    Compiling parity-scale-codec v3.6.5
[INFO] [stderr]    Compiling socket2 v0.4.9
[INFO] [stderr]    Compiling scale-info v2.9.0
[INFO] [stderr]    Compiling impl-codec v0.6.0
[INFO] [stderr]    Compiling num-bigint v0.4.4
[INFO] [stderr]    Compiling httpdate v1.0.3
[INFO] [stderr]    Compiling tower-service v0.3.2
[INFO] [stderr]    Compiling eyre v0.6.8
[INFO] [stderr]    Compiling ethbloom v0.13.0
[INFO] [stderr]    Compiling primitive-types v0.12.1
[INFO] [stderr]    Compiling hyper v0.14.27
[INFO] [stderr]    Compiling ethereum-types v0.14.1
[INFO] [stderr]    Compiling indenter v0.3.3
[INFO] [stderr]    Compiling async-trait v0.1.73
[INFO] [stderr]    Compiling radium v0.7.0
[INFO] [stderr]    Compiling open-fastrlp v0.1.4
[INFO] [stderr]    Compiling ethabi v18.0.0
[INFO] [stderr]    Compiling same-file v1.0.6
[INFO] [stderr]    Compiling nodrop v0.1.14
[INFO] [stderr]    Compiling walkdir v2.4.0
[INFO] [stderr]    Compiling array-init v0.0.4
[INFO] [stderr]    Compiling ethers-core v2.0.10
[INFO] [stderr]    Compiling hyper-rustls v0.24.1
[INFO] [stderr]    Compiling js-sys v0.3.64
[INFO] [stderr]    Compiling smallvec v0.6.14
[INFO] [stderr]    Compiling Inflector v0.11.4
[INFO] [stderr]    Compiling serde_urlencoded v0.7.1
[INFO] [stderr]    Compiling rustls-pemfile v1.0.3
[INFO] [stderr]    Compiling rustls-webpki v0.100.3
[INFO] [stderr]    Compiling pin-project-internal v1.1.3
[INFO] [stderr]    Compiling bs58 v0.5.0
[INFO] [stderr]    Compiling ripemd v0.1.3
[INFO] [stderr]    Compiling sha1 v0.10.5
[INFO] [stderr]    Compiling encoding_rs v0.8.33
[INFO] [stderr]    Compiling bech32 v0.9.1
[INFO] [stderr]    Compiling ipnet v2.8.0
[INFO] [stderr]    Compiling data-encoding v2.4.0
[INFO] [stderr]    Compiling tap v1.0.1
[INFO] [stderr]    Compiling dunce v1.0.4
[INFO] [stderr]    Compiling webpki-roots v0.25.2
[INFO] [stderr]    Compiling utf-8 v0.7.6
[INFO] [stderr]    Compiling base64 v0.13.1
[INFO] [stderr]    Compiling mime v0.3.17
[INFO] [stderr]    Compiling reqwest v0.11.20
[INFO] [stderr]    Compiling pem v1.1.1
[INFO] [stderr]    Compiling pin-project v1.1.3
[INFO] [stderr]    Compiling tungstenite v0.20.0
[INFO] [stderr]    Compiling coins-core v0.8.7
[INFO] [stderr]    Compiling wyz v0.5.1
[INFO] [stderr]    Compiling gloo-timers v0.2.6
[INFO] [stderr]    Compiling simple_asn1 v0.6.2
[INFO] [stderr]    Compiling webpki-roots v0.23.1
[INFO] [stderr]    Compiling serde-hex v0.1.0
[INFO] [stderr]    Compiling salsa20 v0.10.2
[INFO] [stderr]    Compiling toml v0.7.8
[INFO] [stderr]    Compiling fxhash v0.2.1
[INFO] [stderr]    Compiling pbkdf2 v0.11.0
[INFO] [stderr]    Compiling instant v0.1.12
[INFO] [stderr]    Compiling send_wrapper v0.4.0
[INFO] [stderr]    Compiling funty v2.0.0
[INFO] [stderr]    Compiling futures-timer v3.0.2
[INFO] [stderr]    Compiling bitvec v1.0.1
[INFO] [stderr]    Compiling scrypt v0.10.0
[INFO] [stderr]    Compiling hashers v1.0.1
[INFO] [stderr]    Compiling enr v0.9.0
[INFO] [stderr]    Compiling tokio-tungstenite v0.20.0
[INFO] [stderr]    Compiling jsonwebtoken v8.3.0
[INFO] [stderr]    Compiling coins-bip32 v0.8.7
[INFO] [stderr]    Compiling tracing-futures v0.2.5
[INFO] [stderr]    Compiling aes v0.8.3
[INFO] [stderr]    Compiling ctr v0.9.2
[INFO] [stderr]    Compiling uuid v0.8.2
[INFO] [stderr]    Compiling pbkdf2 v0.12.2
[INFO] [stderr]    Compiling ethers-providers v2.0.10
[INFO] [stderr]    Compiling slog v2.7.0
[INFO] [stderr]    Compiling eth-keystore v0.5.0
[INFO] [stderr]    Compiling coins-bip39 v0.8.7
[INFO] [stderr]    Compiling ethers-contract-abigen v2.0.10
[INFO] [stderr]    Compiling ethers-etherscan v2.0.10
[INFO] [stderr]    Compiling ethers-signers v2.0.10
[INFO] [stderr]    Compiling rustc_version v0.4.0
[INFO] [stderr]    Compiling futures-locks v0.7.1
[INFO] [stderr]    Compiling crossbeam-utils v0.8.16
[INFO] [stderr]    Compiling ruint2 v1.9.0
[INFO] [stderr]    Compiling ethers-addressbook v2.0.10
[INFO] [stderr]    Compiling dirs-sys-next v0.1.2
[INFO] [stderr]    Compiling anyhow v1.0.75
[INFO] [stderr]    Compiling portable-atomic v1.4.3
[INFO] [stderr]    Compiling ruint-macro v1.1.0
[INFO] [stderr]    Compiling dirs-next v2.0.0
[INFO] [stderr]    Compiling thread_local v1.1.7
[INFO] [stderr]    Compiling ruint v1.10.1
[INFO] [stderr]    Compiling unicode-width v0.1.10
[INFO] [stderr]    Compiling paste v1.0.14
[INFO] [stderr]    Compiling ruint2-macro v1.0.3
[INFO] [stderr]    Compiling slog-async v2.8.0
[INFO] [stderr]    Compiling console v0.15.7
[INFO] [stderr]    Compiling crossbeam-channel v0.5.8
[INFO] [stderr]    Compiling term v0.7.0
[INFO] [stderr]    Compiling futures-executor v0.3.28
[INFO] [stderr]    Compiling syn-solidity v0.2.0
[INFO] [stderr]    Compiling num-complex v0.4.4
[INFO] [stderr]    Compiling atty v0.2.14
[INFO] [stderr]    Compiling number_prefix v0.4.0
[INFO] [stderr]    Compiling take_mut v0.2.2
[INFO] [stderr]    Compiling indicatif v0.17.6
[INFO] [stderr]    Compiling ethers-contract-derive v2.0.10
[INFO] [stderr]    Compiling slog-term v2.9.0
[INFO] [stderr]    Compiling argmin-math v0.3.0
[INFO] [stderr]    Compiling futures v0.3.28
[INFO] [stderr]    Compiling alloy-primitives v0.2.0
[INFO] [stderr]    Compiling slog-json v2.6.1
[INFO] [stderr]    Compiling num-bigfloat v1.7.0
[INFO] [stderr]    Compiling rand_xoshiro v0.6.0
[INFO] [stderr]    Compiling alloy-sol-macro v0.2.0
[INFO] [stderr]    Compiling bincode v1.3.3
[INFO] [stderr]    Compiling is-terminal v0.4.9
[INFO] [stderr]    Compiling termcolor v1.2.0
[INFO] [stderr]    Compiling humantime v2.1.0
[INFO] [stderr]    Compiling argmin v0.8.1
[INFO] [stderr]    Compiling env_logger v0.10.0
[INFO] [stderr]    Compiling dotenv v0.15.0
[INFO] [stderr]    Compiling alloy-sol-types v0.2.0
[INFO] [stderr]    Compiling ethers-contract v2.0.10
[INFO] [stderr]    Compiling ethers-middleware v2.0.10
[INFO] [stderr]    Compiling ethers v2.0.10
[INFO] [stderr]    Compiling uniswap_v3_math v0.2.26
[INFO] [stderr]    Compiling uniswap_v3_math v0.4.0
[INFO] [stderr]    Compiling cfmms v0.6.2 (https://github.com/da-bao-jian/cfmms-rs?branch=main#c43eaee1)
[INFO] [stderr]    Compiling swap-optimizer v0.1.0 (/opt/rustwide/workdir)
[INFO] [stdout] warning: unused import: `dai_contract::*`
[INFO] [stdout]  --> src/bindings/dai.rs:1:9
[INFO] [stdout]   |
[INFO] [stdout] 1 | pub use dai_contract::*;
[INFO] [stdout]   |         ^^^^^^^^^^^^^^^
[INFO] [stdout]   |
[INFO] [stdout]   = note: `#[warn(unused_imports)]` on by default
[INFO] [stdout] 
[INFO] [stdout] 
[INFO] [stdout] warning: unused import: `uniswap_universal_router_contract::*`
[INFO] [stdout]  --> src/bindings/uniswap_universal_router.rs:1:9
[INFO] [stdout]   |
[INFO] [stdout] 1 | pub use uniswap_universal_router_contract::*;
[INFO] [stdout]   |         ^^^^^^^^^^^^^^^^^^^^^^^^^^^^^^^^^^^^
[INFO] [stdout] 
[INFO] [stdout] 
[INFO] [stdout] warning: unused import: `uniswap_v2_factory_contract::*`
[INFO] [stdout]  --> src/bindings/uniswap_v2_factory.rs:1:9
[INFO] [stdout]   |
[INFO] [stdout] 1 | pub use uniswap_v2_factory_contract::*;
[INFO] [stdout]   |         ^^^^^^^^^^^^^^^^^^^^^^^^^^^^^^
[INFO] [stdout] 
[INFO] [stdout] 
[INFO] [stdout] warning: unused import: `uniswap_v_2_router_1_contract::*`
[INFO] [stdout]  --> src/bindings/uniswap_v2_router_1.rs:1:9
[INFO] [stdout]   |
[INFO] [stdout] 1 | pub use uniswap_v_2_router_1_contract::*;
[INFO] [stdout]   |         ^^^^^^^^^^^^^^^^^^^^^^^^^^^^^^^^
[INFO] [stdout] 
[INFO] [stdout] 
[INFO] [stdout] warning: unused import: `uniswap_v3_factory_contract::*`
[INFO] [stdout]  --> src/bindings/uniswap_v3_factory.rs:1:9
[INFO] [stdout]   |
[INFO] [stdout] 1 | pub use uniswap_v3_factory_contract::*;
[INFO] [stdout]   |         ^^^^^^^^^^^^^^^^^^^^^^^^^^^^^^
[INFO] [stdout] 
[INFO] [stdout] 
[INFO] [stdout] warning: unused import: `uni_v3_swap_router_1_contract::*`
[INFO] [stdout]  --> src/bindings/uniswap_v3_router_1.rs:1:9
[INFO] [stdout]   |
[INFO] [stdout] 1 | pub use uni_v3_swap_router_1_contract::*;
[INFO] [stdout]   |         ^^^^^^^^^^^^^^^^^^^^^^^^^^^^^^^^
[INFO] [stdout] 
[INFO] [stdout] 
[INFO] [stdout] warning: unused import: `uni_v3_swap_router_2::*`
[INFO] [stdout]  --> src/bindings/uniswap_v3_router_2.rs:1:9
[INFO] [stdout]   |
[INFO] [stdout] 1 | pub use uni_v3_swap_router_2::*;
[INFO] [stdout]   |         ^^^^^^^^^^^^^^^^^^^^^^^
[INFO] [stdout] 
[INFO] [stdout] 
[INFO] [stdout] warning: unused import: `uniswap_v3_weth_dai_lp_contract::*`
[INFO] [stdout]  --> src/bindings/uniswap_v3_weth_dai_lp.rs:1:9
[INFO] [stdout]   |
[INFO] [stdout] 1 | pub use uniswap_v3_weth_dai_lp_contract::*;
[INFO] [stdout]   |         ^^^^^^^^^^^^^^^^^^^^^^^^^^^^^^^^^^
[INFO] [stdout] 
[INFO] [stdout] 
[INFO] [stdout] warning: unused import: `usdc_contract::*`
[INFO] [stdout]  --> src/bindings/usdc.rs:1:9
[INFO] [stdout]   |
[INFO] [stdout] 1 | pub use usdc_contract::*;
[INFO] [stdout]   |         ^^^^^^^^^^^^^^^^
[INFO] [stdout] 
[INFO] [stdout] 
[INFO] [stdout] warning: unused import: `usdt_contract::*`
[INFO] [stdout]  --> src/bindings/usdt.rs:1:9
[INFO] [stdout]   |
[INFO] [stdout] 1 | pub use usdt_contract::*;
[INFO] [stdout]   |         ^^^^^^^^^^^^^^^^
[INFO] [stdout] 
[INFO] [stdout] 
[INFO] [stdout] warning: unused import: `weth_contract::*`
[INFO] [stdout]  --> src/bindings/weth.rs:1:9
[INFO] [stdout]   |
[INFO] [stdout] 1 | pub use weth_contract::*;
[INFO] [stdout]   |         ^^^^^^^^^^^^^^^^
[INFO] [stdout] 
[INFO] [stdout] 
[INFO] [stdout] warning: 11 warnings emitted
[INFO] [stdout] 
[INFO] [stdout] 
[INFO] [stderr]     Finished dev [unoptimized + debuginfo] target(s) in 3m 32s
[INFO] running `Command { std: "docker" "inspect" "bac11ce032366fb654a239a74dbe01761ece0590eac313e788043a1d3c4c66fb", kill_on_drop: false }`
[INFO] running `Command { std: "docker" "rm" "-f" "bac11ce032366fb654a239a74dbe01761ece0590eac313e788043a1d3c4c66fb", kill_on_drop: false }`
[INFO] [stdout] bac11ce032366fb654a239a74dbe01761ece0590eac313e788043a1d3c4c66fb
[INFO] running `Command { std: "docker" "create" "-v" "/var/lib/crater-agent-workspace/builds/worker-3-tc1/target:/opt/rustwide/target:rw,Z" "-v" "/var/lib/crater-agent-workspace/builds/worker-3-tc1/source:/opt/rustwide/workdir:ro,Z" "-v" "/var/lib/crater-agent-workspace/cargo-home:/opt/rustwide/cargo-home:ro,Z" "-v" "/var/lib/crater-agent-workspace/rustup-home:/opt/rustwide/rustup-home:ro,Z" "-e" "SOURCE_DIR=/opt/rustwide/workdir" "-e" "CARGO_TARGET_DIR=/opt/rustwide/target" "-e" "CARGO_INCREMENTAL=0" "-e" "RUST_BACKTRACE=full" "-e" "RUSTFLAGS=--cap-lints=warn" "-e" "RUSTDOCFLAGS=--cap-lints=warn" "-e" "CARGO_HOME=/opt/rustwide/cargo-home" "-e" "RUSTUP_HOME=/opt/rustwide/rustup-home" "-w" "/opt/rustwide/workdir" "-m" "1610612736" "--user" "0:0" "--network" "none" "ghcr.io/rust-lang/crates-build-env/linux@sha256:2788e3201cd34a07e3172128adcd8b3090168a8e3bcc40d7c032b9dda1df7d1c" "/opt/rustwide/cargo-home/bin/cargo" "+1.75.0" "test" "--frozen" "--no-run" "--message-format=json", kill_on_drop: false }`
[INFO] [stdout] 5b043a24b626cce28940ba5774a540a6c2168d697dc35b40a9fb7b34e8414d5d
[INFO] running `Command { std: "docker" "start" "-a" "5b043a24b626cce28940ba5774a540a6c2168d697dc35b40a9fb7b34e8414d5d", kill_on_drop: false }`
[INFO] [stdout] warning: unused import: `dai_contract::*`
[INFO] [stdout]  --> src/bindings/dai.rs:1:9
[INFO] [stdout]   |
[INFO] [stdout] 1 | pub use dai_contract::*;
[INFO] [stdout]   |         ^^^^^^^^^^^^^^^
[INFO] [stdout]   |
[INFO] [stdout]   = note: `#[warn(unused_imports)]` on by default
[INFO] [stdout] 
[INFO] [stdout] 
[INFO] [stdout] warning: unused import: `uniswap_universal_router_contract::*`
[INFO] [stdout]  --> src/bindings/uniswap_universal_router.rs:1:9
[INFO] [stdout]   |
[INFO] [stdout] 1 | pub use uniswap_universal_router_contract::*;
[INFO] [stdout]   |         ^^^^^^^^^^^^^^^^^^^^^^^^^^^^^^^^^^^^
[INFO] [stdout] 
[INFO] [stdout] 
[INFO] [stdout] warning: unused import: `uniswap_v2_factory_contract::*`
[INFO] [stdout]  --> src/bindings/uniswap_v2_factory.rs:1:9
[INFO] [stdout]   |
[INFO] [stdout] 1 | pub use uniswap_v2_factory_contract::*;
[INFO] [stdout]   |         ^^^^^^^^^^^^^^^^^^^^^^^^^^^^^^
[INFO] [stdout] 
[INFO] [stdout] 
[INFO] [stdout] warning: unused import: `uniswap_v_2_router_1_contract::*`
[INFO] [stdout]  --> src/bindings/uniswap_v2_router_1.rs:1:9
[INFO] [stdout]   |
[INFO] [stdout] 1 | pub use uniswap_v_2_router_1_contract::*;
[INFO] [stdout]   |         ^^^^^^^^^^^^^^^^^^^^^^^^^^^^^^^^
[INFO] [stdout] 
[INFO] [stdout] 
[INFO] [stdout] warning: unused import: `uniswap_v3_factory_contract::*`
[INFO] [stdout]  --> src/bindings/uniswap_v3_factory.rs:1:9
[INFO] [stdout]   |
[INFO] [stdout] 1 | pub use uniswap_v3_factory_contract::*;
[INFO] [stdout]   |         ^^^^^^^^^^^^^^^^^^^^^^^^^^^^^^
[INFO] [stdout] 
[INFO] [stdout] 
[INFO] [stdout] warning: unused import: `uni_v3_swap_router_1_contract::*`
[INFO] [stdout]  --> src/bindings/uniswap_v3_router_1.rs:1:9
[INFO] [stdout]   |
[INFO] [stdout] 1 | pub use uni_v3_swap_router_1_contract::*;
[INFO] [stdout]   |         ^^^^^^^^^^^^^^^^^^^^^^^^^^^^^^^^
[INFO] [stdout] 
[INFO] [stdout] 
[INFO] [stdout] warning: unused import: `uni_v3_swap_router_2::*`
[INFO] [stdout]  --> src/bindings/uniswap_v3_router_2.rs:1:9
[INFO] [stdout]   |
[INFO] [stdout] 1 | pub use uni_v3_swap_router_2::*;
[INFO] [stdout]   |         ^^^^^^^^^^^^^^^^^^^^^^^
[INFO] [stdout] 
[INFO] [stdout] 
[INFO] [stdout] warning: unused import: `uniswap_v3_weth_dai_lp_contract::*`
[INFO] [stdout]  --> src/bindings/uniswap_v3_weth_dai_lp.rs:1:9
[INFO] [stdout]   |
[INFO] [stdout] 1 | pub use uniswap_v3_weth_dai_lp_contract::*;
[INFO] [stdout]   |         ^^^^^^^^^^^^^^^^^^^^^^^^^^^^^^^^^^
[INFO] [stdout] 
[INFO] [stdout] 
[INFO] [stdout] warning: unused import: `usdc_contract::*`
[INFO] [stdout]  --> src/bindings/usdc.rs:1:9
[INFO] [stdout]   |
[INFO] [stdout] 1 | pub use usdc_contract::*;
[INFO] [stdout]   |         ^^^^^^^^^^^^^^^^
[INFO] [stdout] 
[INFO] [stdout] 
[INFO] [stdout] warning: unused import: `usdt_contract::*`
[INFO] [stdout]  --> src/bindings/usdt.rs:1:9
[INFO] [stdout]   |
[INFO] [stdout] 1 | pub use usdt_contract::*;
[INFO] [stdout]   |         ^^^^^^^^^^^^^^^^
[INFO] [stdout] 
[INFO] [stdout] 
[INFO] [stderr]    Compiling swap-optimizer v0.1.0 (/opt/rustwide/workdir)
[INFO] [stdout] warning: unused import: `weth_contract::*`
[INFO] [stdout]  --> src/bindings/weth.rs:1:9
[INFO] [stdout]   |
[INFO] [stdout] 1 | pub use weth_contract::*;
[INFO] [stdout]   |         ^^^^^^^^^^^^^^^^
[INFO] [stdout] 
[INFO] [stdout] 
[INFO] [stdout] warning: 11 warnings emitted
[INFO] [stdout] 
[INFO] [stdout] 
[INFO] [stdout] warning: unused import: `dai_contract::*`
[INFO] [stdout]  --> src/bindings/dai.rs:1:9
[INFO] [stdout]   |
[INFO] [stdout] 1 | pub use dai_contract::*;
[INFO] [stdout]   |         ^^^^^^^^^^^^^^^
[INFO] [stdout]   |
[INFO] [stdout]   = note: `#[warn(unused_imports)]` on by default
[INFO] [stdout] 
[INFO] [stdout] 
[INFO] [stdout] warning: unused import: `uniswap_universal_router_contract::*`
[INFO] [stdout]  --> src/bindings/uniswap_universal_router.rs:1:9
[INFO] [stdout]   |
[INFO] [stdout] 1 | pub use uniswap_universal_router_contract::*;
[INFO] [stdout]   |         ^^^^^^^^^^^^^^^^^^^^^^^^^^^^^^^^^^^^
[INFO] [stdout] 
[INFO] [stdout] 
[INFO] [stdout] warning: unused import: `uniswap_v2_factory_contract::*`
[INFO] [stdout]  --> src/bindings/uniswap_v2_factory.rs:1:9
[INFO] [stdout]   |
[INFO] [stdout] 1 | pub use uniswap_v2_factory_contract::*;
[INFO] [stdout]   |         ^^^^^^^^^^^^^^^^^^^^^^^^^^^^^^
[INFO] [stdout] 
[INFO] [stdout] 
[INFO] [stdout] warning: unused import: `uniswap_v_2_router_1_contract::*`
[INFO] [stdout]  --> src/bindings/uniswap_v2_router_1.rs:1:9
[INFO] [stdout]   |
[INFO] [stdout] 1 | pub use uniswap_v_2_router_1_contract::*;
[INFO] [stdout]   |         ^^^^^^^^^^^^^^^^^^^^^^^^^^^^^^^^
[INFO] [stdout] 
[INFO] [stdout] 
[INFO] [stdout] warning: unused import: `uniswap_v3_factory_contract::*`
[INFO] [stdout]  --> src/bindings/uniswap_v3_factory.rs:1:9
[INFO] [stdout]   |
[INFO] [stdout] 1 | pub use uniswap_v3_factory_contract::*;
[INFO] [stdout]   |         ^^^^^^^^^^^^^^^^^^^^^^^^^^^^^^
[INFO] [stdout] 
[INFO] [stdout] 
[INFO] [stdout] warning: unused import: `uni_v3_swap_router_1_contract::*`
[INFO] [stdout]  --> src/bindings/uniswap_v3_router_1.rs:1:9
[INFO] [stdout]   |
[INFO] [stdout] 1 | pub use uni_v3_swap_router_1_contract::*;
[INFO] [stdout]   |         ^^^^^^^^^^^^^^^^^^^^^^^^^^^^^^^^
[INFO] [stdout] 
[INFO] [stdout] 
[INFO] [stdout] warning: unused import: `uni_v3_swap_router_2::*`
[INFO] [stdout]  --> src/bindings/uniswap_v3_router_2.rs:1:9
[INFO] [stdout]   |
[INFO] [stdout] 1 | pub use uni_v3_swap_router_2::*;
[INFO] [stdout]   |         ^^^^^^^^^^^^^^^^^^^^^^^
[INFO] [stdout] 
[INFO] [stdout] 
[INFO] [stdout] warning: unused import: `uniswap_v3_weth_dai_lp_contract::*`
[INFO] [stdout]  --> src/bindings/uniswap_v3_weth_dai_lp.rs:1:9
[INFO] [stdout]   |
[INFO] [stdout] 1 | pub use uniswap_v3_weth_dai_lp_contract::*;
[INFO] [stdout]   |         ^^^^^^^^^^^^^^^^^^^^^^^^^^^^^^^^^^
[INFO] [stdout] 
[INFO] [stdout] 
[INFO] [stdout] warning: unused import: `usdc_contract::*`
[INFO] [stdout]  --> src/bindings/usdc.rs:1:9
[INFO] [stdout]   |
[INFO] [stdout] 1 | pub use usdc_contract::*;
[INFO] [stdout]   |         ^^^^^^^^^^^^^^^^
[INFO] [stdout] 
[INFO] [stdout] 
[INFO] [stdout] warning: unused import: `usdt_contract::*`
[INFO] [stdout]  --> src/bindings/usdt.rs:1:9
[INFO] [stdout]   |
[INFO] [stdout] 1 | pub use usdt_contract::*;
[INFO] [stdout]   |         ^^^^^^^^^^^^^^^^
[INFO] [stdout] 
[INFO] [stdout] 
[INFO] [stdout] warning: unused import: `weth_contract::*`
[INFO] [stdout]  --> src/bindings/weth.rs:1:9
[INFO] [stdout]   |
[INFO] [stdout] 1 | pub use weth_contract::*;
[INFO] [stdout]   |         ^^^^^^^^^^^^^^^^
[INFO] [stdout] 
[INFO] [stdout] 
[INFO] [stdout] warning: 11 warnings emitted
[INFO] [stdout] 
[INFO] [stdout] 
[INFO] [stderr]     Finished test [unoptimized + debuginfo] target(s) in 29.72s
[INFO] running `Command { std: "docker" "inspect" "5b043a24b626cce28940ba5774a540a6c2168d697dc35b40a9fb7b34e8414d5d", kill_on_drop: false }`
[INFO] running `Command { std: "docker" "rm" "-f" "5b043a24b626cce28940ba5774a540a6c2168d697dc35b40a9fb7b34e8414d5d", kill_on_drop: false }`
[INFO] [stdout] 5b043a24b626cce28940ba5774a540a6c2168d697dc35b40a9fb7b34e8414d5d
[INFO] running `Command { std: "docker" "create" "-v" "/var/lib/crater-agent-workspace/builds/worker-3-tc1/target:/opt/rustwide/target:rw,Z" "-v" "/var/lib/crater-agent-workspace/builds/worker-3-tc1/source:/opt/rustwide/workdir:ro,Z" "-v" "/var/lib/crater-agent-workspace/cargo-home:/opt/rustwide/cargo-home:ro,Z" "-v" "/var/lib/crater-agent-workspace/rustup-home:/opt/rustwide/rustup-home:ro,Z" "-e" "SOURCE_DIR=/opt/rustwide/workdir" "-e" "CARGO_TARGET_DIR=/opt/rustwide/target" "-e" "CARGO_INCREMENTAL=0" "-e" "RUST_BACKTRACE=full" "-e" "RUSTFLAGS=--cap-lints=warn" "-e" "RUSTDOCFLAGS=--cap-lints=warn" "-e" "CARGO_HOME=/opt/rustwide/cargo-home" "-e" "RUSTUP_HOME=/opt/rustwide/rustup-home" "-w" "/opt/rustwide/workdir" "-m" "1610612736" "--user" "0:0" "--network" "none" "ghcr.io/rust-lang/crates-build-env/linux@sha256:2788e3201cd34a07e3172128adcd8b3090168a8e3bcc40d7c032b9dda1df7d1c" "/opt/rustwide/cargo-home/bin/cargo" "+1.75.0" "test" "--frozen", kill_on_drop: false }`
[INFO] [stdout] 7f74059f30996889fd8787185ddb162e1cd77ea6f87727e4037062ddaa2b75ac
[INFO] running `Command { std: "docker" "start" "-a" "7f74059f30996889fd8787185ddb162e1cd77ea6f87727e4037062ddaa2b75ac", kill_on_drop: false }`
[INFO] [stderr] warning: unused import: `dai_contract::*`
[INFO] [stderr]  --> src/bindings/dai.rs:1:9
[INFO] [stderr]   |
[INFO] [stderr] 1 | pub use dai_contract::*;
[INFO] [stderr]   |         ^^^^^^^^^^^^^^^
[INFO] [stderr]   |
[INFO] [stderr]   = note: `#[warn(unused_imports)]` on by default
[INFO] [stderr] 
[INFO] [stderr] warning: unused import: `uniswap_universal_router_contract::*`
[INFO] [stderr]  --> src/bindings/uniswap_universal_router.rs:1:9
[INFO] [stderr]   |
[INFO] [stderr] 1 | pub use uniswap_universal_router_contract::*;
[INFO] [stderr]   |         ^^^^^^^^^^^^^^^^^^^^^^^^^^^^^^^^^^^^
[INFO] [stderr] 
[INFO] [stderr] warning: unused import: `uniswap_v2_factory_contract::*`
[INFO] [stderr]  --> src/bindings/uniswap_v2_factory.rs:1:9
[INFO] [stderr]   |
[INFO] [stderr] 1 | pub use uniswap_v2_factory_contract::*;
[INFO] [stderr]   |         ^^^^^^^^^^^^^^^^^^^^^^^^^^^^^^
[INFO] [stderr] 
[INFO] [stderr] warning: unused import: `uniswap_v_2_router_1_contract::*`
[INFO] [stderr]  --> src/bindings/uniswap_v2_router_1.rs:1:9
[INFO] [stderr]   |
[INFO] [stderr] 1 | pub use uniswap_v_2_router_1_contract::*;
[INFO] [stderr]   |         ^^^^^^^^^^^^^^^^^^^^^^^^^^^^^^^^
[INFO] [stderr] 
[INFO] [stderr] warning: unused import: `uniswap_v3_factory_contract::*`
[INFO] [stderr]  --> src/bindings/uniswap_v3_factory.rs:1:9
[INFO] [stderr]   |
[INFO] [stderr] 1 | pub use uniswap_v3_factory_contract::*;
[INFO] [stderr]   |         ^^^^^^^^^^^^^^^^^^^^^^^^^^^^^^
[INFO] [stderr] 
[INFO] [stderr] warning: unused import: `uni_v3_swap_router_1_contract::*`
[INFO] [stderr]  --> src/bindings/uniswap_v3_router_1.rs:1:9
[INFO] [stderr]   |
[INFO] [stderr] 1 | pub use uni_v3_swap_router_1_contract::*;
[INFO] [stderr]   |         ^^^^^^^^^^^^^^^^^^^^^^^^^^^^^^^^
[INFO] [stderr] 
[INFO] [stderr] warning: unused import: `uni_v3_swap_router_2::*`
[INFO] [stderr]  --> src/bindings/uniswap_v3_router_2.rs:1:9
[INFO] [stderr]   |
[INFO] [stderr] 1 | pub use uni_v3_swap_router_2::*;
[INFO] [stderr]   |         ^^^^^^^^^^^^^^^^^^^^^^^
[INFO] [stderr] 
[INFO] [stderr] warning: unused import: `uniswap_v3_weth_dai_lp_contract::*`
[INFO] [stderr]  --> src/bindings/uniswap_v3_weth_dai_lp.rs:1:9
[INFO] [stderr]   |
[INFO] [stderr] 1 | pub use uniswap_v3_weth_dai_lp_contract::*;
[INFO] [stderr]   |         ^^^^^^^^^^^^^^^^^^^^^^^^^^^^^^^^^^
[INFO] [stderr] 
[INFO] [stderr] warning: unused import: `usdc_contract::*`
[INFO] [stderr]  --> src/bindings/usdc.rs:1:9
[INFO] [stderr]   |
[INFO] [stderr] 1 | pub use usdc_contract::*;
[INFO] [stderr]   |         ^^^^^^^^^^^^^^^^
[INFO] [stderr] 
[INFO] [stderr] warning: unused import: `usdt_contract::*`
[INFO] [stderr]  --> src/bindings/usdt.rs:1:9
[INFO] [stderr]   |
[INFO] [stderr] 1 | pub use usdt_contract::*;
[INFO] [stderr]   |         ^^^^^^^^^^^^^^^^
[INFO] [stderr] 
[INFO] [stderr] warning: unused import: `weth_contract::*`
[INFO] [stderr]  --> src/bindings/weth.rs:1:9
[INFO] [stderr]   |
[INFO] [stderr] 1 | pub use weth_contract::*;
[INFO] [stderr]   |         ^^^^^^^^^^^^^^^^
[INFO] [stderr] 
[INFO] [stderr] warning: `swap-optimizer` (lib) generated 11 warnings (run `cargo fix --lib -p swap-optimizer` to apply 11 suggestions)
[INFO] [stderr] warning: `swap-optimizer` (lib test) generated 11 warnings (11 duplicates)
[INFO] [stderr]     Finished test [unoptimized + debuginfo] target(s) in 0.69s
[INFO] [stderr]      Running unittests src/lib.rs (/opt/rustwide/target/debug/deps/swap_optimizer-95a036b24e6eb56f)
[INFO] [stderr] [2024-01-06T11:25:36Z ERROR swap_optimizer::arb_pool::test] Error: environment variable not found
[INFO] [stdout] 
[INFO] [stdout] running 3 tests
[INFO] [stdout] test v2::swap::test::test_v2_swap ... ignored
[INFO] [stdout] test v3::swap::test::test_v3_swap ... ignored
[INFO] [stdout] test arb_pool::test::test_calc_optimal_arb ... FAILED
[INFO] [stdout] 
[INFO] [stdout] failures:
[INFO] [stdout] 
[INFO] [stdout] ---- arb_pool::test::test_calc_optimal_arb stdout ----
[INFO] [stdout] thread 'arb_pool::test::test_calc_optimal_arb' panicked at src/arb_pool.rs:523:82:
[INFO] [stdout] called `Result::unwrap()` on an `Err` value: RelativeUrlWithoutBase
[INFO] [stdout] stack backtrace:
[INFO] [stdout]    0:     0x55ecc8dab77c - std::backtrace_rs::backtrace::libunwind::trace::ha637c64ce894333a
[INFO] [stdout]                                at /rustc/82e1608dfa6e0b5569232559e3d385fea5a93112/library/std/src/../../backtrace/src/backtrace/libunwind.rs:104:5
[INFO] [stdout]    1:     0x55ecc8dab77c - std::backtrace_rs::backtrace::trace_unsynchronized::h47f62dea28e0c88d
[INFO] [stdout]                                at /rustc/82e1608dfa6e0b5569232559e3d385fea5a93112/library/std/src/../../backtrace/src/backtrace/mod.rs:66:5
[INFO] [stdout]    2:     0x55ecc8dab77c - std::sys_common::backtrace::_print_fmt::h9eef0abe20ede486
[INFO] [stdout]                                at /rustc/82e1608dfa6e0b5569232559e3d385fea5a93112/library/std/src/sys_common/backtrace.rs:67:5
[INFO] [stdout]    3:     0x55ecc8dab77c - <std::sys_common::backtrace::_print::DisplayBacktrace as core::fmt::Display>::fmt::hed7f999df88cc644
[INFO] [stdout]                                at /rustc/82e1608dfa6e0b5569232559e3d385fea5a93112/library/std/src/sys_common/backtrace.rs:44:22
[INFO] [stdout]    4:     0x55ecc8dda8c0 - core::fmt::rt::Argument::fmt::h1539a9308b8d058d
[INFO] [stdout]                                at /rustc/82e1608dfa6e0b5569232559e3d385fea5a93112/library/core/src/fmt/rt.rs:142:9
[INFO] [stdout]    5:     0x55ecc8dda8c0 - core::fmt::write::h3a39390d8560d9c9
[INFO] [stdout]                                at /rustc/82e1608dfa6e0b5569232559e3d385fea5a93112/library/core/src/fmt/mod.rs:1120:17
[INFO] [stdout]    6:     0x55ecc8da839f - std::io::Write::write_fmt::h040b369f3a0f9cbc
[INFO] [stdout]                                at /rustc/82e1608dfa6e0b5569232559e3d385fea5a93112/library/std/src/io/mod.rs:1762:15
[INFO] [stdout]    7:     0x55ecc8dab564 - std::sys_common::backtrace::_print::h894006fb5c6f3d45
[INFO] [stdout]                                at /rustc/82e1608dfa6e0b5569232559e3d385fea5a93112/library/std/src/sys_common/backtrace.rs:47:5
[INFO] [stdout]    8:     0x55ecc8dab564 - std::sys_common::backtrace::print::h23a2d212c6fff936
[INFO] [stdout]                                at /rustc/82e1608dfa6e0b5569232559e3d385fea5a93112/library/std/src/sys_common/backtrace.rs:34:9
[INFO] [stdout]    9:     0x55ecc8dad227 - std::panicking::default_hook::{{closure}}::h8a1d2ee00185001a
[INFO] [stdout]   10:     0x55ecc8dacf13 - std::panicking::default_hook::h6038f2eba384e475
[INFO] [stdout]                                at /rustc/82e1608dfa6e0b5569232559e3d385fea5a93112/library/std/src/panicking.rs:289:9
[INFO] [stdout]   11:     0x55ecc81a37b7 - <alloc::boxed::Box<F,A> as core::ops::function::Fn<Args>>::call::h0ad024c9bdc6d768
[INFO] [stdout]                                at /rustc/82e1608dfa6e0b5569232559e3d385fea5a93112/library/alloc/src/boxed.rs:2021:9
[INFO] [stdout]   12:     0x55ecc81a37b7 - test::test_main::{{closure}}::h7500b54257359db6
[INFO] [stdout]                                at /rustc/82e1608dfa6e0b5569232559e3d385fea5a93112/library/test/src/lib.rs:138:21
[INFO] [stdout]   13:     0x55ecc8dad838 - <alloc::boxed::Box<F,A> as core::ops::function::Fn<Args>>::call::h1f8f335eaa9cfaee
[INFO] [stdout]                                at /rustc/82e1608dfa6e0b5569232559e3d385fea5a93112/library/alloc/src/boxed.rs:2021:9
[INFO] [stdout]   14:     0x55ecc8dad838 - std::panicking::rust_panic_with_hook::h2b5517d590cab22e
[INFO] [stdout]                                at /rustc/82e1608dfa6e0b5569232559e3d385fea5a93112/library/std/src/panicking.rs:783:13
[INFO] [stdout]   15:     0x55ecc8dad58e - std::panicking::begin_panic_handler::{{closure}}::h233112c06e0ef43e
[INFO] [stdout]                                at /rustc/82e1608dfa6e0b5569232559e3d385fea5a93112/library/std/src/panicking.rs:657:13
[INFO] [stdout]   16:     0x55ecc8dabc46 - std::sys_common::backtrace::__rust_end_short_backtrace::h6e893f24d7ebbff8
[INFO] [stdout]                                at /rustc/82e1608dfa6e0b5569232559e3d385fea5a93112/library/std/src/sys_common/backtrace.rs:170:18
[INFO] [stdout]   17:     0x55ecc8dad2f2 - rust_begin_unwind
[INFO] [stdout]                                at /rustc/82e1608dfa6e0b5569232559e3d385fea5a93112/library/std/src/panicking.rs:645:5
[INFO] [stdout]   18:     0x55ecc8006695 - core::panicking::panic_fmt::hbf0e066aabfa482c
[INFO] [stdout]                                at /rustc/82e1608dfa6e0b5569232559e3d385fea5a93112/library/core/src/panicking.rs:72:14
[INFO] [stdout]   19:     0x55ecc8006cc3 - core::result::unwrap_failed::hddb4fea594200c52
[INFO] [stdout]                                at /rustc/82e1608dfa6e0b5569232559e3d385fea5a93112/library/core/src/result.rs:1653:5
[INFO] [stdout]   20:     0x55ecc8334e5a - core::result::Result<T,E>::unwrap::hac8701c850d05861
[INFO] [stdout]                                at /rustc/82e1608dfa6e0b5569232559e3d385fea5a93112/library/core/src/result.rs:1077:23
[INFO] [stdout]   21:     0x55ecc811f747 - swap_optimizer::arb_pool::test::setup::{{closure}}::h5f7c1efe4d3acf89
[INFO] [stdout]                                at /opt/rustwide/workdir/src/arb_pool.rs:523:29
[INFO] [stdout]   22:     0x55ecc81227d5 - swap_optimizer::arb_pool::test::test_calc_optimal_arb::{{closure}}::hd256f25fd2d0093a
[INFO] [stdout]                                at /opt/rustwide/workdir/src/arb_pool.rs:550:48
[INFO] [stdout]   23:     0x55ecc8034f3b - <core::pin::Pin<P> as core::future::future::Future>::poll::h91a8d2cc754247be
[INFO] [stdout]                                at /rustc/82e1608dfa6e0b5569232559e3d385fea5a93112/library/core/src/future/future.rs:125:9
[INFO] [stdout]   24:     0x55ecc8034c4b - <core::pin::Pin<P> as core::future::future::Future>::poll::h34c174d8a48acae9
[INFO] [stdout]                                at /rustc/82e1608dfa6e0b5569232559e3d385fea5a93112/library/core/src/future/future.rs:125:9
[INFO] [stdout]   25:     0x55ecc8044374 - tokio::runtime::scheduler::current_thread::CoreGuard::block_on::{{closure}}::{{closure}}::{{closure}}::hb8441d2151635eb4
[INFO] [stdout]                                at /opt/rustwide/cargo-home/registry/src/index.crates.io-6f17d22bba15001f/tokio-1.32.0/src/runtime/scheduler/current_thread/mod.rs:665:57
[INFO] [stdout]   26:     0x55ecc8044290 - tokio::runtime::coop::with_budget::hc5f0daf0cbce3833
[INFO] [stdout]                                at /opt/rustwide/cargo-home/registry/src/index.crates.io-6f17d22bba15001f/tokio-1.32.0/src/runtime/coop.rs:107:5
[INFO] [stdout]   27:     0x55ecc8044290 - tokio::runtime::coop::budget::h32adc76ce51636ee
[INFO] [stdout]                                at /opt/rustwide/cargo-home/registry/src/index.crates.io-6f17d22bba15001f/tokio-1.32.0/src/runtime/coop.rs:73:5
[INFO] [stdout]   28:     0x55ecc8044290 - tokio::runtime::scheduler::current_thread::CoreGuard::block_on::{{closure}}::{{closure}}::h1eb7ee38ae0a1d57
[INFO] [stdout]                                at /opt/rustwide/cargo-home/registry/src/index.crates.io-6f17d22bba15001f/tokio-1.32.0/src/runtime/scheduler/current_thread/mod.rs:665:25
[INFO] [stdout]   29:     0x55ecc8042b3a - tokio::runtime::scheduler::current_thread::Context::enter::h246371b45703d1a5
[INFO] [stdout]                                at /opt/rustwide/cargo-home/registry/src/index.crates.io-6f17d22bba15001f/tokio-1.32.0/src/runtime/scheduler/current_thread/mod.rs:410:19
[INFO] [stdout]   30:     0x55ecc8043a1e - tokio::runtime::scheduler::current_thread::CoreGuard::block_on::{{closure}}::h526eec516214b7a1
[INFO] [stdout]                                at /opt/rustwide/cargo-home/registry/src/index.crates.io-6f17d22bba15001f/tokio-1.32.0/src/runtime/scheduler/current_thread/mod.rs:664:36
[INFO] [stdout]   31:     0x55ecc8043722 - tokio::runtime::scheduler::current_thread::CoreGuard::enter::{{closure}}::ha8b842fdd1a7a9cb
[INFO] [stdout]                                at /opt/rustwide/cargo-home/registry/src/index.crates.io-6f17d22bba15001f/tokio-1.32.0/src/runtime/scheduler/current_thread/mod.rs:743:68
[INFO] [stdout]   32:     0x55ecc804233a - tokio::runtime::context::scoped::Scoped<T>::set::hac4b54a332c7b708
[INFO] [stdout]                                at /opt/rustwide/cargo-home/registry/src/index.crates.io-6f17d22bba15001f/tokio-1.32.0/src/runtime/context/scoped.rs:40:9
[INFO] [stdout]   33:     0x55ecc807273a - tokio::runtime::context::set_scheduler::{{closure}}::h20867ddf851f4e0f
[INFO] [stdout]                                at /opt/rustwide/cargo-home/registry/src/index.crates.io-6f17d22bba15001f/tokio-1.32.0/src/runtime/context.rs:176:26
[INFO] [stdout]   34:     0x55ecc80594e3 - std::thread::local::LocalKey<T>::try_with::h1d8243efbf4e055d
[INFO] [stdout]                                at /rustc/82e1608dfa6e0b5569232559e3d385fea5a93112/library/std/src/thread/local.rs:270:16
[INFO] [stdout]   35:     0x55ecc805910d - std::thread::local::LocalKey<T>::with::h1e6218edc84edfdb
[INFO] [stdout]                                at /rustc/82e1608dfa6e0b5569232559e3d385fea5a93112/library/std/src/thread/local.rs:246:9
[INFO] [stdout]   36:     0x55ecc80726e1 - tokio::runtime::context::set_scheduler::h43ae3c021c7a9704
[INFO] [stdout]                                at /opt/rustwide/cargo-home/registry/src/index.crates.io-6f17d22bba15001f/tokio-1.32.0/src/runtime/context.rs:176:9
[INFO] [stdout]   37:     0x55ecc8043479 - tokio::runtime::scheduler::current_thread::CoreGuard::enter::h810ea5605000cf9a
[INFO] [stdout]                                at /opt/rustwide/cargo-home/registry/src/index.crates.io-6f17d22bba15001f/tokio-1.32.0/src/runtime/scheduler/current_thread/mod.rs:743:27
[INFO] [stdout]   38:     0x55ecc804374d - tokio::runtime::scheduler::current_thread::CoreGuard::block_on::hfddb7dff6a2cffc5
[INFO] [stdout]                                at /opt/rustwide/cargo-home/registry/src/index.crates.io-6f17d22bba15001f/tokio-1.32.0/src/runtime/scheduler/current_thread/mod.rs:652:19
[INFO] [stdout]   39:     0x55ecc8042556 - tokio::runtime::scheduler::current_thread::CurrentThread::block_on::{{closure}}::he20cdb75e71bfd75
[INFO] [stdout]                                at /opt/rustwide/cargo-home/registry/src/index.crates.io-6f17d22bba15001f/tokio-1.32.0/src/runtime/scheduler/current_thread/mod.rs:175:28
[INFO] [stdout]   40:     0x55ecc808ee4a - tokio::runtime::context::runtime::enter_runtime::hf448abf5a9c27ec1
[INFO] [stdout]                                at /opt/rustwide/cargo-home/registry/src/index.crates.io-6f17d22bba15001f/tokio-1.32.0/src/runtime/context/runtime.rs:65:16
[INFO] [stdout]   41:     0x55ecc8042450 - tokio::runtime::scheduler::current_thread::CurrentThread::block_on::hb9ced396f026f3ea
[INFO] [stdout]                                at /opt/rustwide/cargo-home/registry/src/index.crates.io-6f17d22bba15001f/tokio-1.32.0/src/runtime/scheduler/current_thread/mod.rs:167:9
[INFO] [stdout]   42:     0x55ecc8106609 - tokio::runtime::runtime::Runtime::block_on::h314567e8d535fb11
[INFO] [stdout]                                at /opt/rustwide/cargo-home/registry/src/index.crates.io-6f17d22bba15001f/tokio-1.32.0/src/runtime/runtime.rs:347:47
[INFO] [stdout]   43:     0x55ecc812245c - swap_optimizer::arb_pool::test::test_calc_optimal_arb::h2dffdf5236809f58
[INFO] [stdout]                                at /opt/rustwide/workdir/src/arb_pool.rs:681:9
[INFO] [stdout]   44:     0x55ecc81222c7 - swap_optimizer::arb_pool::test::test_calc_optimal_arb::{{closure}}::hf9c7de90904dd298
[INFO] [stdout]                                at /opt/rustwide/workdir/src/arb_pool.rs:549:41
[INFO] [stdout]   45:     0x55ecc80077a6 - core::ops::function::FnOnce::call_once::h92fe4997e7a6d3f5
[INFO] [stdout]                                at /rustc/82e1608dfa6e0b5569232559e3d385fea5a93112/library/core/src/ops/function.rs:250:5
[INFO] [stdout]   46:     0x55ecc81a8e0f - core::ops::function::FnOnce::call_once::h2b5d431d5046312d
[INFO] [stdout]                                at /rustc/82e1608dfa6e0b5569232559e3d385fea5a93112/library/core/src/ops/function.rs:250:5
[INFO] [stdout]   47:     0x55ecc81a8e0f - test::__rust_begin_short_backtrace::h7714669af176e207
[INFO] [stdout]                                at /rustc/82e1608dfa6e0b5569232559e3d385fea5a93112/library/test/src/lib.rs:628:18
[INFO] [stdout]   48:     0x55ecc81a7e25 - test::run_test_in_process::{{closure}}::h85218797dcbcec12
[INFO] [stdout]                                at /rustc/82e1608dfa6e0b5569232559e3d385fea5a93112/library/test/src/lib.rs:651:60
[INFO] [stdout]   49:     0x55ecc81a7e25 - <core::panic::unwind_safe::AssertUnwindSafe<F> as core::ops::function::FnOnce<()>>::call_once::h76c106ea31c14d7b
[INFO] [stdout]                                at /rustc/82e1608dfa6e0b5569232559e3d385fea5a93112/library/core/src/panic/unwind_safe.rs:272:9
[INFO] [stdout]   50:     0x55ecc81a7e25 - std::panicking::try::do_call::h3bd5d0f6620ee946
[INFO] [stdout]                                at /rustc/82e1608dfa6e0b5569232559e3d385fea5a93112/library/std/src/panicking.rs:552:40
[INFO] [stdout]   51:     0x55ecc81a7e25 - std::panicking::try::h232e535e4744fe31
[INFO] [stdout]                                at /rustc/82e1608dfa6e0b5569232559e3d385fea5a93112/library/std/src/panicking.rs:516:19
[INFO] [stdout]   52:     0x55ecc81a7e25 - std::panic::catch_unwind::h3ce3bd6ca8dbac68
[INFO] [stdout]                                at /rustc/82e1608dfa6e0b5569232559e3d385fea5a93112/library/std/src/panic.rs:142:14
[INFO] [stdout]   53:     0x55ecc81a7e25 - test::run_test_in_process::hc97b257c9621286a
[INFO] [stdout]                                at /rustc/82e1608dfa6e0b5569232559e3d385fea5a93112/library/test/src/lib.rs:651:27
[INFO] [stdout]   54:     0x55ecc81a7e25 - test::run_test::{{closure}}::h2aa798823a438d38
[INFO] [stdout]                                at /rustc/82e1608dfa6e0b5569232559e3d385fea5a93112/library/test/src/lib.rs:574:43
[INFO] [stdout]   55:     0x55ecc81700e6 - test::run_test::{{closure}}::h87d231c78fb59832
[INFO] [stdout]                                at /rustc/82e1608dfa6e0b5569232559e3d385fea5a93112/library/test/src/lib.rs:602:41
[INFO] [stdout]   56:     0x55ecc81700e6 - std::sys_common::backtrace::__rust_begin_short_backtrace::he6df152596625789
[INFO] [stdout]                                at /rustc/82e1608dfa6e0b5569232559e3d385fea5a93112/library/std/src/sys_common/backtrace.rs:154:18
[INFO] [stdout]   57:     0x55ecc8175197 - std::thread::Builder::spawn_unchecked_::{{closure}}::{{closure}}::ha94be15d1e0acf36
[INFO] [stdout]                                at /rustc/82e1608dfa6e0b5569232559e3d385fea5a93112/library/std/src/thread/mod.rs:529:17
[INFO] [stdout]   58:     0x55ecc8175197 - <core::panic::unwind_safe::AssertUnwindSafe<F> as core::ops::function::FnOnce<()>>::call_once::h9dc6bd6372f16606
[INFO] [stdout]                                at /rustc/82e1608dfa6e0b5569232559e3d385fea5a93112/library/core/src/panic/unwind_safe.rs:272:9
[INFO] [stdout]   59:     0x55ecc8175197 - std::panicking::try::do_call::h9057517f80303cd4
[INFO] [stdout]                                at /rustc/82e1608dfa6e0b5569232559e3d385fea5a93112/library/std/src/panicking.rs:552:40
[INFO] [stdout]   60:     0x55ecc8175197 - std::panicking::try::he3a30b11ee45340c
[INFO] [stdout]                                at /rustc/82e1608dfa6e0b5569232559e3d385fea5a93112/library/std/src/panicking.rs:516:19
[INFO] [stdout]   61:     0x55ecc8175197 - std::panic::catch_unwind::h410458cfd3528b8b
[INFO] [stdout]                                at /rustc/82e1608dfa6e0b5569232559e3d385fea5a93112/library/std/src/panic.rs:142:14
[INFO] [stdout]   62:     0x55ecc8175197 - std::thread::Builder::spawn_unchecked_::{{closure}}::h72ac3bdb567b737b
[INFO] [stdout]                                at /rustc/82e1608dfa6e0b5569232559e3d385fea5a93112/library/std/src/thread/mod.rs:528:30
[INFO] [stdout]   63:     0x55ecc8175197 - core::ops::function::FnOnce::call_once{{vtable.shim}}::h38f34da3654a8344
[INFO] [stdout]                                at /rustc/82e1608dfa6e0b5569232559e3d385fea5a93112/library/core/src/ops/function.rs:250:5
[INFO] [stdout]   64:     0x55ecc8db2645 - <alloc::boxed::Box<F,A> as core::ops::function::FnOnce<Args>>::call_once::hc7eafaff61e32df9
[INFO] [stdout]                                at /rustc/82e1608dfa6e0b5569232559e3d385fea5a93112/library/alloc/src/boxed.rs:2007:9
[INFO] [stdout]   65:     0x55ecc8db2645 - <alloc::boxed::Box<F,A> as core::ops::function::FnOnce<Args>>::call_once::h6ba4a5de48dd2304
[INFO] [stdout]                                at /rustc/82e1608dfa6e0b5569232559e3d385fea5a93112/library/alloc/src/boxed.rs:2007:9
[INFO] [stdout]   66:     0x55ecc8db2645 - std::sys::unix::thread::Thread::new::thread_start::he469335aef763e45
[INFO] [stdout]                                at /rustc/82e1608dfa6e0b5569232559e3d385fea5a93112/library/std/src/sys/unix/thread.rs:108:17
[INFO] [stdout]   67:     0x7f03860cbac3 - <unknown>
[INFO] [stdout]   68:     0x7f038615cbf4 - __clone
[INFO] [stdout]   69:                0x0 - <unknown>
[INFO] [stdout] 
[INFO] [stdout] 
[INFO] [stdout] failures:
[INFO] [stdout]     arb_pool::test::test_calc_optimal_arb
[INFO] [stdout] 
[INFO] [stdout] test result: FAILED. 0 passed; 1 failed; 2 ignored; 0 measured; 0 filtered out; finished in 0.31s
[INFO] [stdout] 
[INFO] [stderr] error: test failed, to rerun pass `--lib`
[INFO] running `Command { std: "docker" "inspect" "7f74059f30996889fd8787185ddb162e1cd77ea6f87727e4037062ddaa2b75ac", kill_on_drop: false }`
[INFO] running `Command { std: "docker" "rm" "-f" "7f74059f30996889fd8787185ddb162e1cd77ea6f87727e4037062ddaa2b75ac", kill_on_drop: false }`
[INFO] [stdout] 7f74059f30996889fd8787185ddb162e1cd77ea6f87727e4037062ddaa2b75ac
