[INFO] cloning repository https://github.com/psqli/sonoff-rs
[INFO] running `Command { std: "git" "-c" "credential.helper=" "-c" "credential.helper=/workspace/cargo-home/bin/git-credential-null" "clone" "--bare" "https://github.com/psqli/sonoff-rs" "/workspace/cache/git-repos/https%3A%2F%2Fgithub.com%2Fpsqli%2Fsonoff-rs", kill_on_drop: false }`
[INFO] [stderr] Cloning into bare repository '/workspace/cache/git-repos/https%3A%2F%2Fgithub.com%2Fpsqli%2Fsonoff-rs'...
[INFO] running `Command { std: "git" "rev-parse" "HEAD", kill_on_drop: false }`
[INFO] [stdout] a95b2cf55b9413f2d9d7bc7b206aece46e7a71a0
[INFO] testing psqli/sonoff-rs against 1.75.0 for beta-1.76-1
[INFO] running `Command { std: "git" "clone" "/workspace/cache/git-repos/https%3A%2F%2Fgithub.com%2Fpsqli%2Fsonoff-rs" "/workspace/builds/worker-7-tc1/source", kill_on_drop: false }`
[INFO] [stderr] Cloning into '/workspace/builds/worker-7-tc1/source'...
[INFO] [stderr] done.
[INFO] validating manifest of git repo https://github.com/psqli/sonoff-rs on toolchain 1.75.0
[INFO] running `Command { std: CARGO_HOME="/workspace/cargo-home" RUSTUP_HOME="/workspace/rustup-home" "/workspace/cargo-home/bin/cargo" "+1.75.0" "metadata" "--manifest-path" "Cargo.toml" "--no-deps", kill_on_drop: false }`
[INFO] started tweaking git repo https://github.com/psqli/sonoff-rs
[INFO] finished tweaking git repo https://github.com/psqli/sonoff-rs
[INFO] tweaked toml for git repo https://github.com/psqli/sonoff-rs written to /workspace/builds/worker-7-tc1/source/Cargo.toml
[INFO] crate git repo https://github.com/psqli/sonoff-rs already has a lockfile, it will not be regenerated
[INFO] running `Command { std: CARGO_HOME="/workspace/cargo-home" RUSTUP_HOME="/workspace/rustup-home" "/workspace/cargo-home/bin/cargo" "+1.75.0" "fetch" "--manifest-path" "Cargo.toml", kill_on_drop: false }`
[INFO] [stderr] warning: virtual workspace defaulting to `resolver = "1"` despite one or more workspace members being on edition 2021 which implies `resolver = "2"`
[INFO] [stderr] note: to keep the current resolver, specify `workspace.resolver = "1"` in the workspace root's manifest
[INFO] [stderr] note: to use the edition 2021 resolver, specify `workspace.resolver = "2"` in the workspace root's manifest
[INFO] [stderr] note: for more details see https://doc.rust-lang.org/cargo/reference/resolver.html#resolver-versions
[INFO] running `Command { std: "docker" "create" "-v" "/var/lib/crater-agent-workspace/builds/worker-7-tc1/target:/opt/rustwide/target:rw,Z" "-v" "/var/lib/crater-agent-workspace/builds/worker-7-tc1/source:/opt/rustwide/workdir:ro,Z" "-v" "/var/lib/crater-agent-workspace/cargo-home:/opt/rustwide/cargo-home:ro,Z" "-v" "/var/lib/crater-agent-workspace/rustup-home:/opt/rustwide/rustup-home:ro,Z" "-e" "SOURCE_DIR=/opt/rustwide/workdir" "-e" "CARGO_TARGET_DIR=/opt/rustwide/target" "-e" "CARGO_HOME=/opt/rustwide/cargo-home" "-e" "RUSTUP_HOME=/opt/rustwide/rustup-home" "-w" "/opt/rustwide/workdir" "-m" "1610612736" "--user" "0:0" "--network" "none" "ghcr.io/rust-lang/crates-build-env/linux@sha256:2788e3201cd34a07e3172128adcd8b3090168a8e3bcc40d7c032b9dda1df7d1c" "/opt/rustwide/cargo-home/bin/cargo" "+1.75.0" "metadata" "--no-deps" "--format-version=1", kill_on_drop: false }`
[INFO] [stdout] 32bdf42bdfe8c696feccd547f18e9f289a2fbbf6220a8aa908462763e0d42168
[INFO] running `Command { std: "docker" "start" "-a" "32bdf42bdfe8c696feccd547f18e9f289a2fbbf6220a8aa908462763e0d42168", kill_on_drop: false }`
[INFO] running `Command { std: "docker" "inspect" "32bdf42bdfe8c696feccd547f18e9f289a2fbbf6220a8aa908462763e0d42168", kill_on_drop: false }`
[INFO] running `Command { std: "docker" "rm" "-f" "32bdf42bdfe8c696feccd547f18e9f289a2fbbf6220a8aa908462763e0d42168", kill_on_drop: false }`
[INFO] [stdout] 32bdf42bdfe8c696feccd547f18e9f289a2fbbf6220a8aa908462763e0d42168
[INFO] running `Command { std: "docker" "create" "-v" "/var/lib/crater-agent-workspace/builds/worker-7-tc1/target:/opt/rustwide/target:rw,Z" "-v" "/var/lib/crater-agent-workspace/builds/worker-7-tc1/source:/opt/rustwide/workdir:ro,Z" "-v" "/var/lib/crater-agent-workspace/cargo-home:/opt/rustwide/cargo-home:ro,Z" "-v" "/var/lib/crater-agent-workspace/rustup-home:/opt/rustwide/rustup-home:ro,Z" "-e" "SOURCE_DIR=/opt/rustwide/workdir" "-e" "CARGO_TARGET_DIR=/opt/rustwide/target" "-e" "CARGO_INCREMENTAL=0" "-e" "RUST_BACKTRACE=full" "-e" "RUSTFLAGS=--cap-lints=warn" "-e" "RUSTDOCFLAGS=--cap-lints=warn" "-e" "CARGO_HOME=/opt/rustwide/cargo-home" "-e" "RUSTUP_HOME=/opt/rustwide/rustup-home" "-w" "/opt/rustwide/workdir" "-m" "1610612736" "--user" "0:0" "--network" "none" "ghcr.io/rust-lang/crates-build-env/linux@sha256:2788e3201cd34a07e3172128adcd8b3090168a8e3bcc40d7c032b9dda1df7d1c" "/opt/rustwide/cargo-home/bin/cargo" "+1.75.0" "build" "--frozen" "--message-format=json", kill_on_drop: false }`
[INFO] [stdout] b792a385fcaf89bb6048ee874e33f5fefb291ac6ecbb1a41980e7d424196af07
[INFO] running `Command { std: "docker" "start" "-a" "b792a385fcaf89bb6048ee874e33f5fefb291ac6ecbb1a41980e7d424196af07", kill_on_drop: false }`
[INFO] [stderr] warning: virtual workspace defaulting to `resolver = "1"` despite one or more workspace members being on edition 2021 which implies `resolver = "2"`
[INFO] [stderr] note: to keep the current resolver, specify `workspace.resolver = "1"` in the workspace root's manifest
[INFO] [stderr] note: to use the edition 2021 resolver, specify `workspace.resolver = "2"` in the workspace root's manifest
[INFO] [stderr] note: for more details see https://doc.rust-lang.org/cargo/reference/resolver.html#resolver-versions
[INFO] [stderr]    Compiling proc-macro2 v1.0.59
[INFO] [stderr]    Compiling quote v1.0.28
[INFO] [stderr]    Compiling unicode-ident v1.0.9
[INFO] [stderr]    Compiling libc v0.2.144
[INFO] [stderr]    Compiling autocfg v1.1.0
[INFO] [stderr]    Compiling once_cell v1.17.1
[INFO] [stderr]    Compiling cfg-if v1.0.0
[INFO] [stderr]    Compiling pin-project-lite v0.2.9
[INFO] [stderr]    Compiling bitflags v1.3.2
[INFO] [stderr]    Compiling pkg-config v0.3.27
[INFO] [stderr]    Compiling cc v1.0.79
[INFO] [stderr]    Compiling bytes v1.4.0
[INFO] [stderr]    Compiling futures-core v0.3.28
[INFO] [stderr]    Compiling tokio v1.28.2
[INFO] [stderr]    Compiling log v0.4.18
[INFO] [stderr]    Compiling itoa v1.0.6
[INFO] [stderr]    Compiling futures-task v0.3.28
[INFO] [stderr]    Compiling slab v0.4.8
[INFO] [stderr]    Compiling indexmap v1.9.3
[INFO] [stderr]    Compiling tracing-core v0.1.31
[INFO] [stderr]    Compiling io-lifetimes v1.0.11
[INFO] [stderr]    Compiling openssl v0.10.52
[INFO] [stderr]    Compiling futures-util v0.3.28
[INFO] [stderr]    Compiling foreign-types-shared v0.1.1
[INFO] [stderr]    Compiling syn v2.0.18
[INFO] [stderr]    Compiling fnv v1.0.7
[INFO] [stderr]    Compiling http v0.2.9
[INFO] [stderr]    Compiling foreign-types v0.3.2
[INFO] [stderr]    Compiling tracing v0.1.37
[INFO] [stderr]    Compiling tinyvec_macros v0.1.1
[INFO] [stderr]    Compiling futures-channel v0.3.28
[INFO] [stderr]    Compiling native-tls v0.2.11
[INFO] [stderr]    Compiling futures-sink v0.3.28
[INFO] [stderr]    Compiling rustix v0.37.19
[INFO] [stderr]    Compiling openssl-sys v0.9.87
[INFO] [stderr]    Compiling pin-utils v0.1.0
[INFO] [stderr]    Compiling socket2 v0.4.9
[INFO] [stderr]    Compiling mio v0.8.7
[INFO] [stderr]    Compiling httparse v1.8.0
[INFO] [stderr]    Compiling serde v1.0.163
[INFO] [stderr]    Compiling hashbrown v0.12.3
[INFO] [stderr]    Compiling tinyvec v1.6.0
[INFO] [stderr]    Compiling percent-encoding v2.2.0
[INFO] [stderr]    Compiling try-lock v0.2.4
[INFO] [stderr]    Compiling openssl-probe v0.1.5
[INFO] [stderr]    Compiling linux-raw-sys v0.3.8
[INFO] [stderr]    Compiling want v0.3.0
[INFO] [stderr]    Compiling form_urlencoded v1.1.0
[INFO] [stderr]    Compiling http-body v0.4.5
[INFO] [stderr]    Compiling unicode-normalization v0.1.22
[INFO] [stderr]    Compiling tower-service v0.3.2
[INFO] [stderr]    Compiling utf8parse v0.2.1
[INFO] [stderr]    Compiling httpdate v1.0.2
[INFO] [stderr]    Compiling unicode-bidi v0.3.13
[INFO] [stderr]    Compiling ryu v1.0.13
[INFO] [stderr]    Compiling anstyle-parse v0.2.0
[INFO] [stderr]    Compiling anyhow v1.0.71
[INFO] [stderr]    Compiling anstyle v1.0.0
[INFO] [stderr]    Compiling colorchoice v1.0.0
[INFO] [stderr]    Compiling async-trait v0.1.68
[INFO] [stderr]    Compiling anstyle-query v1.0.0
[INFO] [stderr]    Compiling serde_json v1.0.96
[INFO] [stderr]    Compiling idna v0.3.0
[INFO] [stderr]    Compiling encoding_rs v0.8.32
[INFO] [stderr]    Compiling clap_lex v0.5.0
[INFO] [stderr]    Compiling mime v0.3.17
[INFO] [stderr]    Compiling heck v0.4.1
[INFO] [stderr]    Compiling strsim v0.10.0
[INFO] [stderr]    Compiling ipnet v2.7.2
[INFO] [stderr]    Compiling base64 v0.21.2
[INFO] [stderr]    Compiling url v2.3.1
[INFO] [stderr]    Compiling tokio-macros v2.1.0
[INFO] [stderr]    Compiling openssl-macros v0.1.1
[INFO] [stderr]    Compiling serde_derive v1.0.163
[INFO] [stderr]    Compiling is-terminal v0.4.7
[INFO] [stderr]    Compiling anstream v0.3.2
[INFO] [stderr]    Compiling clap_derive v4.3.0
[INFO] [stderr]    Compiling clap_builder v4.3.0
[INFO] [stderr]    Compiling clap v4.3.0
[INFO] [stderr]    Compiling tokio-util v0.7.8
[INFO] [stderr]    Compiling tokio-native-tls v0.3.1
[INFO] [stderr]    Compiling h2 v0.3.19
[INFO] [stderr]    Compiling serde_urlencoded v0.7.1
[INFO] [stderr]    Compiling hyper v0.14.26
[INFO] [stderr]    Compiling hyper-tls v0.5.0
[INFO] [stderr]    Compiling reqwest v0.11.18
[INFO] [stderr]    Compiling sonoff-lib v0.1.0 (/opt/rustwide/workdir/sonoff-lib)
[INFO] [stdout] warning: unused import: `anyhow`
[INFO] [stdout]  --> sonoff-lib/src/power_meter.rs:1:22
[INFO] [stdout]   |
[INFO] [stdout] 1 | use anyhow::{Result, anyhow};
[INFO] [stdout]   |                      ^^^^^^
[INFO] [stdout]   |
[INFO] [stdout]   = note: `#[warn(unused_imports)]` on by default
[INFO] [stdout] 
[INFO] [stdout] 
[INFO] [stdout] warning: fields `switches`, `pvc_status`, `overload`, and `faultState` are never read
[INFO] [stdout]   --> sonoff-lib/src/power_meter.rs:11:9
[INFO] [stdout]    |
[INFO] [stdout] 10 | struct PowerMeterStatus {
[INFO] [stdout]    |        ---------------- fields in this struct
[INFO] [stdout] 11 |     pub switches: Vec<SwitchOutlet>,
[INFO] [stdout]    |         ^^^^^^^^
[INFO] [stdout] 12 |     #[serde(flatten)]
[INFO] [stdout] 13 |     pub pvc_status: PowerMeterPVC,
[INFO] [stdout]    |         ^^^^^^^^^^
[INFO] [stdout] 14 |     #[serde(flatten)]
[INFO] [stdout] 15 |     pub overload: PowerMeterOverloads,
[INFO] [stdout]    |         ^^^^^^^^
[INFO] [stdout] 16 |     pub faultState: DevPowerMeterFault,
[INFO] [stdout]    |         ^^^^^^^^^^
[INFO] [stdout]    |
[INFO] [stdout]    = note: `PowerMeterStatus` has a derived impl for the trait `Debug`, but this is intentionally ignored during dead code analysis
[INFO] [stdout]    = note: `#[warn(dead_code)]` on by default
[INFO] [stdout] 
[INFO] [stdout] 
[INFO] [stdout] warning: field `faultState` is never read
[INFO] [stdout]   --> sonoff-lib/src/power_meter.rs:21:9
[INFO] [stdout]    |
[INFO] [stdout] 20 | struct SubDeviceFailure {
[INFO] [stdout]    |        ---------------- field in this struct
[INFO] [stdout] 21 |     pub faultState: DevPowerMeterFault,
[INFO] [stdout]    |         ^^^^^^^^^^
[INFO] [stdout]    |
[INFO] [stdout]    = note: `SubDeviceFailure` has a derived impl for the trait `Debug`, but this is intentionally ignored during dead code analysis
[INFO] [stdout] 
[INFO] [stdout] 
[INFO] [stdout] warning: fields `fault_state`, `overloadTrig`, `cse7761Com`, `overTemp`, and `overLimit` are never read
[INFO] [stdout]   --> sonoff-lib/src/power_meter.rs:88:9
[INFO] [stdout]    |
[INFO] [stdout] 86 | struct DevPowerMeterFault {
[INFO] [stdout]    |        ------------------ fields in this struct
[INFO] [stdout] 87 |     #[serde(flatten)]
[INFO] [stdout] 88 |     pub fault_state: FaultState,
[INFO] [stdout]    |         ^^^^^^^^^^^
[INFO] [stdout] 89 |     pub overloadTrig: Vec<OverloadTrigger>,
[INFO] [stdout]    |         ^^^^^^^^^^^^
[INFO] [stdout] 90 |     pub cse7761Com: Vec<u32>,
[INFO] [stdout]    |         ^^^^^^^^^^
[INFO] [stdout] 91 |     pub overTemp: Vec<u32>,
[INFO] [stdout]    |         ^^^^^^^^
[INFO] [stdout] 92 |     pub overLimit: Vec<OverloadTrigger>,
[INFO] [stdout]    |         ^^^^^^^^^
[INFO] [stdout]    |
[INFO] [stdout]    = note: `DevPowerMeterFault` has a derived impl for the trait `Debug`, but this is intentionally ignored during dead code analysis
[INFO] [stdout] 
[INFO] [stdout] 
[INFO] [stdout] warning: structure field `faultState` should have a snake case name
[INFO] [stdout]   --> sonoff-lib/src/power_meter.rs:16:9
[INFO] [stdout]    |
[INFO] [stdout] 16 |     pub faultState: DevPowerMeterFault,
[INFO] [stdout]    |         ^^^^^^^^^^ help: convert the identifier to snake case: `fault_state`
[INFO] [stdout]    |
[INFO] [stdout]    = note: `#[warn(non_snake_case)]` on by default
[INFO] [stdout] 
[INFO] [stdout] 
[INFO] [stdout] warning: structure field `faultState` should have a snake case name
[INFO] [stdout]   --> sonoff-lib/src/power_meter.rs:21:9
[INFO] [stdout]    |
[INFO] [stdout] 21 |     pub faultState: DevPowerMeterFault,
[INFO] [stdout]    |         ^^^^^^^^^^ help: convert the identifier to snake case: `fault_state`
[INFO] [stdout] 
[INFO] [stdout] 
[INFO] [stdout] warning: structure field `actPow_00` should have a snake case name
[INFO] [stdout]   --> sonoff-lib/src/power_meter.rs:36:9
[INFO] [stdout]    |
[INFO] [stdout] 36 |     pub actPow_00: u32,
[INFO] [stdout]    |         ^^^^^^^^^ help: convert the identifier to snake case: `act_pow_00`
[INFO] [stdout] 
[INFO] [stdout] 
[INFO] [stdout] warning: structure field `reactPow_00` should have a snake case name
[INFO] [stdout]   --> sonoff-lib/src/power_meter.rs:37:9
[INFO] [stdout]    |
[INFO] [stdout] 37 |     pub reactPow_00: u32,
[INFO] [stdout]    |         ^^^^^^^^^^^ help: convert the identifier to snake case: `react_pow_00`
[INFO] [stdout] 
[INFO] [stdout] 
[INFO] [stdout] warning: structure field `apparentPow_00` should have a snake case name
[INFO] [stdout]   --> sonoff-lib/src/power_meter.rs:38:9
[INFO] [stdout]    |
[INFO] [stdout] 38 |     pub apparentPow_00: u32,
[INFO] [stdout]    |         ^^^^^^^^^^^^^^ help: convert the identifier to snake case: `apparent_pow_00`
[INFO] [stdout] 
[INFO] [stdout] 
[INFO] [stdout] warning: structure field `minAP` should have a snake case name
[INFO] [stdout]   --> sonoff-lib/src/power_meter.rs:49:9
[INFO] [stdout]    |
[INFO] [stdout] 49 |     pub minAP: OverloadValue,
[INFO] [stdout]    |         ^^^^^ help: convert the identifier to snake case: `min_ap`
[INFO] [stdout] 
[INFO] [stdout] 
[INFO] [stdout] warning: structure field `maxAP` should have a snake case name
[INFO] [stdout]   --> sonoff-lib/src/power_meter.rs:50:9
[INFO] [stdout]    |
[INFO] [stdout] 50 |     pub maxAP: OverloadValue,
[INFO] [stdout]    |         ^^^^^ help: convert the identifier to snake case: `max_ap`
[INFO] [stdout] 
[INFO] [stdout] 
[INFO] [stdout] warning: structure field `minV` should have a snake case name
[INFO] [stdout]   --> sonoff-lib/src/power_meter.rs:51:9
[INFO] [stdout]    |
[INFO] [stdout] 51 |     pub minV: OverloadValue,
[INFO] [stdout]    |         ^^^^ help: convert the identifier to snake case: `min_v`
[INFO] [stdout] 
[INFO] [stdout] 
[INFO] [stdout] warning: structure field `maxV` should have a snake case name
[INFO] [stdout]   --> sonoff-lib/src/power_meter.rs:52:9
[INFO] [stdout]    |
[INFO] [stdout] 52 |     pub maxV: OverloadValue,
[INFO] [stdout]    |         ^^^^ help: convert the identifier to snake case: `max_v`
[INFO] [stdout] 
[INFO] [stdout] 
[INFO] [stdout] warning: structure field `maxC` should have a snake case name
[INFO] [stdout]   --> sonoff-lib/src/power_meter.rs:53:9
[INFO] [stdout]    |
[INFO] [stdout] 53 |     pub maxC: OverloadValue,
[INFO] [stdout]    |         ^^^^ help: convert the identifier to snake case: `max_c`
[INFO] [stdout] 
[INFO] [stdout] 
[INFO] [stdout] warning: structure field `delayTime` should have a snake case name
[INFO] [stdout]   --> sonoff-lib/src/power_meter.rs:54:9
[INFO] [stdout]    |
[INFO] [stdout] 54 |     pub delayTime: u32,
[INFO] [stdout]    |         ^^^^^^^^^ help: convert the identifier to snake case: `delay_time`
[INFO] [stdout] 
[INFO] [stdout] 
[INFO] [stdout] warning: structure field `actPow` should have a snake case name
[INFO] [stdout]   --> sonoff-lib/src/power_meter.rs:65:9
[INFO] [stdout]    |
[INFO] [stdout] 65 |     pub actPow: Range,
[INFO] [stdout]    |         ^^^^^^ help: convert the identifier to snake case: `act_pow`
[INFO] [stdout] 
[INFO] [stdout] 
[INFO] [stdout] warning: structure field `subDevCom` should have a snake case name
[INFO] [stdout]   --> sonoff-lib/src/power_meter.rs:78:9
[INFO] [stdout]    |
[INFO] [stdout] 78 |     pub subDevCom: u32,
[INFO] [stdout]    |         ^^^^^^^^^ help: convert the identifier to snake case: `sub_dev_com`
[INFO] [stdout] 
[INFO] [stdout] 
[INFO] [stdout] warning: structure field `cse7761Com` should have a snake case name
[INFO] [stdout]   --> sonoff-lib/src/power_meter.rs:82:9
[INFO] [stdout]    |
[INFO] [stdout] 82 |     pub cse7761Com: Vec<u32>,
[INFO] [stdout]    |         ^^^^^^^^^^ help: convert the identifier to snake case: `cse7761_com`
[INFO] [stdout] 
[INFO] [stdout] 
[INFO] [stdout] warning: structure field `overloadTrig` should have a snake case name
[INFO] [stdout]   --> sonoff-lib/src/power_meter.rs:89:9
[INFO] [stdout]    |
[INFO] [stdout] 89 |     pub overloadTrig: Vec<OverloadTrigger>,
[INFO] [stdout]    |         ^^^^^^^^^^^^ help: convert the identifier to snake case: `overload_trig`
[INFO] [stdout] 
[INFO] [stdout] 
[INFO] [stdout] warning: structure field `cse7761Com` should have a snake case name
[INFO] [stdout]   --> sonoff-lib/src/power_meter.rs:90:9
[INFO] [stdout]    |
[INFO] [stdout] 90 |     pub cse7761Com: Vec<u32>,
[INFO] [stdout]    |         ^^^^^^^^^^ help: convert the identifier to snake case: `cse7761_com`
[INFO] [stdout] 
[INFO] [stdout] 
[INFO] [stdout] warning: structure field `overTemp` should have a snake case name
[INFO] [stdout]   --> sonoff-lib/src/power_meter.rs:91:9
[INFO] [stdout]    |
[INFO] [stdout] 91 |     pub overTemp: Vec<u32>,
[INFO] [stdout]    |         ^^^^^^^^ help: convert the identifier to snake case: `over_temp`
[INFO] [stdout] 
[INFO] [stdout] 
[INFO] [stdout] warning: structure field `overLimit` should have a snake case name
[INFO] [stdout]   --> sonoff-lib/src/power_meter.rs:92:9
[INFO] [stdout]    |
[INFO] [stdout] 92 |     pub overLimit: Vec<OverloadTrigger>,
[INFO] [stdout]    |         ^^^^^^^^^ help: convert the identifier to snake case: `over_limit`
[INFO] [stdout] 
[INFO] [stdout] 
[INFO] [stdout] warning: structure field `fwVersion` should have a snake case name
[INFO] [stdout]    --> sonoff-lib/src/power_meter.rs:159:9
[INFO] [stdout]     |
[INFO] [stdout] 159 |     pub fwVersion: String,
[INFO] [stdout]     |         ^^^^^^^^^ help: convert the identifier to snake case: `fw_version`
[INFO] [stdout] 
[INFO] [stdout] 
[INFO] [stdout] warning: structure field `faultState` should have a snake case name
[INFO] [stdout]    --> sonoff-lib/src/power_meter.rs:163:9
[INFO] [stdout]     |
[INFO] [stdout] 163 |     pub faultState: FaultState,
[INFO] [stdout]     |         ^^^^^^^^^^ help: convert the identifier to snake case: `fault_state`
[INFO] [stdout] 
[INFO] [stdout] 
[INFO] [stdout] warning: 24 warnings emitted
[INFO] [stdout] 
[INFO] [stdout] 
[INFO] [stderr]    Compiling sonoff-cli v0.1.0 (/opt/rustwide/workdir/sonoff-cli)
[INFO] [stderr]     Finished dev [unoptimized + debuginfo] target(s) in 52.91s
[INFO] running `Command { std: "docker" "inspect" "b792a385fcaf89bb6048ee874e33f5fefb291ac6ecbb1a41980e7d424196af07", kill_on_drop: false }`
[INFO] running `Command { std: "docker" "rm" "-f" "b792a385fcaf89bb6048ee874e33f5fefb291ac6ecbb1a41980e7d424196af07", kill_on_drop: false }`
[INFO] [stdout] b792a385fcaf89bb6048ee874e33f5fefb291ac6ecbb1a41980e7d424196af07
[INFO] running `Command { std: "docker" "create" "-v" "/var/lib/crater-agent-workspace/builds/worker-7-tc1/target:/opt/rustwide/target:rw,Z" "-v" "/var/lib/crater-agent-workspace/builds/worker-7-tc1/source:/opt/rustwide/workdir:ro,Z" "-v" "/var/lib/crater-agent-workspace/cargo-home:/opt/rustwide/cargo-home:ro,Z" "-v" "/var/lib/crater-agent-workspace/rustup-home:/opt/rustwide/rustup-home:ro,Z" "-e" "SOURCE_DIR=/opt/rustwide/workdir" "-e" "CARGO_TARGET_DIR=/opt/rustwide/target" "-e" "CARGO_INCREMENTAL=0" "-e" "RUST_BACKTRACE=full" "-e" "RUSTFLAGS=--cap-lints=warn" "-e" "RUSTDOCFLAGS=--cap-lints=warn" "-e" "CARGO_HOME=/opt/rustwide/cargo-home" "-e" "RUSTUP_HOME=/opt/rustwide/rustup-home" "-w" "/opt/rustwide/workdir" "-m" "1610612736" "--user" "0:0" "--network" "none" "ghcr.io/rust-lang/crates-build-env/linux@sha256:2788e3201cd34a07e3172128adcd8b3090168a8e3bcc40d7c032b9dda1df7d1c" "/opt/rustwide/cargo-home/bin/cargo" "+1.75.0" "test" "--frozen" "--no-run" "--message-format=json", kill_on_drop: false }`
[INFO] [stdout] bd912291b706f572b1a7b8fad4feeb7f267cab534f3c0a7c611047a01f4a6b85
[INFO] running `Command { std: "docker" "start" "-a" "bd912291b706f572b1a7b8fad4feeb7f267cab534f3c0a7c611047a01f4a6b85", kill_on_drop: false }`
[INFO] [stderr] warning: virtual workspace defaulting to `resolver = "1"` despite one or more workspace members being on edition 2021 which implies `resolver = "2"`
[INFO] [stderr] note: to keep the current resolver, specify `workspace.resolver = "1"` in the workspace root's manifest
[INFO] [stderr] note: to use the edition 2021 resolver, specify `workspace.resolver = "2"` in the workspace root's manifest
[INFO] [stderr] note: for more details see https://doc.rust-lang.org/cargo/reference/resolver.html#resolver-versions
[INFO] [stdout] warning: unused import: `anyhow`
[INFO] [stdout]  --> sonoff-lib/src/power_meter.rs:1:22
[INFO] [stdout]   |
[INFO] [stdout] 1 | use anyhow::{Result, anyhow};
[INFO] [stdout]   |                      ^^^^^^
[INFO] [stdout]   |
[INFO] [stdout]   = note: `#[warn(unused_imports)]` on by default
[INFO] [stdout] 
[INFO] [stdout] 
[INFO] [stdout] warning: fields `switches`, `pvc_status`, `overload`, and `faultState` are never read
[INFO] [stdout]   --> sonoff-lib/src/power_meter.rs:11:9
[INFO] [stdout]    |
[INFO] [stdout] 10 | struct PowerMeterStatus {
[INFO] [stdout]    |        ---------------- fields in this struct
[INFO] [stdout] 11 |     pub switches: Vec<SwitchOutlet>,
[INFO] [stdout]    |         ^^^^^^^^
[INFO] [stdout] 12 |     #[serde(flatten)]
[INFO] [stdout] 13 |     pub pvc_status: PowerMeterPVC,
[INFO] [stdout]    |         ^^^^^^^^^^
[INFO] [stdout] 14 |     #[serde(flatten)]
[INFO] [stdout] 15 |     pub overload: PowerMeterOverloads,
[INFO] [stdout]    |         ^^^^^^^^
[INFO] [stdout] 16 |     pub faultState: DevPowerMeterFault,
[INFO] [stdout]    |         ^^^^^^^^^^
[INFO] [stdout]    |
[INFO] [stdout]    = note: `PowerMeterStatus` has a derived impl for the trait `Debug`, but this is intentionally ignored during dead code analysis
[INFO] [stdout]    = note: `#[warn(dead_code)]` on by default
[INFO] [stdout] 
[INFO] [stdout] 
[INFO] [stdout] warning: field `faultState` is never read
[INFO] [stdout]   --> sonoff-lib/src/power_meter.rs:21:9
[INFO] [stdout]    |
[INFO] [stdout] 20 | struct SubDeviceFailure {
[INFO] [stdout]    |        ---------------- field in this struct
[INFO] [stdout] 21 |     pub faultState: DevPowerMeterFault,
[INFO] [stdout]    |         ^^^^^^^^^^
[INFO] [stdout]    |
[INFO] [stdout]    = note: `SubDeviceFailure` has a derived impl for the trait `Debug`, but this is intentionally ignored during dead code analysis
[INFO] [stdout] 
[INFO] [stdout] 
[INFO] [stdout] warning: fields `fault_state`, `overloadTrig`, `cse7761Com`, `overTemp`, and `overLimit` are never read
[INFO] [stdout]   --> sonoff-lib/src/power_meter.rs:88:9
[INFO] [stdout]    |
[INFO] [stdout] 86 | struct DevPowerMeterFault {
[INFO] [stdout]    |        ------------------ fields in this struct
[INFO] [stdout] 87 |     #[serde(flatten)]
[INFO] [stdout] 88 |     pub fault_state: FaultState,
[INFO] [stdout]    |         ^^^^^^^^^^^
[INFO] [stdout] 89 |     pub overloadTrig: Vec<OverloadTrigger>,
[INFO] [stdout]    |         ^^^^^^^^^^^^
[INFO] [stdout] 90 |     pub cse7761Com: Vec<u32>,
[INFO] [stdout]    |         ^^^^^^^^^^
[INFO] [stdout] 91 |     pub overTemp: Vec<u32>,
[INFO] [stdout]    |         ^^^^^^^^
[INFO] [stdout] 92 |     pub overLimit: Vec<OverloadTrigger>,
[INFO] [stdout]    |         ^^^^^^^^^
[INFO] [stdout]    |
[INFO] [stdout]    = note: `DevPowerMeterFault` has a derived impl for the trait `Debug`, but this is intentionally ignored during dead code analysis
[INFO] [stdout] 
[INFO] [stdout] 
[INFO] [stdout] warning: structure field `faultState` should have a snake case name
[INFO] [stdout]   --> sonoff-lib/src/power_meter.rs:16:9
[INFO] [stdout]    |
[INFO] [stdout] 16 |     pub faultState: DevPowerMeterFault,
[INFO] [stdout]    |         ^^^^^^^^^^ help: convert the identifier to snake case: `fault_state`
[INFO] [stdout]    |
[INFO] [stdout]    = note: `#[warn(non_snake_case)]` on by default
[INFO] [stdout] 
[INFO] [stdout] 
[INFO] [stdout] warning: structure field `faultState` should have a snake case name
[INFO] [stdout]   --> sonoff-lib/src/power_meter.rs:21:9
[INFO] [stdout]    |
[INFO] [stdout] 21 |     pub faultState: DevPowerMeterFault,
[INFO] [stdout]    |         ^^^^^^^^^^ help: convert the identifier to snake case: `fault_state`
[INFO] [stdout] 
[INFO] [stdout] 
[INFO] [stdout] warning: structure field `actPow_00` should have a snake case name
[INFO] [stdout]   --> sonoff-lib/src/power_meter.rs:36:9
[INFO] [stdout]    |
[INFO] [stdout] 36 |     pub actPow_00: u32,
[INFO] [stdout]    |         ^^^^^^^^^ help: convert the identifier to snake case: `act_pow_00`
[INFO] [stdout] 
[INFO] [stdout] 
[INFO] [stdout] warning: structure field `reactPow_00` should have a snake case name
[INFO] [stdout]   --> sonoff-lib/src/power_meter.rs:37:9
[INFO] [stdout]    |
[INFO] [stdout] 37 |     pub reactPow_00: u32,
[INFO] [stdout]    |         ^^^^^^^^^^^ help: convert the identifier to snake case: `react_pow_00`
[INFO] [stdout] 
[INFO] [stdout] 
[INFO] [stdout] warning: structure field `apparentPow_00` should have a snake case name
[INFO] [stdout]   --> sonoff-lib/src/power_meter.rs:38:9
[INFO] [stdout]    |
[INFO] [stdout] 38 |     pub apparentPow_00: u32,
[INFO] [stdout]    |         ^^^^^^^^^^^^^^ help: convert the identifier to snake case: `apparent_pow_00`
[INFO] [stdout] 
[INFO] [stdout] 
[INFO] [stdout] warning: structure field `minAP` should have a snake case name
[INFO] [stdout]   --> sonoff-lib/src/power_meter.rs:49:9
[INFO] [stdout]    |
[INFO] [stdout] 49 |     pub minAP: OverloadValue,
[INFO] [stdout]    |         ^^^^^ help: convert the identifier to snake case: `min_ap`
[INFO] [stdout] 
[INFO] [stdout] 
[INFO] [stdout] warning: structure field `maxAP` should have a snake case name
[INFO] [stdout]   --> sonoff-lib/src/power_meter.rs:50:9
[INFO] [stdout]    |
[INFO] [stdout] 50 |     pub maxAP: OverloadValue,
[INFO] [stdout]    |         ^^^^^ help: convert the identifier to snake case: `max_ap`
[INFO] [stdout] 
[INFO] [stdout] 
[INFO] [stdout] warning: structure field `minV` should have a snake case name
[INFO] [stdout]   --> sonoff-lib/src/power_meter.rs:51:9
[INFO] [stdout]    |
[INFO] [stdout] 51 |     pub minV: OverloadValue,
[INFO] [stdout]    |         ^^^^ help: convert the identifier to snake case: `min_v`
[INFO] [stdout] 
[INFO] [stdout] 
[INFO] [stdout] warning: structure field `maxV` should have a snake case name
[INFO] [stdout]   --> sonoff-lib/src/power_meter.rs:52:9
[INFO] [stdout]    |
[INFO] [stdout] 52 |     pub maxV: OverloadValue,
[INFO] [stdout]    |         ^^^^ help: convert the identifier to snake case: `max_v`
[INFO] [stdout] 
[INFO] [stdout] 
[INFO] [stdout] warning: structure field `maxC` should have a snake case name
[INFO] [stdout]   --> sonoff-lib/src/power_meter.rs:53:9
[INFO] [stdout]    |
[INFO] [stdout] 53 |     pub maxC: OverloadValue,
[INFO] [stdout]    |         ^^^^ help: convert the identifier to snake case: `max_c`
[INFO] [stdout] 
[INFO] [stdout] 
[INFO] [stdout] warning: structure field `delayTime` should have a snake case name
[INFO] [stdout]   --> sonoff-lib/src/power_meter.rs:54:9
[INFO] [stdout]    |
[INFO] [stdout] 54 |     pub delayTime: u32,
[INFO] [stdout]    |         ^^^^^^^^^ help: convert the identifier to snake case: `delay_time`
[INFO] [stdout] 
[INFO] [stdout] 
[INFO] [stdout] warning: structure field `actPow` should have a snake case name
[INFO] [stdout]   --> sonoff-lib/src/power_meter.rs:65:9
[INFO] [stdout]    |
[INFO] [stdout] 65 |     pub actPow: Range,
[INFO] [stdout]    |         ^^^^^^ help: convert the identifier to snake case: `act_pow`
[INFO] [stdout] 
[INFO] [stdout] 
[INFO] [stdout] warning: structure field `subDevCom` should have a snake case name
[INFO] [stdout]   --> sonoff-lib/src/power_meter.rs:78:9
[INFO] [stdout]    |
[INFO] [stdout] 78 |     pub subDevCom: u32,
[INFO] [stdout]    |         ^^^^^^^^^ help: convert the identifier to snake case: `sub_dev_com`
[INFO] [stdout] 
[INFO] [stdout] 
[INFO] [stdout] warning: structure field `cse7761Com` should have a snake case name
[INFO] [stdout]   --> sonoff-lib/src/power_meter.rs:82:9
[INFO] [stdout]    |
[INFO] [stdout] 82 |     pub cse7761Com: Vec<u32>,
[INFO] [stdout]    |         ^^^^^^^^^^ help: convert the identifier to snake case: `cse7761_com`
[INFO] [stdout] 
[INFO] [stdout] 
[INFO] [stdout] warning: structure field `overloadTrig` should have a snake case name
[INFO] [stdout]   --> sonoff-lib/src/power_meter.rs:89:9
[INFO] [stdout]    |
[INFO] [stdout] 89 |     pub overloadTrig: Vec<OverloadTrigger>,
[INFO] [stdout]    |         ^^^^^^^^^^^^ help: convert the identifier to snake case: `overload_trig`
[INFO] [stdout] 
[INFO] [stdout] 
[INFO] [stdout] warning: structure field `cse7761Com` should have a snake case name
[INFO] [stdout]   --> sonoff-lib/src/power_meter.rs:90:9
[INFO] [stdout]    |
[INFO] [stdout] 90 |     pub cse7761Com: Vec<u32>,
[INFO] [stdout]    |         ^^^^^^^^^^ help: convert the identifier to snake case: `cse7761_com`
[INFO] [stdout] 
[INFO] [stdout] 
[INFO] [stdout] warning: structure field `overTemp` should have a snake case name
[INFO] [stdout]   --> sonoff-lib/src/power_meter.rs:91:9
[INFO] [stdout]    |
[INFO] [stdout] 91 |     pub overTemp: Vec<u32>,
[INFO] [stdout]    |         ^^^^^^^^ help: convert the identifier to snake case: `over_temp`
[INFO] [stdout] 
[INFO] [stdout] 
[INFO] [stderr]    Compiling sonoff-cli v0.1.0 (/opt/rustwide/workdir/sonoff-cli)
[INFO] [stdout] warning: structure field `overLimit` should have a snake case name
[INFO] [stdout]   --> sonoff-lib/src/power_meter.rs:92:9
[INFO] [stdout]    |
[INFO] [stdout] 92 |     pub overLimit: Vec<OverloadTrigger>,
[INFO] [stdout]    |         ^^^^^^^^^ help: convert the identifier to snake case: `over_limit`
[INFO] [stdout] 
[INFO] [stdout] 
[INFO] [stderr]    Compiling sonoff-lib v0.1.0 (/opt/rustwide/workdir/sonoff-lib)
[INFO] [stdout] warning: structure field `fwVersion` should have a snake case name
[INFO] [stdout]    --> sonoff-lib/src/power_meter.rs:159:9
[INFO] [stdout]     |
[INFO] [stdout] 159 |     pub fwVersion: String,
[INFO] [stdout]     |         ^^^^^^^^^ help: convert the identifier to snake case: `fw_version`
[INFO] [stdout] 
[INFO] [stdout] 
[INFO] [stdout] warning: structure field `faultState` should have a snake case name
[INFO] [stdout]    --> sonoff-lib/src/power_meter.rs:163:9
[INFO] [stdout]     |
[INFO] [stdout] 163 |     pub faultState: FaultState,
[INFO] [stdout]     |         ^^^^^^^^^^ help: convert the identifier to snake case: `fault_state`
[INFO] [stdout] 
[INFO] [stdout] 
[INFO] [stdout] warning: 24 warnings emitted
[INFO] [stdout] 
[INFO] [stdout] 
[INFO] [stdout] warning: unused import: `anyhow`
[INFO] [stdout]  --> sonoff-lib/src/power_meter.rs:1:22
[INFO] [stdout]   |
[INFO] [stdout] 1 | use anyhow::{Result, anyhow};
[INFO] [stdout]   |                      ^^^^^^
[INFO] [stdout]   |
[INFO] [stdout]   = note: `#[warn(unused_imports)]` on by default
[INFO] [stdout] 
[INFO] [stdout] 
[INFO] [stdout] warning: fields `switches`, `pvc_status`, `overload`, and `faultState` are never read
[INFO] [stdout]   --> sonoff-lib/src/power_meter.rs:11:9
[INFO] [stdout]    |
[INFO] [stdout] 10 | struct PowerMeterStatus {
[INFO] [stdout]    |        ---------------- fields in this struct
[INFO] [stdout] 11 |     pub switches: Vec<SwitchOutlet>,
[INFO] [stdout]    |         ^^^^^^^^
[INFO] [stdout] 12 |     #[serde(flatten)]
[INFO] [stdout] 13 |     pub pvc_status: PowerMeterPVC,
[INFO] [stdout]    |         ^^^^^^^^^^
[INFO] [stdout] 14 |     #[serde(flatten)]
[INFO] [stdout] 15 |     pub overload: PowerMeterOverloads,
[INFO] [stdout]    |         ^^^^^^^^
[INFO] [stdout] 16 |     pub faultState: DevPowerMeterFault,
[INFO] [stdout]    |         ^^^^^^^^^^
[INFO] [stdout]    |
[INFO] [stdout]    = note: `PowerMeterStatus` has a derived impl for the trait `Debug`, but this is intentionally ignored during dead code analysis
[INFO] [stdout]    = note: `#[warn(dead_code)]` on by default
[INFO] [stdout] 
[INFO] [stdout] 
[INFO] [stdout] warning: field `faultState` is never read
[INFO] [stdout]   --> sonoff-lib/src/power_meter.rs:21:9
[INFO] [stdout]    |
[INFO] [stdout] 20 | struct SubDeviceFailure {
[INFO] [stdout]    |        ---------------- field in this struct
[INFO] [stdout] 21 |     pub faultState: DevPowerMeterFault,
[INFO] [stdout]    |         ^^^^^^^^^^
[INFO] [stdout]    |
[INFO] [stdout]    = note: `SubDeviceFailure` has a derived impl for the trait `Debug`, but this is intentionally ignored during dead code analysis
[INFO] [stdout] 
[INFO] [stdout] 
[INFO] [stdout] warning: fields `fault_state`, `overloadTrig`, `cse7761Com`, `overTemp`, and `overLimit` are never read
[INFO] [stdout]   --> sonoff-lib/src/power_meter.rs:88:9
[INFO] [stdout]    |
[INFO] [stdout] 86 | struct DevPowerMeterFault {
[INFO] [stdout]    |        ------------------ fields in this struct
[INFO] [stdout] 87 |     #[serde(flatten)]
[INFO] [stdout] 88 |     pub fault_state: FaultState,
[INFO] [stdout]    |         ^^^^^^^^^^^
[INFO] [stdout] 89 |     pub overloadTrig: Vec<OverloadTrigger>,
[INFO] [stdout]    |         ^^^^^^^^^^^^
[INFO] [stdout] 90 |     pub cse7761Com: Vec<u32>,
[INFO] [stdout]    |         ^^^^^^^^^^
[INFO] [stdout] 91 |     pub overTemp: Vec<u32>,
[INFO] [stdout]    |         ^^^^^^^^
[INFO] [stdout] 92 |     pub overLimit: Vec<OverloadTrigger>,
[INFO] [stdout]    |         ^^^^^^^^^
[INFO] [stdout]    |
[INFO] [stdout]    = note: `DevPowerMeterFault` has a derived impl for the trait `Debug`, but this is intentionally ignored during dead code analysis
[INFO] [stdout] 
[INFO] [stdout] 
[INFO] [stdout] warning: structure field `faultState` should have a snake case name
[INFO] [stdout]   --> sonoff-lib/src/power_meter.rs:16:9
[INFO] [stdout]    |
[INFO] [stdout] 16 |     pub faultState: DevPowerMeterFault,
[INFO] [stdout]    |         ^^^^^^^^^^ help: convert the identifier to snake case: `fault_state`
[INFO] [stdout]    |
[INFO] [stdout]    = note: `#[warn(non_snake_case)]` on by default
[INFO] [stdout] 
[INFO] [stdout] 
[INFO] [stdout] warning: structure field `faultState` should have a snake case name
[INFO] [stdout]   --> sonoff-lib/src/power_meter.rs:21:9
[INFO] [stdout]    |
[INFO] [stdout] 21 |     pub faultState: DevPowerMeterFault,
[INFO] [stdout]    |         ^^^^^^^^^^ help: convert the identifier to snake case: `fault_state`
[INFO] [stdout] 
[INFO] [stdout] 
[INFO] [stdout] warning: structure field `actPow_00` should have a snake case name
[INFO] [stdout]   --> sonoff-lib/src/power_meter.rs:36:9
[INFO] [stdout]    |
[INFO] [stdout] 36 |     pub actPow_00: u32,
[INFO] [stdout]    |         ^^^^^^^^^ help: convert the identifier to snake case: `act_pow_00`
[INFO] [stdout] 
[INFO] [stdout] 
[INFO] [stdout] warning: structure field `reactPow_00` should have a snake case name
[INFO] [stdout]   --> sonoff-lib/src/power_meter.rs:37:9
[INFO] [stdout]    |
[INFO] [stdout] 37 |     pub reactPow_00: u32,
[INFO] [stdout]    |         ^^^^^^^^^^^ help: convert the identifier to snake case: `react_pow_00`
[INFO] [stdout] 
[INFO] [stdout] 
[INFO] [stdout] warning: structure field `apparentPow_00` should have a snake case name
[INFO] [stdout]   --> sonoff-lib/src/power_meter.rs:38:9
[INFO] [stdout]    |
[INFO] [stdout] 38 |     pub apparentPow_00: u32,
[INFO] [stdout]    |         ^^^^^^^^^^^^^^ help: convert the identifier to snake case: `apparent_pow_00`
[INFO] [stdout] 
[INFO] [stdout] 
[INFO] [stdout] warning: structure field `minAP` should have a snake case name
[INFO] [stdout]   --> sonoff-lib/src/power_meter.rs:49:9
[INFO] [stdout]    |
[INFO] [stdout] 49 |     pub minAP: OverloadValue,
[INFO] [stdout]    |         ^^^^^ help: convert the identifier to snake case: `min_ap`
[INFO] [stdout] 
[INFO] [stdout] 
[INFO] [stdout] warning: structure field `maxAP` should have a snake case name
[INFO] [stdout]   --> sonoff-lib/src/power_meter.rs:50:9
[INFO] [stdout]    |
[INFO] [stdout] 50 |     pub maxAP: OverloadValue,
[INFO] [stdout]    |         ^^^^^ help: convert the identifier to snake case: `max_ap`
[INFO] [stdout] 
[INFO] [stdout] 
[INFO] [stdout] warning: structure field `minV` should have a snake case name
[INFO] [stdout]   --> sonoff-lib/src/power_meter.rs:51:9
[INFO] [stdout]    |
[INFO] [stdout] 51 |     pub minV: OverloadValue,
[INFO] [stdout]    |         ^^^^ help: convert the identifier to snake case: `min_v`
[INFO] [stdout] 
[INFO] [stdout] 
[INFO] [stdout] warning: structure field `maxV` should have a snake case name
[INFO] [stdout]   --> sonoff-lib/src/power_meter.rs:52:9
[INFO] [stdout]    |
[INFO] [stdout] 52 |     pub maxV: OverloadValue,
[INFO] [stdout]    |         ^^^^ help: convert the identifier to snake case: `max_v`
[INFO] [stdout] 
[INFO] [stdout] 
[INFO] [stdout] warning: structure field `maxC` should have a snake case name
[INFO] [stdout]   --> sonoff-lib/src/power_meter.rs:53:9
[INFO] [stdout]    |
[INFO] [stdout] 53 |     pub maxC: OverloadValue,
[INFO] [stdout]    |         ^^^^ help: convert the identifier to snake case: `max_c`
[INFO] [stdout] 
[INFO] [stdout] 
[INFO] [stdout] warning: structure field `delayTime` should have a snake case name
[INFO] [stdout]   --> sonoff-lib/src/power_meter.rs:54:9
[INFO] [stdout]    |
[INFO] [stdout] 54 |     pub delayTime: u32,
[INFO] [stdout]    |         ^^^^^^^^^ help: convert the identifier to snake case: `delay_time`
[INFO] [stdout] 
[INFO] [stdout] 
[INFO] [stdout] warning: structure field `actPow` should have a snake case name
[INFO] [stdout]   --> sonoff-lib/src/power_meter.rs:65:9
[INFO] [stdout]    |
[INFO] [stdout] 65 |     pub actPow: Range,
[INFO] [stdout]    |         ^^^^^^ help: convert the identifier to snake case: `act_pow`
[INFO] [stdout] 
[INFO] [stdout] 
[INFO] [stdout] warning: structure field `subDevCom` should have a snake case name
[INFO] [stdout]   --> sonoff-lib/src/power_meter.rs:78:9
[INFO] [stdout]    |
[INFO] [stdout] 78 |     pub subDevCom: u32,
[INFO] [stdout]    |         ^^^^^^^^^ help: convert the identifier to snake case: `sub_dev_com`
[INFO] [stdout] 
[INFO] [stdout] 
[INFO] [stdout] warning: structure field `cse7761Com` should have a snake case name
[INFO] [stdout]   --> sonoff-lib/src/power_meter.rs:82:9
[INFO] [stdout]    |
[INFO] [stdout] 82 |     pub cse7761Com: Vec<u32>,
[INFO] [stdout]    |         ^^^^^^^^^^ help: convert the identifier to snake case: `cse7761_com`
[INFO] [stdout] 
[INFO] [stdout] 
[INFO] [stdout] warning: structure field `overloadTrig` should have a snake case name
[INFO] [stdout]   --> sonoff-lib/src/power_meter.rs:89:9
[INFO] [stdout]    |
[INFO] [stdout] 89 |     pub overloadTrig: Vec<OverloadTrigger>,
[INFO] [stdout]    |         ^^^^^^^^^^^^ help: convert the identifier to snake case: `overload_trig`
[INFO] [stdout] 
[INFO] [stdout] 
[INFO] [stdout] warning: structure field `cse7761Com` should have a snake case name
[INFO] [stdout]   --> sonoff-lib/src/power_meter.rs:90:9
[INFO] [stdout]    |
[INFO] [stdout] 90 |     pub cse7761Com: Vec<u32>,
[INFO] [stdout]    |         ^^^^^^^^^^ help: convert the identifier to snake case: `cse7761_com`
[INFO] [stdout] 
[INFO] [stdout] 
[INFO] [stdout] warning: structure field `overTemp` should have a snake case name
[INFO] [stdout]   --> sonoff-lib/src/power_meter.rs:91:9
[INFO] [stdout]    |
[INFO] [stdout] 91 |     pub overTemp: Vec<u32>,
[INFO] [stdout]    |         ^^^^^^^^ help: convert the identifier to snake case: `over_temp`
[INFO] [stdout] 
[INFO] [stdout] 
[INFO] [stdout] warning: structure field `overLimit` should have a snake case name
[INFO] [stdout]   --> sonoff-lib/src/power_meter.rs:92:9
[INFO] [stdout]    |
[INFO] [stdout] 92 |     pub overLimit: Vec<OverloadTrigger>,
[INFO] [stdout]    |         ^^^^^^^^^ help: convert the identifier to snake case: `over_limit`
[INFO] [stdout] 
[INFO] [stdout] 
[INFO] [stdout] warning: structure field `fwVersion` should have a snake case name
[INFO] [stdout]    --> sonoff-lib/src/power_meter.rs:159:9
[INFO] [stdout]     |
[INFO] [stdout] 159 |     pub fwVersion: String,
[INFO] [stdout]     |         ^^^^^^^^^ help: convert the identifier to snake case: `fw_version`
[INFO] [stdout] 
[INFO] [stdout] 
[INFO] [stdout] warning: structure field `faultState` should have a snake case name
[INFO] [stdout]    --> sonoff-lib/src/power_meter.rs:163:9
[INFO] [stdout]     |
[INFO] [stdout] 163 |     pub faultState: FaultState,
[INFO] [stdout]     |         ^^^^^^^^^^ help: convert the identifier to snake case: `fault_state`
[INFO] [stdout] 
[INFO] [stdout] 
[INFO] [stdout] warning: 24 warnings emitted
[INFO] [stdout] 
[INFO] [stdout] 
[INFO] [stderr]     Finished test [unoptimized + debuginfo] target(s) in 4.87s
[INFO] running `Command { std: "docker" "inspect" "bd912291b706f572b1a7b8fad4feeb7f267cab534f3c0a7c611047a01f4a6b85", kill_on_drop: false }`
[INFO] running `Command { std: "docker" "rm" "-f" "bd912291b706f572b1a7b8fad4feeb7f267cab534f3c0a7c611047a01f4a6b85", kill_on_drop: false }`
[INFO] [stdout] bd912291b706f572b1a7b8fad4feeb7f267cab534f3c0a7c611047a01f4a6b85
[INFO] running `Command { std: "docker" "create" "-v" "/var/lib/crater-agent-workspace/builds/worker-7-tc1/target:/opt/rustwide/target:rw,Z" "-v" "/var/lib/crater-agent-workspace/builds/worker-7-tc1/source:/opt/rustwide/workdir:ro,Z" "-v" "/var/lib/crater-agent-workspace/cargo-home:/opt/rustwide/cargo-home:ro,Z" "-v" "/var/lib/crater-agent-workspace/rustup-home:/opt/rustwide/rustup-home:ro,Z" "-e" "SOURCE_DIR=/opt/rustwide/workdir" "-e" "CARGO_TARGET_DIR=/opt/rustwide/target" "-e" "CARGO_INCREMENTAL=0" "-e" "RUST_BACKTRACE=full" "-e" "RUSTFLAGS=--cap-lints=warn" "-e" "RUSTDOCFLAGS=--cap-lints=warn" "-e" "CARGO_HOME=/opt/rustwide/cargo-home" "-e" "RUSTUP_HOME=/opt/rustwide/rustup-home" "-w" "/opt/rustwide/workdir" "-m" "1610612736" "--user" "0:0" "--network" "none" "ghcr.io/rust-lang/crates-build-env/linux@sha256:2788e3201cd34a07e3172128adcd8b3090168a8e3bcc40d7c032b9dda1df7d1c" "/opt/rustwide/cargo-home/bin/cargo" "+1.75.0" "test" "--frozen", kill_on_drop: false }`
[INFO] [stdout] 3be800790a4b1d8607c3b5a35e3dd00ad33f53fd31fd1e4abdb4afa19cf58875
[INFO] running `Command { std: "docker" "start" "-a" "3be800790a4b1d8607c3b5a35e3dd00ad33f53fd31fd1e4abdb4afa19cf58875", kill_on_drop: false }`
[INFO] [stderr] warning: virtual workspace defaulting to `resolver = "1"` despite one or more workspace members being on edition 2021 which implies `resolver = "2"`
[INFO] [stderr] note: to keep the current resolver, specify `workspace.resolver = "1"` in the workspace root's manifest
[INFO] [stderr] note: to use the edition 2021 resolver, specify `workspace.resolver = "2"` in the workspace root's manifest
[INFO] [stderr] note: for more details see https://doc.rust-lang.org/cargo/reference/resolver.html#resolver-versions
[INFO] [stderr] warning: unused import: `anyhow`
[INFO] [stderr]  --> sonoff-lib/src/power_meter.rs:1:22
[INFO] [stderr]   |
[INFO] [stderr] 1 | use anyhow::{Result, anyhow};
[INFO] [stderr]   |                      ^^^^^^
[INFO] [stderr]   |
[INFO] [stderr]   = note: `#[warn(unused_imports)]` on by default
[INFO] [stderr] 
[INFO] [stderr] warning: fields `switches`, `pvc_status`, `overload`, and `faultState` are never read
[INFO] [stderr]   --> sonoff-lib/src/power_meter.rs:11:9
[INFO] [stderr]    |
[INFO] [stderr] 10 | struct PowerMeterStatus {
[INFO] [stderr]    |        ---------------- fields in this struct
[INFO] [stderr] 11 |     pub switches: Vec<SwitchOutlet>,
[INFO] [stderr]    |         ^^^^^^^^
[INFO] [stderr] 12 |     #[serde(flatten)]
[INFO] [stderr] 13 |     pub pvc_status: PowerMeterPVC,
[INFO] [stderr]    |         ^^^^^^^^^^
[INFO] [stderr] 14 |     #[serde(flatten)]
[INFO] [stderr] 15 |     pub overload: PowerMeterOverloads,
[INFO] [stderr]    |         ^^^^^^^^
[INFO] [stderr] 16 |     pub faultState: DevPowerMeterFault,
[INFO] [stderr]    |         ^^^^^^^^^^
[INFO] [stderr]    |
[INFO] [stderr]    = note: `PowerMeterStatus` has a derived impl for the trait `Debug`, but this is intentionally ignored during dead code analysis
[INFO] [stderr]    = note: `#[warn(dead_code)]` on by default
[INFO] [stderr] 
[INFO] [stderr] warning: field `faultState` is never read
[INFO] [stderr]   --> sonoff-lib/src/power_meter.rs:21:9
[INFO] [stderr]    |
[INFO] [stderr] 20 | struct SubDeviceFailure {
[INFO] [stderr]    |        ---------------- field in this struct
[INFO] [stderr] 21 |     pub faultState: DevPowerMeterFault,
[INFO] [stderr]    |         ^^^^^^^^^^
[INFO] [stderr]    |
[INFO] [stderr]    = note: `SubDeviceFailure` has a derived impl for the trait `Debug`, but this is intentionally ignored during dead code analysis
[INFO] [stderr] 
[INFO] [stderr] warning: fields `fault_state`, `overloadTrig`, `cse7761Com`, `overTemp`, and `overLimit` are never read
[INFO] [stderr]   --> sonoff-lib/src/power_meter.rs:88:9
[INFO] [stderr]    |
[INFO] [stderr] 86 | struct DevPowerMeterFault {
[INFO] [stderr]    |        ------------------ fields in this struct
[INFO] [stderr] 87 |     #[serde(flatten)]
[INFO] [stderr] 88 |     pub fault_state: FaultState,
[INFO] [stderr]    |         ^^^^^^^^^^^
[INFO] [stderr] 89 |     pub overloadTrig: Vec<OverloadTrigger>,
[INFO] [stderr]    |         ^^^^^^^^^^^^
[INFO] [stderr] 90 |     pub cse7761Com: Vec<u32>,
[INFO] [stderr]    |         ^^^^^^^^^^
[INFO] [stderr] 91 |     pub overTemp: Vec<u32>,
[INFO] [stderr]    |         ^^^^^^^^
[INFO] [stderr] 92 |     pub overLimit: Vec<OverloadTrigger>,
[INFO] [stderr]    |         ^^^^^^^^^
[INFO] [stderr]    |
[INFO] [stderr]    = note: `DevPowerMeterFault` has a derived impl for the trait `Debug`, but this is intentionally ignored during dead code analysis
[INFO] [stderr] 
[INFO] [stderr] warning: structure field `faultState` should have a snake case name
[INFO] [stderr]   --> sonoff-lib/src/power_meter.rs:16:9
[INFO] [stderr]    |
[INFO] [stderr] 16 |     pub faultState: DevPowerMeterFault,
[INFO] [stderr]    |         ^^^^^^^^^^ help: convert the identifier to snake case: `fault_state`
[INFO] [stderr]    |
[INFO] [stderr]    = note: `#[warn(non_snake_case)]` on by default
[INFO] [stderr] 
[INFO] [stderr] warning: structure field `faultState` should have a snake case name
[INFO] [stderr]   --> sonoff-lib/src/power_meter.rs:21:9
[INFO] [stderr]    |
[INFO] [stderr] 21 |     pub faultState: DevPowerMeterFault,
[INFO] [stderr]    |         ^^^^^^^^^^ help: convert the identifier to snake case: `fault_state`
[INFO] [stderr] 
[INFO] [stderr] warning: structure field `actPow_00` should have a snake case name
[INFO] [stderr]   --> sonoff-lib/src/power_meter.rs:36:9
[INFO] [stderr]    |
[INFO] [stderr] 36 |     pub actPow_00: u32,
[INFO] [stderr]    |         ^^^^^^^^^ help: convert the identifier to snake case: `act_pow_00`
[INFO] [stderr] 
[INFO] [stderr] warning: structure field `reactPow_00` should have a snake case name
[INFO] [stderr]   --> sonoff-lib/src/power_meter.rs:37:9
[INFO] [stderr]    |
[INFO] [stderr] 37 |     pub reactPow_00: u32,
[INFO] [stderr]    |         ^^^^^^^^^^^ help: convert the identifier to snake case: `react_pow_00`
[INFO] [stderr] 
[INFO] [stderr] warning: structure field `apparentPow_00` should have a snake case name
[INFO] [stderr]   --> sonoff-lib/src/power_meter.rs:38:9
[INFO] [stderr]    |
[INFO] [stderr] 38 |     pub apparentPow_00: u32,
[INFO] [stderr]    |         ^^^^^^^^^^^^^^ help: convert the identifier to snake case: `apparent_pow_00`
[INFO] [stderr] 
[INFO] [stderr] warning: structure field `minAP` should have a snake case name
[INFO] [stderr]   --> sonoff-lib/src/power_meter.rs:49:9
[INFO] [stderr]    |
[INFO] [stderr] 49 |     pub minAP: OverloadValue,
[INFO] [stderr]    |         ^^^^^ help: convert the identifier to snake case: `min_ap`
[INFO] [stderr] 
[INFO] [stderr] warning: structure field `maxAP` should have a snake case name
[INFO] [stderr]   --> sonoff-lib/src/power_meter.rs:50:9
[INFO] [stderr]    |
[INFO] [stderr] 50 |     pub maxAP: OverloadValue,
[INFO] [stderr]    |         ^^^^^ help: convert the identifier to snake case: `max_ap`
[INFO] [stderr] 
[INFO] [stderr] warning: structure field `minV` should have a snake case name
[INFO] [stderr]   --> sonoff-lib/src/power_meter.rs:51:9
[INFO] [stderr]    |
[INFO] [stderr] 51 |     pub minV: OverloadValue,
[INFO] [stderr]    |         ^^^^ help: convert the identifier to snake case: `min_v`
[INFO] [stderr] 
[INFO] [stderr] warning: structure field `maxV` should have a snake case name
[INFO] [stderr]   --> sonoff-lib/src/power_meter.rs:52:9
[INFO] [stderr]    |
[INFO] [stderr] 52 |     pub maxV: OverloadValue,
[INFO] [stderr]    |         ^^^^ help: convert the identifier to snake case: `max_v`
[INFO] [stderr] 
[INFO] [stderr] warning: structure field `maxC` should have a snake case name
[INFO] [stderr]   --> sonoff-lib/src/power_meter.rs:53:9
[INFO] [stderr]    |
[INFO] [stderr] 53 |     pub maxC: OverloadValue,
[INFO] [stderr]    |         ^^^^ help: convert the identifier to snake case: `max_c`
[INFO] [stderr] 
[INFO] [stderr] warning: structure field `delayTime` should have a snake case name
[INFO] [stderr]   --> sonoff-lib/src/power_meter.rs:54:9
[INFO] [stderr]    |
[INFO] [stderr] 54 |     pub delayTime: u32,
[INFO] [stderr]    |         ^^^^^^^^^ help: convert the identifier to snake case: `delay_time`
[INFO] [stderr] 
[INFO] [stderr] warning: structure field `actPow` should have a snake case name
[INFO] [stderr]   --> sonoff-lib/src/power_meter.rs:65:9
[INFO] [stderr]    |
[INFO] [stderr] 65 |     pub actPow: Range,
[INFO] [stderr]    |         ^^^^^^ help: convert the identifier to snake case: `act_pow`
[INFO] [stderr] 
[INFO] [stderr] warning: structure field `subDevCom` should have a snake case name
[INFO] [stderr]   --> sonoff-lib/src/power_meter.rs:78:9
[INFO] [stderr]    |
[INFO] [stderr] 78 |     pub subDevCom: u32,
[INFO] [stderr]    |         ^^^^^^^^^ help: convert the identifier to snake case: `sub_dev_com`
[INFO] [stderr] 
[INFO] [stderr] warning: structure field `cse7761Com` should have a snake case name
[INFO] [stderr]   --> sonoff-lib/src/power_meter.rs:82:9
[INFO] [stderr]    |
[INFO] [stderr] 82 |     pub cse7761Com: Vec<u32>,
[INFO] [stderr]    |         ^^^^^^^^^^ help: convert the identifier to snake case: `cse7761_com`
[INFO] [stderr] 
[INFO] [stderr] warning: structure field `overloadTrig` should have a snake case name
[INFO] [stderr]   --> sonoff-lib/src/power_meter.rs:89:9
[INFO] [stderr]    |
[INFO] [stderr] 89 |     pub overloadTrig: Vec<OverloadTrigger>,
[INFO] [stderr]    |         ^^^^^^^^^^^^ help: convert the identifier to snake case: `overload_trig`
[INFO] [stderr] 
[INFO] [stderr] warning: structure field `cse7761Com` should have a snake case name
[INFO] [stderr]   --> sonoff-lib/src/power_meter.rs:90:9
[INFO] [stderr]    |
[INFO] [stderr] 90 |     pub cse7761Com: Vec<u32>,
[INFO] [stderr]    |         ^^^^^^^^^^ help: convert the identifier to snake case: `cse7761_com`
[INFO] [stderr] 
[INFO] [stderr] warning: structure field `overTemp` should have a snake case name
[INFO] [stderr]   --> sonoff-lib/src/power_meter.rs:91:9
[INFO] [stderr]    |
[INFO] [stderr] 91 |     pub overTemp: Vec<u32>,
[INFO] [stderr]    |         ^^^^^^^^ help: convert the identifier to snake case: `over_temp`
[INFO] [stderr] 
[INFO] [stderr] warning: structure field `overLimit` should have a snake case name
[INFO] [stderr]   --> sonoff-lib/src/power_meter.rs:92:9
[INFO] [stderr]    |
[INFO] [stderr] 92 |     pub overLimit: Vec<OverloadTrigger>,
[INFO] [stderr]    |         ^^^^^^^^^ help: convert the identifier to snake case: `over_limit`
[INFO] [stderr] 
[INFO] [stderr] warning: structure field `fwVersion` should have a snake case name
[INFO] [stderr]    --> sonoff-lib/src/power_meter.rs:159:9
[INFO] [stderr]     |
[INFO] [stderr] 159 |     pub fwVersion: String,
[INFO] [stderr]     |         ^^^^^^^^^ help: convert the identifier to snake case: `fw_version`
[INFO] [stderr] 
[INFO] [stderr] warning: structure field `faultState` should have a snake case name
[INFO] [stderr]    --> sonoff-lib/src/power_meter.rs:163:9
[INFO] [stderr]     |
[INFO] [stderr] 163 |     pub faultState: FaultState,
[INFO] [stderr]     |         ^^^^^^^^^^ help: convert the identifier to snake case: `fault_state`
[INFO] [stderr] 
[INFO] [stderr] warning: `sonoff-lib` (lib) generated 24 warnings (run `cargo fix --lib -p sonoff-lib` to apply 1 suggestion)
[INFO] [stderr] warning: `sonoff-lib` (lib test) generated 24 warnings (24 duplicates)
[INFO] [stderr]     Finished test [unoptimized + debuginfo] target(s) in 0.13s
[INFO] [stderr]      Running unittests src/main.rs (/opt/rustwide/target/debug/deps/sonoff_cli-2e019d17ea621fb3)
[INFO] [stdout] 
[INFO] [stdout] running 0 tests
[INFO] [stdout] 
[INFO] [stdout] test result: ok. 0 passed; 0 failed; 0 ignored; 0 measured; 0 filtered out; finished in 0.00s
[INFO] [stdout] 
[INFO] [stderr]      Running unittests src/lib.rs (/opt/rustwide/target/debug/deps/sonoff_lib-a2f397188e7ff914)
[INFO] [stdout] 
[INFO] [stdout] running 4 tests
[INFO] [stdout] test bulb::tests::test_bulb_white ... FAILED
[INFO] [stdout] test dimmer::tests::test_dimmer_half ... FAILED
[INFO] [stdout] test switch::tests::test_switch_on ... FAILED
[INFO] [stdout] test device_common::tests::test_get_info ... FAILED
[INFO] [stderr] error: test failed, to rerun pass `-p sonoff-lib --lib`
[INFO] [stdout] 
[INFO] [stdout] failures:
[INFO] [stdout] 
[INFO] [stdout] ---- bulb::tests::test_bulb_white stdout ----
[INFO] [stdout] thread 'bulb::tests::test_bulb_white' panicked at sonoff-lib/src/bulb.rs:113:25:
[INFO] [stdout] called `Result::unwrap()` on an `Err` value: error sending request for url (http://127.0.0.1:8081/zeroconf/switch): error trying to connect: tcp connect error: Connection refused (os error 111)
[INFO] [stdout] 
[INFO] [stdout] Caused by:
[INFO] [stdout]     0: error trying to connect: tcp connect error: Connection refused (os error 111)
[INFO] [stdout]     1: tcp connect error: Connection refused (os error 111)
[INFO] [stdout]     2: Connection refused (os error 111)
[INFO] [stdout] stack backtrace:
[INFO] [stdout]    0:     0x55fbf7b51eac - std::backtrace_rs::backtrace::libunwind::trace::ha637c64ce894333a
[INFO] [stdout]                                at /rustc/82e1608dfa6e0b5569232559e3d385fea5a93112/library/std/src/../../backtrace/src/backtrace/libunwind.rs:104:5
[INFO] [stdout]    1:     0x55fbf7b51eac - std::backtrace_rs::backtrace::trace_unsynchronized::h47f62dea28e0c88d
[INFO] [stdout]                                at /rustc/82e1608dfa6e0b5569232559e3d385fea5a93112/library/std/src/../../backtrace/src/backtrace/mod.rs:66:5
[INFO] [stdout]    2:     0x55fbf7b51eac - std::sys_common::backtrace::_print_fmt::h9eef0abe20ede486
[INFO] [stdout]                                at /rustc/82e1608dfa6e0b5569232559e3d385fea5a93112/library/std/src/sys_common/backtrace.rs:67:5
[INFO] [stdout]    3:     0x55fbf7b51eac - <std::sys_common::backtrace::_print::DisplayBacktrace as core::fmt::Display>::fmt::hed7f999df88cc644
[INFO] [stdout]                                at /rustc/82e1608dfa6e0b5569232559e3d385fea5a93112/library/std/src/sys_common/backtrace.rs:44:22
[INFO] [stdout]    4:     0x55fbf7b7ea70 - core::fmt::rt::Argument::fmt::h1539a9308b8d058d
[INFO] [stdout]                                at /rustc/82e1608dfa6e0b5569232559e3d385fea5a93112/library/core/src/fmt/rt.rs:142:9
[INFO] [stdout]    5:     0x55fbf7b7ea70 - core::fmt::write::h3a39390d8560d9c9
[INFO] [stdout]                                at /rustc/82e1608dfa6e0b5569232559e3d385fea5a93112/library/core/src/fmt/mod.rs:1120:17
[INFO] [stdout]    6:     0x55fbf7b4ee3f - std::io::Write::write_fmt::h040b369f3a0f9cbc
[INFO] [stdout]                                at /rustc/82e1608dfa6e0b5569232559e3d385fea5a93112/library/std/src/io/mod.rs:1762:15
[INFO] [stdout]    7:     0x55fbf7b51c94 - std::sys_common::backtrace::_print::h894006fb5c6f3d45
[INFO] [stdout]                                at /rustc/82e1608dfa6e0b5569232559e3d385fea5a93112/library/std/src/sys_common/backtrace.rs:47:5
[INFO] [stdout]    8:     0x55fbf7b51c94 - std::sys_common::backtrace::print::h23a2d212c6fff936
[INFO] [stdout]                                at /rustc/82e1608dfa6e0b5569232559e3d385fea5a93112/library/std/src/sys_common/backtrace.rs:34:9
[INFO] [stdout]    9:     0x55fbf7b53957 - std::panicking::default_hook::{{closure}}::h8a1d2ee00185001a
[INFO] [stdout]   10:     0x55fbf7b53643 - std::panicking::default_hook::h6038f2eba384e475
[INFO] [stdout]                                at /rustc/82e1608dfa6e0b5569232559e3d385fea5a93112/library/std/src/panicking.rs:289:9
[INFO] [stdout]   11:     0x55fbf775ef97 - <alloc::boxed::Box<F,A> as core::ops::function::Fn<Args>>::call::h0ad024c9bdc6d768
[INFO] [stdout]                                at /rustc/82e1608dfa6e0b5569232559e3d385fea5a93112/library/alloc/src/boxed.rs:2021:9
[INFO] [stdout]   12:     0x55fbf775ef97 - test::test_main::{{closure}}::h7500b54257359db6
[INFO] [stdout]                                at /rustc/82e1608dfa6e0b5569232559e3d385fea5a93112/library/test/src/lib.rs:138:21
[INFO] [stdout]   13:     0x55fbf7b53f68 - <alloc::boxed::Box<F,A> as core::ops::function::Fn<Args>>::call::h1f8f335eaa9cfaee
[INFO] [stdout]                                at /rustc/82e1608dfa6e0b5569232559e3d385fea5a93112/library/alloc/src/boxed.rs:2021:9
[INFO] [stdout]   14:     0x55fbf7b53f68 - std::panicking::rust_panic_with_hook::h2b5517d590cab22e
[INFO] [stdout]                                at /rustc/82e1608dfa6e0b5569232559e3d385fea5a93112/library/std/src/panicking.rs:783:13
[INFO] [stdout]   15:     0x55fbf7b53cbe - std::panicking::begin_panic_handler::{{closure}}::h233112c06e0ef43e
[INFO] [stdout]                                at /rustc/82e1608dfa6e0b5569232559e3d385fea5a93112/library/std/src/panicking.rs:657:13
[INFO] [stdout]   16:     0x55fbf7b52376 - std::sys_common::backtrace::__rust_end_short_backtrace::h6e893f24d7ebbff8
[INFO] [stdout]                                at /rustc/82e1608dfa6e0b5569232559e3d385fea5a93112/library/std/src/sys_common/backtrace.rs:170:18
[INFO] [stdout]   17:     0x55fbf7b53a22 - rust_begin_unwind
[INFO] [stdout]                                at /rustc/82e1608dfa6e0b5569232559e3d385fea5a93112/library/std/src/panicking.rs:645:5
[INFO] [stdout]   18:     0x55fbf76db605 - core::panicking::panic_fmt::hbf0e066aabfa482c
[INFO] [stdout]                                at /rustc/82e1608dfa6e0b5569232559e3d385fea5a93112/library/core/src/panicking.rs:72:14
[INFO] [stdout]   19:     0x55fbf76dbbd3 - core::result::unwrap_failed::hddb4fea594200c52
[INFO] [stdout]                                at /rustc/82e1608dfa6e0b5569232559e3d385fea5a93112/library/core/src/result.rs:1653:5
[INFO] [stdout]   20:     0x55fbf76f804c - core::result::Result<T,E>::unwrap::hecbd0b418bb8e932
[INFO] [stdout]                                at /rustc/82e1608dfa6e0b5569232559e3d385fea5a93112/library/core/src/result.rs:1077:23
[INFO] [stdout]   21:     0x55fbf7702f41 - sonoff_lib::bulb::tests::test_bulb_white::{{closure}}::h53623cdbdc25c561
[INFO] [stdout]                                at /opt/rustwide/workdir/sonoff-lib/src/bulb.rs:113:9
[INFO] [stdout]   22:     0x55fbf7706b98 - <core::pin::Pin<P> as core::future::future::Future>::poll::h1a9635af5822bf9b
[INFO] [stdout]                                at /rustc/82e1608dfa6e0b5569232559e3d385fea5a93112/library/core/src/future/future.rs:125:9
[INFO] [stdout]   23:     0x55fbf7706beb - <core::pin::Pin<P> as core::future::future::Future>::poll::h34861b943c5692b0
[INFO] [stdout]                                at /rustc/82e1608dfa6e0b5569232559e3d385fea5a93112/library/core/src/future/future.rs:125:9
[INFO] [stdout]   24:     0x55fbf76fed14 - tokio::runtime::scheduler::current_thread::CoreGuard::block_on::{{closure}}::{{closure}}::{{closure}}::hcdbb1105e702cdd4
[INFO] [stdout]                                at /opt/rustwide/cargo-home/registry/src/index.crates.io-6f17d22bba15001f/tokio-1.28.2/src/runtime/scheduler/current_thread.rs:541:57
[INFO] [stdout]   25:     0x55fbf76fec1a - tokio::runtime::coop::with_budget::h725854a91b3ed422
[INFO] [stdout]                                at /opt/rustwide/cargo-home/registry/src/index.crates.io-6f17d22bba15001f/tokio-1.28.2/src/runtime/coop.rs:107:5
[INFO] [stdout]   26:     0x55fbf76fec1a - tokio::runtime::coop::budget::h44699119c822fd0b
[INFO] [stdout]                                at /opt/rustwide/cargo-home/registry/src/index.crates.io-6f17d22bba15001f/tokio-1.28.2/src/runtime/coop.rs:73:5
[INFO] [stdout]   27:     0x55fbf76fec1a - tokio::runtime::scheduler::current_thread::CoreGuard::block_on::{{closure}}::{{closure}}::h80b291e153b63d91
[INFO] [stdout]                                at /opt/rustwide/cargo-home/registry/src/index.crates.io-6f17d22bba15001f/tokio-1.28.2/src/runtime/scheduler/current_thread.rs:541:25
[INFO] [stdout]   28:     0x55fbf76fd40c - tokio::runtime::scheduler::current_thread::Context::enter::h6511fa47391bd6c2
[INFO] [stdout]                                at /opt/rustwide/cargo-home/registry/src/index.crates.io-6f17d22bba15001f/tokio-1.28.2/src/runtime/scheduler/current_thread.rs:350:19
[INFO] [stdout]   29:     0x55fbf76fe1fa - tokio::runtime::scheduler::current_thread::CoreGuard::block_on::{{closure}}::h7adb3034f1432d97
[INFO] [stdout]                                at /opt/rustwide/cargo-home/registry/src/index.crates.io-6f17d22bba15001f/tokio-1.28.2/src/runtime/scheduler/current_thread.rs:540:36
[INFO] [stdout]   30:     0x55fbf76fdf0b - tokio::runtime::scheduler::current_thread::CoreGuard::enter::{{closure}}::h2588a14721793609
[INFO] [stdout]                                at /opt/rustwide/cargo-home/registry/src/index.crates.io-6f17d22bba15001f/tokio-1.28.2/src/runtime/scheduler/current_thread.rs:615:57
[INFO] [stdout]   31:     0x55fbf76fcb08 - tokio::macros::scoped_tls::ScopedKey<T>::set::h9c16f1d8e75e7c20
[INFO] [stdout]                                at /opt/rustwide/cargo-home/registry/src/index.crates.io-6f17d22bba15001f/tokio-1.28.2/src/macros/scoped_tls.rs:61:9
[INFO] [stdout]   32:     0x55fbf76fdc9f - tokio::runtime::scheduler::current_thread::CoreGuard::enter::h5d7351f5036b7a79
[INFO] [stdout]                                at /opt/rustwide/cargo-home/registry/src/index.crates.io-6f17d22bba15001f/tokio-1.28.2/src/runtime/scheduler/current_thread.rs:615:27
[INFO] [stdout]   33:     0x55fbf76fdf3d - tokio::runtime::scheduler::current_thread::CoreGuard::block_on::h12f1b567498ef6a2
[INFO] [stdout]                                at /opt/rustwide/cargo-home/registry/src/index.crates.io-6f17d22bba15001f/tokio-1.28.2/src/runtime/scheduler/current_thread.rs:530:19
[INFO] [stdout]   34:     0x55fbf76fcecd - tokio::runtime::scheduler::current_thread::CurrentThread::block_on::hc2f38d8ce7097f70
[INFO] [stdout]                                at /opt/rustwide/cargo-home/registry/src/index.crates.io-6f17d22bba15001f/tokio-1.28.2/src/runtime/scheduler/current_thread.rs:154:24
[INFO] [stdout]   35:     0x55fbf76fa1dc - tokio::runtime::runtime::Runtime::block_on::hb982fc2549aa7fbf
[INFO] [stdout]                                at /opt/rustwide/cargo-home/registry/src/index.crates.io-6f17d22bba15001f/tokio-1.28.2/src/runtime/runtime.rs:302:47
[INFO] [stdout]   36:     0x55fbf7702c24 - sonoff_lib::bulb::tests::test_bulb_white::h3a50ac827945948b
[INFO] [stdout]                                at /opt/rustwide/workdir/sonoff-lib/src/bulb.rs:113:9
[INFO] [stdout]   37:     0x55fbf7702ab7 - sonoff_lib::bulb::tests::test_bulb_white::{{closure}}::h0a77867810b8e873
[INFO] [stdout]                                at /opt/rustwide/workdir/sonoff-lib/src/bulb.rs:110:31
[INFO] [stdout]   38:     0x55fbf76ddc56 - core::ops::function::FnOnce::call_once::h04d757250430339f
[INFO] [stdout]                                at /rustc/82e1608dfa6e0b5569232559e3d385fea5a93112/library/core/src/ops/function.rs:250:5
[INFO] [stdout]   39:     0x55fbf77645ef - core::ops::function::FnOnce::call_once::h2b5d431d5046312d
[INFO] [stdout]                                at /rustc/82e1608dfa6e0b5569232559e3d385fea5a93112/library/core/src/ops/function.rs:250:5
[INFO] [stdout]   40:     0x55fbf77645ef - test::__rust_begin_short_backtrace::h7714669af176e207
[INFO] [stdout]                                at /rustc/82e1608dfa6e0b5569232559e3d385fea5a93112/library/test/src/lib.rs:628:18
[INFO] [stdout]   41:     0x55fbf7763605 - test::run_test_in_process::{{closure}}::h85218797dcbcec12
[INFO] [stdout]                                at /rustc/82e1608dfa6e0b5569232559e3d385fea5a93112/library/test/src/lib.rs:651:60
[INFO] [stdout]   42:     0x55fbf7763605 - <core::panic::unwind_safe::AssertUnwindSafe<F> as core::ops::function::FnOnce<()>>::call_once::h76c106ea31c14d7b
[INFO] [stdout]                                at /rustc/82e1608dfa6e0b5569232559e3d385fea5a93112/library/core/src/panic/unwind_safe.rs:272:9
[INFO] [stdout]   43:     0x55fbf7763605 - std::panicking::try::do_call::h3bd5d0f6620ee946
[INFO] [stdout]                                at /rustc/82e1608dfa6e0b5569232559e3d385fea5a93112/library/std/src/panicking.rs:552:40
[INFO] [stdout]   44:     0x55fbf7763605 - std::panicking::try::h232e535e4744fe31
[INFO] [stdout]                                at /rustc/82e1608dfa6e0b5569232559e3d385fea5a93112/library/std/src/panicking.rs:516:19
[INFO] [stdout]   45:     0x55fbf7763605 - std::panic::catch_unwind::h3ce3bd6ca8dbac68
[INFO] [stdout]                                at /rustc/82e1608dfa6e0b5569232559e3d385fea5a93112/library/std/src/panic.rs:142:14
[INFO] [stdout]   46:     0x55fbf7763605 - test::run_test_in_process::hc97b257c9621286a
[INFO] [stdout]                                at /rustc/82e1608dfa6e0b5569232559e3d385fea5a93112/library/test/src/lib.rs:651:27
[INFO] [stdout]   47:     0x55fbf7763605 - test::run_test::{{closure}}::h2aa798823a438d38
[INFO] [stdout]                                at /rustc/82e1608dfa6e0b5569232559e3d385fea5a93112/library/test/src/lib.rs:574:43
[INFO] [stdout]   48:     0x55fbf772b8c6 - test::run_test::{{closure}}::h87d231c78fb59832
[INFO] [stdout]                                at /rustc/82e1608dfa6e0b5569232559e3d385fea5a93112/library/test/src/lib.rs:602:41
[INFO] [stdout]   49:     0x55fbf772b8c6 - std::sys_common::backtrace::__rust_begin_short_backtrace::he6df152596625789
[INFO] [stdout]                                at /rustc/82e1608dfa6e0b5569232559e3d385fea5a93112/library/std/src/sys_common/backtrace.rs:154:18
[INFO] [stdout]   50:     0x55fbf7730977 - std::thread::Builder::spawn_unchecked_::{{closure}}::{{closure}}::ha94be15d1e0acf36
[INFO] [stdout]                                at /rustc/82e1608dfa6e0b5569232559e3d385fea5a93112/library/std/src/thread/mod.rs:529:17
[INFO] [stdout]   51:     0x55fbf7730977 - <core::panic::unwind_safe::AssertUnwindSafe<F> as core::ops::function::FnOnce<()>>::call_once::h9dc6bd6372f16606
[INFO] [stdout]                                at /rustc/82e1608dfa6e0b5569232559e3d385fea5a93112/library/core/src/panic/unwind_safe.rs:272:9
[INFO] [stdout]   52:     0x55fbf7730977 - std::panicking::try::do_call::h9057517f80303cd4
[INFO] [stdout]                                at /rustc/82e1608dfa6e0b5569232559e3d385fea5a93112/library/std/src/panicking.rs:552:40
[INFO] [stdout]   53:     0x55fbf7730977 - std::panicking::try::he3a30b11ee45340c
[INFO] [stdout]                                at /rustc/82e1608dfa6e0b5569232559e3d385fea5a93112/library/std/src/panicking.rs:516:19
[INFO] [stdout]   54:     0x55fbf7730977 - std::panic::catch_unwind::h410458cfd3528b8b
[INFO] [stdout]                                at /rustc/82e1608dfa6e0b5569232559e3d385fea5a93112/library/std/src/panic.rs:142:14
[INFO] [stdout]   55:     0x55fbf7730977 - std::thread::Builder::spawn_unchecked_::{{closure}}::h72ac3bdb567b737b
[INFO] [stdout]                                at /rustc/82e1608dfa6e0b5569232559e3d385fea5a93112/library/std/src/thread/mod.rs:528:30
[INFO] [stdout]   56:     0x55fbf7730977 - core::ops::function::FnOnce::call_once{{vtable.shim}}::h38f34da3654a8344
[INFO] [stdout]                                at /rustc/82e1608dfa6e0b5569232559e3d385fea5a93112/library/core/src/ops/function.rs:250:5
[INFO] [stdout]   57:     0x55fbf7b58c55 - <alloc::boxed::Box<F,A> as core::ops::function::FnOnce<Args>>::call_once::hc7eafaff61e32df9
[INFO] [stdout]                                at /rustc/82e1608dfa6e0b5569232559e3d385fea5a93112/library/alloc/src/boxed.rs:2007:9
[INFO] [stdout]   58:     0x55fbf7b58c55 - <alloc::boxed::Box<F,A> as core::ops::function::FnOnce<Args>>::call_once::h6ba4a5de48dd2304
[INFO] [stdout]                                at /rustc/82e1608dfa6e0b5569232559e3d385fea5a93112/library/alloc/src/boxed.rs:2007:9
[INFO] [stdout]   59:     0x55fbf7b58c55 - std::sys::unix::thread::Thread::new::thread_start::he469335aef763e45
[INFO] [stdout]                                at /rustc/82e1608dfa6e0b5569232559e3d385fea5a93112/library/std/src/sys/unix/thread.rs:108:17
[INFO] [stdout]   60:     0x7fcc85514ac3 - <unknown>
[INFO] [stdout]   61:     0x7fcc855a5bf4 - __clone
[INFO] [stdout]   62:                0x0 - <unknown>
[INFO] [stdout] 
[INFO] [stdout] ---- dimmer::tests::test_dimmer_half stdout ----
[INFO] [stdout] thread 'dimmer::tests::test_dimmer_half' panicked at sonoff-lib/src/dimmer.rs:78:27:
[INFO] [stdout] called `Result::unwrap()` on an `Err` value: error sending request for url (http://127.0.0.1:8081/zeroconf/switch): error trying to connect: tcp connect error: Connection refused (os error 111)
[INFO] [stdout] 
[INFO] [stdout] Caused by:
[INFO] [stdout]     0: error trying to connect: tcp connect error: Connection refused (os error 111)
[INFO] [stdout]     1: tcp connect error: Connection refused (os error 111)
[INFO] [stdout]     2: Connection refused (os error 111)
[INFO] [stdout] stack backtrace:
[INFO] [stdout]    0:     0x55fbf7b51eac - std::backtrace_rs::backtrace::libunwind::trace::ha637c64ce894333a
[INFO] [stdout]                                at /rustc/82e1608dfa6e0b5569232559e3d385fea5a93112/library/std/src/../../backtrace/src/backtrace/libunwind.rs:104:5
[INFO] [stdout]    1:     0x55fbf7b51eac - std::backtrace_rs::backtrace::trace_unsynchronized::h47f62dea28e0c88d
[INFO] [stdout]                                at /rustc/82e1608dfa6e0b5569232559e3d385fea5a93112/library/std/src/../../backtrace/src/backtrace/mod.rs:66:5
[INFO] [stdout]    2:     0x55fbf7b51eac - std::sys_common::backtrace::_print_fmt::h9eef0abe20ede486
[INFO] [stdout]                                at /rustc/82e1608dfa6e0b5569232559e3d385fea5a93112/library/std/src/sys_common/backtrace.rs:67:5
[INFO] [stdout]    3:     0x55fbf7b51eac - <std::sys_common::backtrace::_print::DisplayBacktrace as core::fmt::Display>::fmt::hed7f999df88cc644
[INFO] [stdout]                                at /rustc/82e1608dfa6e0b5569232559e3d385fea5a93112/library/std/src/sys_common/backtrace.rs:44:22
[INFO] [stdout]    4:     0x55fbf7b7ea70 - core::fmt::rt::Argument::fmt::h1539a9308b8d058d
[INFO] [stdout]                                at /rustc/82e1608dfa6e0b5569232559e3d385fea5a93112/library/core/src/fmt/rt.rs:142:9
[INFO] [stdout]    5:     0x55fbf7b7ea70 - core::fmt::write::h3a39390d8560d9c9
[INFO] [stdout]                                at /rustc/82e1608dfa6e0b5569232559e3d385fea5a93112/library/core/src/fmt/mod.rs:1120:17
[INFO] [stdout]    6:     0x55fbf7b4ee3f - std::io::Write::write_fmt::h040b369f3a0f9cbc
[INFO] [stdout]                                at /rustc/82e1608dfa6e0b5569232559e3d385fea5a93112/library/std/src/io/mod.rs:1762:15
[INFO] [stdout]    7:     0x55fbf7b51c94 - std::sys_common::backtrace::_print::h894006fb5c6f3d45
[INFO] [stdout]                                at /rustc/82e1608dfa6e0b5569232559e3d385fea5a93112/library/std/src/sys_common/backtrace.rs:47:5
[INFO] [stdout]    8:     0x55fbf7b51c94 - std::sys_common::backtrace::print::h23a2d212c6fff936
[INFO] [stdout]                                at /rustc/82e1608dfa6e0b5569232559e3d385fea5a93112/library/std/src/sys_common/backtrace.rs:34:9
[INFO] [stdout]    9:     0x55fbf7b53957 - std::panicking::default_hook::{{closure}}::h8a1d2ee00185001a
[INFO] [stdout]   10:     0x55fbf7b53643 - std::panicking::default_hook::h6038f2eba384e475
[INFO] [stdout]                                at /rustc/82e1608dfa6e0b5569232559e3d385fea5a93112/library/std/src/panicking.rs:289:9
[INFO] [stdout]   11:     0x55fbf775ef97 - <alloc::boxed::Box<F,A> as core::ops::function::Fn<Args>>::call::h0ad024c9bdc6d768
[INFO] [stdout]                                at /rustc/82e1608dfa6e0b5569232559e3d385fea5a93112/library/alloc/src/boxed.rs:2021:9
[INFO] [stdout]   12:     0x55fbf775ef97 - test::test_main::{{closure}}::h7500b54257359db6
[INFO] [stdout]                                at /rustc/82e1608dfa6e0b5569232559e3d385fea5a93112/library/test/src/lib.rs:138:21
[INFO] [stdout]   13:     0x55fbf7b53f68 - <alloc::boxed::Box<F,A> as core::ops::function::Fn<Args>>::call::h1f8f335eaa9cfaee
[INFO] [stdout]                                at /rustc/82e1608dfa6e0b5569232559e3d385fea5a93112/library/alloc/src/boxed.rs:2021:9
[INFO] [stdout]   14:     0x55fbf7b53f68 - std::panicking::rust_panic_with_hook::h2b5517d590cab22e
[INFO] [stdout]                                at /rustc/82e1608dfa6e0b5569232559e3d385fea5a93112/library/std/src/panicking.rs:783:13
[INFO] [stdout]   15:     0x55fbf7b53cbe - std::panicking::begin_panic_handler::{{closure}}::h233112c06e0ef43e
[INFO] [stdout]                                at /rustc/82e1608dfa6e0b5569232559e3d385fea5a93112/library/std/src/panicking.rs:657:13
[INFO] [stdout]   16:     0x55fbf7b52376 - std::sys_common::backtrace::__rust_end_short_backtrace::h6e893f24d7ebbff8
[INFO] [stdout]                                at /rustc/82e1608dfa6e0b5569232559e3d385fea5a93112/library/std/src/sys_common/backtrace.rs:170:18
[INFO] [stdout]   17:     0x55fbf7b53a22 - rust_begin_unwind
[INFO] [stdout]                                at /rustc/82e1608dfa6e0b5569232559e3d385fea5a93112/library/std/src/panicking.rs:645:5
[INFO] [stdout]   18:     0x55fbf76db605 - core::panicking::panic_fmt::hbf0e066aabfa482c
[INFO] [stdout]                                at /rustc/82e1608dfa6e0b5569232559e3d385fea5a93112/library/core/src/panicking.rs:72:14
[INFO] [stdout]   19:     0x55fbf76dbbd3 - core::result::unwrap_failed::hddb4fea594200c52
[INFO] [stdout]                                at /rustc/82e1608dfa6e0b5569232559e3d385fea5a93112/library/core/src/result.rs:1653:5
[INFO] [stdout]   20:     0x55fbf76f804c - core::result::Result<T,E>::unwrap::hecbd0b418bb8e932
[INFO] [stdout]                                at /rustc/82e1608dfa6e0b5569232559e3d385fea5a93112/library/core/src/result.rs:1077:23
[INFO] [stdout]   21:     0x55fbf77028dc - sonoff_lib::dimmer::tests::test_dimmer_half::{{closure}}::hf94124b2bec73c47
[INFO] [stdout]                                at /opt/rustwide/workdir/sonoff-lib/src/dimmer.rs:78:9
[INFO] [stdout]   22:     0x55fbf7706b98 - <core::pin::Pin<P> as core::future::future::Future>::poll::h1a9635af5822bf9b
[INFO] [stdout]                                at /rustc/82e1608dfa6e0b5569232559e3d385fea5a93112/library/core/src/future/future.rs:125:9
[INFO] [stdout]   23:     0x55fbf7706beb - <core::pin::Pin<P> as core::future::future::Future>::poll::h34861b943c5692b0
[INFO] [stdout]                                at /rustc/82e1608dfa6e0b5569232559e3d385fea5a93112/library/core/src/future/future.rs:125:9
[INFO] [stdout]   24:     0x55fbf76fed14 - tokio::runtime::scheduler::current_thread::CoreGuard::block_on::{{closure}}::{{closure}}::{{closure}}::hcdbb1105e702cdd4
[INFO] [stdout]                                at /opt/rustwide/cargo-home/registry/src/index.crates.io-6f17d22bba15001f/tokio-1.28.2/src/runtime/scheduler/current_thread.rs:541:57
[INFO] [stdout]   25:     0x55fbf76fec1a - tokio::runtime::coop::with_budget::h725854a91b3ed422
[INFO] [stdout]                                at /opt/rustwide/cargo-home/registry/src/index.crates.io-6f17d22bba15001f/tokio-1.28.2/src/runtime/coop.rs:107:5
[INFO] [stdout]   26:     0x55fbf76fec1a - tokio::runtime::coop::budget::h44699119c822fd0b
[INFO] [stdout]                                at /opt/rustwide/cargo-home/registry/src/index.crates.io-6f17d22bba15001f/tokio-1.28.2/src/runtime/coop.rs:73:5
[INFO] [stdout]   27:     0x55fbf76fec1a - tokio::runtime::scheduler::current_thread::CoreGuard::block_on::{{closure}}::{{closure}}::h80b291e153b63d91
[INFO] [stdout]                                at /opt/rustwide/cargo-home/registry/src/index.crates.io-6f17d22bba15001f/tokio-1.28.2/src/runtime/scheduler/current_thread.rs:541:25
[INFO] [stdout]   28:     0x55fbf76fd40c - tokio::runtime::scheduler::current_thread::Context::enter::h6511fa47391bd6c2
[INFO] [stdout]                                at /opt/rustwide/cargo-home/registry/src/index.crates.io-6f17d22bba15001f/tokio-1.28.2/src/runtime/scheduler/current_thread.rs:350:19
[INFO] [stdout]   29:     0x55fbf76fe1fa - tokio::runtime::scheduler::current_thread::CoreGuard::block_on::{{closure}}::h7adb3034f1432d97
[INFO] [stdout]                                at /opt/rustwide/cargo-home/registry/src/index.crates.io-6f17d22bba15001f/tokio-1.28.2/src/runtime/scheduler/current_thread.rs:540:36
[INFO] [stdout]   30:     0x55fbf76fdf0b - tokio::runtime::scheduler::current_thread::CoreGuard::enter::{{closure}}::h2588a14721793609
[INFO] [stdout]                                at /opt/rustwide/cargo-home/registry/src/index.crates.io-6f17d22bba15001f/tokio-1.28.2/src/runtime/scheduler/current_thread.rs:615:57
[INFO] [stdout]   31:     0x55fbf76fcb08 - tokio::macros::scoped_tls::ScopedKey<T>::set::h9c16f1d8e75e7c20
[INFO] [stdout]                                at /opt/rustwide/cargo-home/registry/src/index.crates.io-6f17d22bba15001f/tokio-1.28.2/src/macros/scoped_tls.rs:61:9
[INFO] [stdout]   32:     0x55fbf76fdc9f - tokio::runtime::scheduler::current_thread::CoreGuard::enter::h5d7351f5036b7a79
[INFO] [stdout]                                at /opt/rustwide/cargo-home/registry/src/index.crates.io-6f17d22bba15001f/tokio-1.28.2/src/runtime/scheduler/current_thread.rs:615:27
[INFO] [stdout]   33:     0x55fbf76fdf3d - tokio::runtime::scheduler::current_thread::CoreGuard::block_on::h12f1b567498ef6a2
[INFO] [stdout]                                at /opt/rustwide/cargo-home/registry/src/index.crates.io-6f17d22bba15001f/tokio-1.28.2/src/runtime/scheduler/current_thread.rs:530:19
[INFO] [stdout]   34:     0x55fbf76fcecd - tokio::runtime::scheduler::current_thread::CurrentThread::block_on::hc2f38d8ce7097f70
[INFO] [stdout]                                at /opt/rustwide/cargo-home/registry/src/index.crates.io-6f17d22bba15001f/tokio-1.28.2/src/runtime/scheduler/current_thread.rs:154:24
[INFO] [stdout]   35:     0x55fbf76fa1dc - tokio::runtime::runtime::Runtime::block_on::hb982fc2549aa7fbf
[INFO] [stdout]                                at /opt/rustwide/cargo-home/registry/src/index.crates.io-6f17d22bba15001f/tokio-1.28.2/src/runtime/runtime.rs:302:47
[INFO] [stdout]   36:     0x55fbf77025b1 - sonoff_lib::dimmer::tests::test_dimmer_half::h4ab566453cba4821
[INFO] [stdout]                                at /opt/rustwide/workdir/sonoff-lib/src/dimmer.rs:79:9
[INFO] [stdout]   37:     0x55fbf7702447 - sonoff_lib::dimmer::tests::test_dimmer_half::{{closure}}::heebf04c4bc87b4c0
[INFO] [stdout]                                at /opt/rustwide/workdir/sonoff-lib/src/dimmer.rs:75:32
[INFO] [stdout]   38:     0x55fbf76ddd96 - core::ops::function::FnOnce::call_once::ha088e1ecdfef93eb
[INFO] [stdout]                                at /rustc/82e1608dfa6e0b5569232559e3d385fea5a93112/library/core/src/ops/function.rs:250:5
[INFO] [stdout]   39:     0x55fbf77645ef - core::ops::function::FnOnce::call_once::h2b5d431d5046312d
[INFO] [stdout]                                at /rustc/82e1608dfa6e0b5569232559e3d385fea5a93112/library/core/src/ops/function.rs:250:5
[INFO] [stdout]   40:     0x55fbf77645ef - test::__rust_begin_short_backtrace::h7714669af176e207
[INFO] [stdout]                                at /rustc/82e1608dfa6e0b5569232559e3d385fea5a93112/library/test/src/lib.rs:628:18
[INFO] [stdout]   41:     0x55fbf7763605 - test::run_test_in_process::{{closure}}::h85218797dcbcec12
[INFO] [stdout]                                at /rustc/82e1608dfa6e0b5569232559e3d385fea5a93112/library/test/src/lib.rs:651:60
[INFO] [stdout]   42:     0x55fbf7763605 - <core::panic::unwind_safe::AssertUnwindSafe<F> as core::ops::function::FnOnce<()>>::call_once::h76c106ea31c14d7b
[INFO] [stdout]                                at /rustc/82e1608dfa6e0b5569232559e3d385fea5a93112/library/core/src/panic/unwind_safe.rs:272:9
[INFO] [stdout]   43:     0x55fbf7763605 - std::panicking::try::do_call::h3bd5d0f6620ee946
[INFO] [stdout]                                at /rustc/82e1608dfa6e0b5569232559e3d385fea5a93112/library/std/src/panicking.rs:552:40
[INFO] [stdout]   44:     0x55fbf7763605 - std::panicking::try::h232e535e4744fe31
[INFO] [stdout]                                at /rustc/82e1608dfa6e0b5569232559e3d385fea5a93112/library/std/src/panicking.rs:516:19
[INFO] [stdout]   45:     0x55fbf7763605 - std::panic::catch_unwind::h3ce3bd6ca8dbac68
[INFO] [stdout]                                at /rustc/82e1608dfa6e0b5569232559e3d385fea5a93112/library/std/src/panic.rs:142:14
[INFO] [stdout]   46:     0x55fbf7763605 - test::run_test_in_process::hc97b257c9621286a
[INFO] [stdout]                                at /rustc/82e1608dfa6e0b5569232559e3d385fea5a93112/library/test/src/lib.rs:651:27
[INFO] [stdout]   47:     0x55fbf7763605 - test::run_test::{{closure}}::h2aa798823a438d38
[INFO] [stdout]                                at /rustc/82e1608dfa6e0b5569232559e3d385fea5a93112/library/test/src/lib.rs:574:43
[INFO] [stdout]   48:     0x55fbf772b8c6 - test::run_test::{{closure}}::h87d231c78fb59832
[INFO] [stdout]                                at /rustc/82e1608dfa6e0b5569232559e3d385fea5a93112/library/test/src/lib.rs:602:41
[INFO] [stdout]   49:     0x55fbf772b8c6 - std::sys_common::backtrace::__rust_begin_short_backtrace::he6df152596625789
[INFO] [stdout]                                at /rustc/82e1608dfa6e0b5569232559e3d385fea5a93112/library/std/src/sys_common/backtrace.rs:154:18
[INFO] [stdout]   50:     0x55fbf7730977 - std::thread::Builder::spawn_unchecked_::{{closure}}::{{closure}}::ha94be15d1e0acf36
[INFO] [stdout]                                at /rustc/82e1608dfa6e0b5569232559e3d385fea5a93112/library/std/src/thread/mod.rs:529:17
[INFO] [stdout]   51:     0x55fbf7730977 - <core::panic::unwind_safe::AssertUnwindSafe<F> as core::ops::function::FnOnce<()>>::call_once::h9dc6bd6372f16606
[INFO] [stdout]                                at /rustc/82e1608dfa6e0b5569232559e3d385fea5a93112/library/core/src/panic/unwind_safe.rs:272:9
[INFO] [stdout]   52:     0x55fbf7730977 - std::panicking::try::do_call::h9057517f80303cd4
[INFO] [stdout]                                at /rustc/82e1608dfa6e0b5569232559e3d385fea5a93112/library/std/src/panicking.rs:552:40
[INFO] [stdout]   53:     0x55fbf7730977 - std::panicking::try::he3a30b11ee45340c
[INFO] [stdout]                                at /rustc/82e1608dfa6e0b5569232559e3d385fea5a93112/library/std/src/panicking.rs:516:19
[INFO] [stdout]   54:     0x55fbf7730977 - std::panic::catch_unwind::h410458cfd3528b8b
[INFO] [stdout]                                at /rustc/82e1608dfa6e0b5569232559e3d385fea5a93112/library/std/src/panic.rs:142:14
[INFO] [stdout]   55:     0x55fbf7730977 - std::thread::Builder::spawn_unchecked_::{{closure}}::h72ac3bdb567b737b
[INFO] [stdout]                                at /rustc/82e1608dfa6e0b5569232559e3d385fea5a93112/library/std/src/thread/mod.rs:528:30
[INFO] [stdout]   56:     0x55fbf7730977 - core::ops::function::FnOnce::call_once{{vtable.shim}}::h38f34da3654a8344
[INFO] [stdout]                                at /rustc/82e1608dfa6e0b5569232559e3d385fea5a93112/library/core/src/ops/function.rs:250:5
[INFO] [stdout]   57:     0x55fbf7b58c55 - <alloc::boxed::Box<F,A> as core::ops::function::FnOnce<Args>>::call_once::hc7eafaff61e32df9
[INFO] [stdout]                                at /rustc/82e1608dfa6e0b5569232559e3d385fea5a93112/library/alloc/src/boxed.rs:2007:9
[INFO] [stdout]   58:     0x55fbf7b58c55 - <alloc::boxed::Box<F,A> as core::ops::function::FnOnce<Args>>::call_once::h6ba4a5de48dd2304
[INFO] [stdout]                                at /rustc/82e1608dfa6e0b5569232559e3d385fea5a93112/library/alloc/src/boxed.rs:2007:9
[INFO] [stdout]   59:     0x55fbf7b58c55 - std::sys::unix::thread::Thread::new::thread_start::he469335aef763e45
[INFO] [stdout]                                at /rustc/82e1608dfa6e0b5569232559e3d385fea5a93112/library/std/src/sys/unix/thread.rs:108:17
[INFO] [stdout]   60:     0x7fcc85514ac3 - <unknown>
[INFO] [stdout]   61:     0x7fcc855a5bf4 - __clone
[INFO] [stdout]   62:                0x0 - <unknown>
[INFO] [stdout] 
[INFO] [stdout] ---- switch::tests::test_switch_on stdout ----
[INFO] [stdout] thread 'switch::tests::test_switch_on' panicked at sonoff-lib/src/switch.rs:64:27:
[INFO] [stdout] called `Result::unwrap()` on an `Err` value: error sending request for url (http://127.0.0.1:8081/zeroconf/switch): error trying to connect: tcp connect error: Connection refused (os error 111)
[INFO] [stdout] 
[INFO] [stdout] Caused by:
[INFO] [stdout]     0: error trying to connect: tcp connect error: Connection refused (os error 111)
[INFO] [stdout]     1: tcp connect error: Connection refused (os error 111)
[INFO] [stdout]     2: Connection refused (os error 111)
[INFO] [stdout] stack backtrace:
[INFO] [stdout]    0:     0x55fbf7b51eac - std::backtrace_rs::backtrace::libunwind::trace::ha637c64ce894333a
[INFO] [stdout]                                at /rustc/82e1608dfa6e0b5569232559e3d385fea5a93112/library/std/src/../../backtrace/src/backtrace/libunwind.rs:104:5
[INFO] [stdout]    1:     0x55fbf7b51eac - std::backtrace_rs::backtrace::trace_unsynchronized::h47f62dea28e0c88d
[INFO] [stdout]                                at /rustc/82e1608dfa6e0b5569232559e3d385fea5a93112/library/std/src/../../backtrace/src/backtrace/mod.rs:66:5
[INFO] [stdout]    2:     0x55fbf7b51eac - std::sys_common::backtrace::_print_fmt::h9eef0abe20ede486
[INFO] [stdout]                                at /rustc/82e1608dfa6e0b5569232559e3d385fea5a93112/library/std/src/sys_common/backtrace.rs:67:5
[INFO] [stdout]    3:     0x55fbf7b51eac - <std::sys_common::backtrace::_print::DisplayBacktrace as core::fmt::Display>::fmt::hed7f999df88cc644
[INFO] [stdout]                                at /rustc/82e1608dfa6e0b5569232559e3d385fea5a93112/library/std/src/sys_common/backtrace.rs:44:22
[INFO] [stdout]    4:     0x55fbf7b7ea70 - core::fmt::rt::Argument::fmt::h1539a9308b8d058d
[INFO] [stdout]                                at /rustc/82e1608dfa6e0b5569232559e3d385fea5a93112/library/core/src/fmt/rt.rs:142:9
[INFO] [stdout]    5:     0x55fbf7b7ea70 - core::fmt::write::h3a39390d8560d9c9
[INFO] [stdout]                                at /rustc/82e1608dfa6e0b5569232559e3d385fea5a93112/library/core/src/fmt/mod.rs:1120:17
[INFO] [stdout]    6:     0x55fbf7b4ee3f - std::io::Write::write_fmt::h040b369f3a0f9cbc
[INFO] [stdout]                                at /rustc/82e1608dfa6e0b5569232559e3d385fea5a93112/library/std/src/io/mod.rs:1762:15
[INFO] [stdout]    7:     0x55fbf7b51c94 - std::sys_common::backtrace::_print::h894006fb5c6f3d45
[INFO] [stdout]                                at /rustc/82e1608dfa6e0b5569232559e3d385fea5a93112/library/std/src/sys_common/backtrace.rs:47:5
[INFO] [stdout]    8:     0x55fbf7b51c94 - std::sys_common::backtrace::print::h23a2d212c6fff936
[INFO] [stdout]                                at /rustc/82e1608dfa6e0b5569232559e3d385fea5a93112/library/std/src/sys_common/backtrace.rs:34:9
[INFO] [stdout]    9:     0x55fbf7b53957 - std::panicking::default_hook::{{closure}}::h8a1d2ee00185001a
[INFO] [stdout]   10:     0x55fbf7b53643 - std::panicking::default_hook::h6038f2eba384e475
[INFO] [stdout]                                at /rustc/82e1608dfa6e0b5569232559e3d385fea5a93112/library/std/src/panicking.rs:289:9
[INFO] [stdout]   11:     0x55fbf775ef97 - <alloc::boxed::Box<F,A> as core::ops::function::Fn<Args>>::call::h0ad024c9bdc6d768
[INFO] [stdout]                                at /rustc/82e1608dfa6e0b5569232559e3d385fea5a93112/library/alloc/src/boxed.rs:2021:9
[INFO] [stdout]   12:     0x55fbf775ef97 - test::test_main::{{closure}}::h7500b54257359db6
[INFO] [stdout]                                at /rustc/82e1608dfa6e0b5569232559e3d385fea5a93112/library/test/src/lib.rs:138:21
[INFO] [stdout]   13:     0x55fbf7b53f68 - <alloc::boxed::Box<F,A> as core::ops::function::Fn<Args>>::call::h1f8f335eaa9cfaee
[INFO] [stdout]                                at /rustc/82e1608dfa6e0b5569232559e3d385fea5a93112/library/alloc/src/boxed.rs:2021:9
[INFO] [stdout]   14:     0x55fbf7b53f68 - std::panicking::rust_panic_with_hook::h2b5517d590cab22e
[INFO] [stdout]                                at /rustc/82e1608dfa6e0b5569232559e3d385fea5a93112/library/std/src/panicking.rs:783:13
[INFO] [stdout]   15:     0x55fbf7b53cbe - std::panicking::begin_panic_handler::{{closure}}::h233112c06e0ef43e
[INFO] [stdout]                                at /rustc/82e1608dfa6e0b5569232559e3d385fea5a93112/library/std/src/panicking.rs:657:13
[INFO] [stdout]   16:     0x55fbf7b52376 - std::sys_common::backtrace::__rust_end_short_backtrace::h6e893f24d7ebbff8
[INFO] [stdout]                                at /rustc/82e1608dfa6e0b5569232559e3d385fea5a93112/library/std/src/sys_common/backtrace.rs:170:18
[INFO] [stdout]   17:     0x55fbf7b53a22 - rust_begin_unwind
[INFO] [stdout]                                at /rustc/82e1608dfa6e0b5569232559e3d385fea5a93112/library/std/src/panicking.rs:645:5
[INFO] [stdout]   18:     0x55fbf76db605 - core::panicking::panic_fmt::hbf0e066aabfa482c
[INFO] [stdout]                                at /rustc/82e1608dfa6e0b5569232559e3d385fea5a93112/library/core/src/panicking.rs:72:14
[INFO] [stdout]   19:     0x55fbf76dbbd3 - core::result::unwrap_failed::hddb4fea594200c52
[INFO] [stdout]                                at /rustc/82e1608dfa6e0b5569232559e3d385fea5a93112/library/core/src/result.rs:1653:5
[INFO] [stdout]   20:     0x55fbf76f804c - core::result::Result<T,E>::unwrap::hecbd0b418bb8e932
[INFO] [stdout]                                at /rustc/82e1608dfa6e0b5569232559e3d385fea5a93112/library/core/src/result.rs:1077:23
[INFO] [stdout]   21:     0x55fbf7701911 - sonoff_lib::switch::tests::test_switch_on::{{closure}}::h5fd72a6529f4aa04
[INFO] [stdout]                                at /opt/rustwide/workdir/sonoff-lib/src/switch.rs:64:9
[INFO] [stdout]   22:     0x55fbf7706b98 - <core::pin::Pin<P> as core::future::future::Future>::poll::h1a9635af5822bf9b
[INFO] [stdout]                                at /rustc/82e1608dfa6e0b5569232559e3d385fea5a93112/library/core/src/future/future.rs:125:9
[INFO] [stdout]   23:     0x55fbf7706beb - <core::pin::Pin<P> as core::future::future::Future>::poll::h34861b943c5692b0
[INFO] [stdout]                                at /rustc/82e1608dfa6e0b5569232559e3d385fea5a93112/library/core/src/future/future.rs:125:9
[INFO] [stdout]   24:     0x55fbf76fed14 - tokio::runtime::scheduler::current_thread::CoreGuard::block_on::{{closure}}::{{closure}}::{{closure}}::hcdbb1105e702cdd4
[INFO] [stdout]                                at /opt/rustwide/cargo-home/registry/src/index.crates.io-6f17d22bba15001f/tokio-1.28.2/src/runtime/scheduler/current_thread.rs:541:57
[INFO] [stdout]   25:     0x55fbf76fec1a - tokio::runtime::coop::with_budget::h725854a91b3ed422
[INFO] [stdout]                                at /opt/rustwide/cargo-home/registry/src/index.crates.io-6f17d22bba15001f/tokio-1.28.2/src/runtime/coop.rs:107:5
[INFO] [stdout]   26:     0x55fbf76fec1a - tokio::runtime::coop::budget::h44699119c822fd0b
[INFO] [stdout]                                at /opt/rustwide/cargo-home/registry/src/index.crates.io-6f17d22bba15001f/tokio-1.28.2/src/runtime/coop.rs:73:5
[INFO] [stdout]   27:     0x55fbf76fec1a - tokio::runtime::scheduler::current_thread::CoreGuard::block_on::{{closure}}::{{closure}}::h80b291e153b63d91
[INFO] [stdout]                                at /opt/rustwide/cargo-home/registry/src/index.crates.io-6f17d22bba15001f/tokio-1.28.2/src/runtime/scheduler/current_thread.rs:541:25
[INFO] [stdout]   28:     0x55fbf76fd40c - tokio::runtime::scheduler::current_thread::Context::enter::h6511fa47391bd6c2
[INFO] [stdout]                                at /opt/rustwide/cargo-home/registry/src/index.crates.io-6f17d22bba15001f/tokio-1.28.2/src/runtime/scheduler/current_thread.rs:350:19
[INFO] [stdout]   29:     0x55fbf76fe1fa - tokio::runtime::scheduler::current_thread::CoreGuard::block_on::{{closure}}::h7adb3034f1432d97
[INFO] [stdout]                                at /opt/rustwide/cargo-home/registry/src/index.crates.io-6f17d22bba15001f/tokio-1.28.2/src/runtime/scheduler/current_thread.rs:540:36
[INFO] [stdout]   30:     0x55fbf76fdf0b - tokio::runtime::scheduler::current_thread::CoreGuard::enter::{{closure}}::h2588a14721793609
[INFO] [stdout]                                at /opt/rustwide/cargo-home/registry/src/index.crates.io-6f17d22bba15001f/tokio-1.28.2/src/runtime/scheduler/current_thread.rs:615:57
[INFO] [stdout]   31:     0x55fbf76fcb08 - tokio::macros::scoped_tls::ScopedKey<T>::set::h9c16f1d8e75e7c20
[INFO] [stdout]                                at /opt/rustwide/cargo-home/registry/src/index.crates.io-6f17d22bba15001f/tokio-1.28.2/src/macros/scoped_tls.rs:61:9
[INFO] [stdout]   32:     0x55fbf76fdc9f - tokio::runtime::scheduler::current_thread::CoreGuard::enter::h5d7351f5036b7a79
[INFO] [stdout]                                at /opt/rustwide/cargo-home/registry/src/index.crates.io-6f17d22bba15001f/tokio-1.28.2/src/runtime/scheduler/current_thread.rs:615:27
[INFO] [stdout]   33:     0x55fbf76fdf3d - tokio::runtime::scheduler::current_thread::CoreGuard::block_on::h12f1b567498ef6a2
[INFO] [stdout]                                at /opt/rustwide/cargo-home/registry/src/index.crates.io-6f17d22bba15001f/tokio-1.28.2/src/runtime/scheduler/current_thread.rs:530:19
[INFO] [stdout]   34:     0x55fbf76fcecd - tokio::runtime::scheduler::current_thread::CurrentThread::block_on::hc2f38d8ce7097f70
[INFO] [stdout]                                at /opt/rustwide/cargo-home/registry/src/index.crates.io-6f17d22bba15001f/tokio-1.28.2/src/runtime/scheduler/current_thread.rs:154:24
[INFO] [stdout]   35:     0x55fbf76fa1dc - tokio::runtime::runtime::Runtime::block_on::hb982fc2549aa7fbf
[INFO] [stdout]                                at /opt/rustwide/cargo-home/registry/src/index.crates.io-6f17d22bba15001f/tokio-1.28.2/src/runtime/runtime.rs:302:47
[INFO] [stdout]   36:     0x55fbf77015f4 - sonoff_lib::switch::tests::test_switch_on::haf619a783000b9a4
[INFO] [stdout]                                at /opt/rustwide/workdir/sonoff-lib/src/switch.rs:64:9
[INFO] [stdout]   37:     0x55fbf7701487 - sonoff_lib::switch::tests::test_switch_on::{{closure}}::hdd4504f31da65d86
[INFO] [stdout]                                at /opt/rustwide/workdir/sonoff-lib/src/switch.rs:61:30
[INFO] [stdout]   38:     0x55fbf76dde26 - core::ops::function::FnOnce::call_once::hd14af567e0973e6d
[INFO] [stdout]                                at /rustc/82e1608dfa6e0b5569232559e3d385fea5a93112/library/core/src/ops/function.rs:250:5
[INFO] [stdout]   39:     0x55fbf77645ef - core::ops::function::FnOnce::call_once::h2b5d431d5046312d
[INFO] [stdout]                                at /rustc/82e1608dfa6e0b5569232559e3d385fea5a93112/library/core/src/ops/function.rs:250:5
[INFO] [stdout]   40:     0x55fbf77645ef - test::__rust_begin_short_backtrace::h7714669af176e207
[INFO] [stdout]                                at /rustc/82e1608dfa6e0b5569232559e3d385fea5a93112/library/test/src/lib.rs:628:18
[INFO] [stdout]   41:     0x55fbf7763605 - test::run_test_in_process::{{closure}}::h85218797dcbcec12
[INFO] [stdout]                                at /rustc/82e1608dfa6e0b5569232559e3d385fea5a93112/library/test/src/lib.rs:651:60
[INFO] [stdout]   42:     0x55fbf7763605 - <core::panic::unwind_safe::AssertUnwindSafe<F> as core::ops::function::FnOnce<()>>::call_once::h76c106ea31c14d7b
[INFO] [stdout]                                at /rustc/82e1608dfa6e0b5569232559e3d385fea5a93112/library/core/src/panic/unwind_safe.rs:272:9
[INFO] [stdout]   43:     0x55fbf7763605 - std::panicking::try::do_call::h3bd5d0f6620ee946
[INFO] [stdout]                                at /rustc/82e1608dfa6e0b5569232559e3d385fea5a93112/library/std/src/panicking.rs:552:40
[INFO] [stdout]   44:     0x55fbf7763605 - std::panicking::try::h232e535e4744fe31
[INFO] [stdout]                                at /rustc/82e1608dfa6e0b5569232559e3d385fea5a93112/library/std/src/panicking.rs:516:19
[INFO] [stdout]   45:     0x55fbf7763605 - std::panic::catch_unwind::h3ce3bd6ca8dbac68
[INFO] [stdout]                                at /rustc/82e1608dfa6e0b5569232559e3d385fea5a93112/library/std/src/panic.rs:142:14
[INFO] [stdout]   46:     0x55fbf7763605 - test::run_test_in_process::hc97b257c9621286a
[INFO] [stdout]                                at /rustc/82e1608dfa6e0b5569232559e3d385fea5a93112/library/test/src/lib.rs:651:27
[INFO] [stdout]   47:     0x55fbf7763605 - test::run_test::{{closure}}::h2aa798823a438d38
[INFO] [stdout]                                at /rustc/82e1608dfa6e0b5569232559e3d385fea5a93112/library/test/src/lib.rs:574:43
[INFO] [stdout]   48:     0x55fbf772b8c6 - test::run_test::{{closure}}::h87d231c78fb59832
[INFO] [stdout]                                at /rustc/82e1608dfa6e0b5569232559e3d385fea5a93112/library/test/src/lib.rs:602:41
[INFO] [stdout]   49:     0x55fbf772b8c6 - std::sys_common::backtrace::__rust_begin_short_backtrace::he6df152596625789
[INFO] [stdout]                                at /rustc/82e1608dfa6e0b5569232559e3d385fea5a93112/library/std/src/sys_common/backtrace.rs:154:18
[INFO] [stdout]   50:     0x55fbf7730977 - std::thread::Builder::spawn_unchecked_::{{closure}}::{{closure}}::ha94be15d1e0acf36
[INFO] [stdout]                                at /rustc/82e1608dfa6e0b5569232559e3d385fea5a93112/library/std/src/thread/mod.rs:529:17
[INFO] [stdout]   51:     0x55fbf7730977 - <core::panic::unwind_safe::AssertUnwindSafe<F> as core::ops::function::FnOnce<()>>::call_once::h9dc6bd6372f16606
[INFO] [stdout]                                at /rustc/82e1608dfa6e0b5569232559e3d385fea5a93112/library/core/src/panic/unwind_safe.rs:272:9
[INFO] [stdout]   52:     0x55fbf7730977 - std::panicking::try::do_call::h9057517f80303cd4
[INFO] [stdout]                                at /rustc/82e1608dfa6e0b5569232559e3d385fea5a93112/library/std/src/panicking.rs:552:40
[INFO] [stdout]   53:     0x55fbf7730977 - std::panicking::try::he3a30b11ee45340c
[INFO] [stdout]                                at /rustc/82e1608dfa6e0b5569232559e3d385fea5a93112/library/std/src/panicking.rs:516:19
[INFO] [stdout]   54:     0x55fbf7730977 - std::panic::catch_unwind::h410458cfd3528b8b
[INFO] [stdout]                                at /rustc/82e1608dfa6e0b5569232559e3d385fea5a93112/library/std/src/panic.rs:142:14
[INFO] [stdout]   55:     0x55fbf7730977 - std::thread::Builder::spawn_unchecked_::{{closure}}::h72ac3bdb567b737b
[INFO] [stdout]                                at /rustc/82e1608dfa6e0b5569232559e3d385fea5a93112/library/std/src/thread/mod.rs:528:30
[INFO] [stdout]   56:     0x55fbf7730977 - core::ops::function::FnOnce::call_once{{vtable.shim}}::h38f34da3654a8344
[INFO] [stdout]                                at /rustc/82e1608dfa6e0b5569232559e3d385fea5a93112/library/core/src/ops/function.rs:250:5
[INFO] [stdout]   57:     0x55fbf7b58c55 - <alloc::boxed::Box<F,A> as core::ops::function::FnOnce<Args>>::call_once::hc7eafaff61e32df9
[INFO] [stdout]                                at /rustc/82e1608dfa6e0b5569232559e3d385fea5a93112/library/alloc/src/boxed.rs:2007:9
[INFO] [stdout]   58:     0x55fbf7b58c55 - <alloc::boxed::Box<F,A> as core::ops::function::FnOnce<Args>>::call_once::h6ba4a5de48dd2304
[INFO] [stdout]                                at /rustc/82e1608dfa6e0b5569232559e3d385fea5a93112/library/alloc/src/boxed.rs:2007:9
[INFO] [stdout]   59:     0x55fbf7b58c55 - std::sys::unix::thread::Thread::new::thread_start::he469335aef763e45
[INFO] [stdout]                                at /rustc/82e1608dfa6e0b5569232559e3d385fea5a93112/library/std/src/sys/unix/thread.rs:108:17
[INFO] [stdout]   60:     0x7fcc85514ac3 - <unknown>
[INFO] [stdout]   61:     0x7fcc855a5bf4 - __clone
[INFO] [stdout]   62:                0x0 - <unknown>
[INFO] [stdout] 
[INFO] [stdout] ---- device_common::tests::test_get_info stdout ----
[INFO] [stdout] thread 'device_common::tests::test_get_info' panicked at sonoff-lib/src/device_common.rs:66:45:
[INFO] [stdout] called `Result::unwrap()` on an `Err` value: error sending request for url (http://127.0.0.1:8081/zeroconf/info): error trying to connect: tcp connect error: Connection refused (os error 111)
[INFO] [stdout] 
[INFO] [stdout] Caused by:
[INFO] [stdout]     0: error trying to connect: tcp connect error: Connection refused (os error 111)
[INFO] [stdout]     1: tcp connect error: Connection refused (os error 111)
[INFO] [stdout]     2: Connection refused (os error 111)
[INFO] [stdout] stack backtrace:
[INFO] [stdout]    0:     0x55fbf7b51eac - std::backtrace_rs::backtrace::libunwind::trace::ha637c64ce894333a
[INFO] [stdout]                                at /rustc/82e1608dfa6e0b5569232559e3d385fea5a93112/library/std/src/../../backtrace/src/backtrace/libunwind.rs:104:5
[INFO] [stdout]    1:     0x55fbf7b51eac - std::backtrace_rs::backtrace::trace_unsynchronized::h47f62dea28e0c88d
[INFO] [stdout]                                at /rustc/82e1608dfa6e0b5569232559e3d385fea5a93112/library/std/src/../../backtrace/src/backtrace/mod.rs:66:5
[INFO] [stdout]    2:     0x55fbf7b51eac - std::sys_common::backtrace::_print_fmt::h9eef0abe20ede486
[INFO] [stdout]                                at /rustc/82e1608dfa6e0b5569232559e3d385fea5a93112/library/std/src/sys_common/backtrace.rs:67:5
[INFO] [stdout]    3:     0x55fbf7b51eac - <std::sys_common::backtrace::_print::DisplayBacktrace as core::fmt::Display>::fmt::hed7f999df88cc644
[INFO] [stdout]                                at /rustc/82e1608dfa6e0b5569232559e3d385fea5a93112/library/std/src/sys_common/backtrace.rs:44:22
[INFO] [stdout]    4:     0x55fbf7b7ea70 - core::fmt::rt::Argument::fmt::h1539a9308b8d058d
[INFO] [stdout]                                at /rustc/82e1608dfa6e0b5569232559e3d385fea5a93112/library/core/src/fmt/rt.rs:142:9
[INFO] [stdout]    5:     0x55fbf7b7ea70 - core::fmt::write::h3a39390d8560d9c9
[INFO] [stdout]                                at /rustc/82e1608dfa6e0b5569232559e3d385fea5a93112/library/core/src/fmt/mod.rs:1120:17
[INFO] [stdout]    6:     0x55fbf7b4ee3f - std::io::Write::write_fmt::h040b369f3a0f9cbc
[INFO] [stdout]                                at /rustc/82e1608dfa6e0b5569232559e3d385fea5a93112/library/std/src/io/mod.rs:1762:15
[INFO] [stdout]    7:     0x55fbf7b51c94 - std::sys_common::backtrace::_print::h894006fb5c6f3d45
[INFO] [stdout]                                at /rustc/82e1608dfa6e0b5569232559e3d385fea5a93112/library/std/src/sys_common/backtrace.rs:47:5
[INFO] [stdout]    8:     0x55fbf7b51c94 - std::sys_common::backtrace::print::h23a2d212c6fff936
[INFO] [stdout]                                at /rustc/82e1608dfa6e0b5569232559e3d385fea5a93112/library/std/src/sys_common/backtrace.rs:34:9
[INFO] [stdout]    9:     0x55fbf7b53957 - std::panicking::default_hook::{{closure}}::h8a1d2ee00185001a
[INFO] [stdout]   10:     0x55fbf7b53643 - std::panicking::default_hook::h6038f2eba384e475
[INFO] [stdout]                                at /rustc/82e1608dfa6e0b5569232559e3d385fea5a93112/library/std/src/panicking.rs:289:9
[INFO] [stdout]   11:     0x55fbf775ef97 - <alloc::boxed::Box<F,A> as core::ops::function::Fn<Args>>::call::h0ad024c9bdc6d768
[INFO] [stdout]                                at /rustc/82e1608dfa6e0b5569232559e3d385fea5a93112/library/alloc/src/boxed.rs:2021:9
[INFO] [stdout]   12:     0x55fbf775ef97 - test::test_main::{{closure}}::h7500b54257359db6
[INFO] [stdout]                                at /rustc/82e1608dfa6e0b5569232559e3d385fea5a93112/library/test/src/lib.rs:138:21
[INFO] [stdout]   13:     0x55fbf7b53f68 - <alloc::boxed::Box<F,A> as core::ops::function::Fn<Args>>::call::h1f8f335eaa9cfaee
[INFO] [stdout]                                at /rustc/82e1608dfa6e0b5569232559e3d385fea5a93112/library/alloc/src/boxed.rs:2021:9
[INFO] [stdout]   14:     0x55fbf7b53f68 - std::panicking::rust_panic_with_hook::h2b5517d590cab22e
[INFO] [stdout]                                at /rustc/82e1608dfa6e0b5569232559e3d385fea5a93112/library/std/src/panicking.rs:783:13
[INFO] [stdout]   15:     0x55fbf7b53cbe - std::panicking::begin_panic_handler::{{closure}}::h233112c06e0ef43e
[INFO] [stdout]                                at /rustc/82e1608dfa6e0b5569232559e3d385fea5a93112/library/std/src/panicking.rs:657:13
[INFO] [stdout]   16:     0x55fbf7b52376 - std::sys_common::backtrace::__rust_end_short_backtrace::h6e893f24d7ebbff8
[INFO] [stdout]                                at /rustc/82e1608dfa6e0b5569232559e3d385fea5a93112/library/std/src/sys_common/backtrace.rs:170:18
[INFO] [stdout]   17:     0x55fbf7b53a22 - rust_begin_unwind
[INFO] [stdout]                                at /rustc/82e1608dfa6e0b5569232559e3d385fea5a93112/library/std/src/panicking.rs:645:5
[INFO] [stdout]   18:     0x55fbf76db605 - core::panicking::panic_fmt::hbf0e066aabfa482c
[INFO] [stdout]                                at /rustc/82e1608dfa6e0b5569232559e3d385fea5a93112/library/core/src/panicking.rs:72:14
[INFO] [stdout]   19:     0x55fbf76dbbd3 - core::result::unwrap_failed::hddb4fea594200c52
[INFO] [stdout]                                at /rustc/82e1608dfa6e0b5569232559e3d385fea5a93112/library/core/src/result.rs:1653:5
[INFO] [stdout]   20:     0x55fbf76f7f8c - core::result::Result<T,E>::unwrap::hcf486623514d8ae4
[INFO] [stdout]                                at /rustc/82e1608dfa6e0b5569232559e3d385fea5a93112/library/core/src/result.rs:1077:23
[INFO] [stdout]   21:     0x55fbf770c381 - sonoff_lib::device_common::tests::test_get_info::{{closure}}::h2e96b9532733fed6
[INFO] [stdout]                                at /opt/rustwide/workdir/sonoff-lib/src/device_common.rs:66:24
[INFO] [stdout]   22:     0x55fbf7706b98 - <core::pin::Pin<P> as core::future::future::Future>::poll::h1a9635af5822bf9b
[INFO] [stdout]                                at /rustc/82e1608dfa6e0b5569232559e3d385fea5a93112/library/core/src/future/future.rs:125:9
[INFO] [stdout]   23:     0x55fbf7706beb - <core::pin::Pin<P> as core::future::future::Future>::poll::h34861b943c5692b0
[INFO] [stdout]                                at /rustc/82e1608dfa6e0b5569232559e3d385fea5a93112/library/core/src/future/future.rs:125:9
[INFO] [stdout]   24:     0x55fbf76fed14 - tokio::runtime::scheduler::current_thread::CoreGuard::block_on::{{closure}}::{{closure}}::{{closure}}::hcdbb1105e702cdd4
[INFO] [stdout]                                at /opt/rustwide/cargo-home/registry/src/index.crates.io-6f17d22bba15001f/tokio-1.28.2/src/runtime/scheduler/current_thread.rs:541:57
[INFO] [stdout]   25:     0x55fbf76fec1a - tokio::runtime::coop::with_budget::h725854a91b3ed422
[INFO] [stdout]                                at /opt/rustwide/cargo-home/registry/src/index.crates.io-6f17d22bba15001f/tokio-1.28.2/src/runtime/coop.rs:107:5
[INFO] [stdout]   26:     0x55fbf76fec1a - tokio::runtime::coop::budget::h44699119c822fd0b
[INFO] [stdout]                                at /opt/rustwide/cargo-home/registry/src/index.crates.io-6f17d22bba15001f/tokio-1.28.2/src/runtime/coop.rs:73:5
[INFO] [stdout]   27:     0x55fbf76fec1a - tokio::runtime::scheduler::current_thread::CoreGuard::block_on::{{closure}}::{{closure}}::h80b291e153b63d91
[INFO] [stdout]                                at /opt/rustwide/cargo-home/registry/src/index.crates.io-6f17d22bba15001f/tokio-1.28.2/src/runtime/scheduler/current_thread.rs:541:25
[INFO] [stdout]   28:     0x55fbf76fd40c - tokio::runtime::scheduler::current_thread::Context::enter::h6511fa47391bd6c2
[INFO] [stdout]                                at /opt/rustwide/cargo-home/registry/src/index.crates.io-6f17d22bba15001f/tokio-1.28.2/src/runtime/scheduler/current_thread.rs:350:19
[INFO] [stdout]   29:     0x55fbf76fe1fa - tokio::runtime::scheduler::current_thread::CoreGuard::block_on::{{closure}}::h7adb3034f1432d97
[INFO] [stdout]                                at /opt/rustwide/cargo-home/registry/src/index.crates.io-6f17d22bba15001f/tokio-1.28.2/src/runtime/scheduler/current_thread.rs:540:36
[INFO] [stdout]   30:     0x55fbf76fdf0b - tokio::runtime::scheduler::current_thread::CoreGuard::enter::{{closure}}::h2588a14721793609
[INFO] [stdout]                                at /opt/rustwide/cargo-home/registry/src/index.crates.io-6f17d22bba15001f/tokio-1.28.2/src/runtime/scheduler/current_thread.rs:615:57
[INFO] [stdout]   31:     0x55fbf76fcb08 - tokio::macros::scoped_tls::ScopedKey<T>::set::h9c16f1d8e75e7c20
[INFO] [stdout]                                at /opt/rustwide/cargo-home/registry/src/index.crates.io-6f17d22bba15001f/tokio-1.28.2/src/macros/scoped_tls.rs:61:9
[INFO] [stdout]   32:     0x55fbf76fdc9f - tokio::runtime::scheduler::current_thread::CoreGuard::enter::h5d7351f5036b7a79
[INFO] [stdout]                                at /opt/rustwide/cargo-home/registry/src/index.crates.io-6f17d22bba15001f/tokio-1.28.2/src/runtime/scheduler/current_thread.rs:615:27
[INFO] [stdout]   33:     0x55fbf76fdf3d - tokio::runtime::scheduler::current_thread::CoreGuard::block_on::h12f1b567498ef6a2
[INFO] [stdout]                                at /opt/rustwide/cargo-home/registry/src/index.crates.io-6f17d22bba15001f/tokio-1.28.2/src/runtime/scheduler/current_thread.rs:530:19
[INFO] [stdout]   34:     0x55fbf76fcecd - tokio::runtime::scheduler::current_thread::CurrentThread::block_on::hc2f38d8ce7097f70
[INFO] [stdout]                                at /opt/rustwide/cargo-home/registry/src/index.crates.io-6f17d22bba15001f/tokio-1.28.2/src/runtime/scheduler/current_thread.rs:154:24
[INFO] [stdout]   35:     0x55fbf76fa1dc - tokio::runtime::runtime::Runtime::block_on::hb982fc2549aa7fbf
[INFO] [stdout]                                at /opt/rustwide/cargo-home/registry/src/index.crates.io-6f17d22bba15001f/tokio-1.28.2/src/runtime/runtime.rs:302:47
[INFO] [stdout]   36:     0x55fbf770c0a0 - sonoff_lib::device_common::tests::test_get_info::h0c90c6306129dcc1
[INFO] [stdout]                                at /opt/rustwide/workdir/sonoff-lib/src/device_common.rs:67:9
[INFO] [stdout]   37:     0x55fbf770bf27 - sonoff_lib::device_common::tests::test_get_info::{{closure}}::hadb84b6e9769c2d7
[INFO] [stdout]                                at /opt/rustwide/workdir/sonoff-lib/src/device_common.rs:64:29
[INFO] [stdout]   38:     0x55fbf76ddf06 - core::ops::function::FnOnce::call_once::hfdcefd9751341c07
[INFO] [stdout]                                at /rustc/82e1608dfa6e0b5569232559e3d385fea5a93112/library/core/src/ops/function.rs:250:5
[INFO] [stdout]   39:     0x55fbf77645ef - core::ops::function::FnOnce::call_once::h2b5d431d5046312d
[INFO] [stdout]                                at /rustc/82e1608dfa6e0b5569232559e3d385fea5a93112/library/core/src/ops/function.rs:250:5
[INFO] [stdout]   40:     0x55fbf77645ef - test::__rust_begin_short_backtrace::h7714669af176e207
[INFO] [stdout]                                at /rustc/82e1608dfa6e0b5569232559e3d385fea5a93112/library/test/src/lib.rs:628:18
[INFO] [stdout]   41:     0x55fbf7763605 - test::run_test_in_process::{{closure}}::h85218797dcbcec12
[INFO] [stdout]                                at /rustc/82e1608dfa6e0b5569232559e3d385fea5a93112/library/test/src/lib.rs:651:60
[INFO] [stdout]   42:     0x55fbf7763605 - <core::panic::unwind_safe::AssertUnwindSafe<F> as core::ops::function::FnOnce<()>>::call_once::h76c106ea31c14d7b
[INFO] [stdout]                                at /rustc/82e1608dfa6e0b5569232559e3d385fea5a93112/library/core/src/panic/unwind_safe.rs:272:9
[INFO] [stdout]   43:     0x55fbf7763605 - std::panicking::try::do_call::h3bd5d0f6620ee946
[INFO] [stdout]                                at /rustc/82e1608dfa6e0b5569232559e3d385fea5a93112/library/std/src/panicking.rs:552:40
[INFO] [stdout]   44:     0x55fbf7763605 - std::panicking::try::h232e535e4744fe31
[INFO] [stdout]                                at /rustc/82e1608dfa6e0b5569232559e3d385fea5a93112/library/std/src/panicking.rs:516:19
[INFO] [stdout]   45:     0x55fbf7763605 - std::panic::catch_unwind::h3ce3bd6ca8dbac68
[INFO] [stdout]                                at /rustc/82e1608dfa6e0b5569232559e3d385fea5a93112/library/std/src/panic.rs:142:14
[INFO] [stdout]   46:     0x55fbf7763605 - test::run_test_in_process::hc97b257c9621286a
[INFO] [stdout]                                at /rustc/82e1608dfa6e0b5569232559e3d385fea5a93112/library/test/src/lib.rs:651:27
[INFO] [stdout]   47:     0x55fbf7763605 - test::run_test::{{closure}}::h2aa798823a438d38
[INFO] [stdout]                                at /rustc/82e1608dfa6e0b5569232559e3d385fea5a93112/library/test/src/lib.rs:574:43
[INFO] [stdout]   48:     0x55fbf772b8c6 - test::run_test::{{closure}}::h87d231c78fb59832
[INFO] [stdout]                                at /rustc/82e1608dfa6e0b5569232559e3d385fea5a93112/library/test/src/lib.rs:602:41
[INFO] [stdout]   49:     0x55fbf772b8c6 - std::sys_common::backtrace::__rust_begin_short_backtrace::he6df152596625789
[INFO] [stdout]                                at /rustc/82e1608dfa6e0b5569232559e3d385fea5a93112/library/std/src/sys_common/backtrace.rs:154:18
[INFO] [stdout]   50:     0x55fbf7730977 - std::thread::Builder::spawn_unchecked_::{{closure}}::{{closure}}::ha94be15d1e0acf36
[INFO] [stdout]                                at /rustc/82e1608dfa6e0b5569232559e3d385fea5a93112/library/std/src/thread/mod.rs:529:17
[INFO] [stdout]   51:     0x55fbf7730977 - <core::panic::unwind_safe::AssertUnwindSafe<F> as core::ops::function::FnOnce<()>>::call_once::h9dc6bd6372f16606
[INFO] [stdout]                                at /rustc/82e1608dfa6e0b5569232559e3d385fea5a93112/library/core/src/panic/unwind_safe.rs:272:9
[INFO] [stdout]   52:     0x55fbf7730977 - std::panicking::try::do_call::h9057517f80303cd4
[INFO] [stdout]                                at /rustc/82e1608dfa6e0b5569232559e3d385fea5a93112/library/std/src/panicking.rs:552:40
[INFO] [stdout]   53:     0x55fbf7730977 - std::panicking::try::he3a30b11ee45340c
[INFO] [stdout]                                at /rustc/82e1608dfa6e0b5569232559e3d385fea5a93112/library/std/src/panicking.rs:516:19
[INFO] [stdout]   54:     0x55fbf7730977 - std::panic::catch_unwind::h410458cfd3528b8b
[INFO] [stdout]                                at /rustc/82e1608dfa6e0b5569232559e3d385fea5a93112/library/std/src/panic.rs:142:14
[INFO] [stdout]   55:     0x55fbf7730977 - std::thread::Builder::spawn_unchecked_::{{closure}}::h72ac3bdb567b737b
[INFO] [stdout]                                at /rustc/82e1608dfa6e0b5569232559e3d385fea5a93112/library/std/src/thread/mod.rs:528:30
[INFO] [stdout]   56:     0x55fbf7730977 - core::ops::function::FnOnce::call_once{{vtable.shim}}::h38f34da3654a8344
[INFO] [stdout]                                at /rustc/82e1608dfa6e0b5569232559e3d385fea5a93112/library/core/src/ops/function.rs:250:5
[INFO] [stdout]   57:     0x55fbf7b58c55 - <alloc::boxed::Box<F,A> as core::ops::function::FnOnce<Args>>::call_once::hc7eafaff61e32df9
[INFO] [stdout]                                at /rustc/82e1608dfa6e0b5569232559e3d385fea5a93112/library/alloc/src/boxed.rs:2007:9
[INFO] [stdout]   58:     0x55fbf7b58c55 - <alloc::boxed::Box<F,A> as core::ops::function::FnOnce<Args>>::call_once::h6ba4a5de48dd2304
[INFO] [stdout]                                at /rustc/82e1608dfa6e0b5569232559e3d385fea5a93112/library/alloc/src/boxed.rs:2007:9
[INFO] [stdout]   59:     0x55fbf7b58c55 - std::sys::unix::thread::Thread::new::thread_start::he469335aef763e45
[INFO] [stdout]                                at /rustc/82e1608dfa6e0b5569232559e3d385fea5a93112/library/std/src/sys/unix/thread.rs:108:17
[INFO] [stdout]   60:     0x7fcc85514ac3 - <unknown>
[INFO] [stdout]   61:     0x7fcc855a5bf4 - __clone
[INFO] [stdout]   62:                0x0 - <unknown>
[INFO] [stdout] 
[INFO] [stdout] 
[INFO] [stdout] failures:
[INFO] [stdout]     bulb::tests::test_bulb_white
[INFO] [stdout]     device_common::tests::test_get_info
[INFO] [stdout]     dimmer::tests::test_dimmer_half
[INFO] [stdout]     switch::tests::test_switch_on
[INFO] [stdout] 
[INFO] [stdout] test result: FAILED. 0 passed; 4 failed; 0 ignored; 0 measured; 0 filtered out; finished in 0.46s
[INFO] [stdout] 
[INFO] running `Command { std: "docker" "inspect" "3be800790a4b1d8607c3b5a35e3dd00ad33f53fd31fd1e4abdb4afa19cf58875", kill_on_drop: false }`
[INFO] running `Command { std: "docker" "rm" "-f" "3be800790a4b1d8607c3b5a35e3dd00ad33f53fd31fd1e4abdb4afa19cf58875", kill_on_drop: false }`
[INFO] [stdout] 3be800790a4b1d8607c3b5a35e3dd00ad33f53fd31fd1e4abdb4afa19cf58875
[INFO] testing psqli/sonoff-rs against beta-2023-12-22 for beta-1.76-1
[INFO] running `Command { std: "git" "clone" "/workspace/cache/git-repos/https%3A%2F%2Fgithub.com%2Fpsqli%2Fsonoff-rs" "/workspace/builds/worker-7-tc2/source", kill_on_drop: false }`
[INFO] [stderr] Cloning into '/workspace/builds/worker-7-tc2/source'...
[INFO] [stderr] done.
[INFO] validating manifest of git repo https://github.com/psqli/sonoff-rs on toolchain beta-2023-12-22
[INFO] running `Command { std: CARGO_HOME="/workspace/cargo-home" RUSTUP_HOME="/workspace/rustup-home" "/workspace/cargo-home/bin/cargo" "+beta-2023-12-22" "metadata" "--manifest-path" "Cargo.toml" "--no-deps", kill_on_drop: false }`
[INFO] started tweaking git repo https://github.com/psqli/sonoff-rs
[INFO] finished tweaking git repo https://github.com/psqli/sonoff-rs
[INFO] tweaked toml for git repo https://github.com/psqli/sonoff-rs written to /workspace/builds/worker-7-tc2/source/Cargo.toml
[INFO] crate git repo https://github.com/psqli/sonoff-rs already has a lockfile, it will not be regenerated
[INFO] running `Command { std: CARGO_HOME="/workspace/cargo-home" RUSTUP_HOME="/workspace/rustup-home" "/workspace/cargo-home/bin/cargo" "+beta-2023-12-22" "fetch" "--manifest-path" "Cargo.toml", kill_on_drop: false }`
[INFO] [stderr] warning: virtual workspace defaulting to `resolver = "1"` despite one or more workspace members being on edition 2021 which implies `resolver = "2"`
[INFO] [stderr] note: to keep the current resolver, specify `workspace.resolver = "1"` in the workspace root's manifest
[INFO] [stderr] note: to use the edition 2021 resolver, specify `workspace.resolver = "2"` in the workspace root's manifest
[INFO] [stderr] note: for more details see https://doc.rust-lang.org/cargo/reference/resolver.html#resolver-versions
[INFO] running `Command { std: "docker" "create" "-v" "/var/lib/crater-agent-workspace/builds/worker-7-tc2/target:/opt/rustwide/target:rw,Z" "-v" "/var/lib/crater-agent-workspace/builds/worker-7-tc2/source:/opt/rustwide/workdir:ro,Z" "-v" "/var/lib/crater-agent-workspace/cargo-home:/opt/rustwide/cargo-home:ro,Z" "-v" "/var/lib/crater-agent-workspace/rustup-home:/opt/rustwide/rustup-home:ro,Z" "-e" "SOURCE_DIR=/opt/rustwide/workdir" "-e" "CARGO_TARGET_DIR=/opt/rustwide/target" "-e" "CARGO_HOME=/opt/rustwide/cargo-home" "-e" "RUSTUP_HOME=/opt/rustwide/rustup-home" "-w" "/opt/rustwide/workdir" "-m" "1610612736" "--user" "0:0" "--network" "none" "ghcr.io/rust-lang/crates-build-env/linux@sha256:2788e3201cd34a07e3172128adcd8b3090168a8e3bcc40d7c032b9dda1df7d1c" "/opt/rustwide/cargo-home/bin/cargo" "+beta-2023-12-22" "metadata" "--no-deps" "--format-version=1", kill_on_drop: false }`
[INFO] [stdout] 6d168db160d68da1fc37cd3f86323a34c0cc746e8cb90e9b5bdd8ce70aa0d3d2
[INFO] running `Command { std: "docker" "start" "-a" "6d168db160d68da1fc37cd3f86323a34c0cc746e8cb90e9b5bdd8ce70aa0d3d2", kill_on_drop: false }`
[INFO] running `Command { std: "docker" "inspect" "6d168db160d68da1fc37cd3f86323a34c0cc746e8cb90e9b5bdd8ce70aa0d3d2", kill_on_drop: false }`
[INFO] running `Command { std: "docker" "rm" "-f" "6d168db160d68da1fc37cd3f86323a34c0cc746e8cb90e9b5bdd8ce70aa0d3d2", kill_on_drop: false }`
[INFO] [stdout] 6d168db160d68da1fc37cd3f86323a34c0cc746e8cb90e9b5bdd8ce70aa0d3d2
[INFO] running `Command { std: "docker" "create" "-v" "/var/lib/crater-agent-workspace/builds/worker-7-tc2/target:/opt/rustwide/target:rw,Z" "-v" "/var/lib/crater-agent-workspace/builds/worker-7-tc2/source:/opt/rustwide/workdir:ro,Z" "-v" "/var/lib/crater-agent-workspace/cargo-home:/opt/rustwide/cargo-home:ro,Z" "-v" "/var/lib/crater-agent-workspace/rustup-home:/opt/rustwide/rustup-home:ro,Z" "-e" "SOURCE_DIR=/opt/rustwide/workdir" "-e" "CARGO_TARGET_DIR=/opt/rustwide/target" "-e" "CARGO_INCREMENTAL=0" "-e" "RUST_BACKTRACE=full" "-e" "RUSTFLAGS=--cap-lints=warn" "-e" "RUSTDOCFLAGS=--cap-lints=warn" "-e" "CARGO_HOME=/opt/rustwide/cargo-home" "-e" "RUSTUP_HOME=/opt/rustwide/rustup-home" "-w" "/opt/rustwide/workdir" "-m" "1610612736" "--user" "0:0" "--network" "none" "ghcr.io/rust-lang/crates-build-env/linux@sha256:2788e3201cd34a07e3172128adcd8b3090168a8e3bcc40d7c032b9dda1df7d1c" "/opt/rustwide/cargo-home/bin/cargo" "+beta-2023-12-22" "build" "--frozen" "--message-format=json", kill_on_drop: false }`
[INFO] [stdout] 96c6c0b29ef06675355e3c026797b6cdcc4646af77d54c14f1f28a592a1a7fff
[INFO] running `Command { std: "docker" "start" "-a" "96c6c0b29ef06675355e3c026797b6cdcc4646af77d54c14f1f28a592a1a7fff", kill_on_drop: false }`
[INFO] [stderr] warning: virtual workspace defaulting to `resolver = "1"` despite one or more workspace members being on edition 2021 which implies `resolver = "2"`
[INFO] [stderr] note: to keep the current resolver, specify `workspace.resolver = "1"` in the workspace root's manifest
[INFO] [stderr] note: to use the edition 2021 resolver, specify `workspace.resolver = "2"` in the workspace root's manifest
[INFO] [stderr] note: for more details see https://doc.rust-lang.org/cargo/reference/resolver.html#resolver-versions
[INFO] [stderr]    Compiling proc-macro2 v1.0.59
[INFO] [stderr]    Compiling unicode-ident v1.0.9
[INFO] [stderr]    Compiling quote v1.0.28
[INFO] [stderr]    Compiling libc v0.2.144
[INFO] [stderr]    Compiling autocfg v1.1.0
[INFO] [stderr]    Compiling once_cell v1.17.1
[INFO] [stderr]    Compiling cfg-if v1.0.0
[INFO] [stderr]    Compiling cc v1.0.79
[INFO] [stderr]    Compiling bitflags v1.3.2
[INFO] [stderr]    Compiling pin-project-lite v0.2.9
[INFO] [stderr]    Compiling pkg-config v0.3.27
[INFO] [stderr]    Compiling futures-core v0.3.28
[INFO] [stderr]    Compiling bytes v1.4.0
[INFO] [stderr]    Compiling tokio v1.28.2
[INFO] [stderr]    Compiling log v0.4.18
[INFO] [stderr]    Compiling itoa v1.0.6
[INFO] [stderr]    Compiling futures-task v0.3.28
[INFO] [stderr]    Compiling slab v0.4.8
[INFO] [stderr]    Compiling indexmap v1.9.3
[INFO] [stderr]    Compiling tracing-core v0.1.31
[INFO] [stderr]    Compiling openssl v0.10.52
[INFO] [stderr]    Compiling foreign-types-shared v0.1.1
[INFO] [stderr]    Compiling futures-util v0.3.28
[INFO] [stderr]    Compiling io-lifetimes v1.0.11
[INFO] [stderr]    Compiling syn v2.0.18
[INFO] [stderr]    Compiling fnv v1.0.7
[INFO] [stderr]    Compiling foreign-types v0.3.2
[INFO] [stderr]    Compiling http v0.2.9
[INFO] [stderr]    Compiling openssl-sys v0.9.87
[INFO] [stderr]    Compiling tracing v0.1.37
[INFO] [stderr]    Compiling native-tls v0.2.11
[INFO] [stderr]    Compiling tinyvec_macros v0.1.1
[INFO] [stderr]    Compiling pin-utils v0.1.0
[INFO] [stderr]    Compiling rustix v0.37.19
[INFO] [stderr]    Compiling futures-channel v0.3.28
[INFO] [stderr]    Compiling futures-sink v0.3.28
[INFO] [stderr]    Compiling hashbrown v0.12.3
[INFO] [stderr]    Compiling serde v1.0.163
[INFO] [stderr]    Compiling httparse v1.8.0
[INFO] [stderr]    Compiling socket2 v0.4.9
[INFO] [stderr]    Compiling mio v0.8.7
[INFO] [stderr]    Compiling tinyvec v1.6.0
[INFO] [stderr]    Compiling linux-raw-sys v0.3.8
[INFO] [stderr]    Compiling percent-encoding v2.2.0
[INFO] [stderr]    Compiling try-lock v0.2.4
[INFO] [stderr]    Compiling openssl-probe v0.1.5
[INFO] [stderr]    Compiling want v0.3.0
[INFO] [stderr]    Compiling form_urlencoded v1.1.0
[INFO] [stderr]    Compiling http-body v0.4.5
[INFO] [stderr]    Compiling unicode-normalization v0.1.22
[INFO] [stderr]    Compiling unicode-bidi v0.3.13
[INFO] [stderr]    Compiling ryu v1.0.13
[INFO] [stderr]    Compiling utf8parse v0.2.1
[INFO] [stderr]    Compiling httpdate v1.0.2
[INFO] [stderr]    Compiling tower-service v0.3.2
[INFO] [stderr]    Compiling anstyle-parse v0.2.0
[INFO] [stderr]    Compiling idna v0.3.0
[INFO] [stderr]    Compiling anstyle-query v1.0.0
[INFO] [stderr]    Compiling serde_json v1.0.96
[INFO] [stderr]    Compiling async-trait v0.1.68
[INFO] [stderr]    Compiling anstyle v1.0.0
[INFO] [stderr]    Compiling anyhow v1.0.71
[INFO] [stderr]    Compiling colorchoice v1.0.0
[INFO] [stderr]    Compiling encoding_rs v0.8.32
[INFO] [stderr]    Compiling ipnet v2.7.2
[INFO] [stderr]    Compiling url v2.3.1
[INFO] [stderr]    Compiling strsim v0.10.0
[INFO] [stderr]    Compiling clap_lex v0.5.0
[INFO] [stderr]    Compiling base64 v0.21.2
[INFO] [stderr]    Compiling heck v0.4.1
[INFO] [stderr]    Compiling mime v0.3.17
[INFO] [stderr]    Compiling tokio-macros v2.1.0
[INFO] [stderr]    Compiling openssl-macros v0.1.1
[INFO] [stderr]    Compiling serde_derive v1.0.163
[INFO] [stderr]    Compiling clap_derive v4.3.0
[INFO] [stderr]    Compiling is-terminal v0.4.7
[INFO] [stderr]    Compiling anstream v0.3.2
[INFO] [stderr]    Compiling clap_builder v4.3.0
[INFO] [stderr]    Compiling clap v4.3.0
[INFO] [stderr]    Compiling tokio-util v0.7.8
[INFO] [stderr]    Compiling tokio-native-tls v0.3.1
[INFO] [stderr]    Compiling h2 v0.3.19
[INFO] [stderr]    Compiling serde_urlencoded v0.7.1
[INFO] [stderr]    Compiling hyper v0.14.26
[INFO] [stderr]    Compiling hyper-tls v0.5.0
[INFO] [stderr]    Compiling reqwest v0.11.18
[INFO] [stderr]    Compiling sonoff-lib v0.1.0 (/opt/rustwide/workdir/sonoff-lib)
[INFO] [stdout] warning: unused import: `anyhow`
[INFO] [stdout]  --> sonoff-lib/src/power_meter.rs:1:22
[INFO] [stdout]   |
[INFO] [stdout] 1 | use anyhow::{Result, anyhow};
[INFO] [stdout]   |                      ^^^^^^
[INFO] [stdout]   |
[INFO] [stdout]   = note: `#[warn(unused_imports)]` on by default
[INFO] [stdout] 
[INFO] [stdout] 
[INFO] [stdout] warning: fields `switches`, `pvc_status`, `overload`, and `faultState` are never read
[INFO] [stdout]   --> sonoff-lib/src/power_meter.rs:11:9
[INFO] [stdout]    |
[INFO] [stdout] 10 | struct PowerMeterStatus {
[INFO] [stdout]    |        ---------------- fields in this struct
[INFO] [stdout] 11 |     pub switches: Vec<SwitchOutlet>,
[INFO] [stdout]    |         ^^^^^^^^
[INFO] [stdout] 12 |     #[serde(flatten)]
[INFO] [stdout] 13 |     pub pvc_status: PowerMeterPVC,
[INFO] [stdout]    |         ^^^^^^^^^^
[INFO] [stdout] 14 |     #[serde(flatten)]
[INFO] [stdout] 15 |     pub overload: PowerMeterOverloads,
[INFO] [stdout]    |         ^^^^^^^^
[INFO] [stdout] 16 |     pub faultState: DevPowerMeterFault,
[INFO] [stdout]    |         ^^^^^^^^^^
[INFO] [stdout]    |
[INFO] [stdout]    = note: `PowerMeterStatus` has a derived impl for the trait `Debug`, but this is intentionally ignored during dead code analysis
[INFO] [stdout]    = note: `#[warn(dead_code)]` on by default
[INFO] [stdout] 
[INFO] [stdout] 
[INFO] [stdout] warning: field `faultState` is never read
[INFO] [stdout]   --> sonoff-lib/src/power_meter.rs:21:9
[INFO] [stdout]    |
[INFO] [stdout] 20 | struct SubDeviceFailure {
[INFO] [stdout]    |        ---------------- field in this struct
[INFO] [stdout] 21 |     pub faultState: DevPowerMeterFault,
[INFO] [stdout]    |         ^^^^^^^^^^
[INFO] [stdout]    |
[INFO] [stdout]    = note: `SubDeviceFailure` has a derived impl for the trait `Debug`, but this is intentionally ignored during dead code analysis
[INFO] [stdout] 
[INFO] [stdout] 
[INFO] [stdout] warning: fields `fault_state`, `overloadTrig`, `cse7761Com`, `overTemp`, and `overLimit` are never read
[INFO] [stdout]   --> sonoff-lib/src/power_meter.rs:88:9
[INFO] [stdout]    |
[INFO] [stdout] 86 | struct DevPowerMeterFault {
[INFO] [stdout]    |        ------------------ fields in this struct
[INFO] [stdout] 87 |     #[serde(flatten)]
[INFO] [stdout] 88 |     pub fault_state: FaultState,
[INFO] [stdout]    |         ^^^^^^^^^^^
[INFO] [stdout] 89 |     pub overloadTrig: Vec<OverloadTrigger>,
[INFO] [stdout]    |         ^^^^^^^^^^^^
[INFO] [stdout] 90 |     pub cse7761Com: Vec<u32>,
[INFO] [stdout]    |         ^^^^^^^^^^
[INFO] [stdout] 91 |     pub overTemp: Vec<u32>,
[INFO] [stdout]    |         ^^^^^^^^
[INFO] [stdout] 92 |     pub overLimit: Vec<OverloadTrigger>,
[INFO] [stdout]    |         ^^^^^^^^^
[INFO] [stdout]    |
[INFO] [stdout]    = note: `DevPowerMeterFault` has a derived impl for the trait `Debug`, but this is intentionally ignored during dead code analysis
[INFO] [stdout] 
[INFO] [stdout] 
[INFO] [stdout] warning: structure field `faultState` should have a snake case name
[INFO] [stdout]   --> sonoff-lib/src/power_meter.rs:16:9
[INFO] [stdout]    |
[INFO] [stdout] 16 |     pub faultState: DevPowerMeterFault,
[INFO] [stdout]    |         ^^^^^^^^^^ help: convert the identifier to snake case: `fault_state`
[INFO] [stdout]    |
[INFO] [stdout]    = note: `#[warn(non_snake_case)]` on by default
[INFO] [stdout] 
[INFO] [stdout] 
[INFO] [stdout] warning: structure field `faultState` should have a snake case name
[INFO] [stdout]   --> sonoff-lib/src/power_meter.rs:21:9
[INFO] [stdout]    |
[INFO] [stdout] 21 |     pub faultState: DevPowerMeterFault,
[INFO] [stdout]    |         ^^^^^^^^^^ help: convert the identifier to snake case: `fault_state`
[INFO] [stdout] 
[INFO] [stdout] 
[INFO] [stdout] warning: structure field `actPow_00` should have a snake case name
[INFO] [stdout]   --> sonoff-lib/src/power_meter.rs:36:9
[INFO] [stdout]    |
[INFO] [stdout] 36 |     pub actPow_00: u32,
[INFO] [stdout]    |         ^^^^^^^^^ help: convert the identifier to snake case: `act_pow_00`
[INFO] [stdout] 
[INFO] [stdout] 
[INFO] [stdout] warning: structure field `reactPow_00` should have a snake case name
[INFO] [stdout]   --> sonoff-lib/src/power_meter.rs:37:9
[INFO] [stdout]    |
[INFO] [stdout] 37 |     pub reactPow_00: u32,
[INFO] [stdout]    |         ^^^^^^^^^^^ help: convert the identifier to snake case: `react_pow_00`
[INFO] [stdout] 
[INFO] [stdout] 
[INFO] [stdout] warning: structure field `apparentPow_00` should have a snake case name
[INFO] [stdout]   --> sonoff-lib/src/power_meter.rs:38:9
[INFO] [stdout]    |
[INFO] [stdout] 38 |     pub apparentPow_00: u32,
[INFO] [stdout]    |         ^^^^^^^^^^^^^^ help: convert the identifier to snake case: `apparent_pow_00`
[INFO] [stdout] 
[INFO] [stdout] 
[INFO] [stdout] warning: structure field `minAP` should have a snake case name
[INFO] [stdout]   --> sonoff-lib/src/power_meter.rs:49:9
[INFO] [stdout]    |
[INFO] [stdout] 49 |     pub minAP: OverloadValue,
[INFO] [stdout]    |         ^^^^^ help: convert the identifier to snake case: `min_ap`
[INFO] [stdout] 
[INFO] [stdout] 
[INFO] [stdout] warning: structure field `maxAP` should have a snake case name
[INFO] [stdout]   --> sonoff-lib/src/power_meter.rs:50:9
[INFO] [stdout]    |
[INFO] [stdout] 50 |     pub maxAP: OverloadValue,
[INFO] [stdout]    |         ^^^^^ help: convert the identifier to snake case: `max_ap`
[INFO] [stdout] 
[INFO] [stdout] 
[INFO] [stdout] warning: structure field `minV` should have a snake case name
[INFO] [stdout]   --> sonoff-lib/src/power_meter.rs:51:9
[INFO] [stdout]    |
[INFO] [stdout] 51 |     pub minV: OverloadValue,
[INFO] [stdout]    |         ^^^^ help: convert the identifier to snake case: `min_v`
[INFO] [stdout] 
[INFO] [stdout] 
[INFO] [stdout] warning: structure field `maxV` should have a snake case name
[INFO] [stdout]   --> sonoff-lib/src/power_meter.rs:52:9
[INFO] [stdout]    |
[INFO] [stdout] 52 |     pub maxV: OverloadValue,
[INFO] [stdout]    |         ^^^^ help: convert the identifier to snake case: `max_v`
[INFO] [stdout] 
[INFO] [stdout] 
[INFO] [stdout] warning: structure field `maxC` should have a snake case name
[INFO] [stdout]   --> sonoff-lib/src/power_meter.rs:53:9
[INFO] [stdout]    |
[INFO] [stdout] 53 |     pub maxC: OverloadValue,
[INFO] [stdout]    |         ^^^^ help: convert the identifier to snake case: `max_c`
[INFO] [stdout] 
[INFO] [stdout] 
[INFO] [stdout] warning: structure field `delayTime` should have a snake case name
[INFO] [stdout]   --> sonoff-lib/src/power_meter.rs:54:9
[INFO] [stdout]    |
[INFO] [stdout] 54 |     pub delayTime: u32,
[INFO] [stdout]    |         ^^^^^^^^^ help: convert the identifier to snake case: `delay_time`
[INFO] [stdout] 
[INFO] [stdout] 
[INFO] [stdout] warning: structure field `actPow` should have a snake case name
[INFO] [stdout]   --> sonoff-lib/src/power_meter.rs:65:9
[INFO] [stdout]    |
[INFO] [stdout] 65 |     pub actPow: Range,
[INFO] [stdout]    |         ^^^^^^ help: convert the identifier to snake case: `act_pow`
[INFO] [stdout] 
[INFO] [stdout] 
[INFO] [stdout] warning: structure field `subDevCom` should have a snake case name
[INFO] [stdout]   --> sonoff-lib/src/power_meter.rs:78:9
[INFO] [stdout]    |
[INFO] [stdout] 78 |     pub subDevCom: u32,
[INFO] [stdout]    |         ^^^^^^^^^ help: convert the identifier to snake case: `sub_dev_com`
[INFO] [stdout] 
[INFO] [stdout] 
[INFO] [stdout] warning: structure field `cse7761Com` should have a snake case name
[INFO] [stdout]   --> sonoff-lib/src/power_meter.rs:82:9
[INFO] [stdout]    |
[INFO] [stdout] 82 |     pub cse7761Com: Vec<u32>,
[INFO] [stdout]    |         ^^^^^^^^^^ help: convert the identifier to snake case: `cse7761_com`
[INFO] [stdout] 
[INFO] [stdout] 
[INFO] [stdout] warning: structure field `overloadTrig` should have a snake case name
[INFO] [stdout]   --> sonoff-lib/src/power_meter.rs:89:9
[INFO] [stdout]    |
[INFO] [stdout] 89 |     pub overloadTrig: Vec<OverloadTrigger>,
[INFO] [stdout]    |         ^^^^^^^^^^^^ help: convert the identifier to snake case: `overload_trig`
[INFO] [stdout] 
[INFO] [stdout] 
[INFO] [stdout] warning: structure field `cse7761Com` should have a snake case name
[INFO] [stdout]   --> sonoff-lib/src/power_meter.rs:90:9
[INFO] [stdout]    |
[INFO] [stdout] 90 |     pub cse7761Com: Vec<u32>,
[INFO] [stdout]    |         ^^^^^^^^^^ help: convert the identifier to snake case: `cse7761_com`
[INFO] [stdout] 
[INFO] [stdout] 
[INFO] [stdout] warning: structure field `overTemp` should have a snake case name
[INFO] [stdout]   --> sonoff-lib/src/power_meter.rs:91:9
[INFO] [stdout]    |
[INFO] [stdout] 91 |     pub overTemp: Vec<u32>,
[INFO] [stdout]    |         ^^^^^^^^ help: convert the identifier to snake case: `over_temp`
[INFO] [stdout] 
[INFO] [stdout] 
[INFO] [stdout] warning: structure field `overLimit` should have a snake case name
[INFO] [stdout]   --> sonoff-lib/src/power_meter.rs:92:9
[INFO] [stdout]    |
[INFO] [stdout] 92 |     pub overLimit: Vec<OverloadTrigger>,
[INFO] [stdout]    |         ^^^^^^^^^ help: convert the identifier to snake case: `over_limit`
[INFO] [stdout] 
[INFO] [stdout] 
[INFO] [stdout] warning: structure field `fwVersion` should have a snake case name
[INFO] [stdout]    --> sonoff-lib/src/power_meter.rs:159:9
[INFO] [stdout]     |
[INFO] [stdout] 159 |     pub fwVersion: String,
[INFO] [stdout]     |         ^^^^^^^^^ help: convert the identifier to snake case: `fw_version`
[INFO] [stdout] 
[INFO] [stdout] 
[INFO] [stdout] warning: structure field `faultState` should have a snake case name
[INFO] [stdout]    --> sonoff-lib/src/power_meter.rs:163:9
[INFO] [stdout]     |
[INFO] [stdout] 163 |     pub faultState: FaultState,
[INFO] [stdout]     |         ^^^^^^^^^^ help: convert the identifier to snake case: `fault_state`
[INFO] [stdout] 
[INFO] [stdout] 
[INFO] [stdout] warning: 24 warnings emitted
[INFO] [stdout] 
[INFO] [stdout] 
[INFO] [stderr]    Compiling sonoff-cli v0.1.0 (/opt/rustwide/workdir/sonoff-cli)
[INFO] [stderr]     Finished dev [unoptimized + debuginfo] target(s) in 1m 04s
[INFO] running `Command { std: "docker" "inspect" "96c6c0b29ef06675355e3c026797b6cdcc4646af77d54c14f1f28a592a1a7fff", kill_on_drop: false }`
[INFO] running `Command { std: "docker" "rm" "-f" "96c6c0b29ef06675355e3c026797b6cdcc4646af77d54c14f1f28a592a1a7fff", kill_on_drop: false }`
[INFO] [stdout] 96c6c0b29ef06675355e3c026797b6cdcc4646af77d54c14f1f28a592a1a7fff
[INFO] running `Command { std: "docker" "create" "-v" "/var/lib/crater-agent-workspace/builds/worker-7-tc2/target:/opt/rustwide/target:rw,Z" "-v" "/var/lib/crater-agent-workspace/builds/worker-7-tc2/source:/opt/rustwide/workdir:ro,Z" "-v" "/var/lib/crater-agent-workspace/cargo-home:/opt/rustwide/cargo-home:ro,Z" "-v" "/var/lib/crater-agent-workspace/rustup-home:/opt/rustwide/rustup-home:ro,Z" "-e" "SOURCE_DIR=/opt/rustwide/workdir" "-e" "CARGO_TARGET_DIR=/opt/rustwide/target" "-e" "CARGO_INCREMENTAL=0" "-e" "RUST_BACKTRACE=full" "-e" "RUSTFLAGS=--cap-lints=warn" "-e" "RUSTDOCFLAGS=--cap-lints=warn" "-e" "CARGO_HOME=/opt/rustwide/cargo-home" "-e" "RUSTUP_HOME=/opt/rustwide/rustup-home" "-w" "/opt/rustwide/workdir" "-m" "1610612736" "--user" "0:0" "--network" "none" "ghcr.io/rust-lang/crates-build-env/linux@sha256:2788e3201cd34a07e3172128adcd8b3090168a8e3bcc40d7c032b9dda1df7d1c" "/opt/rustwide/cargo-home/bin/cargo" "+beta-2023-12-22" "test" "--frozen" "--no-run" "--message-format=json", kill_on_drop: false }`
[INFO] [stdout] a5577eee2a971b36ace3d78d46c12a30b841afcb35862fa760a09017f183fb07
[INFO] running `Command { std: "docker" "start" "-a" "a5577eee2a971b36ace3d78d46c12a30b841afcb35862fa760a09017f183fb07", kill_on_drop: false }`
[INFO] [stderr] warning: virtual workspace defaulting to `resolver = "1"` despite one or more workspace members being on edition 2021 which implies `resolver = "2"`
[INFO] [stderr] note: to keep the current resolver, specify `workspace.resolver = "1"` in the workspace root's manifest
[INFO] [stderr] note: to use the edition 2021 resolver, specify `workspace.resolver = "2"` in the workspace root's manifest
[INFO] [stderr] note: for more details see https://doc.rust-lang.org/cargo/reference/resolver.html#resolver-versions
[INFO] [stdout] warning: unused import: `anyhow`
[INFO] [stdout]  --> sonoff-lib/src/power_meter.rs:1:22
[INFO] [stdout]   |
[INFO] [stdout] 1 | use anyhow::{Result, anyhow};
[INFO] [stdout]   |                      ^^^^^^
[INFO] [stdout]   |
[INFO] [stdout]   = note: `#[warn(unused_imports)]` on by default
[INFO] [stdout] 
[INFO] [stdout] 
[INFO] [stdout] warning: fields `switches`, `pvc_status`, `overload`, and `faultState` are never read
[INFO] [stdout]   --> sonoff-lib/src/power_meter.rs:11:9
[INFO] [stdout]    |
[INFO] [stdout] 10 | struct PowerMeterStatus {
[INFO] [stdout]    |        ---------------- fields in this struct
[INFO] [stdout] 11 |     pub switches: Vec<SwitchOutlet>,
[INFO] [stdout]    |         ^^^^^^^^
[INFO] [stdout] 12 |     #[serde(flatten)]
[INFO] [stdout] 13 |     pub pvc_status: PowerMeterPVC,
[INFO] [stdout]    |         ^^^^^^^^^^
[INFO] [stdout] 14 |     #[serde(flatten)]
[INFO] [stdout] 15 |     pub overload: PowerMeterOverloads,
[INFO] [stdout]    |         ^^^^^^^^
[INFO] [stdout] 16 |     pub faultState: DevPowerMeterFault,
[INFO] [stdout]    |         ^^^^^^^^^^
[INFO] [stdout]    |
[INFO] [stdout]    = note: `PowerMeterStatus` has a derived impl for the trait `Debug`, but this is intentionally ignored during dead code analysis
[INFO] [stdout]    = note: `#[warn(dead_code)]` on by default
[INFO] [stdout] 
[INFO] [stdout] 
[INFO] [stdout] warning: field `faultState` is never read
[INFO] [stdout]   --> sonoff-lib/src/power_meter.rs:21:9
[INFO] [stdout]    |
[INFO] [stdout] 20 | struct SubDeviceFailure {
[INFO] [stdout]    |        ---------------- field in this struct
[INFO] [stdout] 21 |     pub faultState: DevPowerMeterFault,
[INFO] [stdout]    |         ^^^^^^^^^^
[INFO] [stdout]    |
[INFO] [stdout]    = note: `SubDeviceFailure` has a derived impl for the trait `Debug`, but this is intentionally ignored during dead code analysis
[INFO] [stdout] 
[INFO] [stdout] 
[INFO] [stderr]    Compiling sonoff-lib v0.1.0 (/opt/rustwide/workdir/sonoff-lib)
[INFO] [stdout] warning: fields `fault_state`, `overloadTrig`, `cse7761Com`, `overTemp`, and `overLimit` are never read
[INFO] [stdout]   --> sonoff-lib/src/power_meter.rs:88:9
[INFO] [stdout]    |
[INFO] [stdout] 86 | struct DevPowerMeterFault {
[INFO] [stdout]    |        ------------------ fields in this struct
[INFO] [stdout] 87 |     #[serde(flatten)]
[INFO] [stdout] 88 |     pub fault_state: FaultState,
[INFO] [stdout]    |         ^^^^^^^^^^^
[INFO] [stdout] 89 |     pub overloadTrig: Vec<OverloadTrigger>,
[INFO] [stdout]    |         ^^^^^^^^^^^^
[INFO] [stdout] 90 |     pub cse7761Com: Vec<u32>,
[INFO] [stdout]    |         ^^^^^^^^^^
[INFO] [stdout] 91 |     pub overTemp: Vec<u32>,
[INFO] [stdout]    |         ^^^^^^^^
[INFO] [stdout] 92 |     pub overLimit: Vec<OverloadTrigger>,
[INFO] [stdout]    |         ^^^^^^^^^
[INFO] [stdout]    |
[INFO] [stdout]    = note: `DevPowerMeterFault` has a derived impl for the trait `Debug`, but this is intentionally ignored during dead code analysis
[INFO] [stdout] 
[INFO] [stdout] 
[INFO] [stderr]    Compiling sonoff-cli v0.1.0 (/opt/rustwide/workdir/sonoff-cli)
[INFO] [stdout] warning: structure field `faultState` should have a snake case name
[INFO] [stdout]   --> sonoff-lib/src/power_meter.rs:16:9
[INFO] [stdout]    |
[INFO] [stdout] 16 |     pub faultState: DevPowerMeterFault,
[INFO] [stdout]    |         ^^^^^^^^^^ help: convert the identifier to snake case: `fault_state`
[INFO] [stdout]    |
[INFO] [stdout]    = note: `#[warn(non_snake_case)]` on by default
[INFO] [stdout] 
[INFO] [stdout] 
[INFO] [stdout] warning: structure field `faultState` should have a snake case name
[INFO] [stdout]   --> sonoff-lib/src/power_meter.rs:21:9
[INFO] [stdout]    |
[INFO] [stdout] 21 |     pub faultState: DevPowerMeterFault,
[INFO] [stdout]    |         ^^^^^^^^^^ help: convert the identifier to snake case: `fault_state`
[INFO] [stdout] 
[INFO] [stdout] 
[INFO] [stdout] warning: structure field `actPow_00` should have a snake case name
[INFO] [stdout]   --> sonoff-lib/src/power_meter.rs:36:9
[INFO] [stdout]    |
[INFO] [stdout] 36 |     pub actPow_00: u32,
[INFO] [stdout]    |         ^^^^^^^^^ help: convert the identifier to snake case: `act_pow_00`
[INFO] [stdout] 
[INFO] [stdout] 
[INFO] [stdout] warning: structure field `reactPow_00` should have a snake case name
[INFO] [stdout]   --> sonoff-lib/src/power_meter.rs:37:9
[INFO] [stdout]    |
[INFO] [stdout] 37 |     pub reactPow_00: u32,
[INFO] [stdout]    |         ^^^^^^^^^^^ help: convert the identifier to snake case: `react_pow_00`
[INFO] [stdout] 
[INFO] [stdout] 
[INFO] [stdout] warning: structure field `apparentPow_00` should have a snake case name
[INFO] [stdout]   --> sonoff-lib/src/power_meter.rs:38:9
[INFO] [stdout]    |
[INFO] [stdout] 38 |     pub apparentPow_00: u32,
[INFO] [stdout]    |         ^^^^^^^^^^^^^^ help: convert the identifier to snake case: `apparent_pow_00`
[INFO] [stdout] 
[INFO] [stdout] 
[INFO] [stdout] warning: structure field `minAP` should have a snake case name
[INFO] [stdout]   --> sonoff-lib/src/power_meter.rs:49:9
[INFO] [stdout]    |
[INFO] [stdout] 49 |     pub minAP: OverloadValue,
[INFO] [stdout]    |         ^^^^^ help: convert the identifier to snake case: `min_ap`
[INFO] [stdout] 
[INFO] [stdout] 
[INFO] [stdout] warning: structure field `maxAP` should have a snake case name
[INFO] [stdout]   --> sonoff-lib/src/power_meter.rs:50:9
[INFO] [stdout]    |
[INFO] [stdout] 50 |     pub maxAP: OverloadValue,
[INFO] [stdout]    |         ^^^^^ help: convert the identifier to snake case: `max_ap`
[INFO] [stdout] 
[INFO] [stdout] 
[INFO] [stdout] warning: structure field `minV` should have a snake case name
[INFO] [stdout]   --> sonoff-lib/src/power_meter.rs:51:9
[INFO] [stdout]    |
[INFO] [stdout] 51 |     pub minV: OverloadValue,
[INFO] [stdout]    |         ^^^^ help: convert the identifier to snake case: `min_v`
[INFO] [stdout] 
[INFO] [stdout] 
[INFO] [stdout] warning: structure field `maxV` should have a snake case name
[INFO] [stdout]   --> sonoff-lib/src/power_meter.rs:52:9
[INFO] [stdout]    |
[INFO] [stdout] 52 |     pub maxV: OverloadValue,
[INFO] [stdout]    |         ^^^^ help: convert the identifier to snake case: `max_v`
[INFO] [stdout] 
[INFO] [stdout] 
[INFO] [stdout] warning: structure field `maxC` should have a snake case name
[INFO] [stdout]   --> sonoff-lib/src/power_meter.rs:53:9
[INFO] [stdout]    |
[INFO] [stdout] 53 |     pub maxC: OverloadValue,
[INFO] [stdout]    |         ^^^^ help: convert the identifier to snake case: `max_c`
[INFO] [stdout] 
[INFO] [stdout] 
[INFO] [stdout] warning: structure field `delayTime` should have a snake case name
[INFO] [stdout]   --> sonoff-lib/src/power_meter.rs:54:9
[INFO] [stdout]    |
[INFO] [stdout] 54 |     pub delayTime: u32,
[INFO] [stdout]    |         ^^^^^^^^^ help: convert the identifier to snake case: `delay_time`
[INFO] [stdout] 
[INFO] [stdout] 
[INFO] [stdout] warning: structure field `actPow` should have a snake case name
[INFO] [stdout]   --> sonoff-lib/src/power_meter.rs:65:9
[INFO] [stdout]    |
[INFO] [stdout] 65 |     pub actPow: Range,
[INFO] [stdout]    |         ^^^^^^ help: convert the identifier to snake case: `act_pow`
[INFO] [stdout] 
[INFO] [stdout] 
[INFO] [stdout] warning: structure field `subDevCom` should have a snake case name
[INFO] [stdout]   --> sonoff-lib/src/power_meter.rs:78:9
[INFO] [stdout]    |
[INFO] [stdout] 78 |     pub subDevCom: u32,
[INFO] [stdout]    |         ^^^^^^^^^ help: convert the identifier to snake case: `sub_dev_com`
[INFO] [stdout] 
[INFO] [stdout] 
[INFO] [stdout] warning: structure field `cse7761Com` should have a snake case name
[INFO] [stdout]   --> sonoff-lib/src/power_meter.rs:82:9
[INFO] [stdout]    |
[INFO] [stdout] 82 |     pub cse7761Com: Vec<u32>,
[INFO] [stdout]    |         ^^^^^^^^^^ help: convert the identifier to snake case: `cse7761_com`
[INFO] [stdout] 
[INFO] [stdout] 
[INFO] [stdout] warning: structure field `overloadTrig` should have a snake case name
[INFO] [stdout]   --> sonoff-lib/src/power_meter.rs:89:9
[INFO] [stdout]    |
[INFO] [stdout] 89 |     pub overloadTrig: Vec<OverloadTrigger>,
[INFO] [stdout]    |         ^^^^^^^^^^^^ help: convert the identifier to snake case: `overload_trig`
[INFO] [stdout] 
[INFO] [stdout] 
[INFO] [stdout] warning: structure field `cse7761Com` should have a snake case name
[INFO] [stdout]   --> sonoff-lib/src/power_meter.rs:90:9
[INFO] [stdout]    |
[INFO] [stdout] 90 |     pub cse7761Com: Vec<u32>,
[INFO] [stdout]    |         ^^^^^^^^^^ help: convert the identifier to snake case: `cse7761_com`
[INFO] [stdout] 
[INFO] [stdout] 
[INFO] [stdout] warning: structure field `overTemp` should have a snake case name
[INFO] [stdout]   --> sonoff-lib/src/power_meter.rs:91:9
[INFO] [stdout]    |
[INFO] [stdout] 91 |     pub overTemp: Vec<u32>,
[INFO] [stdout]    |         ^^^^^^^^ help: convert the identifier to snake case: `over_temp`
[INFO] [stdout] 
[INFO] [stdout] 
[INFO] [stdout] warning: structure field `overLimit` should have a snake case name
[INFO] [stdout]   --> sonoff-lib/src/power_meter.rs:92:9
[INFO] [stdout]    |
[INFO] [stdout] 92 |     pub overLimit: Vec<OverloadTrigger>,
[INFO] [stdout]    |         ^^^^^^^^^ help: convert the identifier to snake case: `over_limit`
[INFO] [stdout] 
[INFO] [stdout] 
[INFO] [stdout] warning: structure field `fwVersion` should have a snake case name
[INFO] [stdout]    --> sonoff-lib/src/power_meter.rs:159:9
[INFO] [stdout]     |
[INFO] [stdout] 159 |     pub fwVersion: String,
[INFO] [stdout]     |         ^^^^^^^^^ help: convert the identifier to snake case: `fw_version`
[INFO] [stdout] 
[INFO] [stdout] 
[INFO] [stdout] warning: structure field `faultState` should have a snake case name
[INFO] [stdout]    --> sonoff-lib/src/power_meter.rs:163:9
[INFO] [stdout]     |
[INFO] [stdout] 163 |     pub faultState: FaultState,
[INFO] [stdout]     |         ^^^^^^^^^^ help: convert the identifier to snake case: `fault_state`
[INFO] [stdout] 
[INFO] [stdout] 
[INFO] [stdout] warning: 24 warnings emitted
[INFO] [stdout] 
[INFO] [stdout] 
[INFO] [stdout] warning: unused import: `anyhow`
[INFO] [stdout]  --> sonoff-lib/src/power_meter.rs:1:22
[INFO] [stdout]   |
[INFO] [stdout] 1 | use anyhow::{Result, anyhow};
[INFO] [stdout]   |                      ^^^^^^
[INFO] [stdout]   |
[INFO] [stdout]   = note: `#[warn(unused_imports)]` on by default
[INFO] [stdout] 
[INFO] [stdout] 
[INFO] [stdout] warning: fields `switches`, `pvc_status`, `overload`, and `faultState` are never read
[INFO] [stdout]   --> sonoff-lib/src/power_meter.rs:11:9
[INFO] [stdout]    |
[INFO] [stdout] 10 | struct PowerMeterStatus {
[INFO] [stdout]    |        ---------------- fields in this struct
[INFO] [stdout] 11 |     pub switches: Vec<SwitchOutlet>,
[INFO] [stdout]    |         ^^^^^^^^
[INFO] [stdout] 12 |     #[serde(flatten)]
[INFO] [stdout] 13 |     pub pvc_status: PowerMeterPVC,
[INFO] [stdout]    |         ^^^^^^^^^^
[INFO] [stdout] 14 |     #[serde(flatten)]
[INFO] [stdout] 15 |     pub overload: PowerMeterOverloads,
[INFO] [stdout]    |         ^^^^^^^^
[INFO] [stdout] 16 |     pub faultState: DevPowerMeterFault,
[INFO] [stdout]    |         ^^^^^^^^^^
[INFO] [stdout]    |
[INFO] [stdout]    = note: `PowerMeterStatus` has a derived impl for the trait `Debug`, but this is intentionally ignored during dead code analysis
[INFO] [stdout]    = note: `#[warn(dead_code)]` on by default
[INFO] [stdout] 
[INFO] [stdout] 
[INFO] [stdout] warning: field `faultState` is never read
[INFO] [stdout]   --> sonoff-lib/src/power_meter.rs:21:9
[INFO] [stdout]    |
[INFO] [stdout] 20 | struct SubDeviceFailure {
[INFO] [stdout]    |        ---------------- field in this struct
[INFO] [stdout] 21 |     pub faultState: DevPowerMeterFault,
[INFO] [stdout]    |         ^^^^^^^^^^
[INFO] [stdout]    |
[INFO] [stdout]    = note: `SubDeviceFailure` has a derived impl for the trait `Debug`, but this is intentionally ignored during dead code analysis
[INFO] [stdout] 
[INFO] [stdout] 
[INFO] [stdout] warning: fields `fault_state`, `overloadTrig`, `cse7761Com`, `overTemp`, and `overLimit` are never read
[INFO] [stdout]   --> sonoff-lib/src/power_meter.rs:88:9
[INFO] [stdout]    |
[INFO] [stdout] 86 | struct DevPowerMeterFault {
[INFO] [stdout]    |        ------------------ fields in this struct
[INFO] [stdout] 87 |     #[serde(flatten)]
[INFO] [stdout] 88 |     pub fault_state: FaultState,
[INFO] [stdout]    |         ^^^^^^^^^^^
[INFO] [stdout] 89 |     pub overloadTrig: Vec<OverloadTrigger>,
[INFO] [stdout]    |         ^^^^^^^^^^^^
[INFO] [stdout] 90 |     pub cse7761Com: Vec<u32>,
[INFO] [stdout]    |         ^^^^^^^^^^
[INFO] [stdout] 91 |     pub overTemp: Vec<u32>,
[INFO] [stdout]    |         ^^^^^^^^
[INFO] [stdout] 92 |     pub overLimit: Vec<OverloadTrigger>,
[INFO] [stdout]    |         ^^^^^^^^^
[INFO] [stdout]    |
[INFO] [stdout]    = note: `DevPowerMeterFault` has a derived impl for the trait `Debug`, but this is intentionally ignored during dead code analysis
[INFO] [stdout] 
[INFO] [stdout] 
[INFO] [stdout] warning: structure field `faultState` should have a snake case name
[INFO] [stdout]   --> sonoff-lib/src/power_meter.rs:16:9
[INFO] [stdout]    |
[INFO] [stdout] 16 |     pub faultState: DevPowerMeterFault,
[INFO] [stdout]    |         ^^^^^^^^^^ help: convert the identifier to snake case: `fault_state`
[INFO] [stdout]    |
[INFO] [stdout]    = note: `#[warn(non_snake_case)]` on by default
[INFO] [stdout] 
[INFO] [stdout] 
[INFO] [stdout] warning: structure field `faultState` should have a snake case name
[INFO] [stdout]   --> sonoff-lib/src/power_meter.rs:21:9
[INFO] [stdout]    |
[INFO] [stdout] 21 |     pub faultState: DevPowerMeterFault,
[INFO] [stdout]    |         ^^^^^^^^^^ help: convert the identifier to snake case: `fault_state`
[INFO] [stdout] 
[INFO] [stdout] 
[INFO] [stdout] warning: structure field `actPow_00` should have a snake case name
[INFO] [stdout]   --> sonoff-lib/src/power_meter.rs:36:9
[INFO] [stdout]    |
[INFO] [stdout] 36 |     pub actPow_00: u32,
[INFO] [stdout]    |         ^^^^^^^^^ help: convert the identifier to snake case: `act_pow_00`
[INFO] [stdout] 
[INFO] [stdout] 
[INFO] [stdout] warning: structure field `reactPow_00` should have a snake case name
[INFO] [stdout]   --> sonoff-lib/src/power_meter.rs:37:9
[INFO] [stdout]    |
[INFO] [stdout] 37 |     pub reactPow_00: u32,
[INFO] [stdout]    |         ^^^^^^^^^^^ help: convert the identifier to snake case: `react_pow_00`
[INFO] [stdout] 
[INFO] [stdout] 
[INFO] [stdout] warning: structure field `apparentPow_00` should have a snake case name
[INFO] [stdout]   --> sonoff-lib/src/power_meter.rs:38:9
[INFO] [stdout]    |
[INFO] [stdout] 38 |     pub apparentPow_00: u32,
[INFO] [stdout]    |         ^^^^^^^^^^^^^^ help: convert the identifier to snake case: `apparent_pow_00`
[INFO] [stdout] 
[INFO] [stdout] 
[INFO] [stdout] warning: structure field `minAP` should have a snake case name
[INFO] [stdout]   --> sonoff-lib/src/power_meter.rs:49:9
[INFO] [stdout]    |
[INFO] [stdout] 49 |     pub minAP: OverloadValue,
[INFO] [stdout]    |         ^^^^^ help: convert the identifier to snake case: `min_ap`
[INFO] [stdout] 
[INFO] [stdout] 
[INFO] [stdout] warning: structure field `maxAP` should have a snake case name
[INFO] [stdout]   --> sonoff-lib/src/power_meter.rs:50:9
[INFO] [stdout]    |
[INFO] [stdout] 50 |     pub maxAP: OverloadValue,
[INFO] [stdout]    |         ^^^^^ help: convert the identifier to snake case: `max_ap`
[INFO] [stdout] 
[INFO] [stdout] 
[INFO] [stdout] warning: structure field `minV` should have a snake case name
[INFO] [stdout]   --> sonoff-lib/src/power_meter.rs:51:9
[INFO] [stdout]    |
[INFO] [stdout] 51 |     pub minV: OverloadValue,
[INFO] [stdout]    |         ^^^^ help: convert the identifier to snake case: `min_v`
[INFO] [stdout] 
[INFO] [stdout] 
[INFO] [stdout] warning: structure field `maxV` should have a snake case name
[INFO] [stdout]   --> sonoff-lib/src/power_meter.rs:52:9
[INFO] [stdout]    |
[INFO] [stdout] 52 |     pub maxV: OverloadValue,
[INFO] [stdout]    |         ^^^^ help: convert the identifier to snake case: `max_v`
[INFO] [stdout] 
[INFO] [stdout] 
[INFO] [stdout] warning: structure field `maxC` should have a snake case name
[INFO] [stdout]   --> sonoff-lib/src/power_meter.rs:53:9
[INFO] [stdout]    |
[INFO] [stdout] 53 |     pub maxC: OverloadValue,
[INFO] [stdout]    |         ^^^^ help: convert the identifier to snake case: `max_c`
[INFO] [stdout] 
[INFO] [stdout] 
[INFO] [stdout] warning: structure field `delayTime` should have a snake case name
[INFO] [stdout]   --> sonoff-lib/src/power_meter.rs:54:9
[INFO] [stdout]    |
[INFO] [stdout] 54 |     pub delayTime: u32,
[INFO] [stdout]    |         ^^^^^^^^^ help: convert the identifier to snake case: `delay_time`
[INFO] [stdout] 
[INFO] [stdout] 
[INFO] [stdout] warning: structure field `actPow` should have a snake case name
[INFO] [stdout]   --> sonoff-lib/src/power_meter.rs:65:9
[INFO] [stdout]    |
[INFO] [stdout] 65 |     pub actPow: Range,
[INFO] [stdout]    |         ^^^^^^ help: convert the identifier to snake case: `act_pow`
[INFO] [stdout] 
[INFO] [stdout] 
[INFO] [stdout] warning: structure field `subDevCom` should have a snake case name
[INFO] [stdout]   --> sonoff-lib/src/power_meter.rs:78:9
[INFO] [stdout]    |
[INFO] [stdout] 78 |     pub subDevCom: u32,
[INFO] [stdout]    |         ^^^^^^^^^ help: convert the identifier to snake case: `sub_dev_com`
[INFO] [stdout] 
[INFO] [stdout] 
[INFO] [stdout] warning: structure field `cse7761Com` should have a snake case name
[INFO] [stdout]   --> sonoff-lib/src/power_meter.rs:82:9
[INFO] [stdout]    |
[INFO] [stdout] 82 |     pub cse7761Com: Vec<u32>,
[INFO] [stdout]    |         ^^^^^^^^^^ help: convert the identifier to snake case: `cse7761_com`
[INFO] [stdout] 
[INFO] [stdout] 
[INFO] [stdout] warning: structure field `overloadTrig` should have a snake case name
[INFO] [stdout]   --> sonoff-lib/src/power_meter.rs:89:9
[INFO] [stdout]    |
[INFO] [stdout] 89 |     pub overloadTrig: Vec<OverloadTrigger>,
[INFO] [stdout]    |         ^^^^^^^^^^^^ help: convert the identifier to snake case: `overload_trig`
[INFO] [stdout] 
[INFO] [stdout] 
[INFO] [stdout] warning: structure field `cse7761Com` should have a snake case name
[INFO] [stdout]   --> sonoff-lib/src/power_meter.rs:90:9
[INFO] [stdout]    |
[INFO] [stdout] 90 |     pub cse7761Com: Vec<u32>,
[INFO] [stdout]    |         ^^^^^^^^^^ help: convert the identifier to snake case: `cse7761_com`
[INFO] [stdout] 
[INFO] [stdout] 
[INFO] [stdout] warning: structure field `overTemp` should have a snake case name
[INFO] [stdout]   --> sonoff-lib/src/power_meter.rs:91:9
[INFO] [stdout]    |
[INFO] [stdout] 91 |     pub overTemp: Vec<u32>,
[INFO] [stdout]    |         ^^^^^^^^ help: convert the identifier to snake case: `over_temp`
[INFO] [stdout] 
[INFO] [stdout] 
[INFO] [stdout] warning: structure field `overLimit` should have a snake case name
[INFO] [stdout]   --> sonoff-lib/src/power_meter.rs:92:9
[INFO] [stdout]    |
[INFO] [stdout] 92 |     pub overLimit: Vec<OverloadTrigger>,
[INFO] [stdout]    |         ^^^^^^^^^ help: convert the identifier to snake case: `over_limit`
[INFO] [stdout] 
[INFO] [stdout] 
[INFO] [stdout] warning: structure field `fwVersion` should have a snake case name
[INFO] [stdout]    --> sonoff-lib/src/power_meter.rs:159:9
[INFO] [stdout]     |
[INFO] [stdout] 159 |     pub fwVersion: String,
[INFO] [stdout]     |         ^^^^^^^^^ help: convert the identifier to snake case: `fw_version`
[INFO] [stdout] 
[INFO] [stdout] 
[INFO] [stdout] warning: structure field `faultState` should have a snake case name
[INFO] [stdout]    --> sonoff-lib/src/power_meter.rs:163:9
[INFO] [stdout]     |
[INFO] [stdout] 163 |     pub faultState: FaultState,
[INFO] [stdout]     |         ^^^^^^^^^^ help: convert the identifier to snake case: `fault_state`
[INFO] [stdout] 
[INFO] [stdout] 
[INFO] [stdout] warning: 24 warnings emitted
[INFO] [stdout] 
[INFO] [stdout] 
[INFO] [stderr]     Finished test [unoptimized + debuginfo] target(s) in 4.61s
[INFO] running `Command { std: "docker" "inspect" "a5577eee2a971b36ace3d78d46c12a30b841afcb35862fa760a09017f183fb07", kill_on_drop: false }`
[INFO] running `Command { std: "docker" "rm" "-f" "a5577eee2a971b36ace3d78d46c12a30b841afcb35862fa760a09017f183fb07", kill_on_drop: false }`
[INFO] [stdout] a5577eee2a971b36ace3d78d46c12a30b841afcb35862fa760a09017f183fb07
[INFO] running `Command { std: "docker" "create" "-v" "/var/lib/crater-agent-workspace/builds/worker-7-tc2/target:/opt/rustwide/target:rw,Z" "-v" "/var/lib/crater-agent-workspace/builds/worker-7-tc2/source:/opt/rustwide/workdir:ro,Z" "-v" "/var/lib/crater-agent-workspace/cargo-home:/opt/rustwide/cargo-home:ro,Z" "-v" "/var/lib/crater-agent-workspace/rustup-home:/opt/rustwide/rustup-home:ro,Z" "-e" "SOURCE_DIR=/opt/rustwide/workdir" "-e" "CARGO_TARGET_DIR=/opt/rustwide/target" "-e" "CARGO_INCREMENTAL=0" "-e" "RUST_BACKTRACE=full" "-e" "RUSTFLAGS=--cap-lints=warn" "-e" "RUSTDOCFLAGS=--cap-lints=warn" "-e" "CARGO_HOME=/opt/rustwide/cargo-home" "-e" "RUSTUP_HOME=/opt/rustwide/rustup-home" "-w" "/opt/rustwide/workdir" "-m" "1610612736" "--user" "0:0" "--network" "none" "ghcr.io/rust-lang/crates-build-env/linux@sha256:2788e3201cd34a07e3172128adcd8b3090168a8e3bcc40d7c032b9dda1df7d1c" "/opt/rustwide/cargo-home/bin/cargo" "+beta-2023-12-22" "test" "--frozen", kill_on_drop: false }`
[INFO] [stdout] 21c01804819fa91e7e146e2d05fb4c777c1cc6ac9c3b7d21f7c8dc2d75aa116e
[INFO] running `Command { std: "docker" "start" "-a" "21c01804819fa91e7e146e2d05fb4c777c1cc6ac9c3b7d21f7c8dc2d75aa116e", kill_on_drop: false }`
[INFO] [stderr] warning: virtual workspace defaulting to `resolver = "1"` despite one or more workspace members being on edition 2021 which implies `resolver = "2"`
[INFO] [stderr] note: to keep the current resolver, specify `workspace.resolver = "1"` in the workspace root's manifest
[INFO] [stderr] note: to use the edition 2021 resolver, specify `workspace.resolver = "2"` in the workspace root's manifest
[INFO] [stderr] note: for more details see https://doc.rust-lang.org/cargo/reference/resolver.html#resolver-versions
[INFO] [stderr] warning: unused import: `anyhow`
[INFO] [stderr]  --> sonoff-lib/src/power_meter.rs:1:22
[INFO] [stderr]   |
[INFO] [stderr] 1 | use anyhow::{Result, anyhow};
[INFO] [stderr]   |                      ^^^^^^
[INFO] [stderr]   |
[INFO] [stderr]   = note: `#[warn(unused_imports)]` on by default
[INFO] [stderr] 
[INFO] [stderr] warning: fields `switches`, `pvc_status`, `overload`, and `faultState` are never read
[INFO] [stderr]   --> sonoff-lib/src/power_meter.rs:11:9
[INFO] [stderr]    |
[INFO] [stderr] 10 | struct PowerMeterStatus {
[INFO] [stderr]    |        ---------------- fields in this struct
[INFO] [stderr] 11 |     pub switches: Vec<SwitchOutlet>,
[INFO] [stderr]    |         ^^^^^^^^
[INFO] [stderr] 12 |     #[serde(flatten)]
[INFO] [stderr] 13 |     pub pvc_status: PowerMeterPVC,
[INFO] [stderr]    |         ^^^^^^^^^^
[INFO] [stderr] 14 |     #[serde(flatten)]
[INFO] [stderr] 15 |     pub overload: PowerMeterOverloads,
[INFO] [stderr]    |         ^^^^^^^^
[INFO] [stderr] 16 |     pub faultState: DevPowerMeterFault,
[INFO] [stderr]    |         ^^^^^^^^^^
[INFO] [stderr]    |
[INFO] [stderr]    = note: `PowerMeterStatus` has a derived impl for the trait `Debug`, but this is intentionally ignored during dead code analysis
[INFO] [stderr]    = note: `#[warn(dead_code)]` on by default
[INFO] [stderr] 
[INFO] [stderr] warning: field `faultState` is never read
[INFO] [stderr]   --> sonoff-lib/src/power_meter.rs:21:9
[INFO] [stderr]    |
[INFO] [stderr] 20 | struct SubDeviceFailure {
[INFO] [stderr]    |        ---------------- field in this struct
[INFO] [stderr] 21 |     pub faultState: DevPowerMeterFault,
[INFO] [stderr]    |         ^^^^^^^^^^
[INFO] [stderr]    |
[INFO] [stderr]    = note: `SubDeviceFailure` has a derived impl for the trait `Debug`, but this is intentionally ignored during dead code analysis
[INFO] [stderr] 
[INFO] [stderr] warning: fields `fault_state`, `overloadTrig`, `cse7761Com`, `overTemp`, and `overLimit` are never read
[INFO] [stderr]   --> sonoff-lib/src/power_meter.rs:88:9
[INFO] [stderr]    |
[INFO] [stderr] 86 | struct DevPowerMeterFault {
[INFO] [stderr]    |        ------------------ fields in this struct
[INFO] [stderr] 87 |     #[serde(flatten)]
[INFO] [stderr] 88 |     pub fault_state: FaultState,
[INFO] [stderr]    |         ^^^^^^^^^^^
[INFO] [stderr] 89 |     pub overloadTrig: Vec<OverloadTrigger>,
[INFO] [stderr]    |         ^^^^^^^^^^^^
[INFO] [stderr] 90 |     pub cse7761Com: Vec<u32>,
[INFO] [stderr]    |         ^^^^^^^^^^
[INFO] [stderr] 91 |     pub overTemp: Vec<u32>,
[INFO] [stderr]    |         ^^^^^^^^
[INFO] [stderr] 92 |     pub overLimit: Vec<OverloadTrigger>,
[INFO] [stderr]    |         ^^^^^^^^^
[INFO] [stderr]    |
[INFO] [stderr]    = note: `DevPowerMeterFault` has a derived impl for the trait `Debug`, but this is intentionally ignored during dead code analysis
[INFO] [stderr] 
[INFO] [stderr] warning: structure field `faultState` should have a snake case name
[INFO] [stderr]   --> sonoff-lib/src/power_meter.rs:16:9
[INFO] [stderr]    |
[INFO] [stderr] 16 |     pub faultState: DevPowerMeterFault,
[INFO] [stderr]    |         ^^^^^^^^^^ help: convert the identifier to snake case: `fault_state`
[INFO] [stderr]    |
[INFO] [stderr]    = note: `#[warn(non_snake_case)]` on by default
[INFO] [stderr] 
[INFO] [stderr] warning: structure field `faultState` should have a snake case name
[INFO] [stderr]   --> sonoff-lib/src/power_meter.rs:21:9
[INFO] [stderr]    |
[INFO] [stderr] 21 |     pub faultState: DevPowerMeterFault,
[INFO] [stderr]    |         ^^^^^^^^^^ help: convert the identifier to snake case: `fault_state`
[INFO] [stderr] 
[INFO] [stderr] warning: structure field `actPow_00` should have a snake case name
[INFO] [stderr]   --> sonoff-lib/src/power_meter.rs:36:9
[INFO] [stderr]    |
[INFO] [stderr] 36 |     pub actPow_00: u32,
[INFO] [stderr]    |         ^^^^^^^^^ help: convert the identifier to snake case: `act_pow_00`
[INFO] [stderr] 
[INFO] [stderr] warning: structure field `reactPow_00` should have a snake case name
[INFO] [stderr]   --> sonoff-lib/src/power_meter.rs:37:9
[INFO] [stderr]    |
[INFO] [stderr] 37 |     pub reactPow_00: u32,
[INFO] [stderr]    |         ^^^^^^^^^^^ help: convert the identifier to snake case: `react_pow_00`
[INFO] [stderr] 
[INFO] [stderr] warning: structure field `apparentPow_00` should have a snake case name
[INFO] [stderr]   --> sonoff-lib/src/power_meter.rs:38:9
[INFO] [stderr]    |
[INFO] [stderr] 38 |     pub apparentPow_00: u32,
[INFO] [stderr]    |         ^^^^^^^^^^^^^^ help: convert the identifier to snake case: `apparent_pow_00`
[INFO] [stderr] 
[INFO] [stderr] warning: structure field `minAP` should have a snake case name
[INFO] [stderr]   --> sonoff-lib/src/power_meter.rs:49:9
[INFO] [stderr]    |
[INFO] [stderr] 49 |     pub minAP: OverloadValue,
[INFO] [stderr]    |         ^^^^^ help: convert the identifier to snake case: `min_ap`
[INFO] [stderr] 
[INFO] [stderr] warning: structure field `maxAP` should have a snake case name
[INFO] [stderr]   --> sonoff-lib/src/power_meter.rs:50:9
[INFO] [stderr]    |
[INFO] [stderr] 50 |     pub maxAP: OverloadValue,
[INFO] [stderr]    |         ^^^^^ help: convert the identifier to snake case: `max_ap`
[INFO] [stderr] 
[INFO] [stderr] warning: structure field `minV` should have a snake case name
[INFO] [stderr]   --> sonoff-lib/src/power_meter.rs:51:9
[INFO] [stderr]    |
[INFO] [stderr] 51 |     pub minV: OverloadValue,
[INFO] [stderr]    |         ^^^^ help: convert the identifier to snake case: `min_v`
[INFO] [stderr] 
[INFO] [stderr] warning: structure field `maxV` should have a snake case name
[INFO] [stderr]   --> sonoff-lib/src/power_meter.rs:52:9
[INFO] [stderr]    |
[INFO] [stderr] 52 |     pub maxV: OverloadValue,
[INFO] [stderr]    |         ^^^^ help: convert the identifier to snake case: `max_v`
[INFO] [stderr] 
[INFO] [stderr] warning: structure field `maxC` should have a snake case name
[INFO] [stderr]   --> sonoff-lib/src/power_meter.rs:53:9
[INFO] [stderr]    |
[INFO] [stderr] 53 |     pub maxC: OverloadValue,
[INFO] [stderr]    |         ^^^^ help: convert the identifier to snake case: `max_c`
[INFO] [stderr] 
[INFO] [stderr] warning: structure field `delayTime` should have a snake case name
[INFO] [stderr]   --> sonoff-lib/src/power_meter.rs:54:9
[INFO] [stderr]    |
[INFO] [stderr] 54 |     pub delayTime: u32,
[INFO] [stderr]    |         ^^^^^^^^^ help: convert the identifier to snake case: `delay_time`
[INFO] [stderr] 
[INFO] [stderr] warning: structure field `actPow` should have a snake case name
[INFO] [stderr]   --> sonoff-lib/src/power_meter.rs:65:9
[INFO] [stderr]    |
[INFO] [stderr] 65 |     pub actPow: Range,
[INFO] [stderr]    |         ^^^^^^ help: convert the identifier to snake case: `act_pow`
[INFO] [stderr] 
[INFO] [stderr] warning: structure field `subDevCom` should have a snake case name
[INFO] [stderr]   --> sonoff-lib/src/power_meter.rs:78:9
[INFO] [stderr]    |
[INFO] [stderr] 78 |     pub subDevCom: u32,
[INFO] [stderr]    |         ^^^^^^^^^ help: convert the identifier to snake case: `sub_dev_com`
[INFO] [stderr] 
[INFO] [stderr] warning: structure field `cse7761Com` should have a snake case name
[INFO] [stderr]   --> sonoff-lib/src/power_meter.rs:82:9
[INFO] [stderr]    |
[INFO] [stderr] 82 |     pub cse7761Com: Vec<u32>,
[INFO] [stderr]    |         ^^^^^^^^^^ help: convert the identifier to snake case: `cse7761_com`
[INFO] [stderr] 
[INFO] [stderr] warning: structure field `overloadTrig` should have a snake case name
[INFO] [stderr]   --> sonoff-lib/src/power_meter.rs:89:9
[INFO] [stderr]    |
[INFO] [stderr] 89 |     pub overloadTrig: Vec<OverloadTrigger>,
[INFO] [stderr]    |         ^^^^^^^^^^^^ help: convert the identifier to snake case: `overload_trig`
[INFO] [stderr] 
[INFO] [stderr] warning: structure field `cse7761Com` should have a snake case name
[INFO] [stderr]   --> sonoff-lib/src/power_meter.rs:90:9
[INFO] [stderr]    |
[INFO] [stderr] 90 |     pub cse7761Com: Vec<u32>,
[INFO] [stderr]    |         ^^^^^^^^^^ help: convert the identifier to snake case: `cse7761_com`
[INFO] [stderr] 
[INFO] [stderr] warning: structure field `overTemp` should have a snake case name
[INFO] [stderr]   --> sonoff-lib/src/power_meter.rs:91:9
[INFO] [stderr]    |
[INFO] [stderr] 91 |     pub overTemp: Vec<u32>,
[INFO] [stderr]    |         ^^^^^^^^ help: convert the identifier to snake case: `over_temp`
[INFO] [stderr] 
[INFO] [stderr] warning: structure field `overLimit` should have a snake case name
[INFO] [stderr]   --> sonoff-lib/src/power_meter.rs:92:9
[INFO] [stderr]    |
[INFO] [stderr] 92 |     pub overLimit: Vec<OverloadTrigger>,
[INFO] [stderr]    |         ^^^^^^^^^ help: convert the identifier to snake case: `over_limit`
[INFO] [stderr] 
[INFO] [stderr] warning: structure field `fwVersion` should have a snake case name
[INFO] [stderr]    --> sonoff-lib/src/power_meter.rs:159:9
[INFO] [stderr]     |
[INFO] [stderr] 159 |     pub fwVersion: String,
[INFO] [stderr]     |         ^^^^^^^^^ help: convert the identifier to snake case: `fw_version`
[INFO] [stderr] 
[INFO] [stderr] warning: structure field `faultState` should have a snake case name
[INFO] [stderr]    --> sonoff-lib/src/power_meter.rs:163:9
[INFO] [stderr]     |
[INFO] [stderr] 163 |     pub faultState: FaultState,
[INFO] [stderr]     |         ^^^^^^^^^^ help: convert the identifier to snake case: `fault_state`
[INFO] [stderr] 
[INFO] [stderr] warning: `sonoff-lib` (lib) generated 24 warnings (run `cargo fix --lib -p sonoff-lib` to apply 1 suggestion)
[INFO] [stderr] warning: `sonoff-lib` (lib test) generated 24 warnings (24 duplicates)
[INFO] [stderr]     Finished test [unoptimized + debuginfo] target(s) in 0.14s
[INFO] [stderr]      Running unittests src/main.rs (/opt/rustwide/target/debug/deps/sonoff_cli-88394983b282edb6)
[INFO] [stdout] 
[INFO] [stdout] running 0 tests
[INFO] [stdout] 
[INFO] [stdout] test result: ok. 0 passed; 0 failed; 0 ignored; 0 measured; 0 filtered out; finished in 0.00s
[INFO] [stdout] 
[INFO] [stderr]      Running unittests src/lib.rs (/opt/rustwide/target/debug/deps/sonoff_lib-493b15d33253456a)
[INFO] [stdout] 
[INFO] [stdout] running 4 tests
[INFO] [stdout] test switch::tests::test_switch_on ... FAILED
[INFO] [stdout] test dimmer::tests::test_dimmer_half ... FAILED
[INFO] [stdout] test device_common::tests::test_get_info ... FAILED
[INFO] [stdout] test bulb::tests::test_bulb_white ... FAILED
[INFO] [stdout] 
[INFO] [stdout] failures:
[INFO] [stdout] 
[INFO] [stdout] ---- switch::tests::test_switch_on stdout ----
[INFO] [stdout] thread 'switch::tests::test_switch_on' panicked at sonoff-lib/src/switch.rs:64:27:
[INFO] [stdout] called `Result::unwrap()` on an `Err` value: error sending request for url (http://127.0.0.1:8081/zeroconf/switch): error trying to connect: tcp connect error: Connection refused (os error 111)
[INFO] [stdout] 
[INFO] [stdout] Caused by:
[INFO] [stdout]     0: error trying to connect: tcp connect error: Connection refused (os error 111)
[INFO] [stdout]     1: tcp connect error: Connection refused (os error 111)
[INFO] [stdout]     2: Connection refused (os error 111)
[INFO] [stdout] stack backtrace:
[INFO] [stdout]    0:     0x55ac7fd650f6 - std::backtrace_rs::backtrace::libunwind::trace::h261606ad26a499c1
[INFO] [stdout]                                at /rustc/0e09125c6c3c2fd70d7de961bcf0e51575235fad/library/std/src/../../backtrace/src/backtrace/libunwind.rs:104:5
[INFO] [stdout]    1:     0x55ac7fd650f6 - std::backtrace_rs::backtrace::trace_unsynchronized::hd183f0625477fb28
[INFO] [stdout]                                at /rustc/0e09125c6c3c2fd70d7de961bcf0e51575235fad/library/std/src/../../backtrace/src/backtrace/mod.rs:66:5
[INFO] [stdout]    2:     0x55ac7fd650f6 - std::sys_common::backtrace::_print_fmt::hd7f8fef21b4eda67
[INFO] [stdout]                                at /rustc/0e09125c6c3c2fd70d7de961bcf0e51575235fad/library/std/src/sys_common/backtrace.rs:68:5
[INFO] [stdout]    3:     0x55ac7fd650f6 - <std::sys_common::backtrace::_print::DisplayBacktrace as core::fmt::Display>::fmt::h623d9b51f2f453f1
[INFO] [stdout]                                at /rustc/0e09125c6c3c2fd70d7de961bcf0e51575235fad/library/std/src/sys_common/backtrace.rs:44:22
[INFO] [stdout]    4:     0x55ac7fd90f80 - core::fmt::rt::Argument::fmt::h9f417ac76a86f368
[INFO] [stdout]                                at /rustc/0e09125c6c3c2fd70d7de961bcf0e51575235fad/library/core/src/fmt/rt.rs:142:9
[INFO] [stdout]    5:     0x55ac7fd90f80 - core::fmt::write::hc9b6faf4ac2aeff7
[INFO] [stdout]                                at /rustc/0e09125c6c3c2fd70d7de961bcf0e51575235fad/library/core/src/fmt/mod.rs:1120:17
[INFO] [stdout]    6:     0x55ac7fd6214f - std::io::Write::write_fmt::he04625a3a989fec3
[INFO] [stdout]                                at /rustc/0e09125c6c3c2fd70d7de961bcf0e51575235fad/library/std/src/io/mod.rs:1810:15
[INFO] [stdout]    7:     0x55ac7fd64ed4 - std::sys_common::backtrace::_print::hd5d66399c7df88a2
[INFO] [stdout]                                at /rustc/0e09125c6c3c2fd70d7de961bcf0e51575235fad/library/std/src/sys_common/backtrace.rs:47:5
[INFO] [stdout]    8:     0x55ac7fd64ed4 - std::sys_common::backtrace::print::he81ed2da642d37e5
[INFO] [stdout]                                at /rustc/0e09125c6c3c2fd70d7de961bcf0e51575235fad/library/std/src/sys_common/backtrace.rs:34:9
[INFO] [stdout]    9:     0x55ac7fd66c47 - std::panicking::default_hook::{{closure}}::h85773f4fa117163d
[INFO] [stdout]   10:     0x55ac7fd6692d - std::panicking::default_hook::h6a1694a91d09b278
[INFO] [stdout]                                at /rustc/0e09125c6c3c2fd70d7de961bcf0e51575235fad/library/std/src/panicking.rs:289:9
[INFO] [stdout]   11:     0x55ac7f978047 - <alloc::boxed::Box<F,A> as core::ops::function::Fn<Args>>::call::h616ac37fa3cd6c8f
[INFO] [stdout]                                at /rustc/0e09125c6c3c2fd70d7de961bcf0e51575235fad/library/alloc/src/boxed.rs:2029:9
[INFO] [stdout]   12:     0x55ac7f978047 - test::test_main::{{closure}}::h00d84697cefdcbb6
[INFO] [stdout]                                at /rustc/0e09125c6c3c2fd70d7de961bcf0e51575235fad/library/test/src/lib.rs:138:21
[INFO] [stdout]   13:     0x55ac7fd67266 - <alloc::boxed::Box<F,A> as core::ops::function::Fn<Args>>::call::hcb3fe3b9bb537ba8
[INFO] [stdout]                                at /rustc/0e09125c6c3c2fd70d7de961bcf0e51575235fad/library/alloc/src/boxed.rs:2029:9
[INFO] [stdout]   14:     0x55ac7fd67266 - std::panicking::rust_panic_with_hook::h0a7ad96e90f7145b
[INFO] [stdout]                                at /rustc/0e09125c6c3c2fd70d7de961bcf0e51575235fad/library/std/src/panicking.rs:783:13
[INFO] [stdout]   15:     0x55ac7fd66fb2 - std::panicking::begin_panic_handler::{{closure}}::h7919090525c6485e
[INFO] [stdout]                                at /rustc/0e09125c6c3c2fd70d7de961bcf0e51575235fad/library/std/src/panicking.rs:657:13
[INFO] [stdout]   16:     0x55ac7fd655f6 - std::sys_common::backtrace::__rust_end_short_backtrace::hf3289479464f7dfe
[INFO] [stdout]                                at /rustc/0e09125c6c3c2fd70d7de961bcf0e51575235fad/library/std/src/sys_common/backtrace.rs:171:18
[INFO] [stdout]   17:     0x55ac7fd66d10 - rust_begin_unwind
[INFO] [stdout]                                at /rustc/0e09125c6c3c2fd70d7de961bcf0e51575235fad/library/std/src/panicking.rs:645:5
[INFO] [stdout]   18:     0x55ac7f8f35e5 - core::panicking::panic_fmt::hcc9f77c5c132af55
[INFO] [stdout]                                at /rustc/0e09125c6c3c2fd70d7de961bcf0e51575235fad/library/core/src/panicking.rs:72:14
[INFO] [stdout]   19:     0x55ac7f8f3bc3 - core::result::unwrap_failed::hbe14f498be1452f9
[INFO] [stdout]                                at /rustc/0e09125c6c3c2fd70d7de961bcf0e51575235fad/library/core/src/result.rs:1649:5
[INFO] [stdout]   20:     0x55ac7f908d8c - core::result::Result<T,E>::unwrap::hab0d46bd920dba85
[INFO] [stdout]                                at /rustc/0e09125c6c3c2fd70d7de961bcf0e51575235fad/library/core/src/result.rs:1073:23
[INFO] [stdout]   21:     0x55ac7f920d7b - sonoff_lib::switch::tests::test_switch_on::{{closure}}::he447fd1652e1049e
[INFO] [stdout]                                at /opt/rustwide/workdir/sonoff-lib/src/switch.rs:64:9
[INFO] [stdout]   22:     0x55ac7f9152f8 - <core::pin::Pin<P> as core::future::future::Future>::poll::h11ec4d0d135ab63b
[INFO] [stdout]                                at /rustc/0e09125c6c3c2fd70d7de961bcf0e51575235fad/library/core/src/future/future.rs:124:9
[INFO] [stdout]   23:     0x55ac7f91534b - <core::pin::Pin<P> as core::future::future::Future>::poll::h43c1b394fc151efb
[INFO] [stdout]                                at /rustc/0e09125c6c3c2fd70d7de961bcf0e51575235fad/library/core/src/future/future.rs:124:9
[INFO] [stdout]   24:     0x55ac7f9113a4 - tokio::runtime::scheduler::current_thread::CoreGuard::block_on::{{closure}}::{{closure}}::{{closure}}::h0ef82578a6e1a2e5
[INFO] [stdout]                                at /opt/rustwide/cargo-home/registry/src/index.crates.io-6f17d22bba15001f/tokio-1.28.2/src/runtime/scheduler/current_thread.rs:541:57
[INFO] [stdout]   25:     0x55ac7f9112ba - tokio::runtime::coop::with_budget::h121bbfb5ddc63bd7
[INFO] [stdout]                                at /opt/rustwide/cargo-home/registry/src/index.crates.io-6f17d22bba15001f/tokio-1.28.2/src/runtime/coop.rs:107:5
[INFO] [stdout]   26:     0x55ac7f9112ba - tokio::runtime::coop::budget::h3d3cfba091fec171
[INFO] [stdout]                                at /opt/rustwide/cargo-home/registry/src/index.crates.io-6f17d22bba15001f/tokio-1.28.2/src/runtime/coop.rs:73:5
[INFO] [stdout]   27:     0x55ac7f9112ba - tokio::runtime::scheduler::current_thread::CoreGuard::block_on::{{closure}}::{{closure}}::hcfa2d707f3261302
[INFO] [stdout]                                at /opt/rustwide/cargo-home/registry/src/index.crates.io-6f17d22bba15001f/tokio-1.28.2/src/runtime/scheduler/current_thread.rs:541:25
[INFO] [stdout]   28:     0x55ac7f90faac - tokio::runtime::scheduler::current_thread::Context::enter::ha4b69316610458a1
[INFO] [stdout]                                at /opt/rustwide/cargo-home/registry/src/index.crates.io-6f17d22bba15001f/tokio-1.28.2/src/runtime/scheduler/current_thread.rs:350:19
[INFO] [stdout]   29:     0x55ac7f91089a - tokio::runtime::scheduler::current_thread::CoreGuard::block_on::{{closure}}::h94c111fc0503b5f2
[INFO] [stdout]                                at /opt/rustwide/cargo-home/registry/src/index.crates.io-6f17d22bba15001f/tokio-1.28.2/src/runtime/scheduler/current_thread.rs:540:36
[INFO] [stdout]   30:     0x55ac7f9105ab - tokio::runtime::scheduler::current_thread::CoreGuard::enter::{{closure}}::h39cc614644df1457
[INFO] [stdout]                                at /opt/rustwide/cargo-home/registry/src/index.crates.io-6f17d22bba15001f/tokio-1.28.2/src/runtime/scheduler/current_thread.rs:615:57
[INFO] [stdout]   31:     0x55ac7f919a08 - tokio::macros::scoped_tls::ScopedKey<T>::set::ha1a5d12eca509991
[INFO] [stdout]                                at /opt/rustwide/cargo-home/registry/src/index.crates.io-6f17d22bba15001f/tokio-1.28.2/src/macros/scoped_tls.rs:61:9
[INFO] [stdout]   32:     0x55ac7f91033f - tokio::runtime::scheduler::current_thread::CoreGuard::enter::h1343a3b8883405cb
[INFO] [stdout]                                at /opt/rustwide/cargo-home/registry/src/index.crates.io-6f17d22bba15001f/tokio-1.28.2/src/runtime/scheduler/current_thread.rs:615:27
[INFO] [stdout]   33:     0x55ac7f9105dd - tokio::runtime::scheduler::current_thread::CoreGuard::block_on::h8f29c07472a78195
[INFO] [stdout]                                at /opt/rustwide/cargo-home/registry/src/index.crates.io-6f17d22bba15001f/tokio-1.28.2/src/runtime/scheduler/current_thread.rs:530:19
[INFO] [stdout]   34:     0x55ac7f90f56b - tokio::runtime::scheduler::current_thread::CurrentThread::block_on::h5bb6a1d985fb0e65
[INFO] [stdout]                                at /opt/rustwide/cargo-home/registry/src/index.crates.io-6f17d22bba15001f/tokio-1.28.2/src/runtime/scheduler/current_thread.rs:154:24
[INFO] [stdout]   35:     0x55ac7f91e8bc - tokio::runtime::runtime::Runtime::block_on::h1a92a9174c4ef14f
[INFO] [stdout]                                at /opt/rustwide/cargo-home/registry/src/index.crates.io-6f17d22bba15001f/tokio-1.28.2/src/runtime/runtime.rs:302:47
[INFO] [stdout]   36:     0x55ac7f920a74 - sonoff_lib::switch::tests::test_switch_on::h73bd45b0235004fe
[INFO] [stdout]                                at /opt/rustwide/workdir/sonoff-lib/src/switch.rs:64:9
[INFO] [stdout]   37:     0x55ac7f920907 - sonoff_lib::switch::tests::test_switch_on::{{closure}}::hdc02e1ac99418ddb
[INFO] [stdout]                                at /opt/rustwide/workdir/sonoff-lib/src/switch.rs:61:30
[INFO] [stdout]   38:     0x55ac7f8f5cf6 - core::ops::function::FnOnce::call_once::h2d5093cabae5ae8d
[INFO] [stdout]                                at /rustc/0e09125c6c3c2fd70d7de961bcf0e51575235fad/library/core/src/ops/function.rs:250:5
[INFO] [stdout]   39:     0x55ac7f97d91f - core::ops::function::FnOnce::call_once::hd64d26f405258157
[INFO] [stdout]                                at /rustc/0e09125c6c3c2fd70d7de961bcf0e51575235fad/library/core/src/ops/function.rs:250:5
[INFO] [stdout]   40:     0x55ac7f97d91f - test::__rust_begin_short_backtrace::he21b0b7a6d731bf9
[INFO] [stdout]                                at /rustc/0e09125c6c3c2fd70d7de961bcf0e51575235fad/library/test/src/lib.rs:627:18
[INFO] [stdout]   41:     0x55ac7f97c6a1 - test::run_test_in_process::{{closure}}::hf5c73986d7bdfde2
[INFO] [stdout]                                at /rustc/0e09125c6c3c2fd70d7de961bcf0e51575235fad/library/test/src/lib.rs:650:60
[INFO] [stdout]   42:     0x55ac7f97c6a1 - <core::panic::unwind_safe::AssertUnwindSafe<F> as core::ops::function::FnOnce<()>>::call_once::h330011ad032aadc0
[INFO] [stdout]                                at /rustc/0e09125c6c3c2fd70d7de961bcf0e51575235fad/library/core/src/panic/unwind_safe.rs:272:9
[INFO] [stdout]   43:     0x55ac7f97c6a1 - std::panicking::try::do_call::he61b0a958b795a41
[INFO] [stdout]                                at /rustc/0e09125c6c3c2fd70d7de961bcf0e51575235fad/library/std/src/panicking.rs:552:40
[INFO] [stdout]   44:     0x55ac7f97c6a1 - std::panicking::try::h7309da130f906eb7
[INFO] [stdout]                                at /rustc/0e09125c6c3c2fd70d7de961bcf0e51575235fad/library/std/src/panicking.rs:516:19
[INFO] [stdout]   45:     0x55ac7f97c6a1 - std::panic::catch_unwind::hc5c3a06fdaf0a92a
[INFO] [stdout]                                at /rustc/0e09125c6c3c2fd70d7de961bcf0e51575235fad/library/std/src/panic.rs:142:14
[INFO] [stdout]   46:     0x55ac7f97c6a1 - test::run_test_in_process::h7e7b7c71c3324e0f
[INFO] [stdout]                                at /rustc/0e09125c6c3c2fd70d7de961bcf0e51575235fad/library/test/src/lib.rs:650:27
[INFO] [stdout]   47:     0x55ac7f97c6a1 - test::run_test::{{closure}}::h1f509f28f5cf20b1
[INFO] [stdout]                                at /rustc/0e09125c6c3c2fd70d7de961bcf0e51575235fad/library/test/src/lib.rs:573:43
[INFO] [stdout]   48:     0x55ac7f9439d6 - test::run_test::{{closure}}::h1754218abf443f6d
[INFO] [stdout]                                at /rustc/0e09125c6c3c2fd70d7de961bcf0e51575235fad/library/test/src/lib.rs:601:41
[INFO] [stdout]   49:     0x55ac7f9439d6 - std::sys_common::backtrace::__rust_begin_short_backtrace::h2ee174b9d5954948
[INFO] [stdout]                                at /rustc/0e09125c6c3c2fd70d7de961bcf0e51575235fad/library/std/src/sys_common/backtrace.rs:155:18
[INFO] [stdout]   50:     0x55ac7f948a37 - std::thread::Builder::spawn_unchecked_::{{closure}}::{{closure}}::hf60bee9c1a17ef09
[INFO] [stdout]                                at /rustc/0e09125c6c3c2fd70d7de961bcf0e51575235fad/library/std/src/thread/mod.rs:529:17
[INFO] [stdout]   51:     0x55ac7f948a37 - <core::panic::unwind_safe::AssertUnwindSafe<F> as core::ops::function::FnOnce<()>>::call_once::h33d0dddec5216160
[INFO] [stdout]                                at /rustc/0e09125c6c3c2fd70d7de961bcf0e51575235fad/library/core/src/panic/unwind_safe.rs:272:9
[INFO] [stdout]   52:     0x55ac7f948a37 - std::panicking::try::do_call::h144b3048b546f835
[INFO] [stdout]                                at /rustc/0e09125c6c3c2fd70d7de961bcf0e51575235fad/library/std/src/panicking.rs:552:40
[INFO] [stdout]   53:     0x55ac7f948a37 - std::panicking::try::h978244d04646189f
[INFO] [stdout]                                at /rustc/0e09125c6c3c2fd70d7de961bcf0e51575235fad/library/std/src/panicking.rs:516:19
[INFO] [stdout]   54:     0x55ac7f948a37 - std::panic::catch_unwind::hdf436369d188fe86
[INFO] [stdout]                                at /rustc/0e09125c6c3c2fd70d7de961bcf0e51575235fad/library/std/src/panic.rs:142:14
[INFO] [stdout]   55:     0x55ac7f948a37 - std::thread::Builder::spawn_unchecked_::{{closure}}::h87329cbdd33c79ec
[INFO] [stdout]                                at /rustc/0e09125c6c3c2fd70d7de961bcf0e51575235fad/library/std/src/thread/mod.rs:528:30
[INFO] [stdout]   56:     0x55ac7f948a37 - core::ops::function::FnOnce::call_once{{vtable.shim}}::h401abbe67897d450
[INFO] [stdout]                                at /rustc/0e09125c6c3c2fd70d7de961bcf0e51575235fad/library/core/src/ops/function.rs:250:5
[INFO] [stdout]   57:     0x55ac7fd6bf75 - <alloc::boxed::Box<F,A> as core::ops::function::FnOnce<Args>>::call_once::h5d7c8f150ab9c84c
[INFO] [stdout]                                at /rustc/0e09125c6c3c2fd70d7de961bcf0e51575235fad/library/alloc/src/boxed.rs:2015:9
[INFO] [stdout]   58:     0x55ac7fd6bf75 - <alloc::boxed::Box<F,A> as core::ops::function::FnOnce<Args>>::call_once::h570d5b005c242c15
[INFO] [stdout]                                at /rustc/0e09125c6c3c2fd70d7de961bcf0e51575235fad/library/alloc/src/boxed.rs:2015:9
[INFO] [stdout]   59:     0x55ac7fd6bf75 - std::sys::unix::thread::Thread::new::thread_start::h36b0a20c0b2361ad
[INFO] [stdout]                                at /rustc/0e09125c6c3c2fd70d7de961bcf0e51575235fad/library/std/src/sys/unix/thread.rs:108:17
[INFO] [stdout]   60:     0x7fb239634ac3 - <unknown>
[INFO] [stdout]   61:     0x7fb2396c5bf4 - __clone
[INFO] [stdout]   62:                0x0 - <unknown>
[INFO] [stdout] 
[INFO] [stdout] ---- dimmer::tests::test_dimmer_half stdout ----
[INFO] [stdout] thread 'dimmer::tests::test_dimmer_half' panicked at sonoff-lib/src/dimmer.rs:78:27:
[INFO] [stdout] called `Result::unwrap()` on an `Err` value: error sending request for url (http://127.0.0.1:8081/zeroconf/switch): error trying to connect: tcp connect error: Connection refused (os error 111)
[INFO] [stdout] 
[INFO] [stdout] Caused by:
[INFO] [stdout]     0: error trying to connect: tcp connect error: Connection refused (os error 111)
[INFO] [stdout]     1: tcp connect error: Connection refused (os error 111)
[INFO] [stdout]     2: Connection refused (os error 111)
[INFO] [stdout] stack backtrace:
[INFO] [stdout]    0:     0x55ac7fd650f6 - std::backtrace_rs::backtrace::libunwind::trace::h261606ad26a499c1
[INFO] [stdout]                                at /rustc/0e09125c6c3c2fd70d7de961bcf0e51575235fad/library/std/src/../../backtrace/src/backtrace/libunwind.rs:104:5
[INFO] [stdout]    1:     0x55ac7fd650f6 - std::backtrace_rs::backtrace::trace_unsynchronized::hd183f0625477fb28
[INFO] [stdout]                                at /rustc/0e09125c6c3c2fd70d7de961bcf0e51575235fad/library/std/src/../../backtrace/src/backtrace/mod.rs:66:5
[INFO] [stdout]    2:     0x55ac7fd650f6 - std::sys_common::backtrace::_print_fmt::hd7f8fef21b4eda67
[INFO] [stdout]                                at /rustc/0e09125c6c3c2fd70d7de961bcf0e51575235fad/library/std/src/sys_common/backtrace.rs:68:5
[INFO] [stdout]    3:     0x55ac7fd650f6 - <std::sys_common::backtrace::_print::DisplayBacktrace as core::fmt::Display>::fmt::h623d9b51f2f453f1
[INFO] [stdout]                                at /rustc/0e09125c6c3c2fd70d7de961bcf0e51575235fad/library/std/src/sys_common/backtrace.rs:44:22
[INFO] [stdout]    4:     0x55ac7fd90f80 - core::fmt::rt::Argument::fmt::h9f417ac76a86f368
[INFO] [stdout]                                at /rustc/0e09125c6c3c2fd70d7de961bcf0e51575235fad/library/core/src/fmt/rt.rs:142:9
[INFO] [stdout]    5:     0x55ac7fd90f80 - core::fmt::write::hc9b6faf4ac2aeff7
[INFO] [stdout]                                at /rustc/0e09125c6c3c2fd70d7de961bcf0e51575235fad/library/core/src/fmt/mod.rs:1120:17
[INFO] [stdout]    6:     0x55ac7fd6214f - std::io::Write::write_fmt::he04625a3a989fec3
[INFO] [stdout]                                at /rustc/0e09125c6c3c2fd70d7de961bcf0e51575235fad/library/std/src/io/mod.rs:1810:15
[INFO] [stdout]    7:     0x55ac7fd64ed4 - std::sys_common::backtrace::_print::hd5d66399c7df88a2
[INFO] [stdout]                                at /rustc/0e09125c6c3c2fd70d7de961bcf0e51575235fad/library/std/src/sys_common/backtrace.rs:47:5
[INFO] [stdout]    8:     0x55ac7fd64ed4 - std::sys_common::backtrace::print::he81ed2da642d37e5
[INFO] [stdout]                                at /rustc/0e09125c6c3c2fd70d7de961bcf0e51575235fad/library/std/src/sys_common/backtrace.rs:34:9
[INFO] [stdout]    9:     0x55ac7fd66c47 - std::panicking::default_hook::{{closure}}::h85773f4fa117163d
[INFO] [stdout]   10:     0x55ac7fd6692d - std::panicking::default_hook::h6a1694a91d09b278
[INFO] [stdout]                                at /rustc/0e09125c6c3c2fd70d7de961bcf0e51575235fad/library/std/src/panicking.rs:289:9
[INFO] [stdout]   11:     0x55ac7f978047 - <alloc::boxed::Box<F,A> as core::ops::function::Fn<Args>>::call::h616ac37fa3cd6c8f
[INFO] [stdout]                                at /rustc/0e09125c6c3c2fd70d7de961bcf0e51575235fad/library/alloc/src/boxed.rs:2029:9
[INFO] [stdout]   12:     0x55ac7f978047 - test::test_main::{{closure}}::h00d84697cefdcbb6
[INFO] [stdout]                                at /rustc/0e09125c6c3c2fd70d7de961bcf0e51575235fad/library/test/src/lib.rs:138:21
[INFO] [stdout]   13:     0x55ac7fd67266 - <alloc::boxed::Box<F,A> as core::ops::function::Fn<Args>>::call::hcb3fe3b9bb537ba8
[INFO] [stdout]                                at /rustc/0e09125c6c3c2fd70d7de961bcf0e51575235fad/library/alloc/src/boxed.rs:2029:9
[INFO] [stdout]   14:     0x55ac7fd67266 - std::panicking::rust_panic_with_hook::h0a7ad96e90f7145b
[INFO] [stdout]                                at /rustc/0e09125c6c3c2fd70d7de961bcf0e51575235fad/library/std/src/panicking.rs:783:13
[INFO] [stdout]   15:     0x55ac7fd66fb2 - std::panicking::begin_panic_handler::{{closure}}::h7919090525c6485e
[INFO] [stdout]                                at /rustc/0e09125c6c3c2fd70d7de961bcf0e51575235fad/library/std/src/panicking.rs:657:13
[INFO] [stdout]   16:     0x55ac7fd655f6 - std::sys_common::backtrace::__rust_end_short_backtrace::hf3289479464f7dfe
[INFO] [stdout]                                at /rustc/0e09125c6c3c2fd70d7de961bcf0e51575235fad/library/std/src/sys_common/backtrace.rs:171:18
[INFO] [stdout]   17:     0x55ac7fd66d10 - rust_begin_unwind
[INFO] [stdout]                                at /rustc/0e09125c6c3c2fd70d7de961bcf0e51575235fad/library/std/src/panicking.rs:645:5
[INFO] [stdout]   18:     0x55ac7f8f35e5 - core::panicking::panic_fmt::hcc9f77c5c132af55
[INFO] [stdout]                                at /rustc/0e09125c6c3c2fd70d7de961bcf0e51575235fad/library/core/src/panicking.rs:72:14
[INFO] [stdout]   19:     0x55ac7f8f3bc3 - core::result::unwrap_failed::hbe14f498be1452f9
[INFO] [stdout]                                at /rustc/0e09125c6c3c2fd70d7de961bcf0e51575235fad/library/core/src/result.rs:1649:5
[INFO] [stdout]   20:     0x55ac7f908d8c - core::result::Result<T,E>::unwrap::hab0d46bd920dba85
[INFO] [stdout]                                at /rustc/0e09125c6c3c2fd70d7de961bcf0e51575235fad/library/core/src/result.rs:1073:23
[INFO] [stdout]   21:     0x55ac7f921d26 - sonoff_lib::dimmer::tests::test_dimmer_half::{{closure}}::hfa26b5fd7d2ad939
[INFO] [stdout]                                at /opt/rustwide/workdir/sonoff-lib/src/dimmer.rs:78:9
[INFO] [stdout]   22:     0x55ac7f9152f8 - <core::pin::Pin<P> as core::future::future::Future>::poll::h11ec4d0d135ab63b
[INFO] [stdout]                                at /rustc/0e09125c6c3c2fd70d7de961bcf0e51575235fad/library/core/src/future/future.rs:124:9
[INFO] [stdout]   23:     0x55ac7f91534b - <core::pin::Pin<P> as core::future::future::Future>::poll::h43c1b394fc151efb
[INFO] [stdout]                                at /rustc/0e09125c6c3c2fd70d7de961bcf0e51575235fad/library/core/src/future/future.rs:124:9
[INFO] [stdout]   24:     0x55ac7f9113a4 - tokio::runtime::scheduler::current_thread::CoreGuard::block_on::{{closure}}::{{closure}}::{{closure}}::h0ef82578a6e1a2e5
[INFO] [stdout]                                at /opt/rustwide/cargo-home/registry/src/index.crates.io-6f17d22bba15001f/tokio-1.28.2/src/runtime/scheduler/current_thread.rs:541:57
[INFO] [stdout]   25:     0x55ac7f9112ba - tokio::runtime::coop::with_budget::h121bbfb5ddc63bd7
[INFO] [stdout]                                at /opt/rustwide/cargo-home/registry/src/index.crates.io-6f17d22bba15001f/tokio-1.28.2/src/runtime/coop.rs:107:5
[INFO] [stdout]   26:     0x55ac7f9112ba - tokio::runtime::coop::budget::h3d3cfba091fec171
[INFO] [stdout]                                at /opt/rustwide/cargo-home/registry/src/index.crates.io-6f17d22bba15001f/tokio-1.28.2/src/runtime/coop.rs:73:5
[INFO] [stdout]   27:     0x55ac7f9112ba - tokio::runtime::scheduler::current_thread::CoreGuard::block_on::{{closure}}::{{closure}}::hcfa2d707f3261302
[INFO] [stdout]                                at /opt/rustwide/cargo-home/registry/src/index.crates.io-6f17d22bba15001f/tokio-1.28.2/src/runtime/scheduler/current_thread.rs:541:25
[INFO] [stdout]   28:     0x55ac7f90faac - tokio::runtime::scheduler::current_thread::Context::enter::ha4b69316610458a1
[INFO] [stdout]                                at /opt/rustwide/cargo-home/registry/src/index.crates.io-6f17d22bba15001f/tokio-1.28.2/src/runtime/scheduler/current_thread.rs:350:19
[INFO] [stdout]   29:     0x55ac7f91089a - tokio::runtime::scheduler::current_thread::CoreGuard::block_on::{{closure}}::h94c111fc0503b5f2
[INFO] [stdout]                                at /opt/rustwide/cargo-home/registry/src/index.crates.io-6f17d22bba15001f/tokio-1.28.2/src/runtime/scheduler/current_thread.rs:540:36
[INFO] [stdout]   30:     0x55ac7f9105ab - tokio::runtime::scheduler::current_thread::CoreGuard::enter::{{closure}}::h39cc614644df1457
[INFO] [stdout]                                at /opt/rustwide/cargo-home/registry/src/index.crates.io-6f17d22bba15001f/tokio-1.28.2/src/runtime/scheduler/current_thread.rs:615:57
[INFO] [stdout]   31:     0x55ac7f919a08 - tokio::macros::scoped_tls::ScopedKey<T>::set::ha1a5d12eca509991
[INFO] [stdout]                                at /opt/rustwide/cargo-home/registry/src/index.crates.io-6f17d22bba15001f/tokio-1.28.2/src/macros/scoped_tls.rs:61:9
[INFO] [stdout]   32:     0x55ac7f91033f - tokio::runtime::scheduler::current_thread::CoreGuard::enter::h1343a3b8883405cb
[INFO] [stdout]                                at /opt/rustwide/cargo-home/registry/src/index.crates.io-6f17d22bba15001f/tokio-1.28.2/src/runtime/scheduler/current_thread.rs:615:27
[INFO] [stdout]   33:     0x55ac7f9105dd - tokio::runtime::scheduler::current_thread::CoreGuard::block_on::h8f29c07472a78195
[INFO] [stdout]                                at /opt/rustwide/cargo-home/registry/src/index.crates.io-6f17d22bba15001f/tokio-1.28.2/src/runtime/scheduler/current_thread.rs:530:19
[INFO] [stdout]   34:     0x55ac7f90f56b - tokio::runtime::scheduler::current_thread::CurrentThread::block_on::h5bb6a1d985fb0e65
[INFO] [stdout]                                at /opt/rustwide/cargo-home/registry/src/index.crates.io-6f17d22bba15001f/tokio-1.28.2/src/runtime/scheduler/current_thread.rs:154:24
[INFO] [stdout]   35:     0x55ac7f91e8bc - tokio::runtime::runtime::Runtime::block_on::h1a92a9174c4ef14f
[INFO] [stdout]                                at /opt/rustwide/cargo-home/registry/src/index.crates.io-6f17d22bba15001f/tokio-1.28.2/src/runtime/runtime.rs:302:47
[INFO] [stdout]   36:     0x55ac7f921a01 - sonoff_lib::dimmer::tests::test_dimmer_half::hed9fd27449d21887
[INFO] [stdout]                                at /opt/rustwide/workdir/sonoff-lib/src/dimmer.rs:79:9
[INFO] [stdout]   37:     0x55ac7f921897 - sonoff_lib::dimmer::tests::test_dimmer_half::{{closure}}::h149d64ad06dc04b8
[INFO] [stdout]                                at /opt/rustwide/workdir/sonoff-lib/src/dimmer.rs:75:32
[INFO] [stdout]   38:     0x55ac7f8f5c96 - core::ops::function::FnOnce::call_once::h159efe1393b7ca0e
[INFO] [stdout]                                at /rustc/0e09125c6c3c2fd70d7de961bcf0e51575235fad/library/core/src/ops/function.rs:250:5
[INFO] [stdout]   39:     0x55ac7f97d91f - core::ops::function::FnOnce::call_once::hd64d26f405258157
[INFO] [stdout]                                at /rustc/0e09125c6c3c2fd70d7de961bcf0e51575235fad/library/core/src/ops/function.rs:250:5
[INFO] [stdout]   40:     0x55ac7f97d91f - test::__rust_begin_short_backtrace::he21b0b7a6d731bf9
[INFO] [stdout]                                at /rustc/0e09125c6c3c2fd70d7de961bcf0e51575235fad/library/test/src/lib.rs:627:18
[INFO] [stdout]   41:     0x55ac7f97c6a1 - test::run_test_in_process::{{closure}}::hf5c73986d7bdfde2
[INFO] [stdout]                                at /rustc/0e09125c6c3c2fd70d7de961bcf0e51575235fad/library/test/src/lib.rs:650:60
[INFO] [stdout]   42:     0x55ac7f97c6a1 - <core::panic::unwind_safe::AssertUnwindSafe<F> as core::ops::function::FnOnce<()>>::call_once::h330011ad032aadc0
[INFO] [stdout]                                at /rustc/0e09125c6c3c2fd70d7de961bcf0e51575235fad/library/core/src/panic/unwind_safe.rs:272:9
[INFO] [stdout]   43:     0x55ac7f97c6a1 - std::panicking::try::do_call::he61b0a958b795a41
[INFO] [stdout]                                at /rustc/0e09125c6c3c2fd70d7de961bcf0e51575235fad/library/std/src/panicking.rs:552:40
[INFO] [stdout]   44:     0x55ac7f97c6a1 - std::panicking::try::h7309da130f906eb7
[INFO] [stdout]                                at /rustc/0e09125c6c3c2fd70d7de961bcf0e51575235fad/library/std/src/panicking.rs:516:19
[INFO] [stdout]   45:     0x55ac7f97c6a1 - std::panic::catch_unwind::hc5c3a06fdaf0a92a
[INFO] [stdout]                                at /rustc/0e09125c6c3c2fd70d7de961bcf0e51575235fad/library/std/src/panic.rs:142:14
[INFO] [stdout]   46:     0x55ac7f97c6a1 - test::run_test_in_process::h7e7b7c71c3324e0f
[INFO] [stdout]                                at /rustc/0e09125c6c3c2fd70d7de961bcf0e51575235fad/library/test/src/lib.rs:650:27
[INFO] [stdout]   47:     0x55ac7f97c6a1 - test::run_test::{{closure}}::h1f509f28f5cf20b1
[INFO] [stdout]                                at /rustc/0e09125c6c3c2fd70d7de961bcf0e51575235fad/library/test/src/lib.rs:573:43
[INFO] [stdout]   48:     0x55ac7f9439d6 - test::run_test::{{closure}}::h1754218abf443f6d
[INFO] [stdout]                                at /rustc/0e09125c6c3c2fd70d7de961bcf0e51575235fad/library/test/src/lib.rs:601:41
[INFO] [stdout]   49:     0x55ac7f9439d6 - std::sys_common::backtrace::__rust_begin_short_backtrace::h2ee174b9d5954948
[INFO] [stdout]                                at /rustc/0e09125c6c3c2fd70d7de961bcf0e51575235fad/library/std/src/sys_common/backtrace.rs:155:18
[INFO] [stdout]   50:     0x55ac7f948a37 - std::thread::Builder::spawn_unchecked_::{{closure}}::{{closure}}::hf60bee9c1a17ef09
[INFO] [stdout]                                at /rustc/0e09125c6c3c2fd70d7de961bcf0e51575235fad/library/std/src/thread/mod.rs:529:17
[INFO] [stdout]   51:     0x55ac7f948a37 - <core::panic::unwind_safe::AssertUnwindSafe<F> as core::ops::function::FnOnce<()>>::call_once::h33d0dddec5216160
[INFO] [stdout]                                at /rustc/0e09125c6c3c2fd70d7de961bcf0e51575235fad/library/core/src/panic/unwind_safe.rs:272:9
[INFO] [stdout]   52:     0x55ac7f948a37 - std::panicking::try::do_call::h144b3048b546f835
[INFO] [stdout]                                at /rustc/0e09125c6c3c2fd70d7de961bcf0e51575235fad/library/std/src/panicking.rs:552:40
[INFO] [stdout]   53:     0x55ac7f948a37 - std::panicking::try::h978244d04646189f
[INFO] [stdout]                                at /rustc/0e09125c6c3c2fd70d7de961bcf0e51575235fad/library/std/src/panicking.rs:516:19
[INFO] [stdout]   54:     0x55ac7f948a37 - std::panic::catch_unwind::hdf436369d188fe86
[INFO] [stdout]                                at /rustc/0e09125c6c3c2fd70d7de961bcf0e51575235fad/library/std/src/panic.rs:142:14
[INFO] [stdout]   55:     0x55ac7f948a37 - std::thread::Builder::spawn_unchecked_::{{closure}}::h87329cbdd33c79ec
[INFO] [stdout]                                at /rustc/0e09125c6c3c2fd70d7de961bcf0e51575235fad/library/std/src/thread/mod.rs:528:30
[INFO] [stdout]   56:     0x55ac7f948a37 - core::ops::function::FnOnce::call_once{{vtable.shim}}::h401abbe67897d450
[INFO] [stdout]                                at /rustc/0e09125c6c3c2fd70d7de961bcf0e51575235fad/library/core/src/ops/function.rs:250:5
[INFO] [stdout]   57:     0x55ac7fd6bf75 - <alloc::boxed::Box<F,A> as core::ops::function::FnOnce<Args>>::call_once::h5d7c8f150ab9c84c
[INFO] [stdout]                                at /rustc/0e09125c6c3c2fd70d7de961bcf0e51575235fad/library/alloc/src/boxed.rs:2015:9
[INFO] [stdout]   58:     0x55ac7fd6bf75 - <alloc::boxed::Box<F,A> as core::ops::function::FnOnce<Args>>::call_once::h570d5b005c242c15
[INFO] [stdout]                                at /rustc/0e09125c6c3c2fd70d7de961bcf0e51575235fad/library/alloc/src/boxed.rs:2015:9
[INFO] [stdout]   59:     0x55ac7fd6bf75 - std::sys::unix::thread::Thread::new::thread_start::h36b0a20c0b2361ad
[INFO] [stdout]                                at /rustc/0e09125c6c3c2fd70d7de961bcf0e51575235fad/library/std/src/sys/unix/thread.rs:108:17
[INFO] [stdout]   60:     0x7fb239634ac3 - <unknown>
[INFO] [stdout]   61:     0x7fb2396c5bf4 - __clone
[INFO] [stdout]   62:                0x0 - <unknown>
[INFO] [stdout] 
[INFO] [stdout] ---- device_common::tests::test_get_info stdout ----
[INFO] [stdout] thread 'device_common::tests::test_get_info' panicked at sonoff-lib/src/device_common.rs:66:45:
[INFO] [stdout] called `Result::unwrap()` on an `Err` value: error sending request for url (http://127.0.0.1:8081/zeroconf/info): error trying to connect: tcp connect error: Connection refused (os error 111)
[INFO] [stdout] 
[INFO] [stdout] Caused by:
[INFO] [stdout]     0: error trying to connect: tcp connect error: Connection refused (os error 111)
[INFO] [stdout]     1: tcp connect error: Connection refused (os error 111)
[INFO] [stdout]     2: Connection refused (os error 111)
[INFO] [stdout] stack backtrace:
[INFO] [stdout]    0:     0x55ac7fd650f6 - std::backtrace_rs::backtrace::libunwind::trace::h261606ad26a499c1
[INFO] [stdout]                                at /rustc/0e09125c6c3c2fd70d7de961bcf0e51575235fad/library/std/src/../../backtrace/src/backtrace/libunwind.rs:104:5
[INFO] [stdout]    1:     0x55ac7fd650f6 - std::backtrace_rs::backtrace::trace_unsynchronized::hd183f0625477fb28
[INFO] [stdout]                                at /rustc/0e09125c6c3c2fd70d7de961bcf0e51575235fad/library/std/src/../../backtrace/src/backtrace/mod.rs:66:5
[INFO] [stdout]    2:     0x55ac7fd650f6 - std::sys_common::backtrace::_print_fmt::hd7f8fef21b4eda67
[INFO] [stdout]                                at /rustc/0e09125c6c3c2fd70d7de961bcf0e51575235fad/library/std/src/sys_common/backtrace.rs:68:5
[INFO] [stdout]    3:     0x55ac7fd650f6 - <std::sys_common::backtrace::_print::DisplayBacktrace as core::fmt::Display>::fmt::h623d9b51f2f453f1
[INFO] [stdout]                                at /rustc/0e09125c6c3c2fd70d7de961bcf0e51575235fad/library/std/src/sys_common/backtrace.rs:44:22
[INFO] [stdout]    4:     0x55ac7fd90f80 - core::fmt::rt::Argument::fmt::h9f417ac76a86f368
[INFO] [stdout]                                at /rustc/0e09125c6c3c2fd70d7de961bcf0e51575235fad/library/core/src/fmt/rt.rs:142:9
[INFO] [stdout]    5:     0x55ac7fd90f80 - core::fmt::write::hc9b6faf4ac2aeff7
[INFO] [stdout]                                at /rustc/0e09125c6c3c2fd70d7de961bcf0e51575235fad/library/core/src/fmt/mod.rs:1120:17
[INFO] [stdout]    6:     0x55ac7fd6214f - std::io::Write::write_fmt::he04625a3a989fec3
[INFO] [stdout]                                at /rustc/0e09125c6c3c2fd70d7de961bcf0e51575235fad/library/std/src/io/mod.rs:1810:15
[INFO] [stdout]    7:     0x55ac7fd64ed4 - std::sys_common::backtrace::_print::hd5d66399c7df88a2
[INFO] [stdout]                                at /rustc/0e09125c6c3c2fd70d7de961bcf0e51575235fad/library/std/src/sys_common/backtrace.rs:47:5
[INFO] [stdout]    8:     0x55ac7fd64ed4 - std::sys_common::backtrace::print::he81ed2da642d37e5
[INFO] [stdout]                                at /rustc/0e09125c6c3c2fd70d7de961bcf0e51575235fad/library/std/src/sys_common/backtrace.rs:34:9
[INFO] [stdout]    9:     0x55ac7fd66c47 - std::panicking::default_hook::{{closure}}::h85773f4fa117163d
[INFO] [stdout]   10:     0x55ac7fd6692d - std::panicking::default_hook::h6a1694a91d09b278
[INFO] [stdout]                                at /rustc/0e09125c6c3c2fd70d7de961bcf0e51575235fad/library/std/src/panicking.rs:289:9
[INFO] [stdout]   11:     0x55ac7f978047 - <alloc::boxed::Box<F,A> as core::ops::function::Fn<Args>>::call::h616ac37fa3cd6c8f
[INFO] [stdout]                                at /rustc/0e09125c6c3c2fd70d7de961bcf0e51575235fad/library/alloc/src/boxed.rs:2029:9
[INFO] [stdout]   12:     0x55ac7f978047 - test::test_main::{{closure}}::h00d84697cefdcbb6
[INFO] [stdout]                                at /rustc/0e09125c6c3c2fd70d7de961bcf0e51575235fad/library/test/src/lib.rs:138:21
[INFO] [stdout]   13:     0x55ac7fd67266 - <alloc::boxed::Box<F,A> as core::ops::function::Fn<Args>>::call::hcb3fe3b9bb537ba8
[INFO] [stdout]                                at /rustc/0e09125c6c3c2fd70d7de961bcf0e51575235fad/library/alloc/src/boxed.rs:2029:9
[INFO] [stdout]   14:     0x55ac7fd67266 - std::panicking::rust_panic_with_hook::h0a7ad96e90f7145b
[INFO] [stdout]                                at /rustc/0e09125c6c3c2fd70d7de961bcf0e51575235fad/library/std/src/panicking.rs:783:13
[INFO] [stdout]   15:     0x55ac7fd66fb2 - std::panicking::begin_panic_handler::{{closure}}::h7919090525c6485e
[INFO] [stdout]                                at /rustc/0e09125c6c3c2fd70d7de961bcf0e51575235fad/library/std/src/panicking.rs:657:13
[INFO] [stdout]   16:     0x55ac7fd655f6 - std::sys_common::backtrace::__rust_end_short_backtrace::hf3289479464f7dfe
[INFO] [stdout]                                at /rustc/0e09125c6c3c2fd70d7de961bcf0e51575235fad/library/std/src/sys_common/backtrace.rs:171:18
[INFO] [stdout]   17:     0x55ac7fd66d10 - rust_begin_unwind
[INFO] [stdout]                                at /rustc/0e09125c6c3c2fd70d7de961bcf0e51575235fad/library/std/src/panicking.rs:645:5
[INFO] [stdout]   18:     0x55ac7f8f35e5 - core::panicking::panic_fmt::hcc9f77c5c132af55
[INFO] [stdout]                                at /rustc/0e09125c6c3c2fd70d7de961bcf0e51575235fad/library/core/src/panicking.rs:72:14
[INFO] [stdout]   19:     0x55ac7f8f3bc3 - core::result::unwrap_failed::hbe14f498be1452f9
[INFO] [stdout]                                at /rustc/0e09125c6c3c2fd70d7de961bcf0e51575235fad/library/core/src/result.rs:1649:5
[INFO] [stdout]   20:     0x55ac7f908e46 - core::result::Result<T,E>::unwrap::hc5e151e040dc25c1
[INFO] [stdout]                                at /rustc/0e09125c6c3c2fd70d7de961bcf0e51575235fad/library/core/src/result.rs:1073:23
[INFO] [stdout]   21:     0x55ac7f916a15 - sonoff_lib::device_common::tests::test_get_info::{{closure}}::hab3bedc4ddb48537
[INFO] [stdout]                                at /opt/rustwide/workdir/sonoff-lib/src/device_common.rs:66:24
[INFO] [stdout]   22:     0x55ac7f9152f8 - <core::pin::Pin<P> as core::future::future::Future>::poll::h11ec4d0d135ab63b
[INFO] [stdout]                                at /rustc/0e09125c6c3c2fd70d7de961bcf0e51575235fad/library/core/src/future/future.rs:124:9
[INFO] [stdout]   23:     0x55ac7f91534b - <core::pin::Pin<P> as core::future::future::Future>::poll::h43c1b394fc151efb
[INFO] [stdout]                                at /rustc/0e09125c6c3c2fd70d7de961bcf0e51575235fad/library/core/src/future/future.rs:124:9
[INFO] [stdout]   24:     0x55ac7f9113a4 - tokio::runtime::scheduler::current_thread::CoreGuard::block_on::{{closure}}::{{closure}}::{{closure}}::h0ef82578a6e1a2e5
[INFO] [stdout]                                at /opt/rustwide/cargo-home/registry/src/index.crates.io-6f17d22bba15001f/tokio-1.28.2/src/runtime/scheduler/current_thread.rs:541:57
[INFO] [stdout]   25:     0x55ac7f9112ba - tokio::runtime::coop::with_budget::h121bbfb5ddc63bd7
[INFO] [stdout]                                at /opt/rustwide/cargo-home/registry/src/index.crates.io-6f17d22bba15001f/tokio-1.28.2/src/runtime/coop.rs:107:5
[INFO] [stdout]   26:     0x55ac7f9112ba - tokio::runtime::coop::budget::h3d3cfba091fec171
[INFO] [stdout]                                at /opt/rustwide/cargo-home/registry/src/index.crates.io-6f17d22bba15001f/tokio-1.28.2/src/runtime/coop.rs:73:5
[INFO] [stdout]   27:     0x55ac7f9112ba - tokio::runtime::scheduler::current_thread::CoreGuard::block_on::{{closure}}::{{closure}}::hcfa2d707f3261302
[INFO] [stdout]                                at /opt/rustwide/cargo-home/registry/src/index.crates.io-6f17d22bba15001f/tokio-1.28.2/src/runtime/scheduler/current_thread.rs:541:25
[INFO] [stdout]   28:     0x55ac7f90faac - tokio::runtime::scheduler::current_thread::Context::enter::ha4b69316610458a1
[INFO] [stdout]                                at /opt/rustwide/cargo-home/registry/src/index.crates.io-6f17d22bba15001f/tokio-1.28.2/src/runtime/scheduler/current_thread.rs:350:19
[INFO] [stdout]   29:     0x55ac7f91089a - tokio::runtime::scheduler::current_thread::CoreGuard::block_on::{{closure}}::h94c111fc0503b5f2
[INFO] [stdout]                                at /opt/rustwide/cargo-home/registry/src/index.crates.io-6f17d22bba15001f/tokio-1.28.2/src/runtime/scheduler/current_thread.rs:540:36
[INFO] [stdout]   30:     0x55ac7f9105ab - tokio::runtime::scheduler::current_thread::CoreGuard::enter::{{closure}}::h39cc614644df1457
[INFO] [stdout]                                at /opt/rustwide/cargo-home/registry/src/index.crates.io-6f17d22bba15001f/tokio-1.28.2/src/runtime/scheduler/current_thread.rs:615:57
[INFO] [stdout]   31:     0x55ac7f919a08 - tokio::macros::scoped_tls::ScopedKey<T>::set::ha1a5d12eca509991
[INFO] [stdout]                                at /opt/rustwide/cargo-home/registry/src/index.crates.io-6f17d22bba15001f/tokio-1.28.2/src/macros/scoped_tls.rs:61:9
[INFO] [stdout]   32:     0x55ac7f91033f - tokio::runtime::scheduler::current_thread::CoreGuard::enter::h1343a3b8883405cb
[INFO] [stdout]                                at /opt/rustwide/cargo-home/registry/src/index.crates.io-6f17d22bba15001f/tokio-1.28.2/src/runtime/scheduler/current_thread.rs:615:27
[INFO] [stdout]   33:     0x55ac7f9105dd - tokio::runtime::scheduler::current_thread::CoreGuard::block_on::h8f29c07472a78195
[INFO] [stdout]                                at /opt/rustwide/cargo-home/registry/src/index.crates.io-6f17d22bba15001f/tokio-1.28.2/src/runtime/scheduler/current_thread.rs:530:19
[INFO] [stdout]   34:     0x55ac7f90f56b - tokio::runtime::scheduler::current_thread::CurrentThread::block_on::h5bb6a1d985fb0e65
[INFO] [stdout]                                at /opt/rustwide/cargo-home/registry/src/index.crates.io-6f17d22bba15001f/tokio-1.28.2/src/runtime/scheduler/current_thread.rs:154:24
[INFO] [stdout]   35:     0x55ac7f91e8bc - tokio::runtime::runtime::Runtime::block_on::h1a92a9174c4ef14f
[INFO] [stdout]                                at /opt/rustwide/cargo-home/registry/src/index.crates.io-6f17d22bba15001f/tokio-1.28.2/src/runtime/runtime.rs:302:47
[INFO] [stdout]   36:     0x55ac7f916730 - sonoff_lib::device_common::tests::test_get_info::hde4029fda72530db
[INFO] [stdout]                                at /opt/rustwide/workdir/sonoff-lib/src/device_common.rs:67:9
[INFO] [stdout]   37:     0x55ac7f9165b7 - sonoff_lib::device_common::tests::test_get_info::{{closure}}::had6d125df3f05d46
[INFO] [stdout]                                at /opt/rustwide/workdir/sonoff-lib/src/device_common.rs:64:29
[INFO] [stdout]   38:     0x55ac7f8f5e16 - core::ops::function::FnOnce::call_once::hc77afebf9aaf7261
[INFO] [stdout]                                at /rustc/0e09125c6c3c2fd70d7de961bcf0e51575235fad/library/core/src/ops/function.rs:250:5
[INFO] [stdout]   39:     0x55ac7f97d91f - core::ops::function::FnOnce::call_once::hd64d26f405258157
[INFO] [stdout]                                at /rustc/0e09125c6c3c2fd70d7de961bcf0e51575235fad/library/core/src/ops/function.rs:250:5
[INFO] [stdout]   40:     0x55ac7f97d91f - test::__rust_begin_short_backtrace::he21b0b7a6d731bf9
[INFO] [stdout]                                at /rustc/0e09125c6c3c2fd70d7de961bcf0e51575235fad/library/test/src/lib.rs:627:18
[INFO] [stdout]   41:     0x55ac7f97c6a1 - test::run_test_in_process::{{closure}}::hf5c73986d7bdfde2
[INFO] [stdout]                                at /rustc/0e09125c6c3c2fd70d7de961bcf0e51575235fad/library/test/src/lib.rs:650:60
[INFO] [stdout]   42:     0x55ac7f97c6a1 - <core::panic::unwind_safe::AssertUnwindSafe<F> as core::ops::function::FnOnce<()>>::call_once::h330011ad032aadc0
[INFO] [stdout]                                at /rustc/0e09125c6c3c2fd70d7de961bcf0e51575235fad/library/core/src/panic/unwind_safe.rs:272:9
[INFO] [stdout]   43:     0x55ac7f97c6a1 - std::panicking::try::do_call::he61b0a958b795a41
[INFO] [stdout]                                at /rustc/0e09125c6c3c2fd70d7de961bcf0e51575235fad/library/std/src/panicking.rs:552:40
[INFO] [stdout]   44:     0x55ac7f97c6a1 - std::panicking::try::h7309da130f906eb7
[INFO] [stdout]                                at /rustc/0e09125c6c3c2fd70d7de961bcf0e51575235fad/library/std/src/panicking.rs:516:19
[INFO] [stdout]   45:     0x55ac7f97c6a1 - std::panic::catch_unwind::hc5c3a06fdaf0a92a
[INFO] [stdout]                                at /rustc/0e09125c6c3c2fd70d7de961bcf0e51575235fad/library/std/src/panic.rs:142:14
[INFO] [stdout]   46:     0x55ac7f97c6a1 - test::run_test_in_process::h7e7b7c71c3324e0f
[INFO] [stdout]                                at /rustc/0e09125c6c3c2fd70d7de961bcf0e51575235fad/library/test/src/lib.rs:650:27
[INFO] [stdout]   47:     0x55ac7f97c6a1 - test::run_test::{{closure}}::h1f509f28f5cf20b1
[INFO] [stdout]                                at /rustc/0e09125c6c3c2fd70d7de961bcf0e51575235fad/library/test/src/lib.rs:573:43
[INFO] [stdout]   48:     0x55ac7f9439d6 - test::run_test::{{closure}}::h1754218abf443f6d
[INFO] [stdout]                                at /rustc/0e09125c6c3c2fd70d7de961bcf0e51575235fad/library/test/src/lib.rs:601:41
[INFO] [stdout]   49:     0x55ac7f9439d6 - std::sys_common::backtrace::__rust_begin_short_backtrace::h2ee174b9d5954948
[INFO] [stdout]                                at /rustc/0e09125c6c3c2fd70d7de961bcf0e51575235fad/library/std/src/sys_common/backtrace.rs:155:18
[INFO] [stdout]   50:     0x55ac7f948a37 - std::thread::Builder::spawn_unchecked_::{{closure}}::{{closure}}::hf60bee9c1a17ef09
[INFO] [stdout]                                at /rustc/0e09125c6c3c2fd70d7de961bcf0e51575235fad/library/std/src/thread/mod.rs:529:17
[INFO] [stdout]   51:     0x55ac7f948a37 - <core::panic::unwind_safe::AssertUnwindSafe<F> as core::ops::function::FnOnce<()>>::call_once::h33d0dddec5216160
[INFO] [stdout]                                at /rustc/0e09125c6c3c2fd70d7de961bcf0e51575235fad/library/core/src/panic/unwind_safe.rs:272:9
[INFO] [stdout]   52:     0x55ac7f948a37 - std::panicking::try::do_call::h144b3048b546f835
[INFO] [stdout]                                at /rustc/0e09125c6c3c2fd70d7de961bcf0e51575235fad/library/std/src/panicking.rs:552:40
[INFO] [stdout]   53:     0x55ac7f948a37 - std::panicking::try::h978244d04646189f
[INFO] [stdout]                                at /rustc/0e09125c6c3c2fd70d7de961bcf0e51575235fad/library/std/src/panicking.rs:516:19
[INFO] [stdout]   54:     0x55ac7f948a37 - std::panic::catch_unwind::hdf436369d188fe86
[INFO] [stdout]                                at /rustc/0e09125c6c3c2fd70d7de961bcf0e51575235fad/library/std/src/panic.rs:142:14
[INFO] [stdout]   55:     0x55ac7f948a37 - std::thread::Builder::spawn_unchecked_::{{closure}}::h87329cbdd33c79ec
[INFO] [stdout]                                at /rustc/0e09125c6c3c2fd70d7de961bcf0e51575235fad/library/std/src/thread/mod.rs:528:30
[INFO] [stdout]   56:     0x55ac7f948a37 - core::ops::function::FnOnce::call_once{{vtable.shim}}::h401abbe67897d450
[INFO] [stdout]                                at /rustc/0e09125c6c3c2fd70d7de961bcf0e51575235fad/library/core/src/ops/function.rs:250:5
[INFO] [stdout]   57:     0x55ac7fd6bf75 - <alloc::boxed::Box<F,A> as core::ops::function::FnOnce<Args>>::call_once::h5d7c8f150ab9c84c
[INFO] [stdout]                                at /rustc/0e09125c6c3c2fd70d7de961bcf0e51575235fad/library/alloc/src/boxed.rs:2015:9
[INFO] [stdout]   58:     0x55ac7fd6bf75 - <alloc::boxed::Box<F,A> as core::ops::function::FnOnce<Args>>::call_once::h570d5b005c242c15
[INFO] [stdout]                                at /rustc/0e09125c6c3c2fd70d7de961bcf0e51575235fad/library/alloc/src/boxed.rs:2015:9
[INFO] [stdout]   59:     0x55ac7fd6bf75 - std::sys::unix::thread::Thread::new::thread_start::h36b0a20c0b2361ad
[INFO] [stdout]                                at /rustc/0e09125c6c3c2fd70d7de961bcf0e51575235fad/library/std/src/sys/unix/thread.rs:108:17
[INFO] [stdout]   60:     0x7fb239634ac3 - <unknown>
[INFO] [stdout]   61:     0x7fb2396c5bf4 - __clone
[INFO] [stdout]   62:                0x0 - <unknown>
[INFO] [stdout] 
[INFO] [stdout] ---- bulb::tests::test_bulb_white stdout ----
[INFO] [stdout] thread 'bulb::tests::test_bulb_white' panicked at sonoff-lib/src/bulb.rs:113:25:
[INFO] [stdout] called `Result::unwrap()` on an `Err` value: error sending request for url (http://127.0.0.1:8081/zeroconf/switch): error trying to connect: tcp connect error: Connection refused (os error 111)
[INFO] [stdout] 
[INFO] [stdout] Caused by:
[INFO] [stdout]     0: error trying to connect: tcp connect error: Connection refused (os error 111)
[INFO] [stdout]     1: tcp connect error: Connection refused (os error 111)
[INFO] [stdout]     2: Connection refused (os error 111)
[INFO] [stdout] stack backtrace:
[INFO] [stdout]    0:     0x55ac7fd650f6 - std::backtrace_rs::backtrace::libunwind::trace::h261606ad26a499c1
[INFO] [stdout]                                at /rustc/0e09125c6c3c2fd70d7de961bcf0e51575235fad/library/std/src/../../backtrace/src/backtrace/libunwind.rs:104:5
[INFO] [stdout]    1:     0x55ac7fd650f6 - std::backtrace_rs::backtrace::trace_unsynchronized::hd183f0625477fb28
[INFO] [stdout]                                at /rustc/0e09125c6c3c2fd70d7de961bcf0e51575235fad/library/std/src/../../backtrace/src/backtrace/mod.rs:66:5
[INFO] [stdout]    2:     0x55ac7fd650f6 - std::sys_common::backtrace::_print_fmt::hd7f8fef21b4eda67
[INFO] [stdout]                                at /rustc/0e09125c6c3c2fd70d7de961bcf0e51575235fad/library/std/src/sys_common/backtrace.rs:68:5
[INFO] [stdout]    3:     0x55ac7fd650f6 - <std::sys_common::backtrace::_print::DisplayBacktrace as core::fmt::Display>::fmt::h623d9b51f2f453f1
[INFO] [stdout]                                at /rustc/0e09125c6c3c2fd70d7de961bcf0e51575235fad/library/std/src/sys_common/backtrace.rs:44:22
[INFO] [stdout]    4:     0x55ac7fd90f80 - core::fmt::rt::Argument::fmt::h9f417ac76a86f368
[INFO] [stdout]                                at /rustc/0e09125c6c3c2fd70d7de961bcf0e51575235fad/library/core/src/fmt/rt.rs:142:9
[INFO] [stdout]    5:     0x55ac7fd90f80 - core::fmt::write::hc9b6faf4ac2aeff7
[INFO] [stdout]                                at /rustc/0e09125c6c3c2fd70d7de961bcf0e51575235fad/library/core/src/fmt/mod.rs:1120:17
[INFO] [stdout]    6:     0x55ac7fd6214f - std::io::Write::write_fmt::he04625a3a989fec3
[INFO] [stdout]                                at /rustc/0e09125c6c3c2fd70d7de961bcf0e51575235fad/library/std/src/io/mod.rs:1810:15
[INFO] [stdout]    7:     0x55ac7fd64ed4 - std::sys_common::backtrace::_print::hd5d66399c7df88a2
[INFO] [stdout]                                at /rustc/0e09125c6c3c2fd70d7de961bcf0e51575235fad/library/std/src/sys_common/backtrace.rs:47:5
[INFO] [stdout]    8:     0x55ac7fd64ed4 - std::sys_common::backtrace::print::he81ed2da642d37e5
[INFO] [stdout]                                at /rustc/0e09125c6c3c2fd70d7de961bcf0e51575235fad/library/std/src/sys_common/backtrace.rs:34:9
[INFO] [stdout]    9:     0x55ac7fd66c47 - std::panicking::default_hook::{{closure}}::h85773f4fa117163d
[INFO] [stdout]   10:     0x55ac7fd6692d - std::panicking::default_hook::h6a1694a91d09b278
[INFO] [stdout]                                at /rustc/0e09125c6c3c2fd70d7de961bcf0e51575235fad/library/std/src/panicking.rs:289:9
[INFO] [stdout]   11:     0x55ac7f978047 - <alloc::boxed::Box<F,A> as core::ops::function::Fn<Args>>::call::h616ac37fa3cd6c8f
[INFO] [stdout]                                at /rustc/0e09125c6c3c2fd70d7de961bcf0e51575235fad/library/alloc/src/boxed.rs:2029:9
[INFO] [stdout]   12:     0x55ac7f978047 - test::test_main::{{closure}}::h00d84697cefdcbb6
[INFO] [stdout]                                at /rustc/0e09125c6c3c2fd70d7de961bcf0e51575235fad/library/test/src/lib.rs:138:21
[INFO] [stdout]   13:     0x55ac7fd67266 - <alloc::boxed::Box<F,A> as core::ops::function::Fn<Args>>::call::hcb3fe3b9bb537ba8
[INFO] [stdout]                                at /rustc/0e09125c6c3c2fd70d7de961bcf0e51575235fad/library/alloc/src/boxed.rs:2029:9
[INFO] [stdout]   14:     0x55ac7fd67266 - std::panicking::rust_panic_with_hook::h0a7ad96e90f7145b
[INFO] [stdout]                                at /rustc/0e09125c6c3c2fd70d7de961bcf0e51575235fad/library/std/src/panicking.rs:783:13
[INFO] [stdout]   15:     0x55ac7fd66fb2 - std::panicking::begin_panic_handler::{{closure}}::h7919090525c6485e
[INFO] [stdout]                                at /rustc/0e09125c6c3c2fd70d7de961bcf0e51575235fad/library/std/src/panicking.rs:657:13
[INFO] [stdout]   16:     0x55ac7fd655f6 - std::sys_common::backtrace::__rust_end_short_backtrace::hf3289479464f7dfe
[INFO] [stdout]                                at /rustc/0e09125c6c3c2fd70d7de961bcf0e51575235fad/library/std/src/sys_common/backtrace.rs:171:18
[INFO] [stdout]   17:     0x55ac7fd66d10 - rust_begin_unwind
[INFO] [stdout]                                at /rustc/0e09125c6c3c2fd70d7de961bcf0e51575235fad/library/std/src/panicking.rs:645:5
[INFO] [stdout]   18:     0x55ac7f8f35e5 - core::panicking::panic_fmt::hcc9f77c5c132af55
[INFO] [stdout]                                at /rustc/0e09125c6c3c2fd70d7de961bcf0e51575235fad/library/core/src/panicking.rs:72:14
[INFO] [stdout]   19:     0x55ac7f8f3bc3 - core::result::unwrap_failed::hbe14f498be1452f9
[INFO] [stdout]                                at /rustc/0e09125c6c3c2fd70d7de961bcf0e51575235fad/library/core/src/result.rs:1649:5
[INFO] [stdout]   20:     0x55ac7f908d8c - core::result::Result<T,E>::unwrap::hab0d46bd920dba85
[INFO] [stdout]                                at /rustc/0e09125c6c3c2fd70d7de961bcf0e51575235fad/library/core/src/result.rs:1073:23
[INFO] [stdout]   21:     0x55ac7f92236b - sonoff_lib::bulb::tests::test_bulb_white::{{closure}}::hca79427401a70db9
[INFO] [stdout]                                at /opt/rustwide/workdir/sonoff-lib/src/bulb.rs:113:9
[INFO] [stdout]   22:     0x55ac7f9152f8 - <core::pin::Pin<P> as core::future::future::Future>::poll::h11ec4d0d135ab63b
[INFO] [stdout]                                at /rustc/0e09125c6c3c2fd70d7de961bcf0e51575235fad/library/core/src/future/future.rs:124:9
[INFO] [stdout]   23:     0x55ac7f91534b - <core::pin::Pin<P> as core::future::future::Future>::poll::h43c1b394fc151efb
[INFO] [stdout]                                at /rustc/0e09125c6c3c2fd70d7de961bcf0e51575235fad/library/core/src/future/future.rs:124:9
[INFO] [stdout]   24:     0x55ac7f9113a4 - tokio::runtime::scheduler::current_thread::CoreGuard::block_on::{{closure}}::{{closure}}::{{closure}}::h0ef82578a6e1a2e5
[INFO] [stdout]                                at /opt/rustwide/cargo-home/registry/src/index.crates.io-6f17d22bba15001f/tokio-1.28.2/src/runtime/scheduler/current_thread.rs:541:57
[INFO] [stdout]   25:     0x55ac7f9112ba - tokio::runtime::coop::with_budget::h121bbfb5ddc63bd7
[INFO] [stdout]                                at /opt/rustwide/cargo-home/registry/src/index.crates.io-6f17d22bba15001f/tokio-1.28.2/src/runtime/coop.rs:107:5
[INFO] [stdout]   26:     0x55ac7f9112ba - tokio::runtime::coop::budget::h3d3cfba091fec171
[INFO] [stdout]                                at /opt/rustwide/cargo-home/registry/src/index.crates.io-6f17d22bba15001f/tokio-1.28.2/src/runtime/coop.rs:73:5
[INFO] [stdout]   27:     0x55ac7f9112ba - tokio::runtime::scheduler::current_thread::CoreGuard::block_on::{{closure}}::{{closure}}::hcfa2d707f3261302
[INFO] [stdout]                                at /opt/rustwide/cargo-home/registry/src/index.crates.io-6f17d22bba15001f/tokio-1.28.2/src/runtime/scheduler/current_thread.rs:541:25
[INFO] [stdout]   28:     0x55ac7f90faac - tokio::runtime::scheduler::current_thread::Context::enter::ha4b69316610458a1
[INFO] [stdout]                                at /opt/rustwide/cargo-home/registry/src/index.crates.io-6f17d22bba15001f/tokio-1.28.2/src/runtime/scheduler/current_thread.rs:350:19
[INFO] [stdout]   29:     0x55ac7f91089a - tokio::runtime::scheduler::current_thread::CoreGuard::block_on::{{closure}}::h94c111fc0503b5f2
[INFO] [stdout]                                at /opt/rustwide/cargo-home/registry/src/index.crates.io-6f17d22bba15001f/tokio-1.28.2/src/runtime/scheduler/current_thread.rs:540:36
[INFO] [stdout]   30:     0x55ac7f9105ab - tokio::runtime::scheduler::current_thread::CoreGuard::enter::{{closure}}::h39cc614644df1457
[INFO] [stdout]                                at /opt/rustwide/cargo-home/registry/src/index.crates.io-6f17d22bba15001f/tokio-1.28.2/src/runtime/scheduler/current_thread.rs:615:57
[INFO] [stdout]   31:     0x55ac7f919a08 - tokio::macros::scoped_tls::ScopedKey<T>::set::ha1a5d12eca509991
[INFO] [stdout]                                at /opt/rustwide/cargo-home/registry/src/index.crates.io-6f17d22bba15001f/tokio-1.28.2/src/macros/scoped_tls.rs:61:9
[INFO] [stdout]   32:     0x55ac7f91033f - tokio::runtime::scheduler::current_thread::CoreGuard::enter::h1343a3b8883405cb
[INFO] [stdout]                                at /opt/rustwide/cargo-home/registry/src/index.crates.io-6f17d22bba15001f/tokio-1.28.2/src/runtime/scheduler/current_thread.rs:615:27
[INFO] [stdout]   33:     0x55ac7f9105dd - tokio::runtime::scheduler::current_thread::CoreGuard::block_on::h8f29c07472a78195
[INFO] [stdout]                                at /opt/rustwide/cargo-home/registry/src/index.crates.io-6f17d22bba15001f/tokio-1.28.2/src/runtime/scheduler/current_thread.rs:530:19
[INFO] [stdout]   34:     0x55ac7f90f56b - tokio::runtime::scheduler::current_thread::CurrentThread::block_on::h5bb6a1d985fb0e65
[INFO] [stdout]                                at /opt/rustwide/cargo-home/registry/src/index.crates.io-6f17d22bba15001f/tokio-1.28.2/src/runtime/scheduler/current_thread.rs:154:24
[INFO] [stdout]   35:     0x55ac7f91e8bc - tokio::runtime::runtime::Runtime::block_on::h1a92a9174c4ef14f
[INFO] [stdout]                                at /opt/rustwide/cargo-home/registry/src/index.crates.io-6f17d22bba15001f/tokio-1.28.2/src/runtime/runtime.rs:302:47
[INFO] [stdout]   36:     0x55ac7f922064 - sonoff_lib::bulb::tests::test_bulb_white::h32e2fcf7afa83ed8
[INFO] [stdout]                                at /opt/rustwide/workdir/sonoff-lib/src/bulb.rs:113:9
[INFO] [stdout]   37:     0x55ac7f921ef7 - sonoff_lib::bulb::tests::test_bulb_white::{{closure}}::h649fa4b99a554f1c
[INFO] [stdout]                                at /opt/rustwide/workdir/sonoff-lib/src/bulb.rs:110:31
[INFO] [stdout]   38:     0x55ac7f8f5ea6 - core::ops::function::FnOnce::call_once::hee9d19ab76b89f3d
[INFO] [stdout]                                at /rustc/0e09125c6c3c2fd70d7de961bcf0e51575235fad/library/core/src/ops/function.rs:250:5
[INFO] [stdout]   39:     0x55ac7f97d91f - core::ops::function::FnOnce::call_once::hd64d26f405258157
[INFO] [stdout]                                at /rustc/0e09125c6c3c2fd70d7de961bcf0e51575235fad/library/core/src/ops/function.rs:250:5
[INFO] [stdout]   40:     0x55ac7f97d91f - test::__rust_begin_short_backtrace::he21b0b7a6d731bf9
[INFO] [stdout]                                at /rustc/0e09125c6c3c2fd70d7de961bcf0e51575235fad/library/test/src/lib.rs:627:18
[INFO] [stdout]   41:     0x55ac7f97c6a1 - test::run_test_in_process::{{closure}}::hf5c73986d7bdfde2
[INFO] [stdout]                                at /rustc/0e09125c6c3c2fd70d7de961bcf0e51575235fad/library/test/src/lib.rs:650:60
[INFO] [stdout]   42:     0x55ac7f97c6a1 - <core::panic::unwind_safe::AssertUnwindSafe<F> as core::ops::function::FnOnce<()>>::call_once::h330011ad032aadc0
[INFO] [stdout]                                at /rustc/0e09125c6c3c2fd70d7de961bcf0e51575235fad/library/core/src/panic/unwind_safe.rs:272:9
[INFO] [stdout]   43:     0x55ac7f97c6a1 - std::panicking::try::do_call::he61b0a958b795a41
[INFO] [stdout]                                at /rustc/0e09125c6c3c2fd70d7de961bcf0e51575235fad/library/std/src/panicking.rs:552:40
[INFO] [stdout]   44:     0x55ac7f97c6a1 - std::panicking::try::h7309da130f906eb7
[INFO] [stdout]                                at /rustc/0e09125c6c3c2fd70d7de961bcf0e51575235fad/library/std/src/panicking.rs:516:19
[INFO] [stdout]   45:     0x55ac7f97c6a1 - std::panic::catch_unwind::hc5c3a06fdaf0a92a
[INFO] [stdout]                                at /rustc/0e09125c6c3c2fd70d7de961bcf0e51575235fad/library/std/src/panic.rs:142:14
[INFO] [stdout]   46:     0x55ac7f97c6a1 - test::run_test_in_process::h7e7b7c71c3324e0f
[INFO] [stdout]                                at /rustc/0e09125c6c3c2fd70d7de961bcf0e51575235fad/library/test/src/lib.rs:650:27
[INFO] [stdout]   47:     0x55ac7f97c6a1 - test::run_test::{{closure}}::h1f509f28f5cf20b1
[INFO] [stdout]                                at /rustc/0e09125c6c3c2fd70d7de961bcf0e51575235fad/library/test/src/lib.rs:573:43
[INFO] [stdout]   48:     0x55ac7f9439d6 - test::run_test::{{closure}}::h1754218abf443f6d
[INFO] [stdout]                                at /rustc/0e09125c6c3c2fd70d7de961bcf0e51575235fad/library/test/src/lib.rs:601:41
[INFO] [stdout]   49:     0x55ac7f9439d6 - std::sys_common::backtrace::__rust_begin_short_backtrace::h2ee174b9d5954948
[INFO] [stdout]                                at /rustc/0e09125c6c3c2fd70d7de961bcf0e51575235fad/library/std/src/sys_common/backtrace.rs:155:18
[INFO] [stdout]   50:     0x55ac7f948a37 - std::thread::Builder::spawn_unchecked_::{{closure}}::{{closure}}::hf60bee9c1a17ef09
[INFO] [stdout]                                at /rustc/0e09125c6c3c2fd70d7de961bcf0e51575235fad/library/std/src/thread/mod.rs:529:17
[INFO] [stdout]   51:     0x55ac7f948a37 - <core::panic::unwind_safe::AssertUnwindSafe<F> as core::ops::function::FnOnce<()>>::call_once::h33d0dddec5216160
[INFO] [stdout]                                at /rustc/0e09125c6c3c2fd70d7de961bcf0e51575235fad/library/core/src/panic/unwind_safe.rs:272:9
[INFO] [stdout]   52:     0x55ac7f948a37 - std::panicking::try::do_call::h144b3048b546f835
[INFO] [stdout]                                at /rustc/0e09125c6c3c2fd70d7de961bcf0e51575235fad/library/std/src/panicking.rs:552:40
[INFO] [stdout]   53:     0x55ac7f948a37 - std::panicking::try::h978244d04646189f
[INFO] [stdout]                                at /rustc/0e09125c6c3c2fd70d7de961bcf0e51575235fad/library/std/src/panicking.rs:516:19
[INFO] [stdout]   54:     0x55ac7f948a37 - std::panic::catch_unwind::hdf436369d188fe86
[INFO] [stdout]                                at /rustc/0e09125c6c3c2fd70d7de961bcf0e51575235fad/library/std/src/panic.rs:142:14
[INFO] [stdout]   55:     0x55ac7f948a37 - std::thread::Builder::spawn_unchecked_::{{closure}}::h87329cbdd33c79ec
[INFO] [stdout]                                at /rustc/0e09125c6c3c2fd70d7de961bcf0e51575235fad/library/std/src/thread/mod.rs:528:30
[INFO] [stdout]   56:     0x55ac7f948a37 - core::ops::function::FnOnce::call_once{{vtable.shim}}::h401abbe67897d450
[INFO] [stdout]                                at /rustc/0e09125c6c3c2fd70d7de961bcf0e51575235fad/library/core/src/ops/function.rs:250:5
[INFO] [stdout]   57:     0x55ac7fd6bf75 - <alloc::boxed::Box<F,A> as core::ops::function::FnOnce<Args>>::call_once::h5d7c8f150ab9c84c
[INFO] [stdout]                                at /rustc/0e09125c6c3c2fd70d7de961bcf0e51575235fad/library/alloc/src/boxed.rs:2015:9
[INFO] [stdout]   58:     0x55ac7fd6bf75 - <alloc::boxed::Box<F,A> as core::ops::function::FnOnce<Args>>::call_once::h570d5b005c242c15
[INFO] [stdout]                                at /rustc/0e09125c6c3c2fd70d7de961bcf0e51575235fad/library/alloc/src/boxed.rs:2015:9
[INFO] [stdout]   59:     0x55ac7fd6bf75 - std::sys::unix::thread::Thread::new::thread_start::h36b0a20c0b2361ad
[INFO] [stdout]                                at /rustc/0e09125c6c3c2fd70d7de961bcf0e51575235fad/library/std/src/sys/unix/thread.rs:108:17
[INFO] [stdout]   60:     0x7fb239634ac3 - <unknown>
[INFO] [stdout]   61:     0x7fb2396c5bf4 - __clone
[INFO] [stdout]   62:                0x0 - <unknown>
[INFO] [stdout] 
[INFO] [stdout] 
[INFO] [stdout] failures:
[INFO] [stdout]     bulb::tests::test_bulb_white
[INFO] [stdout]     device_common::tests::test_get_info
[INFO] [stdout]     dimmer::tests::test_dimmer_half
[INFO] [stdout]     switch::tests::test_switch_on
[INFO] [stdout] 
[INFO] [stdout] test result: FAILED. 0 passed; 4 failed; 0 ignored; 0 measured; 0 filtered out; finished in 0.51s
[INFO] [stdout] 
[INFO] [stderr] error: test failed, to rerun pass `-p sonoff-lib --lib`
[INFO] running `Command { std: "docker" "inspect" "21c01804819fa91e7e146e2d05fb4c777c1cc6ac9c3b7d21f7c8dc2d75aa116e", kill_on_drop: false }`
[INFO] running `Command { std: "docker" "rm" "-f" "21c01804819fa91e7e146e2d05fb4c777c1cc6ac9c3b7d21f7c8dc2d75aa116e", kill_on_drop: false }`
[INFO] [stdout] 21c01804819fa91e7e146e2d05fb4c777c1cc6ac9c3b7d21f7c8dc2d75aa116e
