[INFO] cloning repository https://github.com/pros-rs/pros-simulator
[INFO] running `Command { std: "git" "-c" "credential.helper=" "-c" "credential.helper=/workspace/cargo-home/bin/git-credential-null" "clone" "--bare" "https://github.com/pros-rs/pros-simulator" "/workspace/cache/git-repos/https%3A%2F%2Fgithub.com%2Fpros-rs%2Fpros-simulator", kill_on_drop: false }`
[INFO] [stderr] Cloning into bare repository '/workspace/cache/git-repos/https%3A%2F%2Fgithub.com%2Fpros-rs%2Fpros-simulator'...
[INFO] running `Command { std: "git" "rev-parse" "HEAD", kill_on_drop: false }`
[INFO] [stdout] 7acc726213adac8562e7a7a9aa8c4b5fb46ebe41
[INFO] testing pros-rs/pros-simulator against 1.75.0 for beta-1.76-1
[INFO] running `Command { std: "git" "clone" "/workspace/cache/git-repos/https%3A%2F%2Fgithub.com%2Fpros-rs%2Fpros-simulator" "/workspace/builds/worker-2-tc1/source", kill_on_drop: false }`
[INFO] [stderr] Cloning into '/workspace/builds/worker-2-tc1/source'...
[INFO] [stderr] done.
[INFO] validating manifest of git repo https://github.com/pros-rs/pros-simulator on toolchain 1.75.0
[INFO] running `Command { std: CARGO_HOME="/workspace/cargo-home" RUSTUP_HOME="/workspace/rustup-home" "/workspace/cargo-home/bin/cargo" "+1.75.0" "metadata" "--manifest-path" "Cargo.toml" "--no-deps", kill_on_drop: false }`
[INFO] started tweaking git repo https://github.com/pros-rs/pros-simulator
[INFO] finished tweaking git repo https://github.com/pros-rs/pros-simulator
[INFO] tweaked toml for git repo https://github.com/pros-rs/pros-simulator written to /workspace/builds/worker-2-tc1/source/Cargo.toml
[INFO] crate git repo https://github.com/pros-rs/pros-simulator already has a lockfile, it will not be regenerated
[INFO] running `Command { std: CARGO_HOME="/workspace/cargo-home" RUSTUP_HOME="/workspace/rustup-home" "/workspace/cargo-home/bin/cargo" "+1.75.0" "fetch" "--manifest-path" "Cargo.toml", kill_on_drop: false }`
[INFO] [stderr]     Updating crates.io index
[INFO] [stderr]  Downloading crates ...
[INFO] [stderr]   Downloaded snafu v0.8.0
[INFO] [stderr]   Downloaded tui-big-text v0.2.1
[INFO] [stderr]   Downloaded snafu-derive v0.8.0
[INFO] [stderr]   Downloaded pros-sys v0.4.1
[INFO] running `Command { std: "docker" "create" "-v" "/var/lib/crater-agent-workspace/builds/worker-2-tc1/target:/opt/rustwide/target:rw,Z" "-v" "/var/lib/crater-agent-workspace/builds/worker-2-tc1/source:/opt/rustwide/workdir:ro,Z" "-v" "/var/lib/crater-agent-workspace/cargo-home:/opt/rustwide/cargo-home:ro,Z" "-v" "/var/lib/crater-agent-workspace/rustup-home:/opt/rustwide/rustup-home:ro,Z" "-e" "SOURCE_DIR=/opt/rustwide/workdir" "-e" "CARGO_TARGET_DIR=/opt/rustwide/target" "-e" "CARGO_HOME=/opt/rustwide/cargo-home" "-e" "RUSTUP_HOME=/opt/rustwide/rustup-home" "-w" "/opt/rustwide/workdir" "-m" "1610612736" "--user" "0:0" "--network" "none" "ghcr.io/rust-lang/crates-build-env/linux@sha256:2788e3201cd34a07e3172128adcd8b3090168a8e3bcc40d7c032b9dda1df7d1c" "/opt/rustwide/cargo-home/bin/cargo" "+1.75.0" "metadata" "--no-deps" "--format-version=1", kill_on_drop: false }`
[INFO] [stdout] a2137bfc23c9f288941ea43fc5434d5741d4f97a3a6325adb9fddcf056aab33e
[INFO] running `Command { std: "docker" "start" "-a" "a2137bfc23c9f288941ea43fc5434d5741d4f97a3a6325adb9fddcf056aab33e", kill_on_drop: false }`
[INFO] running `Command { std: "docker" "inspect" "a2137bfc23c9f288941ea43fc5434d5741d4f97a3a6325adb9fddcf056aab33e", kill_on_drop: false }`
[INFO] running `Command { std: "docker" "rm" "-f" "a2137bfc23c9f288941ea43fc5434d5741d4f97a3a6325adb9fddcf056aab33e", kill_on_drop: false }`
[INFO] [stdout] a2137bfc23c9f288941ea43fc5434d5741d4f97a3a6325adb9fddcf056aab33e
[INFO] running `Command { std: "docker" "create" "-v" "/var/lib/crater-agent-workspace/builds/worker-2-tc1/target:/opt/rustwide/target:rw,Z" "-v" "/var/lib/crater-agent-workspace/builds/worker-2-tc1/source:/opt/rustwide/workdir:ro,Z" "-v" "/var/lib/crater-agent-workspace/cargo-home:/opt/rustwide/cargo-home:ro,Z" "-v" "/var/lib/crater-agent-workspace/rustup-home:/opt/rustwide/rustup-home:ro,Z" "-e" "SOURCE_DIR=/opt/rustwide/workdir" "-e" "CARGO_TARGET_DIR=/opt/rustwide/target" "-e" "CARGO_INCREMENTAL=0" "-e" "RUST_BACKTRACE=full" "-e" "RUSTFLAGS=--cap-lints=warn" "-e" "RUSTDOCFLAGS=--cap-lints=warn" "-e" "CARGO_HOME=/opt/rustwide/cargo-home" "-e" "RUSTUP_HOME=/opt/rustwide/rustup-home" "-w" "/opt/rustwide/workdir" "-m" "1610612736" "--user" "0:0" "--network" "none" "ghcr.io/rust-lang/crates-build-env/linux@sha256:2788e3201cd34a07e3172128adcd8b3090168a8e3bcc40d7c032b9dda1df7d1c" "/opt/rustwide/cargo-home/bin/cargo" "+1.75.0" "build" "--frozen" "--message-format=json", kill_on_drop: false }`
[INFO] [stdout] 958e64c2c90cd9107210cc17a9dfbad0a1cceeabd1c59828e2e998d363a96e3d
[INFO] running `Command { std: "docker" "start" "-a" "958e64c2c90cd9107210cc17a9dfbad0a1cceeabd1c59828e2e998d363a96e3d", kill_on_drop: false }`
[INFO] [stderr]    Compiling proc-macro2 v1.0.69
[INFO] [stderr]    Compiling unicode-ident v1.0.12
[INFO] [stderr]    Compiling cfg-if v1.0.0
[INFO] [stderr]    Compiling serde v1.0.193
[INFO] [stderr]    Compiling version_check v0.9.4
[INFO] [stderr]    Compiling once_cell v1.18.0
[INFO] [stderr]    Compiling zerocopy v0.7.26
[INFO] [stderr]    Compiling autocfg v1.1.0
[INFO] [stderr]    Compiling equivalent v1.0.1
[INFO] [stderr]    Compiling target-lexicon v0.12.12
[INFO] [stderr]    Compiling thiserror v1.0.50
[INFO] [stderr]    Compiling libc v0.2.150
[INFO] [stderr]    Compiling log v0.4.20
[INFO] [stderr]    Compiling semver v1.0.20
[INFO] [stderr]    Compiling cranelift-isle v0.103.0
[INFO] [stderr]    Compiling memchr v2.6.4
[INFO] [stderr]    Compiling cranelift-codegen-shared v0.103.0
[INFO] [stderr]    Compiling anyhow v1.0.75
[INFO] [stderr]    Compiling crc32fast v1.3.2
[INFO] [stderr]    Compiling cranelift-codegen-meta v0.103.0
[INFO] [stderr]    Compiling arbitrary v1.3.2
[INFO] [stderr]    Compiling slice-group-by v0.3.1
[INFO] [stderr]    Compiling smallvec v1.11.2
[INFO] [stderr]    Compiling rustc-hash v1.1.0
[INFO] [stderr]    Compiling ahash v0.8.6
[INFO] [stderr]    Compiling memoffset v0.9.0
[INFO] [stderr]    Compiling crossbeam-utils v0.8.16
[INFO] [stderr]    Compiling rustix v0.38.25
[INFO] [stderr]    Compiling bumpalo v3.14.0
[INFO] [stderr]    Compiling crossbeam-epoch v0.9.15
[INFO] [stderr]    Compiling linux-raw-sys v0.4.11
[INFO] [stderr]    Compiling bitflags v2.4.1
[INFO] [stderr]    Compiling slab v0.4.9
[INFO] [stderr]    Compiling quote v1.0.33
[INFO] [stderr]    Compiling hashbrown v0.14.2
[INFO] [stderr]    Compiling hashbrown v0.13.2
[INFO] [stderr]    Compiling pin-project-lite v0.2.13
[INFO] [stderr]    Compiling scopeguard v1.2.0
[INFO] [stderr]    Compiling syn v2.0.39
[INFO] [stderr]    Compiling paste v1.0.14
[INFO] [stderr]    Compiling either v1.9.0
[INFO] [stderr]    Compiling cranelift-control v0.103.0
[INFO] [stderr]    Compiling wasmtime-asm-macros v16.0.0
[INFO] [stderr]    Compiling rayon-core v1.12.0
[INFO] [stderr]    Compiling serde_json v1.0.108
[INFO] [stderr]    Compiling cc v1.0.83
[INFO] [stderr]    Compiling futures-core v0.3.30
[INFO] [stderr]    Compiling cpp_demangle v0.3.5
[INFO] [stderr]    Compiling futures-sink v0.3.30
[INFO] [stderr]    Compiling leb128 v0.2.5
[INFO] [stderr]    Compiling heck v0.4.1
[INFO] [stderr]    Compiling futures-channel v0.3.30
[INFO] [stderr]    Compiling wasm-encoder v0.38.1
[INFO] [stderr]    Compiling crossbeam-deque v0.8.3
[INFO] [stderr]    Compiling itertools v0.10.5
[INFO] [stderr]    Compiling regalloc2 v0.9.3
[INFO] [stderr]    Compiling utf8parse v0.2.1
[INFO] [stderr]    Compiling futures-io v0.3.30
[INFO] [stderr]    Compiling itoa v1.0.9
[INFO] [stderr]    Compiling async-trait v0.1.74
[INFO] [stderr]    Compiling pin-utils v0.1.0
[INFO] [stderr]    Compiling futures-task v0.3.30
[INFO] [stderr]    Compiling sptr v0.3.2
[INFO] [stderr]    Compiling ryu v1.0.15
[INFO] [stderr]    Compiling wasmtime-wmemcheck v16.0.0
[INFO] [stderr]    Compiling anstyle-parse v0.2.2
[INFO] [stderr]    Compiling wasmtime-jit-icache-coherence v16.0.0
[INFO] [stderr]    Compiling pros-sys v0.4.1
[INFO] [stderr]    Compiling colorchoice v1.0.0
[INFO] [stderr]    Compiling rustc-demangle v0.1.23
[INFO] [stderr]    Compiling anstyle-query v1.0.0
[INFO] [stderr]    Compiling anstyle v1.0.4
[INFO] [stderr]    Compiling tracing-core v0.1.32
[INFO] [stderr]    Compiling clap_lex v0.6.0
[INFO] [stderr]    Compiling strsim v0.10.0
[INFO] [stderr]    Compiling anstream v0.6.4
[INFO] [stderr]    Compiling rayon v1.8.0
[INFO] [stderr]    Compiling clap_builder v4.4.9
[INFO] [stderr]    Compiling cranelift-codegen v0.103.0
[INFO] [stderr]    Compiling memfd v0.6.4
[INFO] [stderr]    Compiling serde_derive v1.0.193
[INFO] [stderr]    Compiling thiserror-impl v1.0.50
[INFO] [stderr]    Compiling wasmtime-versioned-export-macros v16.0.0
[INFO] [stderr]    Compiling futures-macro v0.3.30
[INFO] [stderr]    Compiling tokio-macros v2.2.0
[INFO] [stderr]    Compiling snafu-derive v0.8.0
[INFO] [stderr]    Compiling tracing-attributes v0.1.27
[INFO] [stderr]    Compiling clap_derive v4.4.7
[INFO] [stderr]    Compiling wasmtime-fiber v16.0.0
[INFO] [stderr]    Compiling wasmtime-runtime v16.0.0
[INFO] [stderr]    Compiling futures-util v0.3.30
[INFO] [stderr]    Compiling tokio v1.34.0
[INFO] [stderr]    Compiling tracing v0.1.40
[INFO] [stderr]    Compiling snafu v0.8.0
[INFO] [stderr]    Compiling clap v4.4.9
[INFO] [stderr]    Compiling futures-executor v0.3.29
[INFO] [stderr]    Compiling futures v0.3.29
[INFO] [stderr]    Compiling indexmap v2.1.0
[INFO] [stderr]    Compiling cranelift-entity v0.103.0
[INFO] [stderr]    Compiling bincode v1.3.3
[INFO] [stderr]    Compiling pros-simulator-interface v0.5.0 (/opt/rustwide/workdir/packages/pros-simulator-interface)
[INFO] [stderr]    Compiling cranelift-bforest v0.103.0
[INFO] [stderr]    Compiling gimli v0.28.0
[INFO] [stderr]    Compiling wasmparser v0.118.1
[INFO] [stderr]    Compiling object v0.32.1
[INFO] [stderr]    Compiling jsonl v4.0.1
[INFO] [stderr]    Compiling addr2line v0.21.0
[INFO] [stderr]    Compiling wasmtime-types v16.0.0
[INFO] [stderr]    Compiling wasmtime-environ v16.0.0
[INFO] [stderr]    Compiling wasmtime-jit v16.0.0
[INFO] [stderr]    Compiling cranelift-frontend v0.103.0
[INFO] [stderr]    Compiling cranelift-native v0.103.0
[INFO] [stderr]    Compiling wasmtime-cranelift-shared v16.0.0
[INFO] [stderr]    Compiling cranelift-wasm v0.103.0
[INFO] [stderr]    Compiling wasmtime-cranelift v16.0.0
[INFO] [stderr]    Compiling wasmtime v16.0.0
[INFO] [stderr]    Compiling pros-simulator v0.5.0 (/opt/rustwide/workdir/packages/pros-simulator)
[INFO] [stderr]    Compiling pros-simulator-server v0.5.0 (/opt/rustwide/workdir/packages/pros-simulator-server)
[INFO] [stderr]     Finished dev [unoptimized + debuginfo] target(s) in 42.78s
[INFO] running `Command { std: "docker" "inspect" "958e64c2c90cd9107210cc17a9dfbad0a1cceeabd1c59828e2e998d363a96e3d", kill_on_drop: false }`
[INFO] running `Command { std: "docker" "rm" "-f" "958e64c2c90cd9107210cc17a9dfbad0a1cceeabd1c59828e2e998d363a96e3d", kill_on_drop: false }`
[INFO] [stdout] 958e64c2c90cd9107210cc17a9dfbad0a1cceeabd1c59828e2e998d363a96e3d
[INFO] running `Command { std: "docker" "create" "-v" "/var/lib/crater-agent-workspace/builds/worker-2-tc1/target:/opt/rustwide/target:rw,Z" "-v" "/var/lib/crater-agent-workspace/builds/worker-2-tc1/source:/opt/rustwide/workdir:ro,Z" "-v" "/var/lib/crater-agent-workspace/cargo-home:/opt/rustwide/cargo-home:ro,Z" "-v" "/var/lib/crater-agent-workspace/rustup-home:/opt/rustwide/rustup-home:ro,Z" "-e" "SOURCE_DIR=/opt/rustwide/workdir" "-e" "CARGO_TARGET_DIR=/opt/rustwide/target" "-e" "CARGO_INCREMENTAL=0" "-e" "RUST_BACKTRACE=full" "-e" "RUSTFLAGS=--cap-lints=warn" "-e" "RUSTDOCFLAGS=--cap-lints=warn" "-e" "CARGO_HOME=/opt/rustwide/cargo-home" "-e" "RUSTUP_HOME=/opt/rustwide/rustup-home" "-w" "/opt/rustwide/workdir" "-m" "1610612736" "--user" "0:0" "--network" "none" "ghcr.io/rust-lang/crates-build-env/linux@sha256:2788e3201cd34a07e3172128adcd8b3090168a8e3bcc40d7c032b9dda1df7d1c" "/opt/rustwide/cargo-home/bin/cargo" "+1.75.0" "test" "--frozen" "--no-run" "--message-format=json", kill_on_drop: false }`
[INFO] [stdout] f3c33cc0fc0836012ef6083785a1961ac216a0fb92e217b18a53fd621252505c
[INFO] running `Command { std: "docker" "start" "-a" "f3c33cc0fc0836012ef6083785a1961ac216a0fb92e217b18a53fd621252505c", kill_on_drop: false }`
[INFO] [stderr]    Compiling allocator-api2 v0.2.16
[INFO] [stderr]    Compiling log v0.4.20
[INFO] [stderr]    Compiling syn v1.0.109
[INFO] [stderr]    Compiling lock_api v0.4.11
[INFO] [stderr]    Compiling ident_case v1.0.1
[INFO] [stderr]    Compiling parking_lot_core v0.9.9
[INFO] [stderr]    Compiling signal-hook v0.3.17
[INFO] [stderr]    Compiling rustversion v1.0.14
[INFO] [stderr]    Compiling fnv v1.0.7
[INFO] [stderr]    Compiling signal-hook-registry v1.4.1
[INFO] [stderr]    Compiling tracing-core v0.1.32
[INFO] [stderr]    Compiling num-traits v0.2.17
[INFO] [stderr]    Compiling regex-syntax v0.6.29
[INFO] [stderr]    Compiling regex-syntax v0.8.2
[INFO] [stderr]    Compiling num_cpus v1.16.0
[INFO] [stderr]    Compiling itertools v0.11.0
[INFO] [stderr]    Compiling indoc v2.0.4
[INFO] [stderr]    Compiling overload v0.1.1
[INFO] [stderr]    Compiling regalloc2 v0.9.3
[INFO] [stderr]    Compiling mio v0.8.9
[INFO] [stderr]    Compiling hashbrown v0.14.2
[INFO] [stderr]    Compiling parking_lot v0.12.1
[INFO] [stderr]    Compiling tracing v0.1.40
[INFO] [stderr]    Compiling unicode-segmentation v1.10.1
[INFO] [stderr]    Compiling lazy_static v1.4.0
[INFO] [stderr]    Compiling signal-hook-mio v0.2.3
[INFO] [stderr]    Compiling cassowary v0.3.0
[INFO] [stderr]    Compiling crossterm v0.27.0
[INFO] [stderr]    Compiling unicode-width v0.1.11
[INFO] [stderr]    Compiling sharded-slab v0.1.7
[INFO] [stderr]    Compiling tracing-log v0.2.0
[INFO] [stderr]    Compiling tokio v1.34.0
[INFO] [stderr]    Compiling nu-ansi-term v0.46.0
[INFO] [stderr]    Compiling thread_local v1.1.7
[INFO] [stderr]    Compiling byteorder v1.5.0
[INFO] [stderr]    Compiling indexmap v2.1.0
[INFO] [stderr]    Compiling lru v0.12.1
[INFO] [stderr]    Compiling iana-time-zone v0.1.58
[INFO] [stderr]    Compiling strum_macros v0.25.3
[INFO] [stderr]    Compiling fxhash v0.2.1
[INFO] [stderr]    Compiling font8x8 v0.3.1
[INFO] [stderr]    Compiling pros-simulator-interface v0.5.0 (/opt/rustwide/workdir/packages/pros-simulator-interface)
[INFO] [stderr]    Compiling chrono v0.4.31
[INFO] [stderr]    Compiling gimli v0.28.0
[INFO] [stderr]    Compiling wasmparser v0.118.1
[INFO] [stderr]    Compiling object v0.32.1
[INFO] [stderr]    Compiling regex-automata v0.4.3
[INFO] [stderr]    Compiling regex-automata v0.1.10
[INFO] [stderr]    Compiling matchers v0.1.0
[INFO] [stderr]    Compiling strum v0.25.0
[INFO] [stderr]    Compiling ratatui v0.24.0
[INFO] [stderr]    Compiling regex v1.10.2
[INFO] [stderr]    Compiling darling_core v0.14.4
[INFO] [stderr]    Compiling tracing-subscriber v0.3.18
[INFO] [stderr]    Compiling cranelift-codegen v0.103.0
[INFO] [stderr]    Compiling addr2line v0.21.0
[INFO] [stderr]    Compiling tui-logger v0.10.0
[INFO] [stderr]    Compiling darling_macro v0.14.4
[INFO] [stderr]    Compiling darling v0.14.4
[INFO] [stderr]    Compiling derive_builder_core v0.12.0
[INFO] [stderr]    Compiling wasmtime-types v16.0.0
[INFO] [stderr]    Compiling wasmtime-environ v16.0.0
[INFO] [stderr]    Compiling derive_builder_macro v0.12.0
[INFO] [stderr]    Compiling derive_builder v0.12.0
[INFO] [stderr]    Compiling tui-big-text v0.2.1
[INFO] [stderr]    Compiling wasmtime-runtime v16.0.0
[INFO] [stderr]    Compiling wasmtime-jit v16.0.0
[INFO] [stderr]    Compiling cranelift-native v0.103.0
[INFO] [stderr]    Compiling cranelift-frontend v0.103.0
[INFO] [stderr]    Compiling wasmtime-cranelift-shared v16.0.0
[INFO] [stderr]    Compiling cranelift-wasm v0.103.0
[INFO] [stderr]    Compiling wasmtime-cranelift v16.0.0
[INFO] [stderr]    Compiling wasmtime v16.0.0
[INFO] [stderr]    Compiling pros-simulator v0.5.0 (/opt/rustwide/workdir/packages/pros-simulator)
[INFO] [stderr]    Compiling pros-simulator-server v0.5.0 (/opt/rustwide/workdir/packages/pros-simulator-server)
[INFO] [stderr]     Finished test [unoptimized + debuginfo] target(s) in 18.96s
[INFO] running `Command { std: "docker" "inspect" "f3c33cc0fc0836012ef6083785a1961ac216a0fb92e217b18a53fd621252505c", kill_on_drop: false }`
[INFO] running `Command { std: "docker" "rm" "-f" "f3c33cc0fc0836012ef6083785a1961ac216a0fb92e217b18a53fd621252505c", kill_on_drop: false }`
[INFO] [stdout] f3c33cc0fc0836012ef6083785a1961ac216a0fb92e217b18a53fd621252505c
[INFO] running `Command { std: "docker" "create" "-v" "/var/lib/crater-agent-workspace/builds/worker-2-tc1/target:/opt/rustwide/target:rw,Z" "-v" "/var/lib/crater-agent-workspace/builds/worker-2-tc1/source:/opt/rustwide/workdir:ro,Z" "-v" "/var/lib/crater-agent-workspace/cargo-home:/opt/rustwide/cargo-home:ro,Z" "-v" "/var/lib/crater-agent-workspace/rustup-home:/opt/rustwide/rustup-home:ro,Z" "-e" "SOURCE_DIR=/opt/rustwide/workdir" "-e" "CARGO_TARGET_DIR=/opt/rustwide/target" "-e" "CARGO_INCREMENTAL=0" "-e" "RUST_BACKTRACE=full" "-e" "RUSTFLAGS=--cap-lints=warn" "-e" "RUSTDOCFLAGS=--cap-lints=warn" "-e" "CARGO_HOME=/opt/rustwide/cargo-home" "-e" "RUSTUP_HOME=/opt/rustwide/rustup-home" "-w" "/opt/rustwide/workdir" "-m" "1610612736" "--user" "0:0" "--network" "none" "ghcr.io/rust-lang/crates-build-env/linux@sha256:2788e3201cd34a07e3172128adcd8b3090168a8e3bcc40d7c032b9dda1df7d1c" "/opt/rustwide/cargo-home/bin/cargo" "+1.75.0" "test" "--frozen", kill_on_drop: false }`
[INFO] [stdout] b77e0e956a87ca8a2fdb52a4b5df88f2757cee9b0bda3d35044e5fdcb369a5e4
[INFO] running `Command { std: "docker" "start" "-a" "b77e0e956a87ca8a2fdb52a4b5df88f2757cee9b0bda3d35044e5fdcb369a5e4", kill_on_drop: false }`
[INFO] [stderr]     Finished test [unoptimized + debuginfo] target(s) in 0.24s
[INFO] [stderr]      Running unittests src/lib.rs (/opt/rustwide/target/debug/deps/pros_simulator-a84ee3c07c485ad4)
[INFO] [stdout] 
[INFO] [stdout] running 0 tests
[INFO] [stdout] 
[INFO] [stdout] test result: ok. 0 passed; 0 failed; 0 ignored; 0 measured; 0 filtered out; finished in 0.00s
[INFO] [stdout] 
[INFO] [stderr]      Running unittests src/lib.rs (/opt/rustwide/target/debug/deps/pros_simulator_interface-c60d181fc8b55f19)
[INFO] [stdout] 
[INFO] [stdout] running 0 tests
[INFO] [stdout] 
[INFO] [stdout] test result: ok. 0 passed; 0 failed; 0 ignored; 0 measured; 0 filtered out; finished in 0.00s
[INFO] [stdout] 
[INFO] [stderr]      Running unittests src/main.rs (/opt/rustwide/target/debug/deps/pros_simulator_server-a9ba31697a294871)
[INFO] [stdout] 
[INFO] [stdout] running 0 tests
[INFO] [stdout] 
[INFO] [stdout] test result: ok. 0 passed; 0 failed; 0 ignored; 0 measured; 0 filtered out; finished in 0.00s
[INFO] [stdout] 
[INFO] [stderr]    Doc-tests pros-simulator
[INFO] [stdout] 
[INFO] [stdout] running 5 tests
[INFO] [stdout] test packages/pros-simulator/src/host.rs - host::ResultExt::unwrap_or_errno (line 269) ... ignored
[INFO] [stdout] test packages/pros-simulator/src/host.rs - host::ResultExt::unwrap_or_errno_as (line 280) ... ignored
[INFO] [stdout] test packages/pros-simulator/src/host/controllers.rs - host::controllers::Controllers::get_digital_new_press (line 219) ... ignored
[INFO] [stdout] test packages/pros-simulator/src/host/controllers.rs - host::controllers::Controllers::get_digital (line 169) ... FAILED
[INFO] [stdout] test packages/pros-simulator/src/host/controllers.rs - host::controllers::Controllers::get_analog (line 130) ... FAILED
[INFO] [stdout] 
[INFO] [stdout] failures:
[INFO] [stdout] 
[INFO] [stdout] ---- packages/pros-simulator/src/host/controllers.rs - host::controllers::Controllers::get_digital (line 169) stdout ----
[INFO] [stdout] error[E0425]: cannot find value `controllers` in this scope
[INFO] [stdout]  --> packages/pros-simulator/src/host/controllers.rs:170:4
[INFO] [stdout]   |
[INFO] [stdout] 3 | if controllers.get_digital(pros_sys::E_CONTROLLER_MASTER, pros_sys::E_CONTROLLER_DIGITAL_X)? {
[INFO] [stdout]   |    ^^^^^^^^^^^ not found in this scope
[INFO] [stdout] 
[INFO] [stdout] error: aborting due to previous error
[INFO] [stdout] 
[INFO] [stdout] For more information about this error, try `rustc --explain E0425`.
[INFO] [stdout] Couldn't compile the test.
[INFO] [stdout] ---- packages/pros-simulator/src/host/controllers.rs - host::controllers::Controllers::get_analog (line 130) stdout ----
[INFO] [stdout] error[E0425]: cannot find value `controllers` in this scope
[INFO] [stdout]  --> packages/pros-simulator/src/host/controllers.rs:131:4
[INFO] [stdout]   |
[INFO] [stdout] 3 | if controllers.get_analog(pros_sys::E_CONTROLLER_MASTER, pros_sys::E_CONTROLLER_ANALOG_LEFT_X)? > 0 {
[INFO] [stdout]   |    ^^^^^^^^^^^ not found in this scope
[INFO] [stdout] 
[INFO] [stdout] error: aborting due to previous error
[INFO] [stdout] 
[INFO] [stdout] For more information about this error, try `rustc --explain E0425`.
[INFO] [stdout] Couldn't compile the test.
[INFO] [stdout] 
[INFO] [stdout] failures:
[INFO] [stdout]     packages/pros-simulator/src/host/controllers.rs - host::controllers::Controllers::get_analog (line 130)
[INFO] [stdout]     packages/pros-simulator/src/host/controllers.rs - host::controllers::Controllers::get_digital (line 169)
[INFO] [stdout] 
[INFO] [stdout] test result: FAILED. 0 passed; 2 failed; 3 ignored; 0 measured; 0 filtered out; finished in 0.10s
[INFO] [stdout] 
[INFO] [stderr] error: doctest failed, to rerun pass `-p pros-simulator --doc`
[INFO] running `Command { std: "docker" "inspect" "b77e0e956a87ca8a2fdb52a4b5df88f2757cee9b0bda3d35044e5fdcb369a5e4", kill_on_drop: false }`
[INFO] running `Command { std: "docker" "rm" "-f" "b77e0e956a87ca8a2fdb52a4b5df88f2757cee9b0bda3d35044e5fdcb369a5e4", kill_on_drop: false }`
[INFO] [stdout] b77e0e956a87ca8a2fdb52a4b5df88f2757cee9b0bda3d35044e5fdcb369a5e4
[INFO] testing pros-rs/pros-simulator against beta-2023-12-22 for beta-1.76-1
[INFO] running `Command { std: "git" "clone" "/workspace/cache/git-repos/https%3A%2F%2Fgithub.com%2Fpros-rs%2Fpros-simulator" "/workspace/builds/worker-2-tc2/source", kill_on_drop: false }`
[INFO] [stderr] Cloning into '/workspace/builds/worker-2-tc2/source'...
[INFO] [stderr] done.
[INFO] validating manifest of git repo https://github.com/pros-rs/pros-simulator on toolchain beta-2023-12-22
[INFO] running `Command { std: CARGO_HOME="/workspace/cargo-home" RUSTUP_HOME="/workspace/rustup-home" "/workspace/cargo-home/bin/cargo" "+beta-2023-12-22" "metadata" "--manifest-path" "Cargo.toml" "--no-deps", kill_on_drop: false }`
[INFO] started tweaking git repo https://github.com/pros-rs/pros-simulator
[INFO] finished tweaking git repo https://github.com/pros-rs/pros-simulator
[INFO] tweaked toml for git repo https://github.com/pros-rs/pros-simulator written to /workspace/builds/worker-2-tc2/source/Cargo.toml
[INFO] crate git repo https://github.com/pros-rs/pros-simulator already has a lockfile, it will not be regenerated
[INFO] running `Command { std: CARGO_HOME="/workspace/cargo-home" RUSTUP_HOME="/workspace/rustup-home" "/workspace/cargo-home/bin/cargo" "+beta-2023-12-22" "fetch" "--manifest-path" "Cargo.toml", kill_on_drop: false }`
[INFO] running `Command { std: "docker" "create" "-v" "/var/lib/crater-agent-workspace/builds/worker-2-tc2/target:/opt/rustwide/target:rw,Z" "-v" "/var/lib/crater-agent-workspace/builds/worker-2-tc2/source:/opt/rustwide/workdir:ro,Z" "-v" "/var/lib/crater-agent-workspace/cargo-home:/opt/rustwide/cargo-home:ro,Z" "-v" "/var/lib/crater-agent-workspace/rustup-home:/opt/rustwide/rustup-home:ro,Z" "-e" "SOURCE_DIR=/opt/rustwide/workdir" "-e" "CARGO_TARGET_DIR=/opt/rustwide/target" "-e" "CARGO_HOME=/opt/rustwide/cargo-home" "-e" "RUSTUP_HOME=/opt/rustwide/rustup-home" "-w" "/opt/rustwide/workdir" "-m" "1610612736" "--user" "0:0" "--network" "none" "ghcr.io/rust-lang/crates-build-env/linux@sha256:2788e3201cd34a07e3172128adcd8b3090168a8e3bcc40d7c032b9dda1df7d1c" "/opt/rustwide/cargo-home/bin/cargo" "+beta-2023-12-22" "metadata" "--no-deps" "--format-version=1", kill_on_drop: false }`
[INFO] [stdout] dbd5090db87997ae728b95e94db40c741cf973f28481d1c03761c1d026a9aa65
[INFO] running `Command { std: "docker" "start" "-a" "dbd5090db87997ae728b95e94db40c741cf973f28481d1c03761c1d026a9aa65", kill_on_drop: false }`
[INFO] running `Command { std: "docker" "inspect" "dbd5090db87997ae728b95e94db40c741cf973f28481d1c03761c1d026a9aa65", kill_on_drop: false }`
[INFO] running `Command { std: "docker" "rm" "-f" "dbd5090db87997ae728b95e94db40c741cf973f28481d1c03761c1d026a9aa65", kill_on_drop: false }`
[INFO] [stdout] dbd5090db87997ae728b95e94db40c741cf973f28481d1c03761c1d026a9aa65
[INFO] running `Command { std: "docker" "create" "-v" "/var/lib/crater-agent-workspace/builds/worker-2-tc2/target:/opt/rustwide/target:rw,Z" "-v" "/var/lib/crater-agent-workspace/builds/worker-2-tc2/source:/opt/rustwide/workdir:ro,Z" "-v" "/var/lib/crater-agent-workspace/cargo-home:/opt/rustwide/cargo-home:ro,Z" "-v" "/var/lib/crater-agent-workspace/rustup-home:/opt/rustwide/rustup-home:ro,Z" "-e" "SOURCE_DIR=/opt/rustwide/workdir" "-e" "CARGO_TARGET_DIR=/opt/rustwide/target" "-e" "CARGO_INCREMENTAL=0" "-e" "RUST_BACKTRACE=full" "-e" "RUSTFLAGS=--cap-lints=warn" "-e" "RUSTDOCFLAGS=--cap-lints=warn" "-e" "CARGO_HOME=/opt/rustwide/cargo-home" "-e" "RUSTUP_HOME=/opt/rustwide/rustup-home" "-w" "/opt/rustwide/workdir" "-m" "1610612736" "--user" "0:0" "--network" "none" "ghcr.io/rust-lang/crates-build-env/linux@sha256:2788e3201cd34a07e3172128adcd8b3090168a8e3bcc40d7c032b9dda1df7d1c" "/opt/rustwide/cargo-home/bin/cargo" "+beta-2023-12-22" "build" "--frozen" "--message-format=json", kill_on_drop: false }`
[INFO] [stdout] 43bf64352d5e7115b441683ac723f6618485aae99be032ff4cf4c6ae634a6192
[INFO] running `Command { std: "docker" "start" "-a" "43bf64352d5e7115b441683ac723f6618485aae99be032ff4cf4c6ae634a6192", kill_on_drop: false }`
[INFO] [stderr]    Compiling proc-macro2 v1.0.69
[INFO] [stderr]    Compiling unicode-ident v1.0.12
[INFO] [stderr]    Compiling cfg-if v1.0.0
[INFO] [stderr]    Compiling serde v1.0.193
[INFO] [stderr]    Compiling version_check v0.9.4
[INFO] [stderr]    Compiling once_cell v1.18.0
[INFO] [stderr]    Compiling zerocopy v0.7.26
[INFO] [stderr]    Compiling autocfg v1.1.0
[INFO] [stderr]    Compiling equivalent v1.0.1
[INFO] [stderr]    Compiling target-lexicon v0.12.12
[INFO] [stderr]    Compiling semver v1.0.20
[INFO] [stderr]    Compiling cranelift-isle v0.103.0
[INFO] [stderr]    Compiling log v0.4.20
[INFO] [stderr]    Compiling thiserror v1.0.50
[INFO] [stderr]    Compiling libc v0.2.150
[INFO] [stderr]    Compiling cranelift-codegen-shared v0.103.0
[INFO] [stderr]    Compiling memchr v2.6.4
[INFO] [stderr]    Compiling anyhow v1.0.75
[INFO] [stderr]    Compiling crc32fast v1.3.2
[INFO] [stderr]    Compiling cranelift-codegen-meta v0.103.0
[INFO] [stderr]    Compiling arbitrary v1.3.2
[INFO] [stderr]    Compiling smallvec v1.11.2
[INFO] [stderr]    Compiling rustc-hash v1.1.0
[INFO] [stderr]    Compiling ahash v0.8.6
[INFO] [stderr]    Compiling slice-group-by v0.3.1
[INFO] [stderr]    Compiling bumpalo v3.14.0
[INFO] [stderr]    Compiling memoffset v0.9.0
[INFO] [stderr]    Compiling rustix v0.38.25
[INFO] [stderr]    Compiling crossbeam-utils v0.8.16
[INFO] [stderr]    Compiling crossbeam-epoch v0.9.15
[INFO] [stderr]    Compiling linux-raw-sys v0.4.11
[INFO] [stderr]    Compiling bitflags v2.4.1
[INFO] [stderr]    Compiling quote v1.0.33
[INFO] [stderr]    Compiling slab v0.4.9
[INFO] [stderr]    Compiling scopeguard v1.2.0
[INFO] [stderr]    Compiling paste v1.0.14
[INFO] [stderr]    Compiling hashbrown v0.14.2
[INFO] [stderr]    Compiling hashbrown v0.13.2
[INFO] [stderr]    Compiling either v1.9.0
[INFO] [stderr]    Compiling pin-project-lite v0.2.13
[INFO] [stderr]    Compiling syn v2.0.39
[INFO] [stderr]    Compiling cranelift-control v0.103.0
[INFO] [stderr]    Compiling wasmtime-asm-macros v16.0.0
[INFO] [stderr]    Compiling cc v1.0.83
[INFO] [stderr]    Compiling cpp_demangle v0.3.5
[INFO] [stderr]    Compiling serde_json v1.0.108
[INFO] [stderr]    Compiling heck v0.4.1
[INFO] [stderr]    Compiling rayon-core v1.12.0
[INFO] [stderr]    Compiling futures-sink v0.3.30
[INFO] [stderr]    Compiling leb128 v0.2.5
[INFO] [stderr]    Compiling futures-core v0.3.30
[INFO] [stderr]    Compiling crossbeam-deque v0.8.3
[INFO] [stderr]    Compiling wasm-encoder v0.38.1
[INFO] [stderr]    Compiling futures-channel v0.3.30
[INFO] [stderr]    Compiling itertools v0.10.5
[INFO] [stderr]    Compiling regalloc2 v0.9.3
[INFO] [stderr]    Compiling ryu v1.0.15
[INFO] [stderr]    Compiling async-trait v0.1.74
[INFO] [stderr]    Compiling futures-task v0.3.30
[INFO] [stderr]    Compiling itoa v1.0.9
[INFO] [stderr]    Compiling futures-io v0.3.30
[INFO] [stderr]    Compiling utf8parse v0.2.1
[INFO] [stderr]    Compiling pin-utils v0.1.0
[INFO] [stderr]    Compiling sptr v0.3.2
[INFO] [stderr]    Compiling wasmtime-wmemcheck v16.0.0
[INFO] [stderr]    Compiling anstyle-parse v0.2.2
[INFO] [stderr]    Compiling wasmtime-jit-icache-coherence v16.0.0
[INFO] [stderr]    Compiling pros-sys v0.4.1
[INFO] [stderr]    Compiling colorchoice v1.0.0
[INFO] [stderr]    Compiling anstyle v1.0.4
[INFO] [stderr]    Compiling anstyle-query v1.0.0
[INFO] [stderr]    Compiling rustc-demangle v0.1.23
[INFO] [stderr]    Compiling tracing-core v0.1.32
[INFO] [stderr]    Compiling strsim v0.10.0
[INFO] [stderr]    Compiling anstream v0.6.4
[INFO] [stderr]    Compiling clap_lex v0.6.0
[INFO] [stderr]    Compiling rayon v1.8.0
[INFO] [stderr]    Compiling clap_builder v4.4.9
[INFO] [stderr]    Compiling cranelift-codegen v0.103.0
[INFO] [stderr]    Compiling memfd v0.6.4
[INFO] [stderr]    Compiling serde_derive v1.0.193
[INFO] [stderr]    Compiling thiserror-impl v1.0.50
[INFO] [stderr]    Compiling wasmtime-versioned-export-macros v16.0.0
[INFO] [stderr]    Compiling futures-macro v0.3.30
[INFO] [stderr]    Compiling snafu-derive v0.8.0
[INFO] [stderr]    Compiling tokio-macros v2.2.0
[INFO] [stderr]    Compiling tracing-attributes v0.1.27
[INFO] [stderr]    Compiling clap_derive v4.4.7
[INFO] [stderr]    Compiling wasmtime-fiber v16.0.0
[INFO] [stderr]    Compiling wasmtime-runtime v16.0.0
[INFO] [stderr]    Compiling tokio v1.34.0
[INFO] [stderr]    Compiling futures-util v0.3.30
[INFO] [stderr]    Compiling tracing v0.1.40
[INFO] [stderr]    Compiling clap v4.4.9
[INFO] [stderr]    Compiling snafu v0.8.0
[INFO] [stderr]    Compiling futures-executor v0.3.29
[INFO] [stderr]    Compiling futures v0.3.29
[INFO] [stderr]    Compiling indexmap v2.1.0
[INFO] [stderr]    Compiling cranelift-entity v0.103.0
[INFO] [stderr]    Compiling bincode v1.3.3
[INFO] [stderr]    Compiling pros-simulator-interface v0.5.0 (/opt/rustwide/workdir/packages/pros-simulator-interface)
[INFO] [stderr]    Compiling cranelift-bforest v0.103.0
[INFO] [stderr]    Compiling gimli v0.28.0
[INFO] [stderr]    Compiling wasmparser v0.118.1
[INFO] [stderr]    Compiling object v0.32.1
[INFO] [stderr]    Compiling jsonl v4.0.1
[INFO] [stderr]    Compiling addr2line v0.21.0
[INFO] [stderr]    Compiling wasmtime-types v16.0.0
[INFO] [stderr]    Compiling wasmtime-environ v16.0.0
[INFO] [stderr]    Compiling wasmtime-jit v16.0.0
[INFO] [stderr]    Compiling cranelift-frontend v0.103.0
[INFO] [stderr]    Compiling cranelift-native v0.103.0
[INFO] [stderr]    Compiling wasmtime-cranelift-shared v16.0.0
[INFO] [stderr]    Compiling cranelift-wasm v0.103.0
[INFO] [stderr]    Compiling wasmtime-cranelift v16.0.0
[INFO] [stderr]    Compiling wasmtime v16.0.0
[INFO] [stderr]    Compiling pros-simulator v0.5.0 (/opt/rustwide/workdir/packages/pros-simulator)
[INFO] [stderr]    Compiling pros-simulator-server v0.5.0 (/opt/rustwide/workdir/packages/pros-simulator-server)
[INFO] [stderr]     Finished dev [unoptimized + debuginfo] target(s) in 37.85s
[INFO] running `Command { std: "docker" "inspect" "43bf64352d5e7115b441683ac723f6618485aae99be032ff4cf4c6ae634a6192", kill_on_drop: false }`
[INFO] running `Command { std: "docker" "rm" "-f" "43bf64352d5e7115b441683ac723f6618485aae99be032ff4cf4c6ae634a6192", kill_on_drop: false }`
[INFO] [stdout] 43bf64352d5e7115b441683ac723f6618485aae99be032ff4cf4c6ae634a6192
[INFO] running `Command { std: "docker" "create" "-v" "/var/lib/crater-agent-workspace/builds/worker-2-tc2/target:/opt/rustwide/target:rw,Z" "-v" "/var/lib/crater-agent-workspace/builds/worker-2-tc2/source:/opt/rustwide/workdir:ro,Z" "-v" "/var/lib/crater-agent-workspace/cargo-home:/opt/rustwide/cargo-home:ro,Z" "-v" "/var/lib/crater-agent-workspace/rustup-home:/opt/rustwide/rustup-home:ro,Z" "-e" "SOURCE_DIR=/opt/rustwide/workdir" "-e" "CARGO_TARGET_DIR=/opt/rustwide/target" "-e" "CARGO_INCREMENTAL=0" "-e" "RUST_BACKTRACE=full" "-e" "RUSTFLAGS=--cap-lints=warn" "-e" "RUSTDOCFLAGS=--cap-lints=warn" "-e" "CARGO_HOME=/opt/rustwide/cargo-home" "-e" "RUSTUP_HOME=/opt/rustwide/rustup-home" "-w" "/opt/rustwide/workdir" "-m" "1610612736" "--user" "0:0" "--network" "none" "ghcr.io/rust-lang/crates-build-env/linux@sha256:2788e3201cd34a07e3172128adcd8b3090168a8e3bcc40d7c032b9dda1df7d1c" "/opt/rustwide/cargo-home/bin/cargo" "+beta-2023-12-22" "test" "--frozen" "--no-run" "--message-format=json", kill_on_drop: false }`
[INFO] [stdout] c739d8ec6e7f1e7b1b588cb49b33fd3bc46f23e5e679afa6b211a0804fe6ee38
[INFO] running `Command { std: "docker" "start" "-a" "c739d8ec6e7f1e7b1b588cb49b33fd3bc46f23e5e679afa6b211a0804fe6ee38", kill_on_drop: false }`
[INFO] [stderr]    Compiling allocator-api2 v0.2.16
[INFO] [stderr]    Compiling log v0.4.20
[INFO] [stderr]    Compiling syn v1.0.109
[INFO] [stderr]    Compiling lock_api v0.4.11
[INFO] [stderr]    Compiling ident_case v1.0.1
[INFO] [stderr]    Compiling signal-hook v0.3.17
[INFO] [stderr]    Compiling rustversion v1.0.14
[INFO] [stderr]    Compiling fnv v1.0.7
[INFO] [stderr]    Compiling parking_lot_core v0.9.9
[INFO] [stderr]    Compiling signal-hook-registry v1.4.1
[INFO] [stderr]    Compiling tracing-core v0.1.32
[INFO] [stderr]    Compiling num-traits v0.2.17
[INFO] [stderr]    Compiling regex-syntax v0.6.29
[INFO] [stderr]    Compiling regex-syntax v0.8.2
[INFO] [stderr]    Compiling num_cpus v1.16.0
[INFO] [stderr]    Compiling itertools v0.11.0
[INFO] [stderr]    Compiling lazy_static v1.4.0
[INFO] [stderr]    Compiling unicode-width v0.1.11
[INFO] [stderr]    Compiling regalloc2 v0.9.3
[INFO] [stderr]    Compiling mio v0.8.9
[INFO] [stderr]    Compiling unicode-segmentation v1.10.1
[INFO] [stderr]    Compiling hashbrown v0.14.2
[INFO] [stderr]    Compiling parking_lot v0.12.1
[INFO] [stderr]    Compiling signal-hook-mio v0.2.3
[INFO] [stderr]    Compiling tracing v0.1.40
[INFO] [stderr]    Compiling cassowary v0.3.0
[INFO] [stderr]    Compiling indoc v2.0.4
[INFO] [stderr]    Compiling overload v0.1.1
[INFO] [stderr]    Compiling tracing-log v0.2.0
[INFO] [stderr]    Compiling crossterm v0.27.0
[INFO] [stderr]    Compiling nu-ansi-term v0.46.0
[INFO] [stderr]    Compiling tokio v1.34.0
[INFO] [stderr]    Compiling indexmap v2.1.0
[INFO] [stderr]    Compiling lru v0.12.1
[INFO] [stderr]    Compiling sharded-slab v0.1.7
[INFO] [stderr]    Compiling thread_local v1.1.7
[INFO] [stderr]    Compiling byteorder v1.5.0
[INFO] [stderr]    Compiling iana-time-zone v0.1.58
[INFO] [stderr]    Compiling font8x8 v0.3.1
[INFO] [stderr]    Compiling strum_macros v0.25.3
[INFO] [stderr]    Compiling gimli v0.28.0
[INFO] [stderr]    Compiling wasmparser v0.118.1
[INFO] [stderr]    Compiling object v0.32.1
[INFO] [stderr]    Compiling chrono v0.4.31
[INFO] [stderr]    Compiling fxhash v0.2.1
[INFO] [stderr]    Compiling pros-simulator-interface v0.5.0 (/opt/rustwide/workdir/packages/pros-simulator-interface)
[INFO] [stderr]    Compiling regex-automata v0.4.3
[INFO] [stderr]    Compiling regex-automata v0.1.10
[INFO] [stderr]    Compiling matchers v0.1.0
[INFO] [stderr]    Compiling strum v0.25.0
[INFO] [stderr]    Compiling ratatui v0.24.0
[INFO] [stderr]    Compiling regex v1.10.2
[INFO] [stderr]    Compiling darling_core v0.14.4
[INFO] [stderr]    Compiling tracing-subscriber v0.3.18
[INFO] [stderr]    Compiling cranelift-codegen v0.103.0
[INFO] [stderr]    Compiling addr2line v0.21.0
[INFO] [stderr]    Compiling darling_macro v0.14.4
[INFO] [stderr]    Compiling tui-logger v0.10.0
[INFO] [stderr]    Compiling wasmtime-types v16.0.0
[INFO] [stderr]    Compiling wasmtime-environ v16.0.0
[INFO] [stderr]    Compiling darling v0.14.4
[INFO] [stderr]    Compiling derive_builder_core v0.12.0
[INFO] [stderr]    Compiling wasmtime-runtime v16.0.0
[INFO] [stderr]    Compiling derive_builder_macro v0.12.0
[INFO] [stderr]    Compiling derive_builder v0.12.0
[INFO] [stderr]    Compiling tui-big-text v0.2.1
[INFO] [stderr]    Compiling wasmtime-jit v16.0.0
[INFO] [stderr]    Compiling cranelift-native v0.103.0
[INFO] [stderr]    Compiling cranelift-frontend v0.103.0
[INFO] [stderr]    Compiling wasmtime-cranelift-shared v16.0.0
[INFO] [stderr]    Compiling cranelift-wasm v0.103.0
[INFO] [stderr]    Compiling wasmtime-cranelift v16.0.0
[INFO] [stderr]    Compiling wasmtime v16.0.0
[INFO] [stderr]    Compiling pros-simulator v0.5.0 (/opt/rustwide/workdir/packages/pros-simulator)
[INFO] [stderr]    Compiling pros-simulator-server v0.5.0 (/opt/rustwide/workdir/packages/pros-simulator-server)
[INFO] [stderr]     Finished test [unoptimized + debuginfo] target(s) in 32.89s
[INFO] running `Command { std: "docker" "inspect" "c739d8ec6e7f1e7b1b588cb49b33fd3bc46f23e5e679afa6b211a0804fe6ee38", kill_on_drop: false }`
[INFO] running `Command { std: "docker" "rm" "-f" "c739d8ec6e7f1e7b1b588cb49b33fd3bc46f23e5e679afa6b211a0804fe6ee38", kill_on_drop: false }`
[INFO] [stdout] c739d8ec6e7f1e7b1b588cb49b33fd3bc46f23e5e679afa6b211a0804fe6ee38
[INFO] running `Command { std: "docker" "create" "-v" "/var/lib/crater-agent-workspace/builds/worker-2-tc2/target:/opt/rustwide/target:rw,Z" "-v" "/var/lib/crater-agent-workspace/builds/worker-2-tc2/source:/opt/rustwide/workdir:ro,Z" "-v" "/var/lib/crater-agent-workspace/cargo-home:/opt/rustwide/cargo-home:ro,Z" "-v" "/var/lib/crater-agent-workspace/rustup-home:/opt/rustwide/rustup-home:ro,Z" "-e" "SOURCE_DIR=/opt/rustwide/workdir" "-e" "CARGO_TARGET_DIR=/opt/rustwide/target" "-e" "CARGO_INCREMENTAL=0" "-e" "RUST_BACKTRACE=full" "-e" "RUSTFLAGS=--cap-lints=warn" "-e" "RUSTDOCFLAGS=--cap-lints=warn" "-e" "CARGO_HOME=/opt/rustwide/cargo-home" "-e" "RUSTUP_HOME=/opt/rustwide/rustup-home" "-w" "/opt/rustwide/workdir" "-m" "1610612736" "--user" "0:0" "--network" "none" "ghcr.io/rust-lang/crates-build-env/linux@sha256:2788e3201cd34a07e3172128adcd8b3090168a8e3bcc40d7c032b9dda1df7d1c" "/opt/rustwide/cargo-home/bin/cargo" "+beta-2023-12-22" "test" "--frozen", kill_on_drop: false }`
[INFO] [stdout] 96e0f55b5afc2268d3ddf17d509440ab296f8101c4df1907a7993896c79d635c
[INFO] running `Command { std: "docker" "start" "-a" "96e0f55b5afc2268d3ddf17d509440ab296f8101c4df1907a7993896c79d635c", kill_on_drop: false }`
[INFO] [stderr]     Finished test [unoptimized + debuginfo] target(s) in 0.26s
[INFO] [stderr]      Running unittests src/lib.rs (/opt/rustwide/target/debug/deps/pros_simulator-35dbf31e00878704)
[INFO] [stdout] 
[INFO] [stdout] running 0 tests
[INFO] [stdout] 
[INFO] [stdout] test result: ok. 0 passed; 0 failed; 0 ignored; 0 measured; 0 filtered out; finished in 0.00s
[INFO] [stdout] 
[INFO] [stderr]      Running unittests src/lib.rs (/opt/rustwide/target/debug/deps/pros_simulator_interface-d8044b2eb79f7bed)
[INFO] [stdout] 
[INFO] [stdout] running 0 tests
[INFO] [stdout] 
[INFO] [stdout] test result: ok. 0 passed; 0 failed; 0 ignored; 0 measured; 0 filtered out; finished in 0.00s
[INFO] [stdout] 
[INFO] [stderr]      Running unittests src/main.rs (/opt/rustwide/target/debug/deps/pros_simulator_server-e13980f3e95c52b1)
[INFO] [stdout] 
[INFO] [stdout] running 0 tests
[INFO] [stdout] 
[INFO] [stdout] test result: ok. 0 passed; 0 failed; 0 ignored; 0 measured; 0 filtered out; finished in 0.00s
[INFO] [stdout] 
[INFO] [stderr]    Doc-tests pros-simulator
[INFO] [stdout] 
[INFO] [stdout] running 5 tests
[INFO] [stdout] test packages/pros-simulator/src/host.rs - host::ResultExt::unwrap_or_errno (line 269) ... ignored
[INFO] [stdout] test packages/pros-simulator/src/host.rs - host::ResultExt::unwrap_or_errno_as (line 280) ... ignored
[INFO] [stdout] test packages/pros-simulator/src/host/controllers.rs - host::controllers::Controllers::get_digital_new_press (line 219) ... ignored
[INFO] [stdout] test packages/pros-simulator/src/host/controllers.rs - host::controllers::Controllers::get_digital (line 169) ... FAILED
[INFO] [stdout] test packages/pros-simulator/src/host/controllers.rs - host::controllers::Controllers::get_analog (line 130) ... FAILED
[INFO] [stdout] 
[INFO] [stdout] failures:
[INFO] [stdout] 
[INFO] [stdout] ---- packages/pros-simulator/src/host/controllers.rs - host::controllers::Controllers::get_digital (line 169) stdout ----
[INFO] [stdout] error[E0425]: cannot find value `controllers` in this scope
[INFO] [stdout]  --> packages/pros-simulator/src/host/controllers.rs:170:4
[INFO] [stdout]   |
[INFO] [stdout] 3 | if controllers.get_digital(pros_sys::E_CONTROLLER_MASTER, pros_sys::E_CONTROLLER_DIGITAL_X)? {
[INFO] [stdout]   |    ^^^^^^^^^^^ not found in this scope
[INFO] [stdout] 
[INFO] [stdout] error: aborting due to 1 previous error
[INFO] [stdout] 
[INFO] [stdout] For more information about this error, try `rustc --explain E0425`.
[INFO] [stdout] Couldn't compile the test.
[INFO] [stdout] ---- packages/pros-simulator/src/host/controllers.rs - host::controllers::Controllers::get_analog (line 130) stdout ----
[INFO] [stdout] error[E0425]: cannot find value `controllers` in this scope
[INFO] [stdout]  --> packages/pros-simulator/src/host/controllers.rs:131:4
[INFO] [stdout]   |
[INFO] [stdout] 3 | if controllers.get_analog(pros_sys::E_CONTROLLER_MASTER, pros_sys::E_CONTROLLER_ANALOG_LEFT_X)? > 0 {
[INFO] [stdout]   |    ^^^^^^^^^^^ not found in this scope
[INFO] [stdout] 
[INFO] [stdout] error: aborting due to 1 previous error
[INFO] [stdout] 
[INFO] [stdout] For more information about this error, try `rustc --explain E0425`.
[INFO] [stdout] Couldn't compile the test.
[INFO] [stdout] 
[INFO] [stdout] failures:
[INFO] [stdout]     packages/pros-simulator/src/host/controllers.rs - host::controllers::Controllers::get_analog (line 130)
[INFO] [stdout]     packages/pros-simulator/src/host/controllers.rs - host::controllers::Controllers::get_digital (line 169)
[INFO] [stdout] 
[INFO] [stdout] test result: FAILED. 0 passed; 2 failed; 3 ignored; 0 measured; 0 filtered out; finished in 0.10s
[INFO] [stdout] 
[INFO] [stderr] error: doctest failed, to rerun pass `-p pros-simulator --doc`
[INFO] running `Command { std: "docker" "inspect" "96e0f55b5afc2268d3ddf17d509440ab296f8101c4df1907a7993896c79d635c", kill_on_drop: false }`
[INFO] running `Command { std: "docker" "rm" "-f" "96e0f55b5afc2268d3ddf17d509440ab296f8101c4df1907a7993896c79d635c", kill_on_drop: false }`
[INFO] [stdout] 96e0f55b5afc2268d3ddf17d509440ab296f8101c4df1907a7993896c79d635c
