[INFO] cloning repository https://github.com/pratyush3757/advent-of-code
[INFO] running `Command { std: "git" "-c" "credential.helper=" "-c" "credential.helper=/workspace/cargo-home/bin/git-credential-null" "clone" "--bare" "https://github.com/pratyush3757/advent-of-code" "/workspace/cache/git-repos/https%3A%2F%2Fgithub.com%2Fpratyush3757%2Fadvent-of-code", kill_on_drop: false }`
[INFO] [stderr] Cloning into bare repository '/workspace/cache/git-repos/https%3A%2F%2Fgithub.com%2Fpratyush3757%2Fadvent-of-code'...
[INFO] running `Command { std: "git" "rev-parse" "HEAD", kill_on_drop: false }`
[INFO] [stdout] e2e1b2ec133a16cac810d6cd4947039e0f6b6049
[INFO] testing pratyush3757/advent-of-code against 1.75.0 for beta-1.76-1
[INFO] running `Command { std: "git" "clone" "/workspace/cache/git-repos/https%3A%2F%2Fgithub.com%2Fpratyush3757%2Fadvent-of-code" "/workspace/builds/worker-4-tc1/source", kill_on_drop: false }`
[INFO] [stderr] Cloning into '/workspace/builds/worker-4-tc1/source'...
[INFO] [stderr] done.
[INFO] validating manifest of git repo https://github.com/pratyush3757/advent-of-code on toolchain 1.75.0
[INFO] running `Command { std: CARGO_HOME="/workspace/cargo-home" RUSTUP_HOME="/workspace/rustup-home" "/workspace/cargo-home/bin/cargo" "+1.75.0" "metadata" "--manifest-path" "Cargo.toml" "--no-deps", kill_on_drop: false }`
[INFO] started tweaking git repo https://github.com/pratyush3757/advent-of-code
[INFO] finished tweaking git repo https://github.com/pratyush3757/advent-of-code
[INFO] tweaked toml for git repo https://github.com/pratyush3757/advent-of-code written to /workspace/builds/worker-4-tc1/source/Cargo.toml
[INFO] crate git repo https://github.com/pratyush3757/advent-of-code already has a lockfile, it will not be regenerated
[INFO] running `Command { std: CARGO_HOME="/workspace/cargo-home" RUSTUP_HOME="/workspace/rustup-home" "/workspace/cargo-home/bin/cargo" "+1.75.0" "fetch" "--manifest-path" "Cargo.toml", kill_on_drop: false }`
[INFO] [stderr] warning: virtual workspace defaulting to `resolver = "1"` despite one or more workspace members being on edition 2021 which implies `resolver = "2"`
[INFO] [stderr] note: to keep the current resolver, specify `workspace.resolver = "1"` in the workspace root's manifest
[INFO] [stderr] note: to use the edition 2021 resolver, specify `workspace.resolver = "2"` in the workspace root's manifest
[INFO] [stderr] note: for more details see https://doc.rust-lang.org/cargo/reference/resolver.html#resolver-versions
[INFO] running `Command { std: "docker" "create" "-v" "/var/lib/crater-agent-workspace/builds/worker-4-tc1/target:/opt/rustwide/target:rw,Z" "-v" "/var/lib/crater-agent-workspace/builds/worker-4-tc1/source:/opt/rustwide/workdir:ro,Z" "-v" "/var/lib/crater-agent-workspace/cargo-home:/opt/rustwide/cargo-home:ro,Z" "-v" "/var/lib/crater-agent-workspace/rustup-home:/opt/rustwide/rustup-home:ro,Z" "-e" "SOURCE_DIR=/opt/rustwide/workdir" "-e" "CARGO_TARGET_DIR=/opt/rustwide/target" "-e" "CARGO_HOME=/opt/rustwide/cargo-home" "-e" "RUSTUP_HOME=/opt/rustwide/rustup-home" "-w" "/opt/rustwide/workdir" "-m" "1610612736" "--user" "0:0" "--network" "none" "ghcr.io/rust-lang/crates-build-env/linux@sha256:2788e3201cd34a07e3172128adcd8b3090168a8e3bcc40d7c032b9dda1df7d1c" "/opt/rustwide/cargo-home/bin/cargo" "+1.75.0" "metadata" "--no-deps" "--format-version=1", kill_on_drop: false }`
[INFO] [stdout] 4f27515073bc4e2ec28ce1949156496fc81b21184f4d0604422e800621c110ad
[INFO] running `Command { std: "docker" "start" "-a" "4f27515073bc4e2ec28ce1949156496fc81b21184f4d0604422e800621c110ad", kill_on_drop: false }`
[INFO] running `Command { std: "docker" "inspect" "4f27515073bc4e2ec28ce1949156496fc81b21184f4d0604422e800621c110ad", kill_on_drop: false }`
[INFO] running `Command { std: "docker" "rm" "-f" "4f27515073bc4e2ec28ce1949156496fc81b21184f4d0604422e800621c110ad", kill_on_drop: false }`
[INFO] [stdout] 4f27515073bc4e2ec28ce1949156496fc81b21184f4d0604422e800621c110ad
[INFO] running `Command { std: "docker" "create" "-v" "/var/lib/crater-agent-workspace/builds/worker-4-tc1/target:/opt/rustwide/target:rw,Z" "-v" "/var/lib/crater-agent-workspace/builds/worker-4-tc1/source:/opt/rustwide/workdir:ro,Z" "-v" "/var/lib/crater-agent-workspace/cargo-home:/opt/rustwide/cargo-home:ro,Z" "-v" "/var/lib/crater-agent-workspace/rustup-home:/opt/rustwide/rustup-home:ro,Z" "-e" "SOURCE_DIR=/opt/rustwide/workdir" "-e" "CARGO_TARGET_DIR=/opt/rustwide/target" "-e" "CARGO_INCREMENTAL=0" "-e" "RUST_BACKTRACE=full" "-e" "RUSTFLAGS=--cap-lints=warn" "-e" "RUSTDOCFLAGS=--cap-lints=warn" "-e" "CARGO_HOME=/opt/rustwide/cargo-home" "-e" "RUSTUP_HOME=/opt/rustwide/rustup-home" "-w" "/opt/rustwide/workdir" "-m" "1610612736" "--user" "0:0" "--network" "none" "ghcr.io/rust-lang/crates-build-env/linux@sha256:2788e3201cd34a07e3172128adcd8b3090168a8e3bcc40d7c032b9dda1df7d1c" "/opt/rustwide/cargo-home/bin/cargo" "+1.75.0" "build" "--frozen" "--message-format=json", kill_on_drop: false }`
[INFO] [stdout] 87b91a61e5cddf0346e1ea464e8b4a4e313cb77671229b2d7cd01aa202d592f8
[INFO] running `Command { std: "docker" "start" "-a" "87b91a61e5cddf0346e1ea464e8b4a4e313cb77671229b2d7cd01aa202d592f8", kill_on_drop: false }`
[INFO] [stderr] warning: virtual workspace defaulting to `resolver = "1"` despite one or more workspace members being on edition 2021 which implies `resolver = "2"`
[INFO] [stderr] note: to keep the current resolver, specify `workspace.resolver = "1"` in the workspace root's manifest
[INFO] [stderr] note: to use the edition 2021 resolver, specify `workspace.resolver = "2"` in the workspace root's manifest
[INFO] [stderr] note: for more details see https://doc.rust-lang.org/cargo/reference/resolver.html#resolver-versions
[INFO] [stderr]    Compiling memchr v2.5.0
[INFO] [stderr]    Compiling anyhow v1.0.68
[INFO] [stderr]    Compiling regex-syntax v0.6.28
[INFO] [stderr]    Compiling bit-vec v0.6.3
[INFO] [stderr]    Compiling either v1.8.0
[INFO] [stderr]    Compiling serde v1.0.152
[INFO] [stderr]    Compiling lazy_static v1.4.0
[INFO] [stderr]    Compiling serde_json v1.0.91
[INFO] [stderr]    Compiling itoa v1.0.5
[INFO] [stderr]    Compiling ryu v1.0.12
[INFO] [stderr]    Compiling md5 v0.7.0
[INFO] [stderr]    Compiling itertools v0.10.5
[INFO] [stderr]    Compiling bit-set v0.5.3
[INFO] [stderr]    Compiling aho-corasick v0.7.20
[INFO] [stderr]    Compiling regex v1.7.0
[INFO] [stderr]    Compiling fancy-regex v0.10.0
[INFO] [stderr]    Compiling aoclib v1.0.0 (/opt/rustwide/workdir/solutions/rust/lib)
[INFO] [stderr]    Compiling aoc_2015_06 v1.0.0 (/opt/rustwide/workdir/solutions/rust/2015/day_06)
[INFO] [stderr]    Compiling aoc_2015_18 v1.0.0 (/opt/rustwide/workdir/solutions/rust/2015/day_18)
[INFO] [stderr]    Compiling aoc_2015_04 v1.0.0 (/opt/rustwide/workdir/solutions/rust/2015/day_04)
[INFO] [stderr]    Compiling aoc_2015_14 v1.0.0 (/opt/rustwide/workdir/solutions/rust/2015/day_14)
[INFO] [stderr]    Compiling aoc_2015_08 v1.0.0 (/opt/rustwide/workdir/solutions/rust/2015/day_08)
[INFO] [stderr]    Compiling aoc_2015_16 v1.0.0 (/opt/rustwide/workdir/solutions/rust/2015/day_16)
[INFO] [stderr]    Compiling aoc_2015_10 v1.0.0 (/opt/rustwide/workdir/solutions/rust/2015/day_10)
[INFO] [stderr]    Compiling aoc_2015_19 v1.0.0 (/opt/rustwide/workdir/solutions/rust/2015/day_19)
[INFO] [stdout] warning: unused variable: `input`
[INFO] [stdout]   --> solutions/rust/2015/day_19/./src/lib.rs:21:14
[INFO] [stdout]    |
[INFO] [stdout] 21 |     fn solve(input: &str) -> aoclib::Result<usize> {
[INFO] [stdout]    |              ^^^^^ help: if this is intentional, prefix it with an underscore: `_input`
[INFO] [stdout]    |
[INFO] [stdout]    = note: `#[warn(unused_variables)]` on by default
[INFO] [stdout] 
[INFO] [stdout] 
[INFO] [stderr]    Compiling aoc_2015_05 v1.0.0 (/opt/rustwide/workdir/solutions/rust/2015/day_05)
[INFO] [stderr]    Compiling aoc_2015_01 v1.0.0 (/opt/rustwide/workdir/solutions/rust/2015/day_01)
[INFO] [stderr]    Compiling aoc_2015_17 v1.0.0 (/opt/rustwide/workdir/solutions/rust/2015/day_17)
[INFO] [stderr]    Compiling aoc_2015_15 v1.0.0 (/opt/rustwide/workdir/solutions/rust/2015/day_15)
[INFO] [stderr]    Compiling aoc_2015_13 v1.0.0 (/opt/rustwide/workdir/solutions/rust/2015/day_13)
[INFO] [stderr]    Compiling aoc_2015_09 v1.0.0 (/opt/rustwide/workdir/solutions/rust/2015/day_09)
[INFO] [stderr]    Compiling aoc_2015_03 v1.0.0 (/opt/rustwide/workdir/solutions/rust/2015/day_03)
[INFO] [stderr]    Compiling aoc_2015_07 v1.0.0 (/opt/rustwide/workdir/solutions/rust/2015/day_07)
[INFO] [stderr]    Compiling aoc_2015_12 v1.0.0 (/opt/rustwide/workdir/solutions/rust/2015/day_12)
[INFO] [stderr]    Compiling aoc_2015_02 v1.0.0 (/opt/rustwide/workdir/solutions/rust/2015/day_02)
[INFO] [stderr]    Compiling aoc_2015_11 v1.0.0 (/opt/rustwide/workdir/solutions/rust/2015/day_11)
[INFO] [stdout] warning: 1 warning emitted
[INFO] [stdout] 
[INFO] [stdout] 
[INFO] [stderr]     Finished dev [optimized + debuginfo] target(s) in 13.99s
[INFO] running `Command { std: "docker" "inspect" "87b91a61e5cddf0346e1ea464e8b4a4e313cb77671229b2d7cd01aa202d592f8", kill_on_drop: false }`
[INFO] running `Command { std: "docker" "rm" "-f" "87b91a61e5cddf0346e1ea464e8b4a4e313cb77671229b2d7cd01aa202d592f8", kill_on_drop: false }`
[INFO] [stdout] 87b91a61e5cddf0346e1ea464e8b4a4e313cb77671229b2d7cd01aa202d592f8
[INFO] running `Command { std: "docker" "create" "-v" "/var/lib/crater-agent-workspace/builds/worker-4-tc1/target:/opt/rustwide/target:rw,Z" "-v" "/var/lib/crater-agent-workspace/builds/worker-4-tc1/source:/opt/rustwide/workdir:ro,Z" "-v" "/var/lib/crater-agent-workspace/cargo-home:/opt/rustwide/cargo-home:ro,Z" "-v" "/var/lib/crater-agent-workspace/rustup-home:/opt/rustwide/rustup-home:ro,Z" "-e" "SOURCE_DIR=/opt/rustwide/workdir" "-e" "CARGO_TARGET_DIR=/opt/rustwide/target" "-e" "CARGO_INCREMENTAL=0" "-e" "RUST_BACKTRACE=full" "-e" "RUSTFLAGS=--cap-lints=warn" "-e" "RUSTDOCFLAGS=--cap-lints=warn" "-e" "CARGO_HOME=/opt/rustwide/cargo-home" "-e" "RUSTUP_HOME=/opt/rustwide/rustup-home" "-w" "/opt/rustwide/workdir" "-m" "1610612736" "--user" "0:0" "--network" "none" "ghcr.io/rust-lang/crates-build-env/linux@sha256:2788e3201cd34a07e3172128adcd8b3090168a8e3bcc40d7c032b9dda1df7d1c" "/opt/rustwide/cargo-home/bin/cargo" "+1.75.0" "test" "--frozen" "--no-run" "--message-format=json", kill_on_drop: false }`
[INFO] [stdout] 8da7cb750dc23d9a682bbddb5bad0a4e7a64d30e7bcaff08746dc5cb03dc36b2
[INFO] running `Command { std: "docker" "start" "-a" "8da7cb750dc23d9a682bbddb5bad0a4e7a64d30e7bcaff08746dc5cb03dc36b2", kill_on_drop: false }`
[INFO] [stderr] warning: virtual workspace defaulting to `resolver = "1"` despite one or more workspace members being on edition 2021 which implies `resolver = "2"`
[INFO] [stderr] note: to keep the current resolver, specify `workspace.resolver = "1"` in the workspace root's manifest
[INFO] [stderr] note: to use the edition 2021 resolver, specify `workspace.resolver = "2"` in the workspace root's manifest
[INFO] [stderr] note: for more details see https://doc.rust-lang.org/cargo/reference/resolver.html#resolver-versions
[INFO] [stderr]    Compiling proc-macro2 v1.0.49
[INFO] [stderr]    Compiling version_check v0.9.4
[INFO] [stderr]    Compiling quote v1.0.23
[INFO] [stderr]    Compiling unicode-ident v1.0.6
[INFO] [stderr]    Compiling syn v1.0.107
[INFO] [stderr]    Compiling cfg-if v1.0.0
[INFO] [stderr]    Compiling aoclib v1.0.0 (/opt/rustwide/workdir/solutions/rust/lib)
[INFO] [stdout] warning: unused variable: `input`
[INFO] [stdout]   --> solutions/rust/2015/day_19/./src/lib.rs:21:14
[INFO] [stdout]    |
[INFO] [stdout] 21 |     fn solve(input: &str) -> aoclib::Result<usize> {
[INFO] [stdout]    |              ^^^^^ help: if this is intentional, prefix it with an underscore: `_input`
[INFO] [stdout]    |
[INFO] [stdout]    = note: `#[warn(unused_variables)]` on by default
[INFO] [stdout] 
[INFO] [stdout] 
[INFO] [stdout] warning: 1 warning emitted
[INFO] [stdout] 
[INFO] [stdout] 
[INFO] [stderr]    Compiling aoc_2015_18 v1.0.0 (/opt/rustwide/workdir/solutions/rust/2015/day_18)
[INFO] [stderr]    Compiling aoc_2015_17 v1.0.0 (/opt/rustwide/workdir/solutions/rust/2015/day_17)
[INFO] [stderr]    Compiling aoc_2015_16 v1.0.0 (/opt/rustwide/workdir/solutions/rust/2015/day_16)
[INFO] [stderr]    Compiling proc-macro-error-attr v1.0.4
[INFO] [stderr]    Compiling proc-macro-error v1.0.4
[INFO] [stderr]    Compiling test-case-macros v2.2.2
[INFO] [stderr]    Compiling test-case v2.2.2
[INFO] [stderr]    Compiling aoc_2015_05 v1.0.0 (/opt/rustwide/workdir/solutions/rust/2015/day_05)
[INFO] [stderr]    Compiling aoc_2015_13 v1.0.0 (/opt/rustwide/workdir/solutions/rust/2015/day_13)
[INFO] [stderr]    Compiling aoc_2015_19 v1.0.0 (/opt/rustwide/workdir/solutions/rust/2015/day_19)
[INFO] [stderr]    Compiling aoc_2015_02 v1.0.0 (/opt/rustwide/workdir/solutions/rust/2015/day_02)
[INFO] [stderr]    Compiling aoc_2015_14 v1.0.0 (/opt/rustwide/workdir/solutions/rust/2015/day_14)
[INFO] [stderr]    Compiling aoc_2015_09 v1.0.0 (/opt/rustwide/workdir/solutions/rust/2015/day_09)
[INFO] [stderr]    Compiling aoc_2015_01 v1.0.0 (/opt/rustwide/workdir/solutions/rust/2015/day_01)
[INFO] [stderr]    Compiling aoc_2015_08 v1.0.0 (/opt/rustwide/workdir/solutions/rust/2015/day_08)
[INFO] [stderr]    Compiling aoc_2015_06 v1.0.0 (/opt/rustwide/workdir/solutions/rust/2015/day_06)
[INFO] [stderr]    Compiling aoc_2015_10 v1.0.0 (/opt/rustwide/workdir/solutions/rust/2015/day_10)
[INFO] [stderr]    Compiling aoc_2015_15 v1.0.0 (/opt/rustwide/workdir/solutions/rust/2015/day_15)
[INFO] [stderr]    Compiling aoc_2015_11 v1.0.0 (/opt/rustwide/workdir/solutions/rust/2015/day_11)
[INFO] [stderr]    Compiling aoc_2015_12 v1.0.0 (/opt/rustwide/workdir/solutions/rust/2015/day_12)
[INFO] [stderr]    Compiling aoc_2015_03 v1.0.0 (/opt/rustwide/workdir/solutions/rust/2015/day_03)
[INFO] [stderr]    Compiling aoc_2015_04 v1.0.0 (/opt/rustwide/workdir/solutions/rust/2015/day_04)
[INFO] [stderr]    Compiling aoc_2015_07 v1.0.0 (/opt/rustwide/workdir/solutions/rust/2015/day_07)
[INFO] [stdout] warning: unused variable: `input`
[INFO] [stdout]   --> solutions/rust/2015/day_19/./src/lib.rs:21:14
[INFO] [stdout]    |
[INFO] [stdout] 21 |     fn solve(input: &str) -> aoclib::Result<usize> {
[INFO] [stdout]    |              ^^^^^ help: if this is intentional, prefix it with an underscore: `_input`
[INFO] [stdout]    |
[INFO] [stdout]    = note: `#[warn(unused_variables)]` on by default
[INFO] [stdout] 
[INFO] [stdout] 
[INFO] [stdout] warning: 1 warning emitted
[INFO] [stdout] 
[INFO] [stdout] 
[INFO] [stderr]     Finished test [optimized + debuginfo] target(s) in 6.70s
[INFO] running `Command { std: "docker" "inspect" "8da7cb750dc23d9a682bbddb5bad0a4e7a64d30e7bcaff08746dc5cb03dc36b2", kill_on_drop: false }`
[INFO] running `Command { std: "docker" "rm" "-f" "8da7cb750dc23d9a682bbddb5bad0a4e7a64d30e7bcaff08746dc5cb03dc36b2", kill_on_drop: false }`
[INFO] [stdout] 8da7cb750dc23d9a682bbddb5bad0a4e7a64d30e7bcaff08746dc5cb03dc36b2
[INFO] running `Command { std: "docker" "create" "-v" "/var/lib/crater-agent-workspace/builds/worker-4-tc1/target:/opt/rustwide/target:rw,Z" "-v" "/var/lib/crater-agent-workspace/builds/worker-4-tc1/source:/opt/rustwide/workdir:ro,Z" "-v" "/var/lib/crater-agent-workspace/cargo-home:/opt/rustwide/cargo-home:ro,Z" "-v" "/var/lib/crater-agent-workspace/rustup-home:/opt/rustwide/rustup-home:ro,Z" "-e" "SOURCE_DIR=/opt/rustwide/workdir" "-e" "CARGO_TARGET_DIR=/opt/rustwide/target" "-e" "CARGO_INCREMENTAL=0" "-e" "RUST_BACKTRACE=full" "-e" "RUSTFLAGS=--cap-lints=warn" "-e" "RUSTDOCFLAGS=--cap-lints=warn" "-e" "CARGO_HOME=/opt/rustwide/cargo-home" "-e" "RUSTUP_HOME=/opt/rustwide/rustup-home" "-w" "/opt/rustwide/workdir" "-m" "1610612736" "--user" "0:0" "--network" "none" "ghcr.io/rust-lang/crates-build-env/linux@sha256:2788e3201cd34a07e3172128adcd8b3090168a8e3bcc40d7c032b9dda1df7d1c" "/opt/rustwide/cargo-home/bin/cargo" "+1.75.0" "test" "--frozen", kill_on_drop: false }`
[INFO] [stdout] 0caf09b9c951452e0ea882d7031ea2da1f983a2d5c2efcef1bfaa912b5c27be7
[INFO] running `Command { std: "docker" "start" "-a" "0caf09b9c951452e0ea882d7031ea2da1f983a2d5c2efcef1bfaa912b5c27be7", kill_on_drop: false }`
[INFO] [stderr] warning: virtual workspace defaulting to `resolver = "1"` despite one or more workspace members being on edition 2021 which implies `resolver = "2"`
[INFO] [stderr] note: to keep the current resolver, specify `workspace.resolver = "1"` in the workspace root's manifest
[INFO] [stderr] note: to use the edition 2021 resolver, specify `workspace.resolver = "2"` in the workspace root's manifest
[INFO] [stderr] note: for more details see https://doc.rust-lang.org/cargo/reference/resolver.html#resolver-versions
[INFO] [stderr] warning: unused variable: `input`
[INFO] [stderr]   --> solutions/rust/2015/day_19/./src/lib.rs:21:14
[INFO] [stderr]    |
[INFO] [stderr] 21 |     fn solve(input: &str) -> aoclib::Result<usize> {
[INFO] [stderr]    |              ^^^^^ help: if this is intentional, prefix it with an underscore: `_input`
[INFO] [stderr]    |
[INFO] [stderr]    = note: `#[warn(unused_variables)]` on by default
[INFO] [stderr] 
[INFO] [stderr] warning: `aoc_2015_19` (lib) generated 1 warning (run `cargo fix --lib -p aoc_2015_19` to apply 1 suggestion)
[INFO] [stderr] warning: `aoc_2015_19` (lib test) generated 1 warning (1 duplicate)
[INFO] [stderr]     Finished test [optimized + debuginfo] target(s) in 0.03s
[INFO] [stderr]      Running unittests src/lib.rs (/opt/rustwide/target/debug/deps/aoc_2015_01-8124932e2cf8e5a5)
[INFO] [stdout] 
[INFO] [stdout] running 11 tests
[INFO] [stdout] test tests::aoc_2015_01_part_one_samples::sample_2 ... ok
[INFO] [stdout] test tests::aoc_2015_01_part_one_samples::sample_3 ... ok
[INFO] [stdout] test tests::aoc_2015_01_part_one_samples::sample_4 ... ok
[INFO] [stdout] test tests::aoc_2015_01_part_one_samples::sample_1 ... ok
[INFO] [stdout] test tests::aoc_2015_01_part_one_samples::sample_5 ... ok
[INFO] [stdout] test tests::aoc_2015_01_part_one_samples::sample_6 ... ok
[INFO] [stdout] test tests::aoc_2015_01_part_one_samples::sample_7 ... ok
[INFO] [stdout] test tests::aoc_2015_01_part_one_samples::sample_8 ... ok
[INFO] [stdout] test tests::aoc_2015_01_part_one_samples::sample_9 ... ok
[INFO] [stdout] test tests::aoc_2015_01_part_two_samples::sample_1 ... ok
[INFO] [stdout] test tests::aoc_2015_01_part_two_samples::sample_2 ... ok
[INFO] [stdout] 
[INFO] [stdout] test result: ok. 11 passed; 0 failed; 0 ignored; 0 measured; 0 filtered out; finished in 0.00s
[INFO] [stdout] 
[INFO] [stderr]      Running unittests src/main.rs (/opt/rustwide/target/debug/deps/aoc_2015_01-cfc767453fbb0911)
[INFO] [stdout] 
[INFO] [stdout] running 2 tests
[INFO] [stdout] test tests::aoc_2015_01_part_one ... ignored
[INFO] [stdout] test tests::aoc_2015_01_part_two ... ignored
[INFO] [stdout] 
[INFO] [stdout] test result: ok. 0 passed; 0 failed; 2 ignored; 0 measured; 0 filtered out; finished in 0.00s
[INFO] [stdout] 
[INFO] [stderr]      Running unittests src/lib.rs (/opt/rustwide/target/debug/deps/aoc_2015_02-9b1e7dc01ed0436f)
[INFO] [stdout] 
[INFO] [stdout] running 4 tests
[INFO] [stdout] test tests::aoc_2015_02_part_one_samples::_2x3x4_58_expects ... ok
[INFO] [stdout] test tests::aoc_2015_02_part_two_samples::_1x1x10_14_expects ... ok
[INFO] [stdout] test tests::aoc_2015_02_part_one_samples::_1x1x10_43_expects ... ok
[INFO] [stdout] test tests::aoc_2015_02_part_two_samples::_2x3x4_34_expects ... ok
[INFO] [stdout] 
[INFO] [stdout] test result: ok. 4 passed; 0 failed; 0 ignored; 0 measured; 0 filtered out; finished in 0.00s
[INFO] [stdout] 
[INFO] [stderr]      Running unittests src/main.rs (/opt/rustwide/target/debug/deps/aoc_2015_02-ff634a6c881469a9)
[INFO] [stdout] 
[INFO] [stdout] running 2 tests
[INFO] [stdout] test tests::aoc_2015_02_part_one ... ignored
[INFO] [stdout] test tests::aoc_2015_02_part_two ... ignored
[INFO] [stdout] 
[INFO] [stdout] test result: ok. 0 passed; 0 failed; 2 ignored; 0 measured; 0 filtered out; finished in 0.00s
[INFO] [stdout] 
[INFO] [stderr]      Running unittests src/lib.rs (/opt/rustwide/target/debug/deps/aoc_2015_03-f941bd0837055db9)
[INFO] [stdout] 
[INFO] [stdout] running 6 tests
[INFO] [stdout] test tests::aoc_2015_03_part_one_samples::sample_1 ... ok
[INFO] [stdout] test tests::aoc_2015_03_part_one_samples::sample_3 ... ok
[INFO] [stdout] test tests::aoc_2015_03_part_one_samples::sample_2 ... ok
[INFO] [stdout] test tests::aoc_2015_03_part_two_samples::sample_1 ... ok
[INFO] [stdout] test tests::aoc_2015_03_part_two_samples::sample_2 ... ok
[INFO] [stdout] test tests::aoc_2015_03_part_two_samples::sample_3 ... ok
[INFO] [stdout] 
[INFO] [stdout] test result: ok. 6 passed; 0 failed; 0 ignored; 0 measured; 0 filtered out; finished in 0.00s
[INFO] [stdout] 
[INFO] [stderr]      Running unittests src/main.rs (/opt/rustwide/target/debug/deps/aoc_2015_03-f33847b24769c226)
[INFO] [stdout] 
[INFO] [stdout] running 2 tests
[INFO] [stdout] test tests::aoc_2015_03_part_one ... ignored
[INFO] [stdout] test tests::aoc_2015_03_part_two ... ignored
[INFO] [stdout] 
[INFO] [stdout] test result: ok. 0 passed; 0 failed; 2 ignored; 0 measured; 0 filtered out; finished in 0.00s
[INFO] [stdout] 
[INFO] [stderr]      Running unittests src/lib.rs (/opt/rustwide/target/debug/deps/aoc_2015_04-a9d4950fdc6bd202)
[INFO] [stdout] 
[INFO] [stdout] running 2 tests
[INFO] [stdout] test tests::aoc_2015_04_part_one_samples::_abcdef_609043_expects ... ok
[INFO] [stdout] test tests::aoc_2015_04_part_one_samples::_pqrstuv_1048970_expects ... ok
[INFO] [stdout] 
[INFO] [stdout] test result: ok. 2 passed; 0 failed; 0 ignored; 0 measured; 0 filtered out; finished in 0.25s
[INFO] [stdout] 
[INFO] [stderr]      Running unittests src/main.rs (/opt/rustwide/target/debug/deps/aoc_2015_04-e49e11db12136307)
[INFO] [stdout] 
[INFO] [stdout] running 2 tests
[INFO] [stdout] test tests::aoc_2015_04_part_one ... ignored
[INFO] [stdout] test tests::aoc_2015_04_part_two ... ignored
[INFO] [stdout] 
[INFO] [stdout] test result: ok. 0 passed; 0 failed; 2 ignored; 0 measured; 0 filtered out; finished in 0.00s
[INFO] [stdout] 
[INFO] [stderr]      Running unittests src/lib.rs (/opt/rustwide/target/debug/deps/aoc_2015_05-4198ed198de60f17)
[INFO] [stdout] 
[INFO] [stdout] running 9 tests
[INFO] [stdout] test tests::aoc_2015_05_part_one_samples::_haegwjzuvuyypxyu_false_expects ... ok
[INFO] [stdout] test tests::aoc_2015_05_part_one_samples::_dvszwmarrgswjxmb_false_expects ... ok
[INFO] [stdout] test tests::aoc_2015_05_part_one_samples::_aaa_true_expects ... ok
[INFO] [stdout] test tests::aoc_2015_05_part_one_samples::_ugknbfddgicrmopn_true_expects ... ok
[INFO] [stdout] test tests::aoc_2015_05_part_one_samples::_jchzalrnumimnmhp_false_expects ... ok
[INFO] [stdout] test tests::aoc_2015_05_part_two_samples::_ieodomkazucvgmuy_false_expects ... ok
[INFO] [stdout] test tests::aoc_2015_05_part_two_samples::_qjhvhtzxzqqjkmpb_true_expects ... ok
[INFO] [stdout] test tests::aoc_2015_05_part_two_samples::_uurcxstgmygtbstg_false_expects ... ok
[INFO] [stdout] test tests::aoc_2015_05_part_two_samples::_xxyxx_true_expects ... ok
[INFO] [stdout] 
[INFO] [stdout] test result: ok. 9 passed; 0 failed; 0 ignored; 0 measured; 0 filtered out; finished in 0.00s
[INFO] [stdout] 
[INFO] [stderr]      Running unittests src/main.rs (/opt/rustwide/target/debug/deps/aoc_2015_05-2b299f3bdde49a45)
[INFO] [stdout] 
[INFO] [stdout] running 2 tests
[INFO] [stdout] test tests::aoc_2015_05_part_one ... ignored
[INFO] [stdout] test tests::aoc_2015_05_part_two ... ignored
[INFO] [stdout] 
[INFO] [stdout] test result: ok. 0 passed; 0 failed; 2 ignored; 0 measured; 0 filtered out; finished in 0.00s
[INFO] [stdout] 
[INFO] [stderr]      Running unittests src/lib.rs (/opt/rustwide/target/debug/deps/aoc_2015_06-7dacc6a6acc44cbb)
[INFO] [stdout] 
[INFO] [stdout] running 5 tests
[INFO] [stdout] test tests::aoc_2015_06_part_one_samples::_toggle_0_0_through_999_0_1000_expects ... ok
[INFO] [stdout] test tests::aoc_2015_06_part_one_samples::_turn_on_0_0_through_999_999_nturn_off_499_499_through_500_500_1000000_4_expects ... ok
[INFO] [stdout] test tests::aoc_2015_06_part_one_samples::_turn_on_0_0_through_999_999_1000000_expects ... ok
[INFO] [stdout] test tests::aoc_2015_06_part_two_samples::_turn_on_0_0_through_0_0_1_expects ... ok
[INFO] [stdout] test tests::aoc_2015_06_part_two_samples::_toggle_0_0_through_999_999_2000000_expects ... ok
[INFO] [stdout] 
[INFO] [stdout] test result: ok. 5 passed; 0 failed; 0 ignored; 0 measured; 0 filtered out; finished in 0.03s
[INFO] [stdout] 
[INFO] [stderr]      Running unittests src/main.rs (/opt/rustwide/target/debug/deps/aoc_2015_06-bceb92b5193e63ba)
[INFO] [stdout] 
[INFO] [stdout] running 2 tests
[INFO] [stdout] test tests::aoc_2015_06_part_one ... ignored
[INFO] [stdout] test tests::aoc_2015_06_part_two ... ignored
[INFO] [stdout] 
[INFO] [stdout] test result: ok. 0 passed; 0 failed; 2 ignored; 0 measured; 0 filtered out; finished in 0.00s
[INFO] [stdout] 
[INFO] [stderr]      Running unittests src/lib.rs (/opt/rustwide/target/debug/deps/aoc_2015_07-e423d843a5231fe8)
[INFO] [stdout] 
[INFO] [stdout] running 8 tests
[INFO] [stdout] test tests::aoc_2015_07_part_one_samples::_d_72_expects ... ok
[INFO] [stdout] test tests::aoc_2015_07_part_one_samples::_f_492_expects ... ok
[INFO] [stdout] test tests::aoc_2015_07_part_one_samples::_e_507_expects ... ok
[INFO] [stdout] test tests::aoc_2015_07_part_one_samples::_g_114_expects ... ok
[INFO] [stdout] test tests::aoc_2015_07_part_one_samples::_h_65412_expects ... ok
[INFO] [stdout] test tests::aoc_2015_07_part_one_samples::_i_65079_expects ... ok
[INFO] [stdout] test tests::aoc_2015_07_part_one_samples::_x_123_expects ... ok
[INFO] [stdout] test tests::aoc_2015_07_part_one_samples::_y_456_expects ... ok
[INFO] [stdout] 
[INFO] [stdout] test result: ok. 8 passed; 0 failed; 0 ignored; 0 measured; 0 filtered out; finished in 0.00s
[INFO] [stdout] 
[INFO] [stderr]      Running unittests src/main.rs (/opt/rustwide/target/debug/deps/aoc_2015_07-cb0632e32d18ff0e)
[INFO] [stdout] 
[INFO] [stdout] running 2 tests
[INFO] [stdout] test tests::aoc_2015_07_part_one ... ignored
[INFO] [stdout] test tests::aoc_2015_07_part_two ... ignored
[INFO] [stdout] 
[INFO] [stdout] test result: ok. 0 passed; 0 failed; 2 ignored; 0 measured; 0 filtered out; finished in 0.00s
[INFO] [stdout] 
[INFO] [stderr]      Running unittests src/lib.rs (/opt/rustwide/target/debug/deps/aoc_2015_08-18c25eac8a8a4d70)
[INFO] [stdout] 
[INFO] [stdout] running 8 tests
[INFO] [stdout] test tests::aoc_2015_08_part_two_samples::empty_quotes ... ok
[INFO] [stdout] test tests::aoc_2015_08_part_two_samples::escaped_quote ... ok
[INFO] [stdout] test tests::aoc_2015_08_part_two_samples::r_x27_r_x27_expects ... ok
[INFO] [stdout] test tests::aoc_2015_08_part_two_samples::abc ... ok
[INFO] [stdout] test tests::aoc_2015_08_part_one_samples::empty_quotes ... ok
[INFO] [stdout] test tests::aoc_2015_08_part_one_samples::escaped_quote ... ok
[INFO] [stdout] test tests::aoc_2015_08_part_one_samples::abc ... ok
[INFO] [stdout] test tests::aoc_2015_08_part_one_samples::r_x27_r_expects ... ok
[INFO] [stdout] 
[INFO] [stdout] test result: ok. 8 passed; 0 failed; 0 ignored; 0 measured; 0 filtered out; finished in 0.00s
[INFO] [stdout] 
[INFO] [stderr]      Running unittests src/main.rs (/opt/rustwide/target/debug/deps/aoc_2015_08-288341fa3f79a405)
[INFO] [stdout] 
[INFO] [stdout] running 2 tests
[INFO] [stdout] test tests::aoc_2015_08_part_one ... ignored
[INFO] [stdout] test tests::aoc_2015_08_part_two ... ignored
[INFO] [stdout] 
[INFO] [stdout] test result: ok. 0 passed; 0 failed; 2 ignored; 0 measured; 0 filtered out; finished in 0.00s
[INFO] [stdout] 
[INFO] [stderr]      Running unittests src/lib.rs (/opt/rustwide/target/debug/deps/aoc_2015_09-e80f4d3431b3ebec)
[INFO] [stdout] 
[INFO] [stdout] running 2 tests
[INFO] [stdout] test tests::aoc_2015_09_part_one_samples ... ok
[INFO] [stdout] test tests::aoc_2015_09_part_two_samples ... ok
[INFO] [stdout] 
[INFO] [stdout] test result: ok. 2 passed; 0 failed; 0 ignored; 0 measured; 0 filtered out; finished in 0.00s
[INFO] [stdout] 
[INFO] [stderr]      Running unittests src/main.rs (/opt/rustwide/target/debug/deps/aoc_2015_09-93f203189443ef30)
[INFO] [stdout] 
[INFO] [stdout] running 2 tests
[INFO] [stdout] test tests::aoc_2015_09_part_one ... ignored
[INFO] [stdout] test tests::aoc_2015_09_part_two ... ignored
[INFO] [stdout] 
[INFO] [stdout] test result: ok. 0 passed; 0 failed; 2 ignored; 0 measured; 0 filtered out; finished in 0.00s
[INFO] [stdout] 
[INFO] [stderr]      Running unittests src/lib.rs (/opt/rustwide/target/debug/deps/aoc_2015_10-f560ac16470d17b9)
[INFO] [stdout] 
[INFO] [stdout] running 5 tests
[INFO] [stdout] test tests::aoc_2015_10_part_one_samples::_111221_312211_expects ... ok
[INFO] [stdout] test tests::aoc_2015_10_part_one_samples::_11_21_expects ... ok
[INFO] [stdout] test tests::aoc_2015_10_part_one_samples::_1211_111221_expects ... ok
[INFO] [stdout] test tests::aoc_2015_10_part_one_samples::_1_11_expects ... ok
[INFO] [stdout] test tests::aoc_2015_10_part_one_samples::_21_1211_expects ... ok
[INFO] [stdout] 
[INFO] [stdout] test result: ok. 5 passed; 0 failed; 0 ignored; 0 measured; 0 filtered out; finished in 0.00s
[INFO] [stdout] 
[INFO] [stderr]      Running unittests src/main.rs (/opt/rustwide/target/debug/deps/aoc_2015_10-f47e27c9fdbbe1e4)
[INFO] [stdout] 
[INFO] [stdout] running 2 tests
[INFO] [stdout] test tests::aoc_2015_10_part_one ... ignored
[INFO] [stdout] test tests::aoc_2015_10_part_two ... ignored
[INFO] [stdout] 
[INFO] [stdout] test result: ok. 0 passed; 0 failed; 2 ignored; 0 measured; 0 filtered out; finished in 0.00s
[INFO] [stdout] 
[INFO] [stderr]      Running unittests src/lib.rs (/opt/rustwide/target/debug/deps/aoc_2015_11-786d0dbb4247c091)
[INFO] [stdout] 
[INFO] [stdout] running 5 tests
[INFO] [stdout] test tests::aoc_2015_11_part_one_validity::_abbceffg_false_expects ... ok
[INFO] [stdout] test tests::aoc_2015_11_part_one_next::_abcdefgh_abcdffaa_expects ... ok
[INFO] [stdout] test tests::aoc_2015_11_part_one_validity::_abbcegjk_false_expects ... ok
[INFO] [stdout] test tests::aoc_2015_11_part_one_validity::_hijklmmn_false_expects ... ok
[INFO] [stdout] test tests::aoc_2015_11_part_one_next::_ghijklmn_ghjaabcc_expects ... ok
[INFO] [stdout] 
[INFO] [stdout] test result: ok. 5 passed; 0 failed; 0 ignored; 0 measured; 0 filtered out; finished in 0.05s
[INFO] [stdout] 
[INFO] [stderr]      Running unittests src/main.rs (/opt/rustwide/target/debug/deps/aoc_2015_11-abae5a2013c3ca43)
[INFO] [stdout] 
[INFO] [stdout] running 2 tests
[INFO] [stdout] test tests::aoc_2015_11_part_one ... ignored
[INFO] [stdout] test tests::aoc_2015_11_part_two ... ignored
[INFO] [stdout] 
[INFO] [stdout] test result: ok. 0 passed; 0 failed; 2 ignored; 0 measured; 0 filtered out; finished in 0.00s
[INFO] [stdout] 
[INFO] [stderr]      Running unittests src/lib.rs (/opt/rustwide/target/debug/deps/aoc_2015_12-b39e4e2907f7a9a2)
[INFO] [stdout] 
[INFO] [stdout] running 12 tests
[INFO] [stdout] test tests::aoc_2015_12_part_one_samples::sample_1 ... ok
[INFO] [stdout] test tests::aoc_2015_12_part_one_samples::sample_3 ... ok
[INFO] [stdout] test tests::aoc_2015_12_part_one_samples::sample_2 ... ok
[INFO] [stdout] test tests::aoc_2015_12_part_one_samples::sample_4 ... ok
[INFO] [stdout] test tests::aoc_2015_12_part_one_samples::sample_5 ... ok
[INFO] [stdout] test tests::aoc_2015_12_part_one_samples::sample_6 ... ok
[INFO] [stdout] test tests::aoc_2015_12_part_one_samples::sample_7 ... ok
[INFO] [stdout] test tests::aoc_2015_12_part_one_samples::sample_8 ... ok
[INFO] [stdout] test tests::aoc_2015_12_part_two_samples::sample_1 ... ok
[INFO] [stdout] test tests::aoc_2015_12_part_two_samples::sample_2 ... ok
[INFO] [stdout] test tests::aoc_2015_12_part_two_samples::sample_4 ... ok
[INFO] [stdout] test tests::aoc_2015_12_part_two_samples::sample_3 ... ok
[INFO] [stdout] 
[INFO] [stdout] test result: ok. 12 passed; 0 failed; 0 ignored; 0 measured; 0 filtered out; finished in 0.00s
[INFO] [stdout] 
[INFO] [stderr]      Running unittests src/main.rs (/opt/rustwide/target/debug/deps/aoc_2015_12-b563a6b98a9f4923)
[INFO] [stdout] 
[INFO] [stdout] running 2 tests
[INFO] [stdout] test tests::aoc_2015_12_part_one ... ignored
[INFO] [stdout] test tests::aoc_2015_12_part_two ... ignored
[INFO] [stdout] 
[INFO] [stdout] test result: ok. 0 passed; 0 failed; 2 ignored; 0 measured; 0 filtered out; finished in 0.00s
[INFO] [stdout] 
[INFO] [stderr]      Running unittests src/lib.rs (/opt/rustwide/target/debug/deps/aoc_2015_13-bd5719f2c2621927)
[INFO] [stdout] 
[INFO] [stdout] running 1 test
[INFO] [stdout] test tests::aoc_2015_13_part_one_sample ... ok
[INFO] [stdout] 
[INFO] [stdout] test result: ok. 1 passed; 0 failed; 0 ignored; 0 measured; 0 filtered out; finished in 0.00s
[INFO] [stdout] 
[INFO] [stderr]      Running unittests src/main.rs (/opt/rustwide/target/debug/deps/aoc_2015_13-158ecebcb7a56c9a)
[INFO] [stdout] 
[INFO] [stdout] running 2 tests
[INFO] [stdout] test tests::aoc_2015_13_part_one ... ignored
[INFO] [stdout] test tests::aoc_2015_13_part_two ... ignored
[INFO] [stdout] 
[INFO] [stdout] test result: ok. 0 passed; 0 failed; 2 ignored; 0 measured; 0 filtered out; finished in 0.00s
[INFO] [stdout] 
[INFO] [stderr]      Running unittests src/lib.rs (/opt/rustwide/target/debug/deps/aoc_2015_14-17c951dd79fca837)
[INFO] [stdout] 
[INFO] [stdout] running 2 tests
[INFO] [stdout] test tests::aoc_2015_14_part_two_sample_at_1000 ... ok
[INFO] [stdout] test tests::aoc_2015_14_part_one_sample_at_1000 ... ok
[INFO] [stderr]      Running unittests src/main.rs (/opt/rustwide/target/debug/deps/aoc_2015_14-0cbbc28ed66cac7e)
[INFO] [stdout] 
[INFO] [stdout] test result: ok. 2 passed; 0 failed; 0 ignored; 0 measured; 0 filtered out; finished in 0.00s
[INFO] [stdout] 
[INFO] [stdout] 
[INFO] [stdout] running 2 tests
[INFO] [stdout] test tests::aoc_2015_14_part_one ... ignored
[INFO] [stdout] test tests::aoc_2015_14_part_two ... ignored
[INFO] [stdout] 
[INFO] [stdout] test result: ok. 0 passed; 0 failed; 2 ignored; 0 measured; 0 filtered out; finished in 0.00s
[INFO] [stdout] 
[INFO] [stderr]      Running unittests src/lib.rs (/opt/rustwide/target/debug/deps/aoc_2015_15-bb018f241e6d3fd6)
[INFO] [stdout] 
[INFO] [stdout] running 2 tests
[INFO] [stdout] test tests::aoc_2015_15_part_one_samples::sample_1 ... FAILED
[INFO] [stdout] test tests::aoc_2015_15_part_two_samples::sample_1 ... FAILED
[INFO] [stdout] 
[INFO] [stdout] failures:
[INFO] [stdout] 
[INFO] [stdout] ---- tests::aoc_2015_15_part_one_samples::sample_1 stdout ----
[INFO] [stdout] thread 'tests::aoc_2015_15_part_one_samples::sample_1' panicked at solutions/rust/2015/day_15/./src/lib.rs:109:42:
[INFO] [stdout] called `Result::unwrap()` on an `Err` value: Invalid input
[INFO] [stdout] stack backtrace:
[INFO] [stdout]    0:     0x55a1272a961c - std::backtrace_rs::backtrace::libunwind::trace::ha637c64ce894333a
[INFO] [stdout]                                at /rustc/82e1608dfa6e0b5569232559e3d385fea5a93112/library/std/src/../../backtrace/src/backtrace/libunwind.rs:104:5
[INFO] [stdout]    1:     0x55a1272a961c - std::backtrace_rs::backtrace::trace_unsynchronized::h47f62dea28e0c88d
[INFO] [stdout]                                at /rustc/82e1608dfa6e0b5569232559e3d385fea5a93112/library/std/src/../../backtrace/src/backtrace/mod.rs:66:5
[INFO] [stdout]    2:     0x55a1272a961c - std::sys_common::backtrace::_print_fmt::h9eef0abe20ede486
[INFO] [stdout]                                at /rustc/82e1608dfa6e0b5569232559e3d385fea5a93112/library/std/src/sys_common/backtrace.rs:67:5
[INFO] [stdout]    3:     0x55a1272a961c - <std::sys_common::backtrace::_print::DisplayBacktrace as core::fmt::Display>::fmt::hed7f999df88cc644
[INFO] [stdout]                                at /rustc/82e1608dfa6e0b5569232559e3d385fea5a93112/library/std/src/sys_common/backtrace.rs:44:22
[INFO] [stdout]    4:     0x55a1272d3470 - core::fmt::rt::Argument::fmt::h1539a9308b8d058d
[INFO] [stdout]                                at /rustc/82e1608dfa6e0b5569232559e3d385fea5a93112/library/core/src/fmt/rt.rs:142:9
[INFO] [stdout]    5:     0x55a1272d3470 - core::fmt::write::h3a39390d8560d9c9
[INFO] [stdout]                                at /rustc/82e1608dfa6e0b5569232559e3d385fea5a93112/library/core/src/fmt/mod.rs:1120:17
[INFO] [stdout]    6:     0x55a1272a6fcf - std::io::Write::write_fmt::h040b369f3a0f9cbc
[INFO] [stdout]                                at /rustc/82e1608dfa6e0b5569232559e3d385fea5a93112/library/std/src/io/mod.rs:1762:15
[INFO] [stdout]    7:     0x55a1272a9404 - std::sys_common::backtrace::_print::h894006fb5c6f3d45
[INFO] [stdout]                                at /rustc/82e1608dfa6e0b5569232559e3d385fea5a93112/library/std/src/sys_common/backtrace.rs:47:5
[INFO] [stdout]    8:     0x55a1272a9404 - std::sys_common::backtrace::print::h23a2d212c6fff936
[INFO] [stdout]                                at /rustc/82e1608dfa6e0b5569232559e3d385fea5a93112/library/std/src/sys_common/backtrace.rs:34:9
[INFO] [stdout]    9:     0x55a1272ab0c7 - std::panicking::default_hook::{{closure}}::h8a1d2ee00185001a
[INFO] [stdout]   10:     0x55a1272aadb3 - std::panicking::default_hook::h6038f2eba384e475
[INFO] [stdout]                                at /rustc/82e1608dfa6e0b5569232559e3d385fea5a93112/library/std/src/panicking.rs:289:9
[INFO] [stdout]   11:     0x55a12727af97 - <alloc::boxed::Box<F,A> as core::ops::function::Fn<Args>>::call::h0ad024c9bdc6d768
[INFO] [stdout]                                at /rustc/82e1608dfa6e0b5569232559e3d385fea5a93112/library/alloc/src/boxed.rs:2021:9
[INFO] [stdout]   12:     0x55a12727af97 - test::test_main::{{closure}}::h7500b54257359db6
[INFO] [stdout]                                at /rustc/82e1608dfa6e0b5569232559e3d385fea5a93112/library/test/src/lib.rs:138:21
[INFO] [stdout]   13:     0x55a1272ab6d8 - <alloc::boxed::Box<F,A> as core::ops::function::Fn<Args>>::call::h1f8f335eaa9cfaee
[INFO] [stdout]                                at /rustc/82e1608dfa6e0b5569232559e3d385fea5a93112/library/alloc/src/boxed.rs:2021:9
[INFO] [stdout]   14:     0x55a1272ab6d8 - std::panicking::rust_panic_with_hook::h2b5517d590cab22e
[INFO] [stdout]                                at /rustc/82e1608dfa6e0b5569232559e3d385fea5a93112/library/std/src/panicking.rs:783:13
[INFO] [stdout]   15:     0x55a1272ab42e - std::panicking::begin_panic_handler::{{closure}}::h233112c06e0ef43e
[INFO] [stdout]                                at /rustc/82e1608dfa6e0b5569232559e3d385fea5a93112/library/std/src/panicking.rs:657:13
[INFO] [stdout]   16:     0x55a1272a9ae6 - std::sys_common::backtrace::__rust_end_short_backtrace::h6e893f24d7ebbff8
[INFO] [stdout]                                at /rustc/82e1608dfa6e0b5569232559e3d385fea5a93112/library/std/src/sys_common/backtrace.rs:170:18
[INFO] [stdout]   17:     0x55a1272ab192 - rust_begin_unwind
[INFO] [stdout]                                at /rustc/82e1608dfa6e0b5569232559e3d385fea5a93112/library/std/src/panicking.rs:645:5
[INFO] [stdout]   18:     0x55a127244fe5 - core::panicking::panic_fmt::hbf0e066aabfa482c
[INFO] [stdout]                                at /rustc/82e1608dfa6e0b5569232559e3d385fea5a93112/library/core/src/panicking.rs:72:14
[INFO] [stdout]   19:     0x55a127245573 - core::result::unwrap_failed::hddb4fea594200c52
[INFO] [stdout]                                at /rustc/82e1608dfa6e0b5569232559e3d385fea5a93112/library/core/src/result.rs:1653:5
[INFO] [stdout]   20:     0x55a1272462fc - core::result::Result<T,E>::unwrap::h5e41974ec3bb06ee
[INFO] [stdout]                                at /rustc/82e1608dfa6e0b5569232559e3d385fea5a93112/library/core/src/result.rs:1077:23
[INFO] [stdout]   21:     0x55a1272462fc - aoc_2015_15::tests::aoc_2015_15_part_one_samples::hea6f7239dabd6c7c
[INFO] [stdout]                                at /opt/rustwide/workdir/solutions/rust/2015/day_15/./src/lib.rs:109:20
[INFO] [stdout]   22:     0x55a1272462fc - aoc_2015_15::tests::aoc_2015_15_part_one_samples::sample_1::h2b548485711887f5
[INFO] [stdout]                                at /opt/rustwide/workdir/solutions/rust/2015/day_15/./src/lib.rs:107:5
[INFO] [stdout]   23:     0x55a1272468a9 - aoc_2015_15::tests::aoc_2015_15_part_one_samples::sample_1::{{closure}}::hfb3cca44a5b4688e
[INFO] [stdout]                                at /opt/rustwide/workdir/solutions/rust/2015/day_15/./src/lib.rs:107:50
[INFO] [stdout]   24:     0x55a1272468a9 - core::ops::function::FnOnce::call_once::h9f0166f58f57c362
[INFO] [stdout]                                at /rustc/82e1608dfa6e0b5569232559e3d385fea5a93112/library/core/src/ops/function.rs:250:5
[INFO] [stdout]   25:     0x55a1272805ef - core::ops::function::FnOnce::call_once::h2b5d431d5046312d
[INFO] [stdout]                                at /rustc/82e1608dfa6e0b5569232559e3d385fea5a93112/library/core/src/ops/function.rs:250:5
[INFO] [stdout]   26:     0x55a1272805ef - test::__rust_begin_short_backtrace::h7714669af176e207
[INFO] [stdout]                                at /rustc/82e1608dfa6e0b5569232559e3d385fea5a93112/library/test/src/lib.rs:628:18
[INFO] [stdout]   27:     0x55a12727f605 - test::run_test_in_process::{{closure}}::h85218797dcbcec12
[INFO] [stdout]                                at /rustc/82e1608dfa6e0b5569232559e3d385fea5a93112/library/test/src/lib.rs:651:60
[INFO] [stdout]   28:     0x55a12727f605 - <core::panic::unwind_safe::AssertUnwindSafe<F> as core::ops::function::FnOnce<()>>::call_once::h76c106ea31c14d7b
[INFO] [stdout]                                at /rustc/82e1608dfa6e0b5569232559e3d385fea5a93112/library/core/src/panic/unwind_safe.rs:272:9
[INFO] [stdout]   29:     0x55a12727f605 - std::panicking::try::do_call::h3bd5d0f6620ee946
[INFO] [stdout]                                at /rustc/82e1608dfa6e0b5569232559e3d385fea5a93112/library/std/src/panicking.rs:552:40
[INFO] [stdout]   30:     0x55a12727f605 - std::panicking::try::h232e535e4744fe31
[INFO] [stdout]                                at /rustc/82e1608dfa6e0b5569232559e3d385fea5a93112/library/std/src/panicking.rs:516:19
[INFO] [stdout]   31:     0x55a12727f605 - std::panic::catch_unwind::h3ce3bd6ca8dbac68
[INFO] [stdout]                                at /rustc/82e1608dfa6e0b5569232559e3d385fea5a93112/library/std/src/panic.rs:142:14
[INFO] [stdout]   32:     0x55a12727f605 - test::run_test_in_process::hc97b257c9621286a
[INFO] [stdout]                                at /rustc/82e1608dfa6e0b5569232559e3d385fea5a93112/library/test/src/lib.rs:651:27
[INFO] [stdout]   33:     0x55a12727f605 - test::run_test::{{closure}}::h2aa798823a438d38
[INFO] [stdout]                                at /rustc/82e1608dfa6e0b5569232559e3d385fea5a93112/library/test/src/lib.rs:574:43
[INFO] [stdout]   34:     0x55a1272478c6 - test::run_test::{{closure}}::h87d231c78fb59832
[INFO] [stdout]                                at /rustc/82e1608dfa6e0b5569232559e3d385fea5a93112/library/test/src/lib.rs:602:41
[INFO] [stdout]   35:     0x55a1272478c6 - std::sys_common::backtrace::__rust_begin_short_backtrace::he6df152596625789
[INFO] [stdout]                                at /rustc/82e1608dfa6e0b5569232559e3d385fea5a93112/library/std/src/sys_common/backtrace.rs:154:18
[INFO] [stdout]   36:     0x55a12724c977 - std::thread::Builder::spawn_unchecked_::{{closure}}::{{closure}}::ha94be15d1e0acf36
[INFO] [stdout]                                at /rustc/82e1608dfa6e0b5569232559e3d385fea5a93112/library/std/src/thread/mod.rs:529:17
[INFO] [stdout]   37:     0x55a12724c977 - <core::panic::unwind_safe::AssertUnwindSafe<F> as core::ops::function::FnOnce<()>>::call_once::h9dc6bd6372f16606
[INFO] [stdout]                                at /rustc/82e1608dfa6e0b5569232559e3d385fea5a93112/library/core/src/panic/unwind_safe.rs:272:9
[INFO] [stdout]   38:     0x55a12724c977 - std::panicking::try::do_call::h9057517f80303cd4
[INFO] [stdout]                                at /rustc/82e1608dfa6e0b5569232559e3d385fea5a93112/library/std/src/panicking.rs:552:40
[INFO] [stdout]   39:     0x55a12724c977 - std::panicking::try::he3a30b11ee45340c
[INFO] [stdout]                                at /rustc/82e1608dfa6e0b5569232559e3d385fea5a93112/library/std/src/panicking.rs:516:19
[INFO] [stdout]   40:     0x55a12724c977 - std::panic::catch_unwind::h410458cfd3528b8b
[INFO] [stdout]                                at /rustc/82e1608dfa6e0b5569232559e3d385fea5a93112/library/std/src/panic.rs:142:14
[INFO] [stdout]   41:     0x55a12724c977 - std::thread::Builder::spawn_unchecked_::{{closure}}::h72ac3bdb567b737b
[INFO] [stdout]                                at /rustc/82e1608dfa6e0b5569232559e3d385fea5a93112/library/std/src/thread/mod.rs:528:30
[INFO] [stdout]   42:     0x55a12724c977 - core::ops::function::FnOnce::call_once{{vtable.shim}}::h38f34da3654a8344
[INFO] [stdout]                                at /rustc/82e1608dfa6e0b5569232559e3d385fea5a93112/library/core/src/ops/function.rs:250:5
[INFO] [stdout]   43:     0x55a1272b0165 - <alloc::boxed::Box<F,A> as core::ops::function::FnOnce<Args>>::call_once::hc7eafaff61e32df9
[INFO] [stdout]                                at /rustc/82e1608dfa6e0b5569232559e3d385fea5a93112/library/alloc/src/boxed.rs:2007:9
[INFO] [stdout]   44:     0x55a1272b0165 - <alloc::boxed::Box<F,A> as core::ops::function::FnOnce<Args>>::call_once::h6ba4a5de48dd2304
[INFO] [stdout]                                at /rustc/82e1608dfa6e0b5569232559e3d385fea5a93112/library/alloc/src/boxed.rs:2007:9
[INFO] [stdout]   45:     0x55a1272b0165 - std::sys::unix::thread::Thread::new::thread_start::he469335aef763e45
[INFO] [stdout]                                at /rustc/82e1608dfa6e0b5569232559e3d385fea5a93112/library/std/src/sys/unix/thread.rs:108:17
[INFO] [stdout]   46:     0x7f8d4af04ac3 - <unknown>
[INFO] [stdout]   47:     0x7f8d4af95bf4 - __clone
[INFO] [stdout]   48:                0x0 - <unknown>
[INFO] [stdout] 
[INFO] [stdout] ---- tests::aoc_2015_15_part_two_samples::sample_1 stdout ----
[INFO] [stdout] thread 'tests::aoc_2015_15_part_two_samples::sample_1' panicked at solutions/rust/2015/day_15/./src/lib.rs:114:42:
[INFO] [stdout] called `Result::unwrap()` on an `Err` value: Invalid input
[INFO] [stdout] stack backtrace:
[INFO] [stdout]    0:     0x55a1272a961c - std::backtrace_rs::backtrace::libunwind::trace::ha637c64ce894333a
[INFO] [stdout]                                at /rustc/82e1608dfa6e0b5569232559e3d385fea5a93112/library/std/src/../../backtrace/src/backtrace/libunwind.rs:104:5
[INFO] [stdout]    1:     0x55a1272a961c - std::backtrace_rs::backtrace::trace_unsynchronized::h47f62dea28e0c88d
[INFO] [stdout]                                at /rustc/82e1608dfa6e0b5569232559e3d385fea5a93112/library/std/src/../../backtrace/src/backtrace/mod.rs:66:5
[INFO] [stdout]    2:     0x55a1272a961c - std::sys_common::backtrace::_print_fmt::h9eef0abe20ede486
[INFO] [stdout]                                at /rustc/82e1608dfa6e0b5569232559e3d385fea5a93112/library/std/src/sys_common/backtrace.rs:67:5
[INFO] [stdout]    3:     0x55a1272a961c - <std::sys_common::backtrace::_print::DisplayBacktrace as core::fmt::Display>::fmt::hed7f999df88cc644
[INFO] [stdout]                                at /rustc/82e1608dfa6e0b5569232559e3d385fea5a93112/library/std/src/sys_common/backtrace.rs:44:22
[INFO] [stdout]    4:     0x55a1272d3470 - core::fmt::rt::Argument::fmt::h1539a9308b8d058d
[INFO] [stdout]                                at /rustc/82e1608dfa6e0b5569232559e3d385fea5a93112/library/core/src/fmt/rt.rs:142:9
[INFO] [stdout]    5:     0x55a1272d3470 - core::fmt::write::h3a39390d8560d9c9
[INFO] [stdout]                                at /rustc/82e1608dfa6e0b5569232559e3d385fea5a93112/library/core/src/fmt/mod.rs:1120:17
[INFO] [stdout]    6:     0x55a1272a6fcf - std::io::Write::write_fmt::h040b369f3a0f9cbc
[INFO] [stdout]                                at /rustc/82e1608dfa6e0b5569232559e3d385fea5a93112/library/std/src/io/mod.rs:1762:15
[INFO] [stdout]    7:     0x55a1272a9404 - std::sys_common::backtrace::_print::h894006fb5c6f3d45
[INFO] [stdout]                                at /rustc/82e1608dfa6e0b5569232559e3d385fea5a93112/library/std/src/sys_common/backtrace.rs:47:5
[INFO] [stdout]    8:     0x55a1272a9404 - std::sys_common::backtrace::print::h23a2d212c6fff936
[INFO] [stdout]                                at /rustc/82e1608dfa6e0b5569232559e3d385fea5a93112/library/std/src/sys_common/backtrace.rs:34:9
[INFO] [stdout]    9:     0x55a1272ab0c7 - std::panicking::default_hook::{{closure}}::h8a1d2ee00185001a
[INFO] [stdout]   10:     0x55a1272aadb3 - std::panicking::default_hook::h6038f2eba384e475
[INFO] [stdout]                                at /rustc/82e1608dfa6e0b5569232559e3d385fea5a93112/library/std/src/panicking.rs:289:9
[INFO] [stdout]   11:     0x55a12727af97 - <alloc::boxed::Box<F,A> as core::ops::function::Fn<Args>>::call::h0ad024c9bdc6d768
[INFO] [stdout]                                at /rustc/82e1608dfa6e0b5569232559e3d385fea5a93112/library/alloc/src/boxed.rs:2021:9
[INFO] [stdout]   12:     0x55a12727af97 - test::test_main::{{closure}}::h7500b54257359db6
[INFO] [stdout]                                at /rustc/82e1608dfa6e0b5569232559e3d385fea5a93112/library/test/src/lib.rs:138:21
[INFO] [stdout]   13:     0x55a1272ab6d8 - <alloc::boxed::Box<F,A> as core::ops::function::Fn<Args>>::call::h1f8f335eaa9cfaee
[INFO] [stdout]                                at /rustc/82e1608dfa6e0b5569232559e3d385fea5a93112/library/alloc/src/boxed.rs:2021:9
[INFO] [stdout]   14:     0x55a1272ab6d8 - std::panicking::rust_panic_with_hook::h2b5517d590cab22e
[INFO] [stdout]                                at /rustc/82e1608dfa6e0b5569232559e3d385fea5a93112/library/std/src/panicking.rs:783:13
[INFO] [stdout]   15:     0x55a1272ab42e - std::panicking::begin_panic_handler::{{closure}}::h233112c06e0ef43e
[INFO] [stdout]                                at /rustc/82e1608dfa6e0b5569232559e3d385fea5a93112/library/std/src/panicking.rs:657:13
[INFO] [stdout]   16:     0x55a1272a9ae6 - std::sys_common::backtrace::__rust_end_short_backtrace::h6e893f24d7ebbff8
[INFO] [stdout]                                at /rustc/82e1608dfa6e0b5569232559e3d385fea5a93112/library/std/src/sys_common/backtrace.rs:170:18
[INFO] [stdout]   17:     0x55a1272ab192 - rust_begin_unwind
[INFO] [stdout]                                at /rustc/82e1608dfa6e0b5569232559e3d385fea5a93112/library/std/src/panicking.rs:645:5
[INFO] [stdout]   18:     0x55a127244fe5 - core::panicking::panic_fmt::hbf0e066aabfa482c
[INFO] [stdout]                                at /rustc/82e1608dfa6e0b5569232559e3d385fea5a93112/library/core/src/panicking.rs:72:14
[INFO] [stdout]   19:     0x55a127245573 - core::result::unwrap_failed::hddb4fea594200c52
[INFO] [stdout]                                at /rustc/82e1608dfa6e0b5569232559e3d385fea5a93112/library/core/src/result.rs:1653:5
[INFO] [stdout]   20:     0x55a1272463ad - core::result::Result<T,E>::unwrap::h5e41974ec3bb06ee
[INFO] [stdout]                                at /rustc/82e1608dfa6e0b5569232559e3d385fea5a93112/library/core/src/result.rs:1077:23
[INFO] [stdout]   21:     0x55a1272463ad - aoc_2015_15::tests::aoc_2015_15_part_two_samples::he3fc82fee50bc20d
[INFO] [stdout]                                at /opt/rustwide/workdir/solutions/rust/2015/day_15/./src/lib.rs:114:20
[INFO] [stdout]   22:     0x55a1272463ad - aoc_2015_15::tests::aoc_2015_15_part_two_samples::sample_1::hc2ce88e0f1856938
[INFO] [stdout]                                at /opt/rustwide/workdir/solutions/rust/2015/day_15/./src/lib.rs:112:5
[INFO] [stdout]   23:     0x55a127246889 - aoc_2015_15::tests::aoc_2015_15_part_two_samples::sample_1::{{closure}}::h5b4fd2149bd913fa
[INFO] [stdout]                                at /opt/rustwide/workdir/solutions/rust/2015/day_15/./src/lib.rs:112:50
[INFO] [stdout]   24:     0x55a127246889 - core::ops::function::FnOnce::call_once::h3bcf88ac979d070a
[INFO] [stdout]                                at /rustc/82e1608dfa6e0b5569232559e3d385fea5a93112/library/core/src/ops/function.rs:250:5
[INFO] [stdout]   25:     0x55a1272805ef - core::ops::function::FnOnce::call_once::h2b5d431d5046312d
[INFO] [stdout]                                at /rustc/82e1608dfa6e0b5569232559e3d385fea5a93112/library/core/src/ops/function.rs:250:5
[INFO] [stdout]   26:     0x55a1272805ef - test::__rust_begin_short_backtrace::h7714669af176e207
[INFO] [stdout]                                at /rustc/82e1608dfa6e0b5569232559e3d385fea5a93112/library/test/src/lib.rs:628:18
[INFO] [stdout]   27:     0x55a12727f605 - test::run_test_in_process::{{closure}}::h85218797dcbcec12
[INFO] [stdout]                                at /rustc/82e1608dfa6e0b5569232559e3d385fea5a93112/library/test/src/lib.rs:651:60
[INFO] [stdout]   28:     0x55a12727f605 - <core::panic::unwind_safe::AssertUnwindSafe<F> as core::ops::function::FnOnce<()>>::call_once::h76c106ea31c14d7b
[INFO] [stdout]                                at /rustc/82e1608dfa6e0b5569232559e3d385fea5a93112/library/core/src/panic/unwind_safe.rs:272:9
[INFO] [stdout]   29:     0x55a12727f605 - std::panicking::try::do_call::h3bd5d0f6620ee946
[INFO] [stdout]                                at /rustc/82e1608dfa6e0b5569232559e3d385fea5a93112/library/std/src/panicking.rs:552:40
[INFO] [stdout]   30:     0x55a12727f605 - std::panicking::try::h232e535e4744fe31
[INFO] [stdout]                                at /rustc/82e1608dfa6e0b5569232559e3d385fea5a93112/library/std/src/panicking.rs:516:19
[INFO] [stdout]   31:     0x55a12727f605 - std::panic::catch_unwind::h3ce3bd6ca8dbac68
[INFO] [stdout]                                at /rustc/82e1608dfa6e0b5569232559e3d385fea5a93112/library/std/src/panic.rs:142:14
[INFO] [stdout]   32:     0x55a12727f605 - test::run_test_in_process::hc97b257c9621286a
[INFO] [stdout]                                at /rustc/82e1608dfa6e0b5569232559e3d385fea5a93112/library/test/src/lib.rs:651:27
[INFO] [stdout]   33:     0x55a12727f605 - test::run_test::{{closure}}::h2aa798823a438d38
[INFO] [stdout]                                at /rustc/82e1608dfa6e0b5569232559e3d385fea5a93112/library/test/src/lib.rs:574:43
[INFO] [stdout]   34:     0x55a1272478c6 - test::run_test::{{closure}}::h87d231c78fb59832
[INFO] [stdout]                                at /rustc/82e1608dfa6e0b5569232559e3d385fea5a93112/library/test/src/lib.rs:602:41
[INFO] [stdout]   35:     0x55a1272478c6 - std::sys_common::backtrace::__rust_begin_short_backtrace::he6df152596625789
[INFO] [stdout]                                at /rustc/82e1608dfa6e0b5569232559e3d385fea5a93112/library/std/src/sys_common/backtrace.rs:154:18
[INFO] [stdout]   36:     0x55a12724c977 - std::thread::Builder::spawn_unchecked_::{{closure}}::{{closure}}::ha94be15d1e0acf36
[INFO] [stdout]                                at /rustc/82e1608dfa6e0b5569232559e3d385fea5a93112/library/std/src/thread/mod.rs:529:17
[INFO] [stdout]   37:     0x55a12724c977 - <core::panic::unwind_safe::AssertUnwindSafe<F> as core::ops::function::FnOnce<()>>::call_once::h9dc6bd6372f16606
[INFO] [stdout]                                at /rustc/82e1608dfa6e0b5569232559e3d385fea5a93112/library/core/src/panic/unwind_safe.rs:272:9
[INFO] [stdout]   38:     0x55a12724c977 - std::panicking::try::do_call::h9057517f80303cd4
[INFO] [stdout]                                at /rustc/82e1608dfa6e0b5569232559e3d385fea5a93112/library/std/src/panicking.rs:552:40
[INFO] [stdout]   39:     0x55a12724c977 - std::panicking::try::he3a30b11ee45340c
[INFO] [stdout]                                at /rustc/82e1608dfa6e0b5569232559e3d385fea5a93112/library/std/src/panicking.rs:516:19
[INFO] [stdout]   40:     0x55a12724c977 - std::panic::catch_unwind::h410458cfd3528b8b
[INFO] [stdout]                                at /rustc/82e1608dfa6e0b5569232559e3d385fea5a93112/library/std/src/panic.rs:142:14
[INFO] [stdout]   41:     0x55a12724c977 - std::thread::Builder::spawn_unchecked_::{{closure}}::h72ac3bdb567b737b
[INFO] [stdout]                                at /rustc/82e1608dfa6e0b5569232559e3d385fea5a93112/library/std/src/thread/mod.rs:528:30
[INFO] [stdout]   42:     0x55a12724c977 - core::ops::function::FnOnce::call_once{{vtable.shim}}::h38f34da3654a8344
[INFO] [stdout]                                at /rustc/82e1608dfa6e0b5569232559e3d385fea5a93112/library/core/src/ops/function.rs:250:5
[INFO] [stdout]   43:     0x55a1272b0165 - <alloc::boxed::Box<F,A> as core::ops::function::FnOnce<Args>>::call_once::hc7eafaff61e32df9
[INFO] [stdout]                                at /rustc/82e1608dfa6e0b5569232559e3d385fea5a93112/library/alloc/src/boxed.rs:2007:9
[INFO] [stdout]   44:     0x55a1272b0165 - <alloc::boxed::Box<F,A> as core::ops::function::FnOnce<Args>>::call_once::h6ba4a5de48dd2304
[INFO] [stdout]                                at /rustc/82e1608dfa6e0b5569232559e3d385fea5a93112/library/alloc/src/boxed.rs:2007:9
[INFO] [stdout]   45:     0x55a1272b0165 - std::sys::unix::thread::Thread::new::thread_start::he469335aef763e45
[INFO] [stdout]                                at /rustc/82e1608dfa6e0b5569232559e3d385fea5a93112/library/std/src/sys/unix/thread.rs:108:17
[INFO] [stdout]   46:     0x7f8d4af04ac3 - <unknown>
[INFO] [stdout]   47:     0x7f8d4af95bf4 - __clone
[INFO] [stdout]   48:                0x0 - <unknown>
[INFO] [stdout] 
[INFO] [stdout] 
[INFO] [stdout] failures:
[INFO] [stdout]     tests::aoc_2015_15_part_one_samples::sample_1
[INFO] [stdout]     tests::aoc_2015_15_part_two_samples::sample_1
[INFO] [stdout] 
[INFO] [stdout] test result: FAILED. 0 passed; 2 failed; 0 ignored; 0 measured; 0 filtered out; finished in 0.01s
[INFO] [stdout] 
[INFO] [stderr] error: test failed, to rerun pass `-p aoc_2015_15 --lib`
[INFO] running `Command { std: "docker" "inspect" "0caf09b9c951452e0ea882d7031ea2da1f983a2d5c2efcef1bfaa912b5c27be7", kill_on_drop: false }`
[INFO] running `Command { std: "docker" "rm" "-f" "0caf09b9c951452e0ea882d7031ea2da1f983a2d5c2efcef1bfaa912b5c27be7", kill_on_drop: false }`
[INFO] [stdout] 0caf09b9c951452e0ea882d7031ea2da1f983a2d5c2efcef1bfaa912b5c27be7
