[INFO] cloning repository https://github.com/prajithkb/datastructures_in_rust
[INFO] running `Command { std: "git" "-c" "credential.helper=" "-c" "credential.helper=/workspace/cargo-home/bin/git-credential-null" "clone" "--bare" "https://github.com/prajithkb/datastructures_in_rust" "/workspace/cache/git-repos/https%3A%2F%2Fgithub.com%2Fprajithkb%2Fdatastructures_in_rust", kill_on_drop: false }`
[INFO] [stderr] Cloning into bare repository '/workspace/cache/git-repos/https%3A%2F%2Fgithub.com%2Fprajithkb%2Fdatastructures_in_rust'...
[INFO] running `Command { std: "git" "rev-parse" "HEAD", kill_on_drop: false }`
[INFO] [stdout] 4172a5be4694a8e1deb2a851d71d566a56d717cc
[INFO] testing prajithkb/datastructures_in_rust against 1.75.0 for beta-1.76-1
[INFO] running `Command { std: "git" "clone" "/workspace/cache/git-repos/https%3A%2F%2Fgithub.com%2Fprajithkb%2Fdatastructures_in_rust" "/workspace/builds/worker-5-tc1/source", kill_on_drop: false }`
[INFO] [stderr] Cloning into '/workspace/builds/worker-5-tc1/source'...
[INFO] [stderr] done.
[INFO] validating manifest of git repo https://github.com/prajithkb/datastructures_in_rust on toolchain 1.75.0
[INFO] running `Command { std: CARGO_HOME="/workspace/cargo-home" RUSTUP_HOME="/workspace/rustup-home" "/workspace/cargo-home/bin/cargo" "+1.75.0" "metadata" "--manifest-path" "Cargo.toml" "--no-deps", kill_on_drop: false }`
[INFO] started tweaking git repo https://github.com/prajithkb/datastructures_in_rust
[INFO] finished tweaking git repo https://github.com/prajithkb/datastructures_in_rust
[INFO] tweaked toml for git repo https://github.com/prajithkb/datastructures_in_rust written to /workspace/builds/worker-5-tc1/source/Cargo.toml
[INFO] crate git repo https://github.com/prajithkb/datastructures_in_rust already has a lockfile, it will not be regenerated
[INFO] running `Command { std: CARGO_HOME="/workspace/cargo-home" RUSTUP_HOME="/workspace/rustup-home" "/workspace/cargo-home/bin/cargo" "+1.75.0" "fetch" "--manifest-path" "Cargo.toml", kill_on_drop: false }`
[INFO] running `Command { std: "docker" "create" "-v" "/var/lib/crater-agent-workspace/builds/worker-5-tc1/target:/opt/rustwide/target:rw,Z" "-v" "/var/lib/crater-agent-workspace/builds/worker-5-tc1/source:/opt/rustwide/workdir:ro,Z" "-v" "/var/lib/crater-agent-workspace/cargo-home:/opt/rustwide/cargo-home:ro,Z" "-v" "/var/lib/crater-agent-workspace/rustup-home:/opt/rustwide/rustup-home:ro,Z" "-e" "SOURCE_DIR=/opt/rustwide/workdir" "-e" "CARGO_TARGET_DIR=/opt/rustwide/target" "-e" "CARGO_HOME=/opt/rustwide/cargo-home" "-e" "RUSTUP_HOME=/opt/rustwide/rustup-home" "-w" "/opt/rustwide/workdir" "-m" "1610612736" "--user" "0:0" "--network" "none" "ghcr.io/rust-lang/crates-build-env/linux@sha256:2788e3201cd34a07e3172128adcd8b3090168a8e3bcc40d7c032b9dda1df7d1c" "/opt/rustwide/cargo-home/bin/cargo" "+1.75.0" "metadata" "--no-deps" "--format-version=1", kill_on_drop: false }`
[INFO] [stdout] 0bf80146c856c9dadf3b54e65804a000ccb7ab5bb2876aa0106af2be6faa1a63
[INFO] running `Command { std: "docker" "start" "-a" "0bf80146c856c9dadf3b54e65804a000ccb7ab5bb2876aa0106af2be6faa1a63", kill_on_drop: false }`
[INFO] running `Command { std: "docker" "inspect" "0bf80146c856c9dadf3b54e65804a000ccb7ab5bb2876aa0106af2be6faa1a63", kill_on_drop: false }`
[INFO] running `Command { std: "docker" "rm" "-f" "0bf80146c856c9dadf3b54e65804a000ccb7ab5bb2876aa0106af2be6faa1a63", kill_on_drop: false }`
[INFO] [stdout] 0bf80146c856c9dadf3b54e65804a000ccb7ab5bb2876aa0106af2be6faa1a63
[INFO] running `Command { std: "docker" "create" "-v" "/var/lib/crater-agent-workspace/builds/worker-5-tc1/target:/opt/rustwide/target:rw,Z" "-v" "/var/lib/crater-agent-workspace/builds/worker-5-tc1/source:/opt/rustwide/workdir:ro,Z" "-v" "/var/lib/crater-agent-workspace/cargo-home:/opt/rustwide/cargo-home:ro,Z" "-v" "/var/lib/crater-agent-workspace/rustup-home:/opt/rustwide/rustup-home:ro,Z" "-e" "SOURCE_DIR=/opt/rustwide/workdir" "-e" "CARGO_TARGET_DIR=/opt/rustwide/target" "-e" "CARGO_INCREMENTAL=0" "-e" "RUST_BACKTRACE=full" "-e" "RUSTFLAGS=--cap-lints=warn" "-e" "RUSTDOCFLAGS=--cap-lints=warn" "-e" "CARGO_HOME=/opt/rustwide/cargo-home" "-e" "RUSTUP_HOME=/opt/rustwide/rustup-home" "-w" "/opt/rustwide/workdir" "-m" "1610612736" "--user" "0:0" "--network" "none" "ghcr.io/rust-lang/crates-build-env/linux@sha256:2788e3201cd34a07e3172128adcd8b3090168a8e3bcc40d7c032b9dda1df7d1c" "/opt/rustwide/cargo-home/bin/cargo" "+1.75.0" "build" "--frozen" "--message-format=json", kill_on_drop: false }`
[INFO] [stdout] e5a57fb2784f09cd0cbf8d49bbdedccbb039274074ddea8e80efa0e12c1dcf74
[INFO] running `Command { std: "docker" "start" "-a" "e5a57fb2784f09cd0cbf8d49bbdedccbb039274074ddea8e80efa0e12c1dcf74", kill_on_drop: false }`
[INFO] [stderr]    Compiling autocfg v1.0.1
[INFO] [stderr]    Compiling libc v0.2.97
[INFO] [stderr]    Compiling lazy_static v1.4.0
[INFO] [stderr]    Compiling num-traits v0.2.14
[INFO] [stderr]    Compiling atty v0.2.14
[INFO] [stderr]    Compiling colored v2.0.0
[INFO] [stderr]    Compiling atoi v0.4.0
[INFO] [stderr]    Compiling datastructures_in_rust v0.1.0 (/opt/rustwide/workdir)
[INFO] [stderr]     Finished dev [unoptimized + debuginfo] target(s) in 1.22s
[INFO] running `Command { std: "docker" "inspect" "e5a57fb2784f09cd0cbf8d49bbdedccbb039274074ddea8e80efa0e12c1dcf74", kill_on_drop: false }`
[INFO] running `Command { std: "docker" "rm" "-f" "e5a57fb2784f09cd0cbf8d49bbdedccbb039274074ddea8e80efa0e12c1dcf74", kill_on_drop: false }`
[INFO] [stdout] e5a57fb2784f09cd0cbf8d49bbdedccbb039274074ddea8e80efa0e12c1dcf74
[INFO] running `Command { std: "docker" "create" "-v" "/var/lib/crater-agent-workspace/builds/worker-5-tc1/target:/opt/rustwide/target:rw,Z" "-v" "/var/lib/crater-agent-workspace/builds/worker-5-tc1/source:/opt/rustwide/workdir:ro,Z" "-v" "/var/lib/crater-agent-workspace/cargo-home:/opt/rustwide/cargo-home:ro,Z" "-v" "/var/lib/crater-agent-workspace/rustup-home:/opt/rustwide/rustup-home:ro,Z" "-e" "SOURCE_DIR=/opt/rustwide/workdir" "-e" "CARGO_TARGET_DIR=/opt/rustwide/target" "-e" "CARGO_INCREMENTAL=0" "-e" "RUST_BACKTRACE=full" "-e" "RUSTFLAGS=--cap-lints=warn" "-e" "RUSTDOCFLAGS=--cap-lints=warn" "-e" "CARGO_HOME=/opt/rustwide/cargo-home" "-e" "RUSTUP_HOME=/opt/rustwide/rustup-home" "-w" "/opt/rustwide/workdir" "-m" "1610612736" "--user" "0:0" "--network" "none" "ghcr.io/rust-lang/crates-build-env/linux@sha256:2788e3201cd34a07e3172128adcd8b3090168a8e3bcc40d7c032b9dda1df7d1c" "/opt/rustwide/cargo-home/bin/cargo" "+1.75.0" "test" "--frozen" "--no-run" "--message-format=json", kill_on_drop: false }`
[INFO] [stdout] a006675b5a9a4b7e5c9734c081ffeab218fb2837bfe587f3dfe69ea9b45024e2
[INFO] running `Command { std: "docker" "start" "-a" "a006675b5a9a4b7e5c9734c081ffeab218fb2837bfe587f3dfe69ea9b45024e2", kill_on_drop: false }`
[INFO] [stderr]    Compiling cfg-if v1.0.0
[INFO] [stderr]    Compiling ucd-trie v0.1.3
[INFO] [stderr]    Compiling crossbeam-utils v0.8.5
[INFO] [stderr]    Compiling serde v1.0.126
[INFO] [stderr]    Compiling memoffset v0.6.4
[INFO] [stderr]    Compiling memchr v2.4.0
[INFO] [stderr]    Compiling proc-macro2 v1.0.27
[INFO] [stderr]    Compiling crossbeam-epoch v0.9.5
[INFO] [stderr]    Compiling ryu v1.0.5
[INFO] [stderr]    Compiling pest v2.1.3
[INFO] [stderr]    Compiling rayon-core v1.9.1
[INFO] [stderr]    Compiling unicode-xid v0.2.2
[INFO] [stderr]    Compiling scopeguard v1.1.0
[INFO] [stderr]    Compiling either v1.6.1
[INFO] [stderr]    Compiling itoa v0.4.7
[INFO] [stderr]    Compiling bitflags v1.2.1
[INFO] [stderr]    Compiling syn v1.0.73
[INFO] [stderr]    Compiling serde_json v1.0.64
[INFO] [stderr]    Compiling quote v1.0.9
[INFO] [stderr]    Compiling crossbeam-channel v0.5.1
[INFO] [stderr]    Compiling getrandom v0.2.3
[INFO] [stderr]    Compiling num_cpus v1.13.0
[INFO] [stderr]    Compiling semver-parser v0.10.2
[INFO] [stderr]    Compiling rayon v1.5.1
[INFO] [stderr]    Compiling unicode-width v0.1.8
[INFO] [stderr]    Compiling regex-automata v0.1.10
[INFO] [stderr]    Compiling crossbeam-deque v0.8.0
[INFO] [stderr]    Compiling serde_derive v1.0.126
[INFO] [stderr]    Compiling plotters-backend v0.3.0
[INFO] [stderr]    Compiling textwrap v0.11.0
[INFO] [stderr]    Compiling semver v0.11.0
[INFO] [stderr]    Compiling plotters-svg v0.3.0
[INFO] [stderr]    Compiling rand_core v0.6.3
[INFO] [stderr]    Compiling rustc_version v0.3.3
[INFO] [stderr]    Compiling csv-core v0.1.10
[INFO] [stderr]    Compiling itertools v0.9.0
[INFO] [stderr]    Compiling same-file v1.0.6
[INFO] [stderr]    Compiling ppv-lite86 v0.2.10
[INFO] [stderr]    Compiling regex-syntax v0.6.25
[INFO] [stderr]    Compiling cast v0.2.6
[INFO] [stderr]    Compiling half v1.7.1
[INFO] [stderr]    Compiling rand_chacha v0.3.1
[INFO] [stderr]    Compiling walkdir v2.3.2
[INFO] [stderr]    Compiling clap v2.33.3
[INFO] [stderr]    Compiling criterion-plot v0.4.3
[INFO] [stderr]    Compiling regex v1.5.4
[INFO] [stderr]    Compiling plotters v0.3.1
[INFO] [stderr]    Compiling itertools v0.10.1
[INFO] [stderr]    Compiling bstr v0.2.16
[INFO] [stderr]    Compiling tinytemplate v1.2.1
[INFO] [stderr]    Compiling serde_cbor v0.11.1
[INFO] [stderr]    Compiling oorandom v11.1.3
[INFO] [stderr]    Compiling rand v0.8.4
[INFO] [stderr]    Compiling csv v1.1.6
[INFO] [stderr]    Compiling criterion v0.3.4
[INFO] [stderr]    Compiling datastructures_in_rust v0.1.0 (/opt/rustwide/workdir)
[INFO] [stderr]     Finished test [unoptimized + debuginfo] target(s) in 22.79s
[INFO] [stderr] warning: the following packages contain code that will be rejected by a future version of Rust: criterion v0.3.4
[INFO] [stderr] note: to see what the problems were, use the option `--future-incompat-report`, or run `cargo report future-incompatibilities --id 1`
[INFO] running `Command { std: "docker" "inspect" "a006675b5a9a4b7e5c9734c081ffeab218fb2837bfe587f3dfe69ea9b45024e2", kill_on_drop: false }`
[INFO] running `Command { std: "docker" "rm" "-f" "a006675b5a9a4b7e5c9734c081ffeab218fb2837bfe587f3dfe69ea9b45024e2", kill_on_drop: false }`
[INFO] [stdout] a006675b5a9a4b7e5c9734c081ffeab218fb2837bfe587f3dfe69ea9b45024e2
[INFO] running `Command { std: "docker" "create" "-v" "/var/lib/crater-agent-workspace/builds/worker-5-tc1/target:/opt/rustwide/target:rw,Z" "-v" "/var/lib/crater-agent-workspace/builds/worker-5-tc1/source:/opt/rustwide/workdir:ro,Z" "-v" "/var/lib/crater-agent-workspace/cargo-home:/opt/rustwide/cargo-home:ro,Z" "-v" "/var/lib/crater-agent-workspace/rustup-home:/opt/rustwide/rustup-home:ro,Z" "-e" "SOURCE_DIR=/opt/rustwide/workdir" "-e" "CARGO_TARGET_DIR=/opt/rustwide/target" "-e" "CARGO_INCREMENTAL=0" "-e" "RUST_BACKTRACE=full" "-e" "RUSTFLAGS=--cap-lints=warn" "-e" "RUSTDOCFLAGS=--cap-lints=warn" "-e" "CARGO_HOME=/opt/rustwide/cargo-home" "-e" "RUSTUP_HOME=/opt/rustwide/rustup-home" "-w" "/opt/rustwide/workdir" "-m" "1610612736" "--user" "0:0" "--network" "none" "ghcr.io/rust-lang/crates-build-env/linux@sha256:2788e3201cd34a07e3172128adcd8b3090168a8e3bcc40d7c032b9dda1df7d1c" "/opt/rustwide/cargo-home/bin/cargo" "+1.75.0" "test" "--frozen", kill_on_drop: false }`
[INFO] [stdout] dbed06c2f494480ae4a4750d31a46192b2fd03f9a4022abb6f9f719290429c37
[INFO] running `Command { std: "docker" "start" "-a" "dbed06c2f494480ae4a4750d31a46192b2fd03f9a4022abb6f9f719290429c37", kill_on_drop: false }`
[INFO] [stderr]     Finished test [unoptimized + debuginfo] target(s) in 0.04s
[INFO] [stderr] warning: the following packages contain code that will be rejected by a future version of Rust: criterion v0.3.4
[INFO] [stderr] note: to see what the problems were, use the option `--future-incompat-report`, or run `cargo report future-incompatibilities --id 1`
[INFO] [stderr]      Running unittests src/lib.rs (/opt/rustwide/target/debug/deps/datastructures_in_rust-f70c38451a5a2213)
[INFO] [stdout] 
[INFO] [stdout] running 12 tests
[INFO] [stdout] test intervals::brute_force::test::query_works ... ok
[INFO] [stdout] test intervals::segment_tree::array_based_segment_tree::tests::queries_correctly ... ok
[INFO] [stdout] test intervals::segment_tree::array_based_segment_tree::tests::initializes_correctly ... ok
[INFO] [stdout] test intervals::segment_tree::array_based_segment_tree::tests::pretty_print_prints_correctly ... ok
[INFO] [stdout] test intervals::segment_tree::array_based_segment_tree::tests::updates_correctly ... ok
[INFO] [stdout] test intervals::segment_tree::dynamic_segment_tree::tests::dynamic_segment_tree::initializes_correctly ... ok
[INFO] [stdout] test intervals::segment_tree::dynamic_segment_tree::tests::dynamic_segment_tree::pretty_print_works ... ok
[INFO] [stdout] test intervals::segment_tree::dynamic_segment_tree::tests::dynamic_segment_tree::query_works ... ok
[INFO] [stdout] test leetcode::parser::tests::invalid_format_fails ... ok
[INFO] [stdout] test leetcode::parser::tests::items_initialized_correctly ... ok
[INFO] [stdout] test leetcode::parser::tests::converstion_works ... ok
[INFO] [stdout] test intervals::segment_tree::dynamic_segment_tree_with_range_updates::tests::update_and_query_works_for_max ... ok
[INFO] [stdout] 
[INFO] [stdout] test result: ok. 12 passed; 0 failed; 0 ignored; 0 measured; 0 filtered out; finished in 0.00s
[INFO] [stdout] 
[INFO] [stderr]      Running unittests src/main.rs (/opt/rustwide/target/debug/deps/datastructures_in_rust-a21607165b42e056)
[INFO] [stdout] 
[INFO] [stdout] running 0 tests
[INFO] [stdout] 
[INFO] [stdout] test result: ok. 0 passed; 0 failed; 0 ignored; 0 measured; 0 filtered out; finished in 0.00s
[INFO] [stdout] 
[INFO] [stderr]      Running tests/segment_tree.rs (/opt/rustwide/target/debug/deps/segment_tree-0489c5e8955ea2b6)
[INFO] [stdout] 
[INFO] [stdout] running 2 tests
[INFO] [stdout] DYNAMIC_SEGMENT_TREE
[INFO] [stdout]   `- [0..=9] => 62 (pending:None)
[INFO] [stdout]      |- [0..=4] => 22 (pending:None)
[INFO] [stdout]      |  |- [0..=2] => 13 (pending:None)
[INFO] [stdout]      |  |  |- [0..=1] => 10 (pending:Some(10))
[INFO] [stdout]      |  |  |  |- [0..=0] => 1 (pending:None)
[INFO] [stdout]      |  |  |  `- [1..=1] => 2 (pending:None)
[INFO] [stdout]      |  |  `- [2..=2] => 3 (pending:None)
[INFO] [stdout]      |  `- [3..=4] => 9 (pending:None)
[INFO] [stdout]      |     |- [3..=3] => 4 (pending:None)
[INFO] [stdout]      |     `- [4..=4] => 5 (pending:None)
[INFO] [stdout]      `- [5..=9] => 40 (pending:None)
[INFO] [stdout]         |- [5..=7] => 21 (pending:None)
[INFO] [stdout]         |  |- [5..=6] => 13 (pending:None)
[INFO] [stdout]         |  |  |- [5..=5] => 6 (pending:None)
[INFO] [stdout]         |  |  `- [6..=6] => 7 (pending:None)
[INFO] [stdout]         |  `- [7..=7] => 8 (pending:None)
[INFO] [stdout]         `- [8..=9] => 19 (pending:None)
[INFO] [stdout]            |- [8..=8] => 9 (pending:None)
[INFO] [stdout]            `- [9..=9] => 10 (pending:None)
[INFO] [stdout] test update_works ... FAILED
[INFO] [stdout] test query_works ... ok
[INFO] [stdout] 
[INFO] [stdout] failures:
[INFO] [stdout] 
[INFO] [stdout] ---- update_works stdout ----
[INFO] [stdout] bt:[10, 10, 3, 4, 5, 6, 7, 8, 9, 10]thread 'update_works' panicked at tests/segment_tree.rs:43:9:
[INFO] [stdout] assertion `left == right` failed
[INFO] [stdout]   left: Some(10)
[INFO] [stdout]  right: Some(20)
[INFO] [stdout] stack backtrace:
[INFO] [stdout]    0:     0x55a5932e237c - std::backtrace_rs::backtrace::libunwind::trace::ha637c64ce894333a
[INFO] [stdout]                                at /rustc/82e1608dfa6e0b5569232559e3d385fea5a93112/library/std/src/../../backtrace/src/backtrace/libunwind.rs:104:5
[INFO] [stdout]    1:     0x55a5932e237c - std::backtrace_rs::backtrace::trace_unsynchronized::h47f62dea28e0c88d
[INFO] [stdout]                                at /rustc/82e1608dfa6e0b5569232559e3d385fea5a93112/library/std/src/../../backtrace/src/backtrace/mod.rs:66:5
[INFO] [stdout]    2:     0x55a5932e237c - std::sys_common::backtrace::_print_fmt::h9eef0abe20ede486
[INFO] [stdout]                                at /rustc/82e1608dfa6e0b5569232559e3d385fea5a93112/library/std/src/sys_common/backtrace.rs:67:5
[INFO] [stdout]    3:     0x55a5932e237c - <std::sys_common::backtrace::_print::DisplayBacktrace as core::fmt::Display>::fmt::hed7f999df88cc644
[INFO] [stdout]                                at /rustc/82e1608dfa6e0b5569232559e3d385fea5a93112/library/std/src/sys_common/backtrace.rs:44:22
[INFO] [stdout]    4:     0x55a59330bf80 - core::fmt::rt::Argument::fmt::h1539a9308b8d058d
[INFO] [stdout]                                at /rustc/82e1608dfa6e0b5569232559e3d385fea5a93112/library/core/src/fmt/rt.rs:142:9
[INFO] [stdout]    5:     0x55a59330bf80 - core::fmt::write::h3a39390d8560d9c9
[INFO] [stdout]                                at /rustc/82e1608dfa6e0b5569232559e3d385fea5a93112/library/core/src/fmt/mod.rs:1120:17
[INFO] [stdout]    6:     0x55a5932dfd2f - std::io::Write::write_fmt::h040b369f3a0f9cbc
[INFO] [stdout]                                at /rustc/82e1608dfa6e0b5569232559e3d385fea5a93112/library/std/src/io/mod.rs:1762:15
[INFO] [stdout]    7:     0x55a5932e2164 - std::sys_common::backtrace::_print::h894006fb5c6f3d45
[INFO] [stdout]                                at /rustc/82e1608dfa6e0b5569232559e3d385fea5a93112/library/std/src/sys_common/backtrace.rs:47:5
[INFO] [stdout]    8:     0x55a5932e2164 - std::sys_common::backtrace::print::h23a2d212c6fff936
[INFO] [stdout]                                at /rustc/82e1608dfa6e0b5569232559e3d385fea5a93112/library/std/src/sys_common/backtrace.rs:34:9
[INFO] [stdout]    9:     0x55a5932e3e27 - std::panicking::default_hook::{{closure}}::h8a1d2ee00185001a
[INFO] [stdout]   10:     0x55a5932e3b13 - std::panicking::default_hook::h6038f2eba384e475
[INFO] [stdout]                                at /rustc/82e1608dfa6e0b5569232559e3d385fea5a93112/library/std/src/panicking.rs:289:9
[INFO] [stdout]   11:     0x55a59326b1a7 - <alloc::boxed::Box<F,A> as core::ops::function::Fn<Args>>::call::h0ad024c9bdc6d768
[INFO] [stdout]                                at /rustc/82e1608dfa6e0b5569232559e3d385fea5a93112/library/alloc/src/boxed.rs:2021:9
[INFO] [stdout]   12:     0x55a59326b1a7 - test::test_main::{{closure}}::h7500b54257359db6
[INFO] [stdout]                                at /rustc/82e1608dfa6e0b5569232559e3d385fea5a93112/library/test/src/lib.rs:138:21
[INFO] [stdout]   13:     0x55a5932e4438 - <alloc::boxed::Box<F,A> as core::ops::function::Fn<Args>>::call::h1f8f335eaa9cfaee
[INFO] [stdout]                                at /rustc/82e1608dfa6e0b5569232559e3d385fea5a93112/library/alloc/src/boxed.rs:2021:9
[INFO] [stdout]   14:     0x55a5932e4438 - std::panicking::rust_panic_with_hook::h2b5517d590cab22e
[INFO] [stdout]                                at /rustc/82e1608dfa6e0b5569232559e3d385fea5a93112/library/std/src/panicking.rs:783:13
[INFO] [stdout]   15:     0x55a5932e418e - std::panicking::begin_panic_handler::{{closure}}::h233112c06e0ef43e
[INFO] [stdout]                                at /rustc/82e1608dfa6e0b5569232559e3d385fea5a93112/library/std/src/panicking.rs:657:13
[INFO] [stdout]   16:     0x55a5932e2846 - std::sys_common::backtrace::__rust_end_short_backtrace::h6e893f24d7ebbff8
[INFO] [stdout]                                at /rustc/82e1608dfa6e0b5569232559e3d385fea5a93112/library/std/src/sys_common/backtrace.rs:170:18
[INFO] [stdout]   17:     0x55a5932e3ef2 - rust_begin_unwind
[INFO] [stdout]                                at /rustc/82e1608dfa6e0b5569232559e3d385fea5a93112/library/std/src/panicking.rs:645:5
[INFO] [stdout]   18:     0x55a59322a155 - core::panicking::panic_fmt::hbf0e066aabfa482c
[INFO] [stdout]                                at /rustc/82e1608dfa6e0b5569232559e3d385fea5a93112/library/core/src/panicking.rs:72:14
[INFO] [stdout]   19:     0x55a59322a56b - core::panicking::assert_failed_inner::h0bba8b7c26ee4492
[INFO] [stdout]   20:     0x55a59323228e - core::panicking::assert_failed::h3b2135457cbbe04e
[INFO] [stdout]                                at /rustc/82e1608dfa6e0b5569232559e3d385fea5a93112/library/core/src/panicking.rs:279:5
[INFO] [stdout]   21:     0x55a593234900 - segment_tree::update_works::{{closure}}::hf89abfeb7c2ea83f
[INFO] [stdout]                                at /opt/rustwide/workdir/tests/segment_tree.rs:43:9
[INFO] [stdout]   22:     0x55a5932375a7 - <core::slice::iter::Iter<T> as core::iter::traits::iterator::Iterator>::for_each::h2a70d07e4076a003
[INFO] [stdout]                                at /rustc/82e1608dfa6e0b5569232559e3d385fea5a93112/library/core/src/slice/iter/macros.rs:254:21
[INFO] [stdout]   23:     0x55a593234545 - segment_tree::update_works::h94b90ff19cd5f9a5
[INFO] [stdout]                                at /opt/rustwide/workdir/tests/segment_tree.rs:37:5
[INFO] [stdout]   24:     0x55a593234297 - segment_tree::update_works::{{closure}}::h6d1d06161753a4ee
[INFO] [stdout]                                at /opt/rustwide/workdir/tests/segment_tree.rs:31:18
[INFO] [stdout]   25:     0x55a5932355b6 - core::ops::function::FnOnce::call_once::h32363cc548b8f633
[INFO] [stdout]                                at /rustc/82e1608dfa6e0b5569232559e3d385fea5a93112/library/core/src/ops/function.rs:250:5
[INFO] [stdout]   26:     0x55a5932707ff - core::ops::function::FnOnce::call_once::h2b5d431d5046312d
[INFO] [stdout]                                at /rustc/82e1608dfa6e0b5569232559e3d385fea5a93112/library/core/src/ops/function.rs:250:5
[INFO] [stdout]   27:     0x55a5932707ff - test::__rust_begin_short_backtrace::h7714669af176e207
[INFO] [stdout]                                at /rustc/82e1608dfa6e0b5569232559e3d385fea5a93112/library/test/src/lib.rs:628:18
[INFO] [stdout]   28:     0x55a59326f815 - test::run_test_in_process::{{closure}}::h85218797dcbcec12
[INFO] [stdout]                                at /rustc/82e1608dfa6e0b5569232559e3d385fea5a93112/library/test/src/lib.rs:651:60
[INFO] [stdout]   29:     0x55a59326f815 - <core::panic::unwind_safe::AssertUnwindSafe<F> as core::ops::function::FnOnce<()>>::call_once::h76c106ea31c14d7b
[INFO] [stdout]                                at /rustc/82e1608dfa6e0b5569232559e3d385fea5a93112/library/core/src/panic/unwind_safe.rs:272:9
[INFO] [stdout]   30:     0x55a59326f815 - std::panicking::try::do_call::h3bd5d0f6620ee946
[INFO] [stdout]                                at /rustc/82e1608dfa6e0b5569232559e3d385fea5a93112/library/std/src/panicking.rs:552:40
[INFO] [stdout]   31:     0x55a59326f815 - std::panicking::try::h232e535e4744fe31
[INFO] [stdout]                                at /rustc/82e1608dfa6e0b5569232559e3d385fea5a93112/library/std/src/panicking.rs:516:19
[INFO] [stdout]   32:     0x55a59326f815 - std::panic::catch_unwind::h3ce3bd6ca8dbac68
[INFO] [stdout]                                at /rustc/82e1608dfa6e0b5569232559e3d385fea5a93112/library/std/src/panic.rs:142:14
[INFO] [stdout]   33:     0x55a59326f815 - test::run_test_in_process::hc97b257c9621286a
[INFO] [stdout]                                at /rustc/82e1608dfa6e0b5569232559e3d385fea5a93112/library/test/src/lib.rs:651:27
[INFO] [stdout]   34:     0x55a59326f815 - test::run_test::{{closure}}::h2aa798823a438d38
[INFO] [stdout]                                at /rustc/82e1608dfa6e0b5569232559e3d385fea5a93112/library/test/src/lib.rs:574:43
[INFO] [stdout]   35:     0x55a593237ad6 - test::run_test::{{closure}}::h87d231c78fb59832
[INFO] [stdout]                                at /rustc/82e1608dfa6e0b5569232559e3d385fea5a93112/library/test/src/lib.rs:602:41
[INFO] [stdout]   36:     0x55a593237ad6 - std::sys_common::backtrace::__rust_begin_short_backtrace::he6df152596625789
[INFO] [stdout]                                at /rustc/82e1608dfa6e0b5569232559e3d385fea5a93112/library/std/src/sys_common/backtrace.rs:154:18
[INFO] [stdout]   37:     0x55a59323cb87 - std::thread::Builder::spawn_unchecked_::{{closure}}::{{closure}}::ha94be15d1e0acf36
[INFO] [stdout]                                at /rustc/82e1608dfa6e0b5569232559e3d385fea5a93112/library/std/src/thread/mod.rs:529:17
[INFO] [stdout]   38:     0x55a59323cb87 - <core::panic::unwind_safe::AssertUnwindSafe<F> as core::ops::function::FnOnce<()>>::call_once::h9dc6bd6372f16606
[INFO] [stdout]                                at /rustc/82e1608dfa6e0b5569232559e3d385fea5a93112/library/core/src/panic/unwind_safe.rs:272:9
[INFO] [stdout]   39:     0x55a59323cb87 - std::panicking::try::do_call::h9057517f80303cd4
[INFO] [stdout]                                at /rustc/82e1608dfa6e0b5569232559e3d385fea5a93112/library/std/src/panicking.rs:552:40
[INFO] [stdout]   40:     0x55a59323cb87 - std::panicking::try::he3a30b11ee45340c
[INFO] [stdout]                                at /rustc/82e1608dfa6e0b5569232559e3d385fea5a93112/library/std/src/panicking.rs:516:19
[INFO] [stdout]   41:     0x55a59323cb87 - std::panic::catch_unwind::h410458cfd3528b8b
[INFO] [stdout]                                at /rustc/82e1608dfa6e0b5569232559e3d385fea5a93112/library/std/src/panic.rs:142:14
[INFO] [stdout]   42:     0x55a59323cb87 - std::thread::Builder::spawn_unchecked_::{{closure}}::h72ac3bdb567b737b
[INFO] [stdout]                                at /rustc/82e1608dfa6e0b5569232559e3d385fea5a93112/library/std/src/thread/mod.rs:528:30
[INFO] [stdout]   43:     0x55a59323cb87 - core::ops::function::FnOnce::call_once{{vtable.shim}}::h38f34da3654a8344
[INFO] [stdout]                                at /rustc/82e1608dfa6e0b5569232559e3d385fea5a93112/library/core/src/ops/function.rs:250:5
[INFO] [stdout]   44:     0x55a5932e8ec5 - <alloc::boxed::Box<F,A> as core::ops::function::FnOnce<Args>>::call_once::hc7eafaff61e32df9
[INFO] [stdout]                                at /rustc/82e1608dfa6e0b5569232559e3d385fea5a93112/library/alloc/src/boxed.rs:2007:9
[INFO] [stdout]   45:     0x55a5932e8ec5 - <alloc::boxed::Box<F,A> as core::ops::function::FnOnce<Args>>::call_once::h6ba4a5de48dd2304
[INFO] [stdout]                                at /rustc/82e1608dfa6e0b5569232559e3d385fea5a93112/library/alloc/src/boxed.rs:2007:9
[INFO] [stdout]   46:     0x55a5932e8ec5 - std::sys::unix::thread::Thread::new::thread_start::he469335aef763e45
[INFO] [stdout]                                at /rustc/82e1608dfa6e0b5569232559e3d385fea5a93112/library/std/src/sys/unix/thread.rs:108:17
[INFO] [stdout]   47:     0x7f3770b73ac3 - <unknown>
[INFO] [stdout]   48:     0x7f3770c04bf4 - __clone
[INFO] [stdout]   49:                0x0 - <unknown>
[INFO] [stdout] 
[INFO] [stdout] 
[INFO] [stdout] failures:
[INFO] [stdout]     update_works
[INFO] [stdout] 
[INFO] [stdout] test result: FAILED. 1 passed; 1 failed; 0 ignored; 0 measured; 0 filtered out; finished in 0.02s
[INFO] [stdout] 
[INFO] [stderr] error: test failed, to rerun pass `--test segment_tree`
[INFO] running `Command { std: "docker" "inspect" "dbed06c2f494480ae4a4750d31a46192b2fd03f9a4022abb6f9f719290429c37", kill_on_drop: false }`
[INFO] running `Command { std: "docker" "rm" "-f" "dbed06c2f494480ae4a4750d31a46192b2fd03f9a4022abb6f9f719290429c37", kill_on_drop: false }`
[INFO] [stdout] dbed06c2f494480ae4a4750d31a46192b2fd03f9a4022abb6f9f719290429c37
