[INFO] cloning repository https://github.com/pop-os/just
[INFO] running `Command { std: "git" "-c" "credential.helper=" "-c" "credential.helper=/workspace/cargo-home/bin/git-credential-null" "clone" "--bare" "https://github.com/pop-os/just" "/workspace/cache/git-repos/https%3A%2F%2Fgithub.com%2Fpop-os%2Fjust", kill_on_drop: false }`
[INFO] [stderr] Cloning into bare repository '/workspace/cache/git-repos/https%3A%2F%2Fgithub.com%2Fpop-os%2Fjust'...
[INFO] running `Command { std: "git" "rev-parse" "HEAD", kill_on_drop: false }`
[INFO] [stdout] 735ce0c2a3519ea3fa26a3fbf65650b72b9f9440
[INFO] testing pop-os/just against 1.75.0 for beta-1.76-1
[INFO] running `Command { std: "git" "clone" "/workspace/cache/git-repos/https%3A%2F%2Fgithub.com%2Fpop-os%2Fjust" "/workspace/builds/worker-5-tc1/source", kill_on_drop: false }`
[INFO] [stderr] Cloning into '/workspace/builds/worker-5-tc1/source'...
[INFO] [stderr] done.
[INFO] validating manifest of git repo https://github.com/pop-os/just on toolchain 1.75.0
[INFO] running `Command { std: CARGO_HOME="/workspace/cargo-home" RUSTUP_HOME="/workspace/rustup-home" "/workspace/cargo-home/bin/cargo" "+1.75.0" "metadata" "--manifest-path" "Cargo.toml" "--no-deps", kill_on_drop: false }`
[INFO] started tweaking git repo https://github.com/pop-os/just
[INFO] removed 0 missing tests
[INFO] finished tweaking git repo https://github.com/pop-os/just
[INFO] tweaked toml for git repo https://github.com/pop-os/just written to /workspace/builds/worker-5-tc1/source/Cargo.toml
[INFO] crate git repo https://github.com/pop-os/just already has a lockfile, it will not be regenerated
[INFO] running `Command { std: CARGO_HOME="/workspace/cargo-home" RUSTUP_HOME="/workspace/rustup-home" "/workspace/cargo-home/bin/cargo" "+1.75.0" "fetch" "--manifest-path" "Cargo.toml", kill_on_drop: false }`
[INFO] [stderr]     Blocking waiting for file lock on package cache
[INFO] [stderr]     Updating crates.io index
[INFO] [stderr]  Downloading crates ...
[INFO] [stderr]   Downloaded target v2.0.0
[INFO] [stderr]   Downloaded lexiclean v0.0.1
[INFO] [stderr]   Downloaded temptree v0.2.0
[INFO] [stderr]   Downloaded executable-path v1.0.0
[INFO] [stderr]   Downloaded cradle v0.2.2
[INFO] running `Command { std: "docker" "create" "-v" "/var/lib/crater-agent-workspace/builds/worker-5-tc1/target:/opt/rustwide/target:rw,Z" "-v" "/var/lib/crater-agent-workspace/builds/worker-5-tc1/source:/opt/rustwide/workdir:ro,Z" "-v" "/var/lib/crater-agent-workspace/cargo-home:/opt/rustwide/cargo-home:ro,Z" "-v" "/var/lib/crater-agent-workspace/rustup-home:/opt/rustwide/rustup-home:ro,Z" "-e" "SOURCE_DIR=/opt/rustwide/workdir" "-e" "CARGO_TARGET_DIR=/opt/rustwide/target" "-e" "CARGO_HOME=/opt/rustwide/cargo-home" "-e" "RUSTUP_HOME=/opt/rustwide/rustup-home" "-w" "/opt/rustwide/workdir" "-m" "1610612736" "--user" "0:0" "--network" "none" "ghcr.io/rust-lang/crates-build-env/linux@sha256:2788e3201cd34a07e3172128adcd8b3090168a8e3bcc40d7c032b9dda1df7d1c" "/opt/rustwide/cargo-home/bin/cargo" "+1.75.0" "metadata" "--no-deps" "--format-version=1", kill_on_drop: false }`
[INFO] [stdout] 1e9ce7a8d48e90f4c0f10ba6f0caadec7ccb6cd5961cd49734d50443f5f4f047
[INFO] running `Command { std: "docker" "start" "-a" "1e9ce7a8d48e90f4c0f10ba6f0caadec7ccb6cd5961cd49734d50443f5f4f047", kill_on_drop: false }`
[INFO] running `Command { std: "docker" "inspect" "1e9ce7a8d48e90f4c0f10ba6f0caadec7ccb6cd5961cd49734d50443f5f4f047", kill_on_drop: false }`
[INFO] running `Command { std: "docker" "rm" "-f" "1e9ce7a8d48e90f4c0f10ba6f0caadec7ccb6cd5961cd49734d50443f5f4f047", kill_on_drop: false }`
[INFO] [stdout] 1e9ce7a8d48e90f4c0f10ba6f0caadec7ccb6cd5961cd49734d50443f5f4f047
[INFO] running `Command { std: "docker" "create" "-v" "/var/lib/crater-agent-workspace/builds/worker-5-tc1/target:/opt/rustwide/target:rw,Z" "-v" "/var/lib/crater-agent-workspace/builds/worker-5-tc1/source:/opt/rustwide/workdir:ro,Z" "-v" "/var/lib/crater-agent-workspace/cargo-home:/opt/rustwide/cargo-home:ro,Z" "-v" "/var/lib/crater-agent-workspace/rustup-home:/opt/rustwide/rustup-home:ro,Z" "-e" "SOURCE_DIR=/opt/rustwide/workdir" "-e" "CARGO_TARGET_DIR=/opt/rustwide/target" "-e" "CARGO_INCREMENTAL=0" "-e" "RUST_BACKTRACE=full" "-e" "RUSTFLAGS=--cap-lints=warn" "-e" "RUSTDOCFLAGS=--cap-lints=warn" "-e" "CARGO_HOME=/opt/rustwide/cargo-home" "-e" "RUSTUP_HOME=/opt/rustwide/rustup-home" "-w" "/opt/rustwide/workdir" "-m" "1610612736" "--user" "0:0" "--network" "none" "ghcr.io/rust-lang/crates-build-env/linux@sha256:2788e3201cd34a07e3172128adcd8b3090168a8e3bcc40d7c032b9dda1df7d1c" "/opt/rustwide/cargo-home/bin/cargo" "+1.75.0" "build" "--frozen" "--message-format=json", kill_on_drop: false }`
[INFO] [stdout] b906d4bb4ed148288efce1cb0dc42a461b2e004ec15d8a526c6988ce1dd4064a
[INFO] running `Command { std: "docker" "start" "-a" "b906d4bb4ed148288efce1cb0dc42a461b2e004ec15d8a526c6988ce1dd4064a", kill_on_drop: false }`
[INFO] [stderr]    Compiling libc v0.2.151
[INFO] [stderr]    Compiling proc-macro2 v1.0.72
[INFO] [stderr]    Compiling unicode-ident v1.0.12
[INFO] [stderr]    Compiling typenum v1.17.0
[INFO] [stderr]    Compiling version_check v0.9.4
[INFO] [stderr]    Compiling bitflags v2.4.1
[INFO] [stderr]    Compiling cfg-if v1.0.0
[INFO] [stderr]    Compiling memchr v2.7.1
[INFO] [stderr]    Compiling syn v1.0.109
[INFO] [stderr]    Compiling rustix v0.38.28
[INFO] [stderr]    Compiling generic-array v0.14.7
[INFO] [stderr]    Compiling rustversion v1.0.14
[INFO] [stderr]    Compiling linux-raw-sys v0.4.12
[INFO] [stderr]    Compiling heck v0.4.1
[INFO] [stderr]    Compiling aho-corasick v1.1.2
[INFO] [stderr]    Compiling doc-comment v0.3.3
[INFO] [stderr]    Compiling serde v1.0.193
[INFO] [stderr]    Compiling quote v1.0.34
[INFO] [stderr]    Compiling regex-syntax v0.8.2
[INFO] [stderr]    Compiling syn v2.0.43
[INFO] [stderr]    Compiling term_size v0.3.2
[INFO] [stderr]    Compiling crypto-common v0.1.6
[INFO] [stderr]    Compiling block-buffer v0.10.4
[INFO] [stderr]    Compiling unicode-width v0.1.11
[INFO] [stderr]    Compiling serde_json v1.0.108
[INFO] [stderr]    Compiling semver v1.0.20
[INFO] [stderr]    Compiling camino v1.1.6
[INFO] [stderr]    Compiling lazy_static v1.4.0
[INFO] [stderr]    Compiling option-ext v0.2.0
[INFO] [stderr]    Compiling regex-automata v0.1.10
[INFO] [stderr]    Compiling dirs-sys v0.4.1
[INFO] [stderr]    Compiling textwrap v0.11.0
[INFO] [stderr]    Compiling bstr v0.2.17
[INFO] [stderr]    Compiling regex-automata v0.4.3
[INFO] [stderr]    Compiling is-terminal v0.4.10
[INFO] [stderr]    Compiling digest v0.10.7
[INFO] [stderr]    Compiling atty v0.2.14
[INFO] [stderr]    Compiling getrandom v0.2.11
[INFO] [stderr]    Compiling nix v0.27.1
[INFO] [stderr]    Compiling cpufeatures v0.2.11
[INFO] [stderr]    Compiling fastrand v2.0.1
[INFO] [stderr]    Compiling humantime v2.1.0
[INFO] [stderr]    Compiling itoa v1.0.10
[INFO] [stderr]    Compiling vec_map v0.8.2
[INFO] [stderr]    Compiling strsim v0.8.0
[INFO] [stderr]    Compiling ansi_term v0.12.1
[INFO] [stderr]    Compiling ryu v1.0.16
[INFO] [stderr]    Compiling termcolor v1.4.0
[INFO] [stderr]    Compiling unicode-segmentation v1.10.1
[INFO] [stderr]    Compiling log v0.4.20
[INFO] [stderr]    Compiling serde_derive v1.0.193
[INFO] [stderr]    Compiling strum_macros v0.25.3
[INFO] [stderr]    Compiling bitflags v1.3.2
[INFO] [stderr]    Compiling ctrlc v3.4.2
[INFO] [stderr]    Compiling clap v2.34.0
[INFO] [stderr]    Compiling similar v2.4.0
[INFO] [stderr]    Compiling tempfile v3.9.0
[INFO] [stderr]    Compiling sha2 v0.10.8
[INFO] [stderr]    Compiling regex v1.10.2
[INFO] [stderr]    Compiling env_logger v0.10.1
[INFO] [stderr]    Compiling uuid v1.6.1
[INFO] [stderr]    Compiling dirs v5.0.1
[INFO] [stderr]    Compiling num_cpus v1.16.0
[INFO] [stderr]    Compiling dotenvy v0.15.7
[INFO] [stderr]    Compiling strum v0.25.0
[INFO] [stderr]    Compiling typed-arena v2.0.2
[INFO] [stderr]    Compiling target v2.0.0
[INFO] [stderr]    Compiling edit-distance v2.1.0
[INFO] [stderr]    Compiling lexiclean v0.0.1
[INFO] [stderr]    Compiling snafu-derive v0.7.5
[INFO] [stderr]    Compiling derivative v2.2.0
[INFO] [stderr]    Compiling snafu v0.7.5
[INFO] [stderr]    Compiling just v1.22.0 (/opt/rustwide/workdir)
[INFO] [stderr]     Finished dev [unoptimized + debuginfo] target(s) in 30.63s
[INFO] running `Command { std: "docker" "inspect" "b906d4bb4ed148288efce1cb0dc42a461b2e004ec15d8a526c6988ce1dd4064a", kill_on_drop: false }`
[INFO] running `Command { std: "docker" "rm" "-f" "b906d4bb4ed148288efce1cb0dc42a461b2e004ec15d8a526c6988ce1dd4064a", kill_on_drop: false }`
[INFO] [stdout] b906d4bb4ed148288efce1cb0dc42a461b2e004ec15d8a526c6988ce1dd4064a
[INFO] running `Command { std: "docker" "create" "-v" "/var/lib/crater-agent-workspace/builds/worker-5-tc1/target:/opt/rustwide/target:rw,Z" "-v" "/var/lib/crater-agent-workspace/builds/worker-5-tc1/source:/opt/rustwide/workdir:ro,Z" "-v" "/var/lib/crater-agent-workspace/cargo-home:/opt/rustwide/cargo-home:ro,Z" "-v" "/var/lib/crater-agent-workspace/rustup-home:/opt/rustwide/rustup-home:ro,Z" "-e" "SOURCE_DIR=/opt/rustwide/workdir" "-e" "CARGO_TARGET_DIR=/opt/rustwide/target" "-e" "CARGO_INCREMENTAL=0" "-e" "RUST_BACKTRACE=full" "-e" "RUSTFLAGS=--cap-lints=warn" "-e" "RUSTDOCFLAGS=--cap-lints=warn" "-e" "CARGO_HOME=/opt/rustwide/cargo-home" "-e" "RUSTUP_HOME=/opt/rustwide/rustup-home" "-w" "/opt/rustwide/workdir" "-m" "1610612736" "--user" "0:0" "--network" "none" "ghcr.io/rust-lang/crates-build-env/linux@sha256:2788e3201cd34a07e3172128adcd8b3090168a8e3bcc40d7c032b9dda1df7d1c" "/opt/rustwide/cargo-home/bin/cargo" "+1.75.0" "test" "--frozen" "--no-run" "--message-format=json", kill_on_drop: false }`
[INFO] [stdout] a2582378dd36051b326e4597a60c8ae58bd134c108a56c45c7f685846fc0b18b
[INFO] running `Command { std: "docker" "start" "-a" "a2582378dd36051b326e4597a60c8ae58bd134c108a56c45c7f685846fc0b18b", kill_on_drop: false }`
[INFO] [stderr]    Compiling home v0.5.9
[INFO] [stderr]    Compiling either v1.9.0
[INFO] [stderr]    Compiling linked-hash-map v0.5.6
[INFO] [stderr]    Compiling yansi v0.5.1
[INFO] [stderr]    Compiling diff v0.1.13
[INFO] [stderr]    Compiling temptree v0.2.0
[INFO] [stderr]    Compiling cradle v0.2.2
[INFO] [stderr]    Compiling executable-path v1.0.0
[INFO] [stderr]    Compiling pretty_assertions v1.4.0
[INFO] [stderr]    Compiling which v5.0.0
[INFO] [stderr]    Compiling yaml-rust v0.4.5
[INFO] [stderr]    Compiling just v1.22.0 (/opt/rustwide/workdir)
[INFO] [stderr]     Finished test [unoptimized + debuginfo] target(s) in 10.61s
[INFO] running `Command { std: "docker" "inspect" "a2582378dd36051b326e4597a60c8ae58bd134c108a56c45c7f685846fc0b18b", kill_on_drop: false }`
[INFO] running `Command { std: "docker" "rm" "-f" "a2582378dd36051b326e4597a60c8ae58bd134c108a56c45c7f685846fc0b18b", kill_on_drop: false }`
[INFO] [stdout] a2582378dd36051b326e4597a60c8ae58bd134c108a56c45c7f685846fc0b18b
[INFO] running `Command { std: "docker" "create" "-v" "/var/lib/crater-agent-workspace/builds/worker-5-tc1/target:/opt/rustwide/target:rw,Z" "-v" "/var/lib/crater-agent-workspace/builds/worker-5-tc1/source:/opt/rustwide/workdir:ro,Z" "-v" "/var/lib/crater-agent-workspace/cargo-home:/opt/rustwide/cargo-home:ro,Z" "-v" "/var/lib/crater-agent-workspace/rustup-home:/opt/rustwide/rustup-home:ro,Z" "-e" "SOURCE_DIR=/opt/rustwide/workdir" "-e" "CARGO_TARGET_DIR=/opt/rustwide/target" "-e" "CARGO_INCREMENTAL=0" "-e" "RUST_BACKTRACE=full" "-e" "RUSTFLAGS=--cap-lints=warn" "-e" "RUSTDOCFLAGS=--cap-lints=warn" "-e" "CARGO_HOME=/opt/rustwide/cargo-home" "-e" "RUSTUP_HOME=/opt/rustwide/rustup-home" "-w" "/opt/rustwide/workdir" "-m" "1610612736" "--user" "0:0" "--network" "none" "ghcr.io/rust-lang/crates-build-env/linux@sha256:2788e3201cd34a07e3172128adcd8b3090168a8e3bcc40d7c032b9dda1df7d1c" "/opt/rustwide/cargo-home/bin/cargo" "+1.75.0" "test" "--frozen", kill_on_drop: false }`
[INFO] [stdout] fce732838895a9ba2e0f233dfde3d165fa81cd9b2b6caef9dc6e809654a90201
[INFO] running `Command { std: "docker" "start" "-a" "fce732838895a9ba2e0f233dfde3d165fa81cd9b2b6caef9dc6e809654a90201", kill_on_drop: false }`
[INFO] [stderr]     Finished test [unoptimized + debuginfo] target(s) in 0.08s
[INFO] [stderr]      Running unittests src/lib.rs (/opt/rustwide/target/debug/deps/just-469c85425842467c)
[INFO] [stdout] 
[INFO] [stdout] running 470 tests
[INFO] [stdout] test analyzer::tests::alias_shadows_recipe_before ... ok
[INFO] [stdout] test analyzer::tests::duplicate_variable ... ok
[INFO] [stdout] test analyzer::tests::unknown_alias_target ... ok
[INFO] [stdout] test analyzer::tests::duplicate_parameter ... ok
[INFO] [stdout] test analyzer::tests::required_after_default ... ok
[INFO] [stdout] test analyzer::tests::duplicate_recipe ... ok
[INFO] [stdout] test analyzer::tests::duplicate_variadic_parameter ... ok
[INFO] [stdout] test analyzer::tests::duplicate_alias ... ok
[INFO] [stdout] test assignment_resolver::tests::unknown_function_parameter ... ok
[INFO] [stdout] test assignment_resolver::tests::circular_variable_dependency ... ok
[INFO] [stdout] test assignment_resolver::tests::unknown_function_parameter_binary_first ... ok
[INFO] [stdout] test assignment_resolver::tests::unknown_expression_variable ... ok
[INFO] [stdout] test analyzer::tests::alias_shadows_recipe_after ... ok
[INFO] [stdout] test analyzer::tests::extra_whitespace ... ok
[INFO] [stdout] test assignment_resolver::tests::self_variable_dependency ... ok
[INFO] [stdout] test attribute::tests::to_str ... ok
[INFO] [stdout] test assignment_resolver::tests::unknown_function_parameter_binary_second ... ok
[INFO] [stdout] test config::tests::color_always ... ok
[INFO] [stdout] test config::tests::arguments_leading_equals ... ok
[INFO] [stdout] test compiler::tests::include_justfile ... ok
[INFO] [stdout] test config::tests::color_bad_value ... ok
[INFO] [stdout] test config::tests::arguments ... ok
[INFO] [stdout] test config::tests::changelog_arguments ... ok
[INFO] [stdout] test config::tests::color_default ... ok
[INFO] [stdout] test config::tests::completions_arguments ... ok
[INFO] [stdout] test config::tests::color_never ... ok
[INFO] [stdout] test config::tests::dry_run_quiet ... ok
[INFO] [stdout] test config::tests::default_config ... ok
[INFO] [stdout] test config::tests::dotenv_both_filename_and_path ... ok
[INFO] [stdout] test compiler::tests::recursive_includes_fail ... ok
[INFO] [stdout] test config::tests::dump_format ... ok
[INFO] [stdout] test config::tests::dry_run_long ... ok
[INFO] [stdout] test config::tests::dry_run_short ... ok
[INFO] [stdout] test config::tests::color_auto ... ok
[INFO] [stdout] test config::tests::dry_run_default ... ok
[INFO] [stdout] test config::tests::highlight_no ... ok
[INFO] [stdout] test config::tests::fmt_alias ... ok
[INFO] [stdout] test config::tests::edit_arguments ... ok
[INFO] [stdout] test config::tests::dump_arguments ... ok
[INFO] [stdout] test config::tests::fmt_arguments ... ok
[INFO] [stdout] test config::tests::highlight_default ... ok
[INFO] [stdout] test config::tests::list_arguments ... ok
[INFO] [stdout] test config::tests::highlight_yes ... ok
[INFO] [stdout] test config::tests::highlight_no_yes_no ... ok
[INFO] [stdout] test config::tests::highlight_no_yes ... ok
[INFO] [stdout] test config::tests::overrides_override_sets ... ok
[INFO] [stdout] test config::tests::overrides ... ok
[INFO] [stdout] test config::tests::highlight_yes_no ... ok
[INFO] [stdout] test config::tests::overrides_empty ... ok
[INFO] [stdout] test config::tests::init_alias ... ok
[INFO] [stdout] test config::tests::search_config_from_working_directory_and_justfile ... ok
[INFO] [stdout] test config::tests::quiet_long ... ok
[INFO] [stdout] test config::tests::init_arguments ... ok
[INFO] [stdout] test config::tests::quiet_default ... ok
[INFO] [stdout] test config::tests::search_config_justfile_short ... ok
[INFO] [stdout] test config::tests::search_config_default ... ok
[INFO] [stdout] test config::tests::search_config_justfile_long ... ok
[INFO] [stdout] test config::tests::quiet_short ... ok
[INFO] [stdout] test config::tests::search_directory_conflict_justfile ... ok
[INFO] [stdout] test config::tests::search_directory_child ... ok
[INFO] [stdout] test config::tests::search_directory_deep ... ok
[INFO] [stdout] test config::tests::search_directory_parent_with_recipe ... ok
[INFO] [stdout] test config::tests::search_directory_conflict_working_directory ... ok
[INFO] [stdout] test config::tests::search_directory_child_with_recipe ... ok
[INFO] [stdout] test config::tests::search_directory_parent ... ok
[INFO] [stdout] test config::tests::set_default ... ok
[INFO] [stdout] test config::tests::set_bad ... ok
[INFO] [stdout] test config::tests::shell_args_clear ... ok
[INFO] [stdout] test config::tests::set_override ... ok
[INFO] [stdout] test config::tests::set_empty ... ok
[INFO] [stdout] test config::tests::set_one ... ok
[INFO] [stdout] test config::tests::set_two ... ok
[INFO] [stdout] test config::tests::shell_args_set ... ok
[INFO] [stdout] test config::tests::shell_args_default ... ok
[INFO] [stdout] test config::tests::shell_args_set_hyphen ... ok
[INFO] [stdout] test config::tests::shell_args_set_multiple ... ok
[INFO] [stdout] test config::tests::shell_args_set_word ... ok
[INFO] [stdout] test config::tests::shell_default ... ok
[INFO] [stdout] test config::tests::shell_set ... ok
[INFO] [stdout] test config::tests::subcommand_completions_invalid ... ok
[INFO] [stdout] test config::tests::shell_args_set_and_clear ... ok
[INFO] [stdout] test config::tests::show_arguments ... ok
[INFO] [stdout] test config::tests::shell_args_set_multiple_and_clear ... ok
[INFO] [stdout] test config::tests::subcommand_completions_uppercase ... ok
[INFO] [stdout] test config::tests::subcommand_conflict_choose ... ok
[INFO] [stdout] test config::tests::subcommand_conflict_evaluate ... ok
[INFO] [stdout] test config::tests::subcommand_conflict_changelog ... ok
[INFO] [stdout] test config::tests::subcommand_completions ... ok
[INFO] [stdout] test config::tests::subcommand_conflict_completions ... ok
[INFO] [stdout] test config::tests::subcommand_conflict_dump ... ok
[INFO] [stdout] test config::tests::subcommand_conflict_fmt ... ok
[INFO] [stdout] test config::tests::shell_args_clear_and_set ... ok
[INFO] [stdout] test config::tests::subcommand_edit ... ok
[INFO] [stdout] test config::tests::subcommand_conflict_variables ... ok
[INFO] [stdout] test config::tests::subcommand_conflict_summary ... ok
[INFO] [stdout] test config::tests::subcommand_conflict_init ... ok
[INFO] [stdout] test config::tests::subcommand_conflict_show ... ok
[INFO] [stdout] test config::tests::subcommand_default ... ok
[INFO] [stdout] test config::tests::subcommand_overrides_and_arguments ... ok
[INFO] [stdout] test config::tests::subcommand_dump ... ok
[INFO] [stdout] test config::tests::subcommand_evaluate_overrides_with_argument ... ok
[INFO] [stdout] test config::tests::subcommand_evaluate ... ok
[INFO] [stdout] test config::tests::subcommand_show_no_arg ... ok
[INFO] [stdout] test config::tests::summary_overrides ... ok
[INFO] [stdout] test config::tests::summary_arguments ... ok
[INFO] [stdout] test config::tests::subcommand_list_long ... ok
[INFO] [stdout] test config::tests::subcommand_evaluate_overrides ... ok
[INFO] [stdout] test config::tests::subcommand_summary ... ok
[INFO] [stdout] test config::tests::subcommand_show_short ... ok
[INFO] [stdout] test config::tests::unsorted_default ... ok
[INFO] [stdout] test config::tests::subcommand_show_long ... ok
[INFO] [stdout] test config::tests::subcommand_list_short ... ok
[INFO] [stdout] test config::tests::unsorted_long ... ok
[INFO] [stdout] test enclosure::tests::tick ... ok
[INFO] [stdout] test config::tests::verbosity_great_grandiloquent ... ok
[INFO] [stdout] test config::tests::verbosity_default ... ok
[INFO] [stdout] test config::tests::verbosity_long ... ok
[INFO] [stdout] test config::tests::verbosity_loquacious ... ok
[INFO] [stdout] test count::tests::count ... ok
[INFO] [stdout] test config::tests::verbosity_grandiloquent ... ok
[INFO] [stdout] test config::tests::unsorted_short ... ok
[INFO] [stdout] test justfile::tests::concatenation_in_group ... ok
[INFO] [stdout] test justfile::tests::env_functions ... ok
[INFO] [stdout] test justfile::tests::escaped_dos_newlines ... ok
[INFO] [stdout] test justfile::tests::eof_test ... ok
[INFO] [stdout] test justfile::tests::missing_all_defaults ... ok
[INFO] [stdout] test justfile::tests::export_failure ... ok
[INFO] [stdout] test justfile::tests::missing_all_arguments ... ok
[INFO] [stdout] test evaluator::tests::backtick_code ... ok
[INFO] [stdout] test justfile::tests::parameter_default_concatenation_string ... ok
[INFO] [stdout] test evaluator::tests::export_assignment_backtick ... ok
[INFO] [stdout] test justfile::tests::parameter_default_backtick ... ok
[INFO] [stdout] test justfile::tests::missing_some_defaults ... ok
[INFO] [stdout] test justfile::tests::parameter_default_multiple ... ok
[INFO] [stdout] test justfile::tests::code_error ... ok
[INFO] [stdout] test justfile::tests::missing_some_arguments ... ok
[INFO] [stdout] test justfile::tests::parameter_default_raw_string ... ok
[INFO] [stdout] test justfile::tests::parse_alias_with_comment ... ok
[INFO] [stdout] test justfile::tests::parse_assignment_backticks ... ok
[INFO] [stdout] test justfile::tests::parse_assignments ... ok
[INFO] [stdout] test justfile::tests::missing_some_arguments_variadic ... ok
[INFO] [stdout] test justfile::tests::parse_alias_after_target ... ok
[INFO] [stdout] test justfile::tests::parameters ... ok
[INFO] [stdout] test justfile::tests::parameter_default_string ... ok
[INFO] [stdout] test justfile::tests::parse_empty ... ok
[INFO] [stdout] test justfile::tests::parameter_default_concatenation_variable ... ok
[INFO] [stdout] test justfile::tests::parse_complex ... ok
[INFO] [stdout] test justfile::tests::parse_alias_before_target ... ok
[INFO] [stdout] test justfile::tests::parse_variadic ... ok
[INFO] [stdout] test justfile::tests::parse_shebang ... ok
[INFO] [stdout] test justfile::tests::parse_export ... ok
[INFO] [stdout] test justfile::tests::parse_multiple ... ok
[INFO] [stdout] test justfile::tests::parse_string_default ... ok
[INFO] [stdout] test justfile::tests::parse_variadic_string_default ... ok
[INFO] [stdout] test justfile::tests::run_args ... ok
[INFO] [stdout] test justfile::tests::string_quote_escape ... ok
[INFO] [stdout] test justfile::tests::unary_functions ... ok
[INFO] [stdout] test justfile::tests::unknown_overrides ... ok
[INFO] [stdout] test justfile::tests::unknown_recipes ... ok
[INFO] [stdout] test justfile::tests::parse_simple_shebang ... ok
[INFO] [stdout] test justfile::tests::parse_interpolation_backticks ... ok
[INFO] [stdout] test justfile::tests::string_escapes ... ok
[INFO] [stdout] test justfile::tests::string_in_group ... ok
[INFO] [stdout] test lexer::tests::ampersand_ampersand ... ok
[INFO] [stdout] test justfile::tests::parse_raw_string_default ... ok
[INFO] [stdout] test lexer::tests::ampersand_eof ... ok
[INFO] [stdout] test lexer::tests::ampersand_unexpected ... ok
[INFO] [stdout] test lexer::tests::backtick_multi_line ... ok
[INFO] [stdout] test lexer::tests::brace_escape ... ok
[INFO] [stdout] test lexer::tests::bad_dedent ... ok
[INFO] [stdout] test lexer::tests::backtick ... ok
[INFO] [stdout] test justfile::tests::unknown_recipes_show_alias_suggestion ... ok
[INFO] [stdout] test lexer::tests::brace_r ... ok
[INFO] [stdout] test lexer::tests::brace_l ... ok
[INFO] [stdout] test lexer::tests::brace_rrr ... ok
[INFO] [stdout] test lexer::tests::brackets ... ok
[INFO] [stdout] test lexer::tests::brace_lll ... ok
[INFO] [stdout] test lexer::tests::comment ... ok
[INFO] [stdout] test lexer::tests::cooked_multiline_string ... ok
[INFO] [stdout] test lexer::tests::bang_equals ... ok
[INFO] [stdout] test justfile::tests::run_shebang ... ok
[INFO] [stdout] test lexer::tests::cooked_string_multi_line ... ok
[INFO] [stdout] test lexer::tests::cooked_string ... ok
[INFO] [stdout] test lexer::tests::crlf_newline ... ok
[INFO] [stdout] test lexer::tests::dollar ... ok
[INFO] [stdout] test lexer::tests::eol_linefeed ... ok
[INFO] [stdout] test lexer::tests::eol_carriage_return_linefeed ... ok
[INFO] [stdout] test lexer::tests::equals_equals ... ok
[INFO] [stdout] test lexer::tests::indent_indent_dedent_indent ... ok
[INFO] [stdout] test lexer::tests::equals ... ok
[INFO] [stdout] test lexer::tests::export_complex ... ok
[INFO] [stdout] test lexer::tests::export_concatenation ... ok
[INFO] [stdout] test lexer::tests::indent_recipe_dedent_indent ... ok
[INFO] [stdout] test lexer::tests::indented_block ... ok
[INFO] [stdout] test lexer::tests::indented_blocks ... ok
[INFO] [stdout] test lexer::tests::indented_line ... ok
[INFO] [stdout] test lexer::tests::indented_line_containing_unpaired_carriage_return ... ok
[INFO] [stdout] test lexer::tests::indented_normal_nonempty_blank ... ok
[INFO] [stdout] test lexer::tests::interpolation_expression ... ok
[INFO] [stdout] test lexer::tests::interpolation_empty ... ok
[INFO] [stdout] test lexer::tests::indented_normal ... ok
[INFO] [stdout] test lexer::tests::indented_block_followed_by_blank ... ok
[INFO] [stdout] test lexer::tests::indented_normal_multiple ... ok
[INFO] [stdout] test lexer::tests::interpolation_raw_multiline_string ... ok
[INFO] [stdout] test lexer::tests::mixed_leading_whitespace_indent ... ok
[INFO] [stdout] test lexer::tests::invalid_name_start_dash ... ok
[INFO] [stdout] test lexer::tests::invalid_name_start_digit ... ok
[INFO] [stdout] test lexer::tests::mismatched_closing_brace ... ok
[INFO] [stdout] test lexer::tests::indented_block_followed_by_item ... ok
[INFO] [stdout] test lexer::tests::mixed_leading_whitespace_normal ... ok
[INFO] [stdout] test lexer::tests::mixed_leading_whitespace_recipe ... ok
[INFO] [stdout] test lexer::tests::name_new ... ok
[INFO] [stdout] test lexer::tests::multiple_recipes ... ok
[INFO] [stdout] test lexer::tests::raw_string ... ok
[INFO] [stdout] test lexer::tests::raw_string_multi_line ... ok
[INFO] [stdout] test lexer::tests::presume_error ... ok
[INFO] [stdout] test lexer::tests::tokenize_comment_with_bang ... ok
[INFO] [stdout] test lexer::tests::tokenize_empty_interpolation ... ok
[INFO] [stdout] test lexer::tests::open_delimiter_eol ... ok
[INFO] [stdout] test lexer::tests::tokenize_indented_line ... ok
[INFO] [stdout] test lexer::tests::tokenize_interpolation_backticks ... ok
[INFO] [stdout] test lexer::tests::tokenize_junk ... ok
[INFO] [stdout] test lexer::tests::tokenize_assignment_backticks ... ok
[INFO] [stdout] test lexer::tests::tokenize_comment_before_variable ... ok
[INFO] [stdout] test lexer::tests::tokenize_empty_lines ... ok
[INFO] [stdout] test lexer::tests::tokenize_parens ... ok
[INFO] [stdout] test lexer::tests::tokenize_indented_block ... ok
[INFO] [stdout] test lexer::tests::tokenize_names ... ok
[INFO] [stdout] test lexer::tests::tokenize_order ... ok
[INFO] [stdout] test lexer::tests::tokenize_multiple ... ok
[INFO] [stdout] test lexer::tests::tokenize_comment ... ok
[INFO] [stdout] test lexer::tests::tokenize_space_then_tab ... ok
[INFO] [stdout] test lexer::tests::tokenize_recipe_multiple_interpolations ... ok
[INFO] [stdout] test lexer::tests::tokenize_strings ... ok
[INFO] [stdout] test lexer::tests::tokenize_recipe_interpolation_eof ... ok
[INFO] [stdout] test lexer::tests::tokenize_tabs_then_tab_space ... ok
[INFO] [stdout] test lexer::tests::tokenize_recipe_complex_interpolation_expression ... ok
[INFO] [stdout] test lexer::tests::unpaired_carriage_return ... ok
[INFO] [stdout] test lexer::tests::unexpected_character_after_at ... ok
[INFO] [stdout] test lexer::tests::unterminated_interpolation ... ok
[INFO] [stdout] test lexer::tests::unterminated_backtick ... ok
[INFO] [stdout] test lexer::tests::unclosed_interpolation_delimiter ... ok
[INFO] [stdout] test lexer::tests::tokenize_recipe_interpolation_eol ... ok
[INFO] [stdout] test list::tests::and ... ok
[INFO] [stdout] test list::tests::and_ticked ... ok
[INFO] [stdout] test list::tests::or ... ok
[INFO] [stdout] test lexer::tests::unterminated_raw_string ... ok
[INFO] [stdout] test lexer::tests::unterminated_string ... ok
[INFO] [stdout] test lexer::tests::unterminated_string_with_escapes ... ok
[INFO] [stdout] test lexer::tests::tokenize_unknown ... ok
[INFO] [stdout] test list::tests::or_ticked ... ok
[INFO] [stdout] test parser::tests::alias_equals ... ok
[INFO] [stdout] test parser::tests::alias_with_attribute ... ok
[INFO] [stdout] test parser::tests::aliases_multiple ... ok
[INFO] [stdout] test parser::tests::alias_syntax_multiple_rhs ... ok
[INFO] [stdout] test parser::tests::alias_single ... ok
[INFO] [stdout] test parser::tests::backtick ... ok
[INFO] [stdout] test parser::tests::assignment ... ok
[INFO] [stdout] test parser::tests::assignment_equals ... ok
[INFO] [stdout] test parser::tests::addition_single ... ok
[INFO] [stdout] test parser::tests::alias_syntax_no_rhs ... ok
[INFO] [stdout] test parser::tests::addition_chained ... ok
[INFO] [stdout] test parser::tests::comment_after_alias ... ok
[INFO] [stdout] test parser::tests::call_multiple_args ... ok
[INFO] [stdout] test parser::tests::call_one_arg ... ok
[INFO] [stdout] test parser::tests::call_trailing_comma ... ok
[INFO] [stdout] test parser::tests::comment_before_alias ... ok
[INFO] [stdout] test parser::tests::comment_export ... ok
[INFO] [stdout] test parser::tests::bad_export ... ok
[INFO] [stdout] test parser::tests::comment ... ok
[INFO] [stdout] test parser::tests::comment_assignment ... ok
[INFO] [stdout] test parser::tests::comment_recipe ... ok
[INFO] [stdout] test parser::tests::concatenation_in_default ... ok
[INFO] [stdout] test parser::tests::conditional_concatenations ... ok
[INFO] [stdout] test parser::tests::comment_recipe_dependencies ... ok
[INFO] [stdout] test parser::tests::conditional_nested_then ... ok
[INFO] [stdout] test parser::tests::conditional_nested_lhs ... ok
[INFO] [stdout] test parser::tests::doc_comment_assignment_clear ... ok
[INFO] [stdout] test parser::tests::doc_comment_middle ... ok
[INFO] [stdout] test parser::tests::doc_comment_single ... ok
[INFO] [stdout] test parser::tests::conditional_inverted ... ok
[INFO] [stdout] test parser::tests::empty_attribute ... ok
[INFO] [stdout] test parser::tests::concatenation_in_group ... ok
[INFO] [stdout] test parser::tests::doc_comment_recipe_clear ... ok
[INFO] [stdout] test parser::tests::conditional_nested_otherwise ... ok
[INFO] [stdout] test parser::tests::doc_comment_empty_line_clear ... ok
[INFO] [stdout] test parser::tests::conditional ... ok
[INFO] [stdout] test parser::tests::empty ... ok
[INFO] [stdout] test parser::tests::empty_body ... ok
[INFO] [stdout] test parser::tests::env_functions ... ok
[INFO] [stdout] test parser::tests::eof_test ... ok
[INFO] [stdout] test parser::tests::escaped_dos_newlines ... ok
[INFO] [stdout] test parser::tests::conditional_nested_rhs ... ok
[INFO] [stdout] test parser::tests::empty_multiline ... ok
[INFO] [stdout] test parser::tests::function_argument_count_binary_plus ... ok
[INFO] [stdout] test parser::tests::export ... ok
[INFO] [stdout] test parser::tests::function_argument_count_too_low_unary_opt ... ok
[INFO] [stdout] test parser::tests::function_argument_count_nullary ... ok
[INFO] [stdout] test parser::tests::function_argument_count_unary ... ok
[INFO] [stdout] test parser::tests::group ... ok
[INFO] [stdout] test parser::tests::export_equals ... ok
[INFO] [stdout] test parser::tests::indented_string_cooked ... ok
[INFO] [stdout] test parser::tests::import ... ok
[INFO] [stdout] test parser::tests::indented_backtick_no_dedent ... ok
[INFO] [stdout] test parser::tests::function_argument_count_ternary ... ok
[INFO] [stdout] test parser::tests::function_argument_count_binary ... ok
[INFO] [stdout] test parser::tests::function_argument_count_too_high_unary_opt ... ok
[INFO] [stdout] test parser::tests::indented_string_cooked_no_dedent ... ok
[INFO] [stdout] test parser::tests::missing_default_eof ... ok
[INFO] [stdout] test parser::tests::missing_default_eol ... ok
[INFO] [stdout] test parser::tests::indented_string_raw_with_dedent ... ok
[INFO] [stdout] test parser::tests::invalid_escape_sequence ... ok
[INFO] [stdout] test parser::tests::indented_string_raw_no_dedent ... ok
[INFO] [stdout] test parser::tests::module_with_path ... ok
[INFO] [stdout] test parser::tests::optional_module_with_path ... ok
[INFO] [stdout] test parser::tests::optional_import ... ok
[INFO] [stdout] test parser::tests::missing_colon ... ok
[INFO] [stdout] test parser::tests::missing_eol ... ok
[INFO] [stdout] test parser::tests::parameter_after_variadic ... ok
[INFO] [stdout] test parser::tests::parameter_default_backtick ... ok
[INFO] [stdout] test parser::tests::parameter_default_concatenation_string ... ok
[INFO] [stdout] test parser::tests::optional_module ... ok
[INFO] [stdout] test parser::tests::module_with ... ok
[INFO] [stdout] test parser::tests::indented_backtick ... ok
[INFO] [stdout] test parser::tests::parameter_default_concatenation_variable ... ok
[INFO] [stdout] test parser::tests::parameter_default_string ... ok
[INFO] [stdout] test parser::tests::parameter_default_raw_string ... ok
[INFO] [stdout] test parser::tests::parse_alias_with_comment ... ok
[INFO] [stdout] test parser::tests::parse_assignment_backticks ... ok
[INFO] [stdout] test parser::tests::parse_assignment_with_comment ... ok
[INFO] [stdout] test parser::tests::parameters ... ok
[INFO] [stdout] test parser::tests::parse_raw_string_default ... ok
[INFO] [stdout] test parser::tests::parse_complex ... ok
[INFO] [stdout] test parser::tests::parse_interpolation_backticks ... ok
[INFO] [stdout] test parser::tests::parse_simple_shebang ... ok
[INFO] [stdout] test parser::tests::parse_shebang ... ok
[INFO] [stdout] test parser::tests::parse_alias_before_target ... ok
[INFO] [stdout] test parser::tests::recipe ... ok
[INFO] [stdout] test parser::tests::recipe_default_multiple ... ok
[INFO] [stdout] test parser::tests::recipe_dependency_argument_concatenation ... ok
[INFO] [stdout] test parser::tests::recipe_default_single ... ok
[INFO] [stdout] test parser::tests::plus_following_parameter ... ok
[INFO] [stdout] test parser::tests::parameter_follows_variadic_parameter ... ok
[INFO] [stdout] test parser::tests::parameter_default_multiple ... ok
[INFO] [stdout] test parser::tests::parse_alias_after_target ... ok
[INFO] [stdout] test parser::tests::recipe_dependency_multiple ... ok
[INFO] [stdout] test parser::tests::recipe_dependency_argument_identifier ... ok
[INFO] [stdout] test parser::tests::recipe_dependency_parenthesis ... ok
[INFO] [stdout] test parser::tests::parse_assignments ... ok
[INFO] [stdout] test parser::tests::recipe_line_interpolation ... ok
[INFO] [stdout] test parser::tests::recipe_line_single ... ok
[INFO] [stdout] test parser::tests::recipe_dependency_argument_string ... ok
[INFO] [stdout] test parser::tests::recipe_named_alias ... ok
[INFO] [stdout] test parser::tests::recipe_plus_variadic ... ok
[INFO] [stdout] test parser::tests::recipe_parameter_multiple ... ok
[INFO] [stdout] test parser::tests::recipe_dependency_single ... ok
[INFO] [stdout] test parser::tests::recipe_line_multiple ... ok
[INFO] [stdout] test parser::tests::recipe_variadic_addition_group_default ... ok
[INFO] [stdout] test parser::tests::recipe_star_variadic ... ok
[INFO] [stdout] test parser::tests::recipe_quiet ... ok
[INFO] [stdout] test parser::tests::recipe_variadic_with_default_after_default ... ok
[INFO] [stdout] test parser::tests::recipe_variadic_string_default ... ok
[INFO] [stdout] test parser::tests::recipe_subsequent ... ok
[INFO] [stdout] test parser::tests::recipe_parameter_single ... ok
[INFO] [stdout] test parser::tests::recipe_variadic_variable_default ... ok
[INFO] [stdout] test parser::tests::set_dotenv_load_false ... ok
[INFO] [stdout] test parser::tests::set_allow_duplicate_recipes_implicit ... ok
[INFO] [stdout] test parser::tests::recipe_multiple ... ok
[INFO] [stdout] test parser::tests::set_dotenv_load_implicit ... ok
[INFO] [stdout] test parser::tests::set_positional_arguments_false ... ok
[INFO] [stdout] test parser::tests::set_export_false ... ok
[INFO] [stdout] test parser::tests::set_dotenv_load_true ... ok
[INFO] [stdout] test parser::tests::set_export_implicit ... ok
[INFO] [stdout] test parser::tests::set_positional_arguments_true ... ok
[INFO] [stdout] test parser::tests::set_shell_empty ... ok
[INFO] [stdout] test parser::tests::set_export_true ... ok
[INFO] [stdout] test parser::tests::set_shell_no_arguments_cooked ... ok
[INFO] [stdout] test parser::tests::set_shell_bad ... ok
[INFO] [stdout] test parser::tests::set_shell_no_arguments ... ok
[INFO] [stdout] test parser::tests::set_shell_non_literal_first ... ok
[INFO] [stdout] test parser::tests::set_shell_no_arguments_trailing_comma ... ok
[INFO] [stdout] test parser::tests::set_positional_arguments_implicit ... ok
[INFO] [stdout] test parser::tests::set_shell_non_literal_second ... ok
[INFO] [stdout] test parser::tests::set_shell_non_string ... ok
[INFO] [stdout] test parser::tests::set_shell_with_one_argument ... ok
[INFO] [stdout] test parser::tests::set_windows_powershell_implicit ... ok
[INFO] [stdout] test parser::tests::set_shell_bad_comma ... ok
[INFO] [stdout] test parser::tests::set_shell_with_two_arguments ... ok
[INFO] [stdout] test parser::tests::string_escape_carriage_return ... ok
[INFO] [stdout] test parser::tests::set_unknown ... ok
[INFO] [stdout] test parser::tests::set_windows_powershell_false ... ok
[INFO] [stdout] test parser::tests::set_shell_with_one_argument_trailing_comma ... ok
[INFO] [stdout] test parser::tests::set_windows_powershell_true ... ok
[INFO] [stdout] test parser::tests::single_line_body ... ok
[INFO] [stdout] test parser::tests::string_escape_newline ... ok
[INFO] [stdout] test parser::tests::string_escapes ... ok
[INFO] [stdout] test parser::tests::trimmed_body ... ok
[INFO] [stdout] test parser::tests::string_quote_escape ... ok
[INFO] [stdout] test parser::tests::unclosed_parenthesis_in_expression ... ok
[INFO] [stdout] test parser::tests::unary_functions ... ok
[INFO] [stdout] test parser::tests::unknown_attribute ... ok
[INFO] [stdout] test parser::tests::unclosed_parenthesis_in_interpolation ... ok
[INFO] [stdout] test parser::tests::unknown_function ... ok
[INFO] [stdout] test parser::tests::unknown_function_in_interpolation ... ok
[INFO] [stdout] test parser::tests::string_escape_tab ... ok
[INFO] [stdout] test parser::tests::string_escape_quote ... ok
[INFO] [stdout] test parser::tests::string_escape_slash ... ok
[INFO] [stdout] test parser::tests::unexpected_brace ... ok
[INFO] [stdout] test parser::tests::unknown_function_in_default ... ok
[INFO] [stdout] test parser::tests::string_escape_suppress_newline ... ok
[INFO] [stdout] test parser::tests::string_in_group ... ok
[INFO] [stdout] test positional::tests::all_overrides ... ok
[INFO] [stdout] test positional::tests::all_slash ... ok
[INFO] [stdout] test positional::tests::arguments_only ... ok
[INFO] [stdout] test positional::tests::all_dot_dot ... ok
[INFO] [stdout] test positional::tests::no_arguments ... ok
[INFO] [stdout] test positional::tests::no_overrides ... ok
[INFO] [stdout] test positional::tests::all_dot ... ok
[INFO] [stdout] test parser::tests::whitespace ... ok
[INFO] [stdout] test parser::tests::variable ... ok
[INFO] [stdout] test positional::tests::override_after_search_directory ... ok
[INFO] [stdout] test positional::tests::override_not_name ... ok
[INFO] [stdout] test positional::tests::override_after_argument ... ok
[INFO] [stdout] test positional::tests::no_values ... ok
[INFO] [stdout] test positional::tests::no_search_directory ... ok
[INFO] [stdout] test positional::tests::search_directory_after_argument ... ok
[INFO] [stdout] test range_ext::tests::display ... ok
[INFO] [stdout] test range_ext::tests::exclusive ... ok
[INFO] [stdout] test recipe_resolver::tests::circular_recipe_dependency ... ok
[INFO] [stdout] test recipe_resolver::tests::unknown_dependency ... ok
[INFO] [stdout] test recipe_resolver::tests::self_recipe_dependency ... ok
[INFO] [stdout] test recipe_resolver::tests::unknown_second_interpolation_variable ... ok
[INFO] [stdout] test search::tests::found ... ok
[INFO] [stdout] test recipe_resolver::tests::unknown_interpolation_variable ... ok
[INFO] [stdout] test range_ext::tests::inclusive ... ok
[INFO] [stdout] test recipe_resolver::tests::unknown_variable_in_dependency_argument ... ok
[INFO] [stdout] test search::tests::found_from_inner_dir ... ok
[INFO] [stdout] test search::tests::multiple_candidates ... ok
[INFO] [stdout] test search_error::tests::multiple_candidates_formatting ... ok
[INFO] [stdout] test search::tests::clean ... ok
[INFO] [stdout] test recipe_resolver::tests::unknown_variable_in_default ... ok
[INFO] [stdout] test search::tests::found_spongebob_case ... ok
[INFO] [stdout] test search::tests::found_and_stopped_at_first_justfile ... ok
[INFO] [stdout] test search::tests::not_found ... ok
[INFO] [stdout] test settings::tests::default_shell_powershell ... ok
[INFO] [stdout] test settings::tests::default_shell ... ok
[INFO] [stdout] test search::tests::justfile_symlink_parent ... ok
[INFO] [stdout] test settings::tests::shell_cooked ... ok
[INFO] [stdout] test settings::tests::overwrite_shell_powershell ... ok
[INFO] [stdout] test settings::tests::shell_present_but_not_shell_args ... ok
[INFO] [stdout] test shebang::tests::include_shebang_line_other_not_windows ... ok
[INFO] [stdout] test shebang::tests::cmd_script_filename ... ok
[INFO] [stdout] test shebang::tests::dont_include_shebang_line_cmd_exe ... ok
[INFO] [stdout] test shebang::tests::cmd_exe_script_filename ... ok
[INFO] [stdout] test shebang::tests::interpreter_filename_with_forward_slash ... ok
[INFO] [stdout] test shebang::tests::plain_script_filename ... ok
[INFO] [stdout] test shebang::tests::interpreter_filename_with_backslash ... ok
[INFO] [stdout] test shebang::tests::powershell_exe_script_filename ... ok
[INFO] [stdout] test settings::tests::shell_args_present_but_not_shell ... ok
[INFO] [stdout] test shebang::tests::dont_include_shebang_line_cmd ... ok
[INFO] [stdout] test settings::tests::overwrite_shell ... ok
[INFO] [stdout] test shebang::tests::pwsh_exe_script_filename ... ok
[INFO] [stdout] test shebang::tests::split_shebang ... ok
[INFO] [stdout] test shebang::tests::powershell_script_filename ... ok
[INFO] [stdout] test shebang::tests::pwsh_script_filename ... ok
[INFO] [stdout] test unindent::tests::commons ... ok
[INFO] [stdout] test unindent::tests::unindents ... ok
[INFO] [stdout] test unindent::tests::blanks ... ok
[INFO] [stdout] test unindent::tests::indentations ... ok
[INFO] [stdout] test subcommand::tests::init_justfile ... ok
[INFO] [stdout] 
[INFO] [stdout] test result: ok. 470 passed; 0 failed; 0 ignored; 0 measured; 0 filtered out; finished in 0.60s
[INFO] [stdout] 
[INFO] [stderr]      Running tests/lib.rs (/opt/rustwide/target/debug/deps/integration-643d1aee41ba3623)
[INFO] [stdout] 
[INFO] [stdout] running 630 tests
[INFO] [stdout] test attributes::multiple_attributes_one_line_error_message ... ok
[INFO] [stdout] test byte_order_mark::dont_mention_byte_order_mark_in_errors ... ok
[INFO] [stdout] test attributes::multiple_attributes_one_line_duplicate_check ... ok
[INFO] [stdout] test attributes::duplicate_attributes_are_disallowed ... ok
[INFO] [stdout] test attributes::all ... ok
[INFO] [stdout] test byte_order_mark::non_leading_byte_order_mark_produces_error ... ok
[INFO] [stdout] test attributes::multiple_attributes_one_line ... ok
[INFO] [stdout] test allow_duplicate_recipes::allow_duplicate_recipes ... ok
[INFO] [stdout] test allow_duplicate_recipes::allow_duplicate_recipes_with_args ... ok
[INFO] [stdout] test choose::multiple_recipes ... ignored
[INFO] [stdout] test byte_order_mark::ignore_leading_byte_order_mark ... ok
[INFO] [stdout] test choose::no_choosable_recipes ... ok
[INFO] [stdout] test changelog::print_changelog ... ok
[INFO] [stdout] test choose::default ... ok
[INFO] [stdout] test choose::invoke_error_function ... ok
[INFO] [stdout] test choose::env ... ok
[INFO] [stdout] test command::command_not_found ... ok
[INFO] [stdout] test choose::status_error ... ok
[INFO] [stdout] test choose::override_variable ... ok
[INFO] [stdout] test choose::skip_private_recipes ... ok
[INFO] [stdout] test choose::chooser ... ok
[INFO] [stdout] test command::command_color ... ok
[INFO] [stdout] test choose::skip_recipes_that_require_arguments ... ok
[INFO] [stdout] test command::exit_status ... ok
[INFO] [stdout] test command::env_is_loaded ... ok
[INFO] [stdout] test command::no_binary ... ok
[INFO] [stdout] test completions::output ... ok
[INFO] [stdout] test command::working_directory_is_correct ... ok
[INFO] [stdout] test command::exports_are_available ... ok
[INFO] [stdout] test command::set_overrides_work ... ok
[INFO] [stdout] test command::long ... ok
[INFO] [stdout] test conditional::incorrect_else_identifier ... ok
[INFO] [stdout] test command::short ... ok
[INFO] [stdout] test command::run_in_shell ... ok
[INFO] [stdout] test conditional::missing_else ... ok
[INFO] [stdout] test conditional::dump ... ok
[INFO] [stdout] test conditional::if_else ... ok
[INFO] [stdout] test conditional::complex_expressions ... ok
[INFO] [stdout] test conditional::undefined_otherwise ... ok
[INFO] [stdout] test conditional::otherwise_branch_unevaluated_inverted ... ok
[INFO] [stdout] test conditional::undefined_rhs ... ok
[INFO] [stdout] test conditional::undefined_then ... ok
[INFO] [stdout] test conditional::undefined_lhs ... ok
[INFO] [stdout] test conditional::otherwise_branch_unevaluated ... ok
[INFO] [stdout] test conditional::then_branch_unevaluated ... ok
[INFO] [stdout] test conditional::unexpected_op ... ok
[INFO] [stdout] test conditional::then_branch_unevaluated_inverted ... ok
[INFO] [stdout] test confirm::do_not_confirm_recipe_with_confirm_recipe_dependency ... ok
[INFO] [stdout] test confirm::do_not_confirm_recipe ... ok
[INFO] [stdout] test delimiters::mismatched_delimiter ... ok
[INFO] [stdout] test delimiters::no_interpolation_continuation ... ok
[INFO] [stdout] test confirm::confirm_recipe ... ok
[INFO] [stdout] test confirm::recipe_with_confirm_recipe_dependency ... ok
[INFO] [stdout] test delimiters::unexpected_delimiter ... ok
[INFO] [stdout] test confirm::confirm_recipe_arg ... ok
[INFO] [stdout] test confirm::recipe_with_confirm_recipe_dependency_arg ... ok
[INFO] [stdout] test delimiters::brace_continuation ... ok
[INFO] [stdout] test delimiters::paren_continuation ... ok
[INFO] [stdout] test delimiters::bracket_continuation ... ok
[INFO] [stdout] test dotenv::can_set_dotenv_filename_from_justfile ... ok
[INFO] [stdout] test dotenv::can_set_dotenv_path_from_justfile ... ok
[INFO] [stdout] test dotenv::dotenv ... ok
[INFO] [stdout] test dotenv::path_not_found ... ok
[INFO] [stdout] test delimiters::dependency_continuation ... ok
[INFO] [stdout] test dotenv::no_warning ... ok
[INFO] [stdout] test dotenv::filename_flag_overwrites_no_load ... ok
[INFO] [stdout] test dotenv::filename_resolves ... ok
[INFO] [stdout] test dotenv::path_resolves ... ok
[INFO] [stdout] test dotenv::program_argument_has_priority_for_dotenv_filename ... ok
[INFO] [stdout] test dotenv::path_flag_overwrites_no_load ... ok
[INFO] [stdout] test edit::invalid_justfile ... ok
[INFO] [stdout] test dotenv::program_argument_has_priority_for_dotenv_path ... ok
[INFO] [stdout] test edit::editor_working_directory ... ok
[INFO] [stdout] test dotenv::set_false ... ok
[INFO] [stdout] test dotenv::set_true ... ok
[INFO] [stdout] test edit::status_error ... ok
[INFO] [stdout] test error_messages::argument_count_mismatch ... ok
[INFO] [stdout] test edit::editor_precedence ... ok
[INFO] [stdout] test dotenv::set_implicit ... ok
[INFO] [stdout] test edit::invoke_error ... ok
[INFO] [stdout] test error_messages::file_path_is_indented_if_justfile_is_long ... ok
[INFO] [stdout] test error_messages::expected_keyword ... ok
[INFO] [stdout] test error_messages::unexpected_character ... ok
[INFO] [stdout] test error_messages::file_paths_are_relative ... ok
[INFO] [stdout] test evaluate::evaluate_multiple ... ok
[INFO] [stdout] test error_messages::invalid_alias_attribute ... ok
[INFO] [stdout] test error_messages::file_paths_not_in_subdir_are_absolute ... ok
[INFO] [stdout] test evaluate::evaluate_no_suggestion ... ok
[INFO] [stdout] test equals::export_recipe ... ok
[INFO] [stdout] test equals::alias_recipe ... ok
[INFO] [stdout] test evaluate::evaluate_suggestion ... ok
[INFO] [stdout] test evaluate::evaluate ... ok
[INFO] [stdout] test evaluate::evaluate_empty ... ok
[INFO] [stdout] test evaluate::evaluate_single_free ... ok
[INFO] [stdout] test export::parameter ... ok
[INFO] [stdout] test export::recipe_backtick ... ok
[INFO] [stdout] test export::override_variable ... ok
[INFO] [stdout] test export::parameter_not_visible_to_backtick ... ok
[INFO] [stdout] test examples::examples ... ok
[INFO] [stdout] test export::setting_false ... ok
[INFO] [stdout] test export::setting_implicit ... ok
[INFO] [stdout] test fallback::doesnt_work_with_justfile ... ok
[INFO] [stdout] test fallback::doesnt_work_with_justfile_and_working_directory ... ok
[INFO] [stdout] test export::setting_shebang ... ok
[INFO] [stdout] test export::setting_override_undefined ... ok
[INFO] [stdout] test export::success ... ok
[INFO] [stdout] test export::shebang ... ok
[INFO] [stdout] test export::setting_true ... ok
[INFO] [stdout] test export::setting_variable_not_visible ... ok
[INFO] [stdout] test fallback::print_error_from_parent_if_recipe_not_found_in_current ... ok
[INFO] [stdout] test fallback::fallback_from_subdir_verbose_message ... ok
[INFO] [stdout] test fallback::multiple_levels_of_fallback_work ... ok
[INFO] [stdout] test fallback::prints_correct_error_message_when_recipe_not_found ... ok
[INFO] [stdout] test fallback::requires_setting ... ok
[INFO] [stdout] test fallback::fallback_from_subdir_message ... ok
[INFO] [stdout] test fallback::fallback_from_subdir_bugfix ... ok
[INFO] [stdout] test fallback::stop_fallback_when_fallback_is_false ... ok
[INFO] [stdout] test fallback::runs_recipe_in_parent_if_not_found_in_current ... ok
[INFO] [stdout] test fmt::alias_fix_indent ... ok
[INFO] [stdout] test fmt::assignment_backtick ... ok
[INFO] [stdout] test fallback::setting_accepts_value ... ok
[INFO] [stdout] test fallback::works_with_provided_search_directory ... ok
[INFO] [stdout] test fmt::assignment_binary_function ... ok
[INFO] [stdout] test fmt::alias_good ... ok
[INFO] [stdout] test fmt::assignment_concat_values ... ok
[INFO] [stdout] test fmt::assignment_export ... ok
[INFO] [stdout] test fmt::assignment_indented_backtick ... ok
[INFO] [stdout] test fmt::assignment_doublequote ... ok
[INFO] [stdout] test fmt::assignment_indented_doublequote ... ok
[INFO] [stdout] test fmt::assignment_if_oneline ... ok
[INFO] [stdout] test fmt::assignment_if_multiline ... ok
[INFO] [stdout] test fmt::assignment_name ... ok
[INFO] [stdout] test fmt::assignment_indented_singlequote ... ok
[INFO] [stdout] test fmt::assignment_nullary_function ... ok
[INFO] [stdout] test fmt::check_found_diff_quiet ... ok
[INFO] [stdout] test fmt::check_found_diff ... ok
[INFO] [stdout] test fmt::check_diff_color ... ok
[INFO] [stdout] test fmt::assignment_parenthesized_expression ... ok
[INFO] [stdout] test fmt::check_without_fmt ... ok
[INFO] [stdout] test fmt::assignment_singlequote ... ok
[INFO] [stdout] test fmt::assignment_path_functions ... ok
[INFO] [stdout] test fmt::assignment_unary_function ... ok
[INFO] [stdout] test fmt::comment ... ok
[INFO] [stdout] test fmt::check_ok ... ok
[INFO] [stdout] test fmt::comment_leading ... ok
[INFO] [stdout] test fmt::comment_before_docstring_recipe ... ok
[INFO] [stdout] test fmt::comment_multiline ... ok
[INFO] [stdout] test fmt::comment_before_recipe ... ok
[INFO] [stdout] test fmt::exported_parameter ... ok
[INFO] [stdout] test fmt::group_comments ... ok
[INFO] [stdout] test fmt::group_assignments ... ok
[INFO] [stdout] test fmt::comment_trailing ... ok
[INFO] [stdout] test fmt::no_trailing_newline ... ok
[INFO] [stdout] test fmt::group_aliases ... ok
[INFO] [stdout] test fmt::group_recipes ... ok
[INFO] [stdout] test fmt::group_sets ... ok
[INFO] [stdout] test fmt::recipe_assignment_in_body ... ok
[INFO] [stdout] test fmt::recipe_body_is_comment ... ok
[INFO] [stdout] test fmt::recipe_dependency_param ... ok
[INFO] [stdout] test fmt::recipe_dependencies_params ... ok
[INFO] [stdout] test fmt::recipe_dependency ... ok
[INFO] [stdout] test fmt::recipe_dependencies ... ok
[INFO] [stdout] test fmt::recipe_dependency_params ... ok
[INFO] [stdout] test fmt::recipe_parameter ... ok
[INFO] [stdout] test fmt::recipe_ordinary ... ok
[INFO] [stdout] test fmt::recipe_ignore_errors ... ok
[INFO] [stdout] test fmt::recipe_parameter_concat ... ok
[INFO] [stdout] test fmt::recipe_escaped_braces ... ok
[INFO] [stdout] test fmt::recipe_parameter_conditional ... ok
[INFO] [stdout] test fmt::recipe_parameter_default ... ok
[INFO] [stdout] test fmt::recipe_parameter_default_envar ... ok
[INFO] [stdout] test fmt::recipe_parameter_in_body ... ok
[INFO] [stdout] test fmt::recipe_parameters ... ok
[INFO] [stdout] test fmt::recipe_parameters_envar ... ok
[INFO] [stdout] test fmt::recipe_positional_variadic ... ok
[INFO] [stdout] test fmt::recipe_quiet_command ... ok
[INFO] [stdout] test fmt::recipe_quiet_comment ... ok
[INFO] [stdout] test fmt::recipe_parameter_envar ... ok
[INFO] [stdout] test fmt::recipe_several_commands ... ok
[INFO] [stdout] test fmt::recipe_variadic_default ... ok
[INFO] [stdout] test fmt::recipe_quiet ... ok
[INFO] [stdout] test fmt::recipe_variadic_plus ... ok
[INFO] [stdout] test fmt::recipe_with_comments_in_body ... ok
[INFO] [stdout] test fmt::recipe_with_docstring ... ok
[INFO] [stdout] test fmt::recipe_variadic_star ... ok
[INFO] [stdout] test fmt::separate_recipes_aliases ... ok
[INFO] [stdout] test fmt::set_shell ... ok
[INFO] [stdout] test fmt::unstable_passed ... ok
[INFO] [stdout] test fmt::unstable_not_passed ... ok
[INFO] [stdout] test fmt::set_true_explicit ... ok
[INFO] [stdout] test fmt::set_false ... ok
[INFO] [stdout] test fmt::set_true_implicit ... ok
[INFO] [stdout] test functions::broken_directory_function2 ... ok
[INFO] [stdout] test functions::broken_extension_function2 ... ok
[INFO] [stdout] test functions::broken_extension_function ... ok
[INFO] [stdout] test functions::broken_file_stem_function ... ok
[INFO] [stdout] test functions::broken_file_name_function ... ok
[INFO] [stdout] test functions::broken_directory_function ... ok
[INFO] [stdout] test fmt::subsequent ... ok
[INFO] [stdout] test functions::broken_without_extension_function ... ok
[INFO] [stdout] test functions::invalid_replace_regex ... ok
[INFO] [stdout] test functions::error_errors_with_message ... ok
[INFO] [stdout] test functions::env_var_failure ... ok
[INFO] [stdout] test functions::capitalize ... ok
[INFO] [stdout] test functions::join_argument_count_error ... ok
[INFO] [stdout] test functions::env_var_functions ... FAILED
[INFO] [stdout] test functions::clean ... ok
[INFO] [stdout] test fmt::write_error ... FAILED
[INFO] [stdout] test functions::lowercamelcase ... ok
[INFO] [stdout] test functions::kebabcase ... ok
[INFO] [stdout] test functions::lowercase ... ok
[INFO] [stdout] test functions::path_exists_subdir ... ok
[INFO] [stdout] test functions::path_functions ... ok
[INFO] [stdout] test functions::semver_matches ... ok
[INFO] [stdout] test functions::replace ... ok
[INFO] [stdout] test functions::path_functions2 ... ok
[INFO] [stdout] test functions::replace_regex ... ok
[INFO] [stdout] test functions::sha256 ... ok
[INFO] [stdout] test functions::sha256_file ... ok
[INFO] [stdout] test functions::shoutykebabcase ... ok
[INFO] [stdout] test functions::test_absolute_path_resolves ... ok
[INFO] [stdout] test functions::test_absolute_path_resolves_parent ... ok
[INFO] [stdout] test functions::snakecase ... ok
[INFO] [stdout] test functions::join ... ok
[INFO] [stdout] test functions::test_just_executable_function ... ok
[INFO] [stdout] test functions::shoutysnakecase ... ok
[INFO] [stdout] test functions::test_os_arch_functions_in_default ... ok
[INFO] [stdout] test functions::test_os_arch_functions_in_expression ... ok
[INFO] [stdout] test functions::test_os_arch_functions_in_interpolation ... ok
[INFO] [stdout] test functions::test_path_exists_filepath_exist ... ok
[INFO] [stdout] test functions::trim_end ... ok
[INFO] [stdout] test functions::titlecase ... ok
[INFO] [stdout] test functions::trim_start ... ok
[INFO] [stdout] test functions::trim ... ok
[INFO] [stdout] test functions::test_path_exists_filepath_doesnt_exist ... ok
[INFO] [stdout] test functions::uppercamelcase ... ok
[INFO] [stdout] test functions::uppercase ... ok
[INFO] [stdout] test functions::trim_end_match ... ok
[INFO] [stdout] test functions::trim_start_match ... ok
[INFO] [stdout] test ignore_comments::continuations_iwth_echo_comments_false ... ok
[INFO] [stdout] test functions::uuid ... ok
[INFO] [stdout] test ignore_comments::continuations_with_echo_comments_true ... ok
[INFO] [stdout] test functions::trim_end_matches ... ok
[INFO] [stdout] test functions::trim_start_matches ... ok
[INFO] [stdout] test imports::circular_import ... ok
[INFO] [stdout] test ignore_comments::dont_evaluate_comments ... ok
[INFO] [stdout] test ignore_comments::ignore_comments_in_recipe ... ok
[INFO] [stdout] test ignore_comments::ignore_recipe_comments_with_shell_setting ... ok
[INFO] [stdout] test imports::import_recipes_are_not_default ... ok
[INFO] [stdout] test imports::imports_dump_correctly ... ok
[INFO] [stdout] test imports::import_after_recipe ... ok
[INFO] [stdout] test imports::include_error ... ok
[INFO] [stdout] test imports::missing_optional_imports_are_ignored ... ok
[INFO] [stdout] test imports::import_succeeds ... ok
[INFO] [stdout] test imports::missing_import_file_error ... ok
[INFO] [stdout] test imports::listed_recipes_in_imports_are_in_load_order ... ok
[INFO] [stdout] test ignore_comments::dont_ignore_comments_in_recipe_by_default ... ok
[INFO] [stdout] test imports::recipes_in_import_are_overridden_by_recipes_in_parent ... ok
[INFO] [stdout] test init::current_dir ... ok
[INFO] [stdout] test init::alternate_marker ... ok
[INFO] [stdout] test imports::import_paths_beginning_with_tilde_are_expanded_to_homdir ... ok
[INFO] [stdout] test imports::optional_imports_dump_correctly ... ok
[INFO] [stdout] test init::justfile ... ok
[INFO] [stdout] test imports::trailing_spaces_after_import_are_ignored ... ok
[INFO] [stdout] test interrupts::interrupt_backtick ... ignored
[INFO] [stdout] test interrupts::interrupt_command ... ignored
[INFO] [stdout] test interrupts::interrupt_line ... ignored
[INFO] [stdout] test interrupts::interrupt_shebang ... ignored
[INFO] [stdout] test init::parent_dir ... ok
[INFO] [stdout] test init::search_directory ... ok
[INFO] [stdout] test init::write_error ... ok
[INFO] [stdout] test invocation_directory::test_invocation_directory ... ok
[INFO] [stdout] test init::invocation_directory ... ok
[INFO] [stdout] test init::justfile_and_working_directory ... ok
[INFO] [stdout] test json::alias ... ok
[INFO] [stdout] test invocation_directory::invocation_directory_native ... ok
[INFO] [stdout] test init::fmt_compatibility ... ok
[INFO] [stdout] test json::assignment ... ok
[INFO] [stdout] test init::exists ... ok
[INFO] [stdout] test json::attribute ... ok
[INFO] [stdout] test json::dependencies ... ok
[INFO] [stdout] test json::module ... ok
[INFO] [stdout] test json::body ... ok
[INFO] [stdout] test json::dependency_argument ... ok
[INFO] [stdout] test json::doc_comment ... ok
[INFO] [stdout] test json::duplicate_recipes ... ok
[INFO] [stdout] test json::empty_justfile ... ok
[INFO] [stdout] test json::settings ... ok
[INFO] [stdout] test json::quiet ... ok
[INFO] [stdout] test json::priors ... ok
[INFO] [stdout] test json::parameters ... ok
[INFO] [stdout] test json::private ... ok
[INFO] [stdout] test json::simple ... ok
[INFO] [stdout] test misc::alias ... ok
[INFO] [stdout] test json::shebang ... ok
[INFO] [stdout] test line_prefixes::quiet_after_infallible ... ok
[INFO] [stdout] test misc::alias_listing_multiple_aliases ... ok
[INFO] [stdout] test misc::alias_listing_parameters ... ok
[INFO] [stdout] test misc::alias_listing ... ok
[INFO] [stdout] test line_prefixes::infallible_after_quiet ... ok
[INFO] [stdout] test misc::argument_mismatch_fewer ... ok
[INFO] [stdout] test misc::argument_mismatch_fewer_with_default ... ok
[INFO] [stdout] test misc::alias_shadows_recipe ... ok
[INFO] [stdout] test misc::argument_mismatch_more_with_default ... ok
[INFO] [stdout] test misc::argument_mismatch_more ... ok
[INFO] [stdout] test misc::alias_listing_private ... ok
[INFO] [stdout] test misc::alias_with_parameters ... ok
[INFO] [stdout] test misc::assignment_backtick_failure ... ok
[INFO] [stdout] test misc::alias_with_dependencies ... ok
[INFO] [stdout] test misc::backtick_code_assignment ... ok
[INFO] [stdout] test misc::argument_grouping ... ok
[INFO] [stdout] test misc::backtick_code_interpolation_leading_emoji ... ok
[INFO] [stdout] test misc::backtick_code_interpolation_inner_tab ... ok
[INFO] [stdout] test misc::backtick_code_interpolation_tab ... ok
[INFO] [stdout] test misc::argument_multiple ... ok
[INFO] [stdout] test misc::argument_single ... ok
[INFO] [stdout] test misc::backtick_code_interpolation_mod ... ok
[INFO] [stdout] test misc::backtick_code_long ... ok
[INFO] [stdout] test misc::backtick_code_interpolation_tabs ... ok
[INFO] [stdout] test misc::backtick_code_interpolation ... ok
[INFO] [stdout] test misc::backtick_code_interpolation_unicode_hell ... ok
[INFO] [stdout] test misc::backtick_default_cat_justfile ... ok
[INFO] [stdout] test misc::backtick_trimming ... ok
[INFO] [stdout] test misc::bad_setting ... ok
[INFO] [stdout] test misc::backtick_default_cat_stdin ... ok
[INFO] [stdout] test misc::backtick_variable_cat ... ok
[INFO] [stdout] test misc::backtick_variable_read_single ... ok
[INFO] [stdout] test misc::backtick_variable_read_multiple ... ok
[INFO] [stdout] test misc::bad_setting_with_keyword_name ... ok
[INFO] [stdout] test misc::backtick_default_read_multiple ... ok
[INFO] [stdout] test misc::backtick_success ... ok
[INFO] [stdout] test misc::color_auto ... ok
[INFO] [stdout] test misc::color_always ... ok
[INFO] [stdout] test misc::brace_escape ... ok
[INFO] [stdout] test misc::color_never ... ok
[INFO] [stdout] test misc::brace_escape_extra ... ok
[INFO] [stdout] test misc::complex_dependencies ... ok
[INFO] [stdout] test misc::colors_no_context ... ok
[INFO] [stdout] test misc::command_backtick_failure ... ok
[INFO] [stdout] test misc::default_backtick ... ok
[INFO] [stdout] test misc::comment_before_variable ... ok
[INFO] [stdout] test misc::default_string ... ok
[INFO] [stdout] test misc::default ... ok
[INFO] [stdout] test misc::default_variable ... ok
[INFO] [stdout] test misc::dependency_argument_function ... ok
[INFO] [stdout] test misc::dependency_argument_assignment ... ok
[INFO] [stdout] test misc::default_concatenation ... ok
[INFO] [stdout] test misc::dependency_argument_parameter ... ok
[INFO] [stdout] test misc::dependency_takes_arguments_at_least ... ok
[INFO] [stdout] test misc::dependency_takes_arguments_exact ... ok
[INFO] [stdout] test misc::dependency_takes_arguments_at_most ... ok
[INFO] [stdout] test misc::dependency_argument_backtick ... ok
[INFO] [stdout] test misc::dependency_argument_plus_variadic ... ok
[INFO] [stdout] test misc::dependency_argument_string ... ok
[INFO] [stdout] test misc::dotenv_variable_in_recipe ... ok
[INFO] [stdout] test misc::duplicate_alias ... ok
[INFO] [stdout] test misc::dotenv_env_var_override ... ok
[INFO] [stdout] test misc::dump ... ok
[INFO] [stdout] test misc::dotenv_variable_in_function_in_recipe ... ok
[INFO] [stdout] test misc::dotenv_variable_in_function_in_backtick ... ok
[INFO] [stdout] test misc::dotenv_variable_in_backtick ... ok
[INFO] [stdout] test misc::duplicate_recipe ... ok
[INFO] [stdout] test misc::duplicate_parameter ... ok
[INFO] [stdout] test misc::dry_run ... ok
[INFO] [stdout] test misc::duplicate_variable ... ok
[INFO] [stdout] test misc::duplicate_dependency_argument ... ok
[INFO] [stdout] test misc::inconsistent_leading_whitespace ... ok
[INFO] [stdout] test misc::extra_leading_whitespace ... ok
[INFO] [stdout] test misc::duplicate_dependency_no_args ... ok
[INFO] [stdout] test misc::env_function_as_env_var_or_default_with_existing_env_var ... ok
[INFO] [stdout] test misc::env_function_as_env_var_with_existing_env_var ... ok
[INFO] [stdout] test misc::invalid_escape_sequence_message ... ok
[INFO] [stdout] test misc::env_function_as_env_var ... ok
[INFO] [stdout] test misc::interpolation_evaluation_ignore_quiet ... ok
[INFO] [stdout] test misc::infallible_with_failing ... ok
[INFO] [stdout] test misc::line_error_spacing ... ok
[INFO] [stdout] test misc::interpolation_evaluation_ignore_quiet_continuation ... ok
[INFO] [stdout] test misc::env_function_as_env_var_or_default ... ok
[INFO] [stdout] test misc::list_alignment ... ok
[INFO] [stdout] test misc::infallible_command ... ok
[INFO] [stdout] test misc::list ... ok
[INFO] [stdout] test misc::list_alignment_long ... ok
[INFO] [stdout] test misc::line_continuation_no_space ... ok
[INFO] [stdout] test misc::line_continuation_with_space ... ok
[INFO] [stdout] test misc::list_colors ... ok
[INFO] [stdout] test misc::line_continuation_with_quoted_space ... ok
[INFO] [stdout] test misc::long_circular_recipe_dependency ... ok
[INFO] [stdout] test misc::mixed_whitespace ... ok
[INFO] [stdout] test misc::missing_second_dependency ... ok
[INFO] [stdout] test misc::list_empty_prefix_and_heading ... ok
[INFO] [stdout] test misc::list_sorted ... ok
[INFO] [stdout] test misc::list_unsorted ... ok
[INFO] [stdout] test misc::list_prefix ... ok
[INFO] [stdout] test misc::old_equals_assignment_syntax_produces_error ... ok
[INFO] [stdout] test misc::list_heading ... ok
[INFO] [stdout] test misc::plus_then_star_variadic ... ok
[INFO] [stdout] test misc::multi_line_string_in_interpolation ... ok
[INFO] [stdout] test misc::parameter_cross_reference_error ... ok
[INFO] [stdout] test misc::no_dotenv ... ok
[INFO] [stdout] test misc::no_highlight ... ok
[INFO] [stdout] test misc::plus_variadic_too_few ... ok
[INFO] [stdout] test misc::overrides_first ... ok
[INFO] [stdout] test misc::overrides_not_evaluated ... ok
[INFO] [stdout] test misc::plus_variadic_recipe ... ok
[INFO] [stdout] test misc::print ... ok
[INFO] [stdout] test misc::plus_variadic_ignore_default ... ok
[INFO] [stdout] test misc::required_after_default ... ok
[INFO] [stdout] test misc::plus_variadic_use_default ... ok
[INFO] [stdout] test misc::quiet_shebang_recipe ... ok
[INFO] [stdout] test misc::required_after_plus_variadic ... ok
[INFO] [stdout] test misc::quiet ... ok
[INFO] [stdout] test misc::required_after_star_variadic ... ok
[INFO] [stdout] test misc::run_suggestion ... ok
[INFO] [stdout] test misc::quiet_recipe ... ok
[INFO] [stdout] test misc::self_dependency ... ok
[INFO] [stdout] test misc::shebang_backtick_failure ... ok
[INFO] [stdout] test misc::star_then_plus_variadic ... ok
[INFO] [stdout] test misc::order ... ok
[INFO] [stdout] test misc::run_colors ... ok
[INFO] [stdout] test misc::star_variadic_recipe ... ok
[INFO] [stdout] test misc::star_variadic_ignore_default ... ok
[INFO] [stdout] test misc::shebang_line_numbers ... ok
[INFO] [stdout] test misc::status_passthrough ... ok
[INFO] [stdout] test misc::supply_use_default ... ok
[INFO] [stdout] test misc::select ... ok
[INFO] [stdout] test misc::star_variadic_use_default ... ok
[INFO] [stdout] test misc::star_variadic_none ... ok
[INFO] [stdout] test misc::unexpected_token_in_dependency_position ... ok
[INFO] [stdout] test misc::unknown_alias_target ... ok
[INFO] [stdout] test misc::unknown_function_in_assignment ... ok
[INFO] [stdout] test misc::unknown_dependency ... ok
[INFO] [stdout] test misc::unexpected_token_after_name ... ok
[INFO] [stdout] test misc::unknown_function_in_default ... ok
[INFO] [stdout] test misc::unknown_override_options ... ok
[INFO] [stdout] test misc::supply_defaults ... ok
[INFO] [stdout] test misc::unknown_override_arg ... ok
[INFO] [stdout] test misc::unknown_override_args ... ok
[INFO] [stdout] test misc::trailing_flags ... ok
[INFO] [stdout] test misc::unknown_recipes ... ok
[INFO] [stdout] test misc::unknown_recipe ... ok
[INFO] [stdout] test misc::unterminated_interpolation_eol ... ok
[INFO] [stdout] test misc::variable_circular_dependency_with_additional_variable ... ok
[INFO] [stdout] test misc::variable_circular_dependency ... ok
[INFO] [stdout] test misc::unknown_start_of_token ... ok
[INFO] [stdout] test misc::unknown_variable_in_default ... ok
[INFO] [stdout] test misc::unterminated_interpolation_eof ... ok
[INFO] [stdout] test misc::variable_self_dependency ... ok
[INFO] [stdout] test modules::circular_module_imports_are_detected ... ok
[INFO] [stdout] test modules::assignments_are_evaluated_in_modules ... ok
[INFO] [stdout] test misc::use_raw_string_default ... ok
[INFO] [stdout] test misc::use_string_default ... ok
[INFO] [stdout] test modules::default_recipe_in_submodule_must_have_no_arguments ... ok
[INFO] [stdout] test modules::dotenv_settings_in_submodule_are_ignored ... ok
[INFO] [stdout] test misc::verbose ... ok
[INFO] [stdout] test modules::list_displays_recipes_in_submodules ... ok
[INFO] [stdout] test misc::variables ... ok
[INFO] [stdout] test modules::module_recipes_can_be_run_as_subcommands ... ok
[INFO] [stdout] test modules::missing_optional_modules_do_not_trigger_error ... ok
[INFO] [stdout] test modules::missing_module_file_error ... ok
[INFO] [stdout] test modules::missing_optional_modules_do_not_conflict ... ok
[INFO] [stdout] test modules::missing_recipe_after_invalid_path ... ok
[INFO] [stdout] test modules::module_paths_beginning_with_tilde_are_expanded_to_homdir ... ok
[INFO] [stdout] test modules::module_recipes_can_be_run_with_path_syntax ... ok
[INFO] [stdout] test modules::modules_can_be_in_subdirectory ... ok
[INFO] [stdout] test modules::invalid_path_syntax ... ok
[INFO] [stdout] test modules::module_subcommand_runs_default_recipe ... ok
[INFO] [stdout] test modules::modules_are_dumped_correctly ... ok
[INFO] [stdout] test modules::modules_are_unstable ... ok
[INFO] [stdout] test modules::modules_can_contain_other_modules ... ok
[INFO] [stdout] test modules::modules_conflict_with_other_modules ... ok
[INFO] [stdout] test modules::modules_conflict_with_aliases ... ok
[INFO] [stdout] test modules::modules_require_unambiguous_file ... ok
[INFO] [stdout] test modules::modules_in_subdirectory_can_have_leading_dot ... ok
[INFO] [stdout] test modules::modules_in_subdirectory_can_be_named_justfile ... ok
[INFO] [stdout] test modules::modules_in_subdirectory_can_be_named_justfile_with_any_case ... ok
[INFO] [stdout] test modules::modules_conflict_with_recipes ... ok
[INFO] [stdout] test modules::modules_may_specify_path ... ok
[INFO] [stdout] test modules::modules_with_paths_are_dumped_correctly ... ok
[INFO] [stdout] test modules::optional_modules_are_dumped_correctly ... ok
[INFO] [stdout] test modules::nested_module_recipes_can_be_run_with_path_syntax ... ok
[INFO] [stdout] test modules::optional_modules_with_paths_are_dumped_correctly ... ok
[INFO] [stdout] test modules::root_dotenv_is_available_to_submodules ... ok
[INFO] [stdout] test modules::recipes_may_be_named_mod ... ok
[INFO] [stdout] test modules::submodule_linewise_recipes_run_in_submodule_directory ... ok
[INFO] [stdout] test modules::submodule_shebang_recipes_run_in_submodule_directory ... ok
[INFO] [stdout] test newline_escape::newline_escape_deps_invalid_esc ... ok
[INFO] [stdout] test newline_escape::newline_escape_unpaired_linefeed ... ok
[INFO] [stdout] test modules::modules_use_module_settings ... ok
[INFO] [stdout] test no_exit_message::empty_attribute ... ok
[INFO] [stdout] test multibyte_char::bugfix ... ok
[INFO] [stdout] test no_exit_message::recipe_exit_message_suppressed ... ok
[INFO] [stdout] test no_exit_message::shebang_exit_message_suppressed ... ok
[INFO] [stdout] test newline_escape::newline_escape_deps_no_indent ... ok
[INFO] [stdout] test no_cd::linewise ... ok
[INFO] [stdout] test no_exit_message::silent_recipe_exit_message_suppressed ... ok
[INFO] [stdout] test no_exit_message::unattached_attribute_before_comment ... ok
[INFO] [stdout] test no_exit_message::unattached_attribute_before_empty_line ... ok
[INFO] [stdout] test newline_escape::newline_escape_deps ... ok
[INFO] [stdout] test no_exit_message::unknown_attribute ... ok
[INFO] [stdout] test no_cd::shebang ... ok
[INFO] [stdout] test newline_escape::newline_escape_deps_linefeed ... ok
[INFO] [stdout] test no_exit_message::recipe_has_doc_comment ... ok
[INFO] [stdout] test os_attributes::all ... ok
[INFO] [stdout] test parser::dont_run_duplicate_recipes ... ok
[INFO] [stdout] test os_attributes::os ... ok
[INFO] [stdout] test positional_arguments::default_arguments ... ok
[INFO] [stdout] test os_attributes::os_family ... ok
[INFO] [stdout] test positional_arguments::empty_variadic_is_undefined ... ok
[INFO] [stdout] test os_attributes::none ... ok
[INFO] [stdout] test positional_arguments::shebang ... ok
[INFO] [stdout] test positional_arguments::linewise ... ok
[INFO] [stdout] test positional_arguments::variadic_linewise ... ok
[INFO] [stdout] test quiet::choose_none ... ok
[INFO] [stdout] test private::private_attribute_for_alias ... ok
[INFO] [stdout] test quiet::assignment_backtick_stderr ... ok
[INFO] [stdout] test positional_arguments::variadic_arguments_are_separate ... ok
[INFO] [stdout] test positional_arguments::variadic_shebang ... ok
[INFO] [stdout] test quiet::choose_status ... ok
[INFO] [stdout] test quiet::choose_invocation ... ok
[INFO] [stdout] test quiet::edit_invocation ... ok
[INFO] [stdout] test quiet::edit_status ... ok
[INFO] [stdout] test quiet::init_exists ... ok
[INFO] [stdout] test quiet::error_messages ... ok
[INFO] [stdout] test private::private_attribute_for_recipe ... ok
[INFO] [stdout] test quiet::command_echoing ... ok
[INFO] [stdout] test quiet::show_missing ... ok
[INFO] [stdout] test quiet::quiet_shebang ... ok
[INFO] [stdout] test quote::quotes_are_escaped ... ok
[INFO] [stdout] test quiet::interpolation_backtick_stderr ... ok
[INFO] [stdout] test quiet::stderr ... ok
[INFO] [stdout] test regexes::bad_regex_fails_at_runtime ... ok
[INFO] [stdout] test quiet::no_stdout ... ok
[INFO] [stdout] test quote::quoted_strings_can_be_used_as_arguments ... ok
[INFO] [stdout] test quote::single_quotes_are_prepended_and_appended ... ok
[INFO] [stdout] test recursion_limit::bugfix ... ok
[INFO] [stdout] test regexes::match_succeeds_evaluates_to_first_branch ... ok
[INFO] [stdout] test regexes::match_fails_evaluates_to_second_branch ... ok
[INFO] [stdout] test search::dot_justfile_conflicts_with_justfile ... ok
[INFO] [stdout] test search::single_upwards ... ok
[INFO] [stdout] test search::single_downwards ... ok
[INFO] [stdout] test run::dont_run_duplicate_recipes ... ok
[INFO] [stdout] test search::test_capitalized_justfile_search ... ok
[INFO] [stdout] test search::test_justfile_search ... ok
[INFO] [stdout] test search::test_upwards_path_argument ... ok
[INFO] [stdout] test search::find_dot_justfile ... ok
[INFO] [stdout] test search::test_upwards_multiple_path_argument ... ok
[INFO] [stdout] test search_arguments::argument_with_different_path_prefix_is_allowed ... ok
[INFO] [stdout] test shadowing_parameters::parameter_may_shadow_variable ... ok
[INFO] [stdout] test shell::cmd ... ignored
[INFO] [stdout] test shadowing_parameters::shadowing_parameters_do_not_change_environment ... ok
[INFO] [stdout] test shell::powershell ... ignored
[INFO] [stdout] test shadowing_parameters::exporting_shadowing_parameters_does_change_environment ... ok
[INFO] [stdout] test shebang::simple ... ok
[INFO] [stdout] test search_arguments::passing_dot_as_argument_is_allowed ... ok
[INFO] [stdout] test search::test_downwards_path_argument ... ok
[INFO] [stdout] test search::test_downwards_multiple_path_argument ... ok
[INFO] [stdout] test shell::shell_arg_override ... ok
[INFO] [stdout] test shell::flag ... ok
[INFO] [stdout] test show::alias_show_missing_target ... ok
[INFO] [stdout] test show::show ... ok
[INFO] [stdout] test show::alias_show ... ok
[INFO] [stdout] test show::show_alias_suggestion ... ok
[INFO] [stdout] test show::show_no_alias_suggestion ... ok
[INFO] [stdout] test shell::set_shell ... ok
[INFO] [stdout] test shell::shell_args ... ok
[INFO] [stdout] test show::show_no_suggestion ... ok
[INFO] [stdout] test show::show_suggestion ... ok
[INFO] [stdout] test slash_operator::default_un_parenthesized ... ok
[INFO] [stdout] test slash_operator::no_lhs_un_parenthesized ... ok
[INFO] [stdout] test slash_operator::no_rhs_once ... ok
[INFO] [stdout] test slash_operator::no_lhs_once ... ok
[INFO] [stdout] test shell::shell_override ... ok
[INFO] [stdout] test slash_operator::no_lhs_parenthesized ... ok
[INFO] [stdout] test string::error_line_after_multiline_raw_string ... ok
[INFO] [stdout] test string::error_column_after_multiline_raw_string ... ok
[INFO] [stdout] test slash_operator::default_parenthesized ... ok
[INFO] [stdout] test string::error_line_after_multiline_raw_string_in_interpolation ... ok
[INFO] [stdout] test slash_operator::twice ... ok
[INFO] [stdout] test slash_operator::no_lhs_twice ... ok
[INFO] [stdout] test string::cooked_string_suppress_newline ... ok
[INFO] [stdout] test slash_operator::once ... ok
[INFO] [stdout] test string::indented_cooked_string_contents_indentation_removed ... ok
[INFO] [stdout] test string::indented_backtick_string_escapes ... ok
[INFO] [stdout] test string::indented_backtick_string_contents_indentation_removed ... ok
[INFO] [stdout] test string::invalid_escape_sequence ... ok
[INFO] [stdout] test string::indented_raw_string_contents_indentation_removed ... ok
[INFO] [stdout] test string::indented_cooked_string_escapes ... ok
[INFO] [stdout] test string::indented_raw_string_escapes ... ok
[INFO] [stdout] test string::unterminated_backtick ... ok
[INFO] [stdout] test string::shebang_backtick ... ok
[INFO] [stdout] test string::multiline_cooked_string ... ok
[INFO] [stdout] test string::multiline_raw_string ... ok
[INFO] [stdout] test string::unterminated_indented_raw_string ... ok
[INFO] [stdout] test string::unterminated_indented_string ... ok
[INFO] [stdout] test string::multiline_raw_string_in_interpolation ... ok
[INFO] [stdout] test string::unterminated_indented_backtick ... ok
[INFO] [stdout] test string::unterminated_raw_string ... ok
[INFO] [stdout] test string::multiline_backtick ... ok
[INFO] [stdout] test string::unterminated_string ... ok
[INFO] [stdout] test string::raw_string ... ok
[INFO] [stdout] test subsequents::circular_dependency ... ok
[INFO] [stdout] test subsequents::unknown ... ok
[INFO] [stdout] test subsequents::unknown_argument ... ok
[INFO] [stdout] test subsequents::failure ... ok
[INFO] [stdout] test summary::submodule_recipes ... ok
[INFO] [stdout] test subsequents::success ... ok
[INFO] [stdout] test summary::no_recipes ... ok
[INFO] [stdout] test summary::summary ... ok
[INFO] [stdout] test subsequents::subsequents_run_even_if_already_ran_as_prior ... ok
[INFO] [stdout] test subsequents::argument ... ok
[INFO] [stdout] test subsequents::duplicate_subsequents_dont_run ... ok
[INFO] [stdout] test summary::summary_none ... ok
[INFO] [stdout] test summary::summary_unsorted ... ok
[INFO] [stdout] test undefined_variables::unknown_second_variable_in_binary_call ... ok
[INFO] [stdout] test undefined_variables::parameter_default_unknown_variable_in_expression ... ok
[INFO] [stdout] test undefined_variables::unknown_variable_in_ternary_call ... ok
[INFO] [stdout] test undefined_variables::unknown_first_variable_in_binary_call ... ok
[INFO] [stdout] test unstable::set_unstable_false_with_env_var_unset ... ok
[INFO] [stdout] test undefined_variables::unknown_variable_in_unary_call ... ok
[INFO] [stdout] test summary::summary_sorted ... ok
[INFO] [stdout] test unstable::set_unstable_false_with_env_var ... ok
[INFO] [stdout] test tempdir::test_tempdir_is_set ... ok
[INFO] [stdout] test working_directory::change_working_directory_to_search_justfile_parent ... ok
[INFO] [stdout] test working_directory::justfile_without_working_directory ... ok
[INFO] [stdout] test working_directory::justfile_without_working_directory_relative ... ok
[INFO] [stdout] test working_directory::justfile_and_working_directory ... ok
[INFO] [stdout] test unstable::set_unstable_true_with_env_var ... ok
[INFO] [stdout] test working_directory::search_dir_child ... ok
[INFO] [stdout] test working_directory::search_dir_parent ... ok
[INFO] [stdout] test readme::readme ... ok
[INFO] [stdout] 
[INFO] [stdout] failures:
[INFO] [stdout] 
[INFO] [stdout] ---- functions::env_var_functions stdout ----
[INFO] [stdout] thread 'functions::env_var_functions' panicked at tests/functions.rs:40:71:
[INFO] [stdout] called `Result::unwrap()` on an `Err` value: NotPresent
[INFO] [stdout] stack backtrace:
[INFO] [stdout]    0:     0x557982ae0c9c - std::backtrace_rs::backtrace::libunwind::trace::ha637c64ce894333a
[INFO] [stdout]                                at /rustc/82e1608dfa6e0b5569232559e3d385fea5a93112/library/std/src/../../backtrace/src/backtrace/libunwind.rs:104:5
[INFO] [stdout]    1:     0x557982ae0c9c - std::backtrace_rs::backtrace::trace_unsynchronized::h47f62dea28e0c88d
[INFO] [stdout]                                at /rustc/82e1608dfa6e0b5569232559e3d385fea5a93112/library/std/src/../../backtrace/src/backtrace/mod.rs:66:5
[INFO] [stdout]    2:     0x557982ae0c9c - std::sys_common::backtrace::_print_fmt::h9eef0abe20ede486
[INFO] [stdout]                                at /rustc/82e1608dfa6e0b5569232559e3d385fea5a93112/library/std/src/sys_common/backtrace.rs:67:5
[INFO] [stdout]    3:     0x557982ae0c9c - <std::sys_common::backtrace::_print::DisplayBacktrace as core::fmt::Display>::fmt::hed7f999df88cc644
[INFO] [stdout]                                at /rustc/82e1608dfa6e0b5569232559e3d385fea5a93112/library/std/src/sys_common/backtrace.rs:44:22
[INFO] [stdout]    4:     0x557982b0c680 - core::fmt::rt::Argument::fmt::h1539a9308b8d058d
[INFO] [stdout]                                at /rustc/82e1608dfa6e0b5569232559e3d385fea5a93112/library/core/src/fmt/rt.rs:142:9
[INFO] [stdout]    5:     0x557982b0c680 - core::fmt::write::h3a39390d8560d9c9
[INFO] [stdout]                                at /rustc/82e1608dfa6e0b5569232559e3d385fea5a93112/library/core/src/fmt/mod.rs:1120:17
[INFO] [stdout]    6:     0x557982addacf - std::io::Write::write_fmt::h040b369f3a0f9cbc
[INFO] [stdout]                                at /rustc/82e1608dfa6e0b5569232559e3d385fea5a93112/library/std/src/io/mod.rs:1762:15
[INFO] [stdout]    7:     0x557982ae0a84 - std::sys_common::backtrace::_print::h894006fb5c6f3d45
[INFO] [stdout]                                at /rustc/82e1608dfa6e0b5569232559e3d385fea5a93112/library/std/src/sys_common/backtrace.rs:47:5
[INFO] [stdout]    8:     0x557982ae0a84 - std::sys_common::backtrace::print::h23a2d212c6fff936
[INFO] [stdout]                                at /rustc/82e1608dfa6e0b5569232559e3d385fea5a93112/library/std/src/sys_common/backtrace.rs:34:9
[INFO] [stdout]    9:     0x557982ae2d67 - std::panicking::default_hook::{{closure}}::h8a1d2ee00185001a
[INFO] [stdout]   10:     0x557982ae2a53 - std::panicking::default_hook::h6038f2eba384e475
[INFO] [stdout]                                at /rustc/82e1608dfa6e0b5569232559e3d385fea5a93112/library/std/src/panicking.rs:289:9
[INFO] [stdout]   11:     0x557982769bb7 - <alloc::boxed::Box<F,A> as core::ops::function::Fn<Args>>::call::h0ad024c9bdc6d768
[INFO] [stdout]                                at /rustc/82e1608dfa6e0b5569232559e3d385fea5a93112/library/alloc/src/boxed.rs:2021:9
[INFO] [stdout]   12:     0x557982769bb7 - test::test_main::{{closure}}::h7500b54257359db6
[INFO] [stdout]                                at /rustc/82e1608dfa6e0b5569232559e3d385fea5a93112/library/test/src/lib.rs:138:21
[INFO] [stdout]   13:     0x557982ae3378 - <alloc::boxed::Box<F,A> as core::ops::function::Fn<Args>>::call::h1f8f335eaa9cfaee
[INFO] [stdout]                                at /rustc/82e1608dfa6e0b5569232559e3d385fea5a93112/library/alloc/src/boxed.rs:2021:9
[INFO] [stdout]   14:     0x557982ae3378 - std::panicking::rust_panic_with_hook::h2b5517d590cab22e
[INFO] [stdout]                                at /rustc/82e1608dfa6e0b5569232559e3d385fea5a93112/library/std/src/panicking.rs:783:13
[INFO] [stdout]   15:     0x557982ae30ce - std::panicking::begin_panic_handler::{{closure}}::h233112c06e0ef43e
[INFO] [stdout]                                at /rustc/82e1608dfa6e0b5569232559e3d385fea5a93112/library/std/src/panicking.rs:657:13
[INFO] [stdout]   16:     0x557982ae1166 - std::sys_common::backtrace::__rust_end_short_backtrace::h6e893f24d7ebbff8
[INFO] [stdout]                                at /rustc/82e1608dfa6e0b5569232559e3d385fea5a93112/library/std/src/sys_common/backtrace.rs:170:18
[INFO] [stdout]   17:     0x557982ae2e32 - rust_begin_unwind
[INFO] [stdout]                                at /rustc/82e1608dfa6e0b5569232559e3d385fea5a93112/library/std/src/panicking.rs:645:5
[INFO] [stdout]   18:     0x5579826ac995 - core::panicking::panic_fmt::hbf0e066aabfa482c
[INFO] [stdout]                                at /rustc/82e1608dfa6e0b5569232559e3d385fea5a93112/library/core/src/panicking.rs:72:14
[INFO] [stdout]   19:     0x5579826acfc3 - core::result::unwrap_failed::hddb4fea594200c52
[INFO] [stdout]                                at /rustc/82e1608dfa6e0b5569232559e3d385fea5a93112/library/core/src/result.rs:1653:5
[INFO] [stdout]   20:     0x55798271ff34 - core::result::Result<T,E>::unwrap::h1000daf20805c7a2
[INFO] [stdout]                                at /rustc/82e1608dfa6e0b5569232559e3d385fea5a93112/library/core/src/result.rs:1077:23
[INFO] [stdout]   21:     0x55798271919f - integration::functions::env_var_functions::h09af3a4c53c7ff70
[INFO] [stdout]                                at /opt/rustwide/workdir/tests/functions.rs:40:54
[INFO] [stdout]   22:     0x5579827190a7 - integration::functions::env_var_functions::{{closure}}::h8a5d2820cd6e5921
[INFO] [stdout]                                at /opt/rustwide/workdir/tests/test.rs:18:15
[INFO] [stdout]   23:     0x557982728936 - core::ops::function::FnOnce::call_once::h7367b55f90dddbb1
[INFO] [stdout]                                at /rustc/82e1608dfa6e0b5569232559e3d385fea5a93112/library/core/src/ops/function.rs:250:5
[INFO] [stdout]   24:     0x55798276f20f - core::ops::function::FnOnce::call_once::h2b5d431d5046312d
[INFO] [stdout]                                at /rustc/82e1608dfa6e0b5569232559e3d385fea5a93112/library/core/src/ops/function.rs:250:5
[INFO] [stdout]   25:     0x55798276f20f - test::__rust_begin_short_backtrace::h7714669af176e207
[INFO] [stdout]                                at /rustc/82e1608dfa6e0b5569232559e3d385fea5a93112/library/test/src/lib.rs:628:18
[INFO] [stdout]   26:     0x55798276e225 - test::run_test_in_process::{{closure}}::h85218797dcbcec12
[INFO] [stdout]                                at /rustc/82e1608dfa6e0b5569232559e3d385fea5a93112/library/test/src/lib.rs:651:60
[INFO] [stdout]   27:     0x55798276e225 - <core::panic::unwind_safe::AssertUnwindSafe<F> as core::ops::function::FnOnce<()>>::call_once::h76c106ea31c14d7b
[INFO] [stdout]                                at /rustc/82e1608dfa6e0b5569232559e3d385fea5a93112/library/core/src/panic/unwind_safe.rs:272:9
[INFO] [stdout]   28:     0x55798276e225 - std::panicking::try::do_call::h3bd5d0f6620ee946
[INFO] [stdout]                                at /rustc/82e1608dfa6e0b5569232559e3d385fea5a93112/library/std/src/panicking.rs:552:40
[INFO] [stdout]   29:     0x55798276e225 - std::panicking::try::h232e535e4744fe31
[INFO] [stdout]                                at /rustc/82e1608dfa6e0b5569232559e3d385fea5a93112/library/std/src/panicking.rs:516:19
[INFO] [stdout]   30:     0x55798276e225 - std::panic::catch_unwind::h3ce3bd6ca8dbac68
[INFO] [stdout]                                at /rustc/82e1608dfa6e0b5569232559e3d385fea5a93112/library/std/src/panic.rs:142:14
[INFO] [stdout]   31:     0x55798276e225 - test::run_test_in_process::hc97b257c9621286a
[INFO] [stdout]                                at /rustc/82e1608dfa6e0b5569232559e3d385fea5a93112/library/test/src/lib.rs:651:27
[INFO] [stdout]   32:     0x55798276e225 - test::run_test::{{closure}}::h2aa798823a438d38
[INFO] [stdout]                                at /rustc/82e1608dfa6e0b5569232559e3d385fea5a93112/library/test/src/lib.rs:574:43
[INFO] [stdout]   33:     0x5579827364e6 - test::run_test::{{closure}}::h87d231c78fb59832
[INFO] [stdout]                                at /rustc/82e1608dfa6e0b5569232559e3d385fea5a93112/library/test/src/lib.rs:602:41
[INFO] [stdout]   34:     0x5579827364e6 - std::sys_common::backtrace::__rust_begin_short_backtrace::he6df152596625789
[INFO] [stdout]                                at /rustc/82e1608dfa6e0b5569232559e3d385fea5a93112/library/std/src/sys_common/backtrace.rs:154:18
[INFO] [stdout]   35:     0x55798273b597 - std::thread::Builder::spawn_unchecked_::{{closure}}::{{closure}}::ha94be15d1e0acf36
[INFO] [stdout]                                at /rustc/82e1608dfa6e0b5569232559e3d385fea5a93112/library/std/src/thread/mod.rs:529:17
[INFO] [stdout]   36:     0x55798273b597 - <core::panic::unwind_safe::AssertUnwindSafe<F> as core::ops::function::FnOnce<()>>::call_once::h9dc6bd6372f16606
[INFO] [stdout]                                at /rustc/82e1608dfa6e0b5569232559e3d385fea5a93112/library/core/src/panic/unwind_safe.rs:272:9
[INFO] [stdout]   37:     0x55798273b597 - std::panicking::try::do_call::h9057517f80303cd4
[INFO] [stdout]                                at /rustc/82e1608dfa6e0b5569232559e3d385fea5a93112/library/std/src/panicking.rs:552:40
[INFO] [stdout]   38:     0x55798273b597 - std::panicking::try::he3a30b11ee45340c
[INFO] [stdout]                                at /rustc/82e1608dfa6e0b5569232559e3d385fea5a93112/library/std/src/panicking.rs:516:19
[INFO] [stdout]   39:     0x55798273b597 - std::panic::catch_unwind::h410458cfd3528b8b
[INFO] [stdout]                                at /rustc/82e1608dfa6e0b5569232559e3d385fea5a93112/library/std/src/panic.rs:142:14
[INFO] [stdout]   40:     0x55798273b597 - std::thread::Builder::spawn_unchecked_::{{closure}}::h72ac3bdb567b737b
[INFO] [stdout]                                at /rustc/82e1608dfa6e0b5569232559e3d385fea5a93112/library/std/src/thread/mod.rs:528:30
[INFO] [stdout]   41:     0x55798273b597 - core::ops::function::FnOnce::call_once{{vtable.shim}}::h38f34da3654a8344
[INFO] [stdout]                                at /rustc/82e1608dfa6e0b5569232559e3d385fea5a93112/library/core/src/ops/function.rs:250:5
[INFO] [stdout]   42:     0x557982ae8d25 - <alloc::boxed::Box<F,A> as core::ops::function::FnOnce<Args>>::call_once::hc7eafaff61e32df9
[INFO] [stdout]                                at /rustc/82e1608dfa6e0b5569232559e3d385fea5a93112/library/alloc/src/boxed.rs:2007:9
[INFO] [stdout]   43:     0x557982ae8d25 - <alloc::boxed::Box<F,A> as core::ops::function::FnOnce<Args>>::call_once::h6ba4a5de48dd2304
[INFO] [stdout]                                at /rustc/82e1608dfa6e0b5569232559e3d385fea5a93112/library/alloc/src/boxed.rs:2007:9
[INFO] [stdout]   44:     0x557982ae8d25 - std::sys::unix::thread::Thread::new::thread_start::he469335aef763e45
[INFO] [stdout]                                at /rustc/82e1608dfa6e0b5569232559e3d385fea5a93112/library/std/src/sys/unix/thread.rs:108:17
[INFO] [stdout]   45:     0x7fdfb8222ac3 - <unknown>
[INFO] [stdout]   46:     0x7fdfb82b3bf4 - __clone
[INFO] [stdout]   47:                0x0 - <unknown>
[INFO] [stdout] 
[INFO] [stdout] ---- fmt::write_error stdout ----
[INFO] [stdout] thread 'fmt::write_error' panicked at tests/test.rs:244:9:
[INFO] [stdout] Stderr regex mismatch:
[INFO] [stdout] "Wrote justfile to `/tmp/temptree81NXzG/justfile`\n"
[INFO] [stdout] !~=
[INFO] [stdout] /Regex("^error: Failed to write justfile to `.*`: Permission denied \\(os error 13\\)\\n$")/
[INFO] [stdout] stack backtrace:
[INFO] [stdout]    0:     0x557982ae0c9c - std::backtrace_rs::backtrace::libunwind::trace::ha637c64ce894333a
[INFO] [stdout]                                at /rustc/82e1608dfa6e0b5569232559e3d385fea5a93112/library/std/src/../../backtrace/src/backtrace/libunwind.rs:104:5
[INFO] [stdout]    1:     0x557982ae0c9c - std::backtrace_rs::backtrace::trace_unsynchronized::h47f62dea28e0c88d
[INFO] [stdout]                                at /rustc/82e1608dfa6e0b5569232559e3d385fea5a93112/library/std/src/../../backtrace/src/backtrace/mod.rs:66:5
[INFO] [stdout]    2:     0x557982ae0c9c - std::sys_common::backtrace::_print_fmt::h9eef0abe20ede486
[INFO] [stdout]                                at /rustc/82e1608dfa6e0b5569232559e3d385fea5a93112/library/std/src/sys_common/backtrace.rs:67:5
[INFO] [stdout]    3:     0x557982ae0c9c - <std::sys_common::backtrace::_print::DisplayBacktrace as core::fmt::Display>::fmt::hed7f999df88cc644
[INFO] [stdout]                                at /rustc/82e1608dfa6e0b5569232559e3d385fea5a93112/library/std/src/sys_common/backtrace.rs:44:22
[INFO] [stdout]    4:     0x557982b0c680 - core::fmt::rt::Argument::fmt::h1539a9308b8d058d
[INFO] [stdout]                                at /rustc/82e1608dfa6e0b5569232559e3d385fea5a93112/library/core/src/fmt/rt.rs:142:9
[INFO] [stdout]    5:     0x557982b0c680 - core::fmt::write::h3a39390d8560d9c9
[INFO] [stdout]                                at /rustc/82e1608dfa6e0b5569232559e3d385fea5a93112/library/core/src/fmt/mod.rs:1120:17
[INFO] [stdout]    6:     0x557982addacf - std::io::Write::write_fmt::h040b369f3a0f9cbc
[INFO] [stdout]                                at /rustc/82e1608dfa6e0b5569232559e3d385fea5a93112/library/std/src/io/mod.rs:1762:15
[INFO] [stdout]    7:     0x557982ae0a84 - std::sys_common::backtrace::_print::h894006fb5c6f3d45
[INFO] [stdout]                                at /rustc/82e1608dfa6e0b5569232559e3d385fea5a93112/library/std/src/sys_common/backtrace.rs:47:5
[INFO] [stdout]    8:     0x557982ae0a84 - std::sys_common::backtrace::print::h23a2d212c6fff936
[INFO] [stdout]                                at /rustc/82e1608dfa6e0b5569232559e3d385fea5a93112/library/std/src/sys_common/backtrace.rs:34:9
[INFO] [stdout]    9:     0x557982ae2d67 - std::panicking::default_hook::{{closure}}::h8a1d2ee00185001a
[INFO] [stdout]   10:     0x557982ae2a53 - std::panicking::default_hook::h6038f2eba384e475
[INFO] [stdout]                                at /rustc/82e1608dfa6e0b5569232559e3d385fea5a93112/library/std/src/panicking.rs:289:9
[INFO] [stdout]   11:     0x557982769bb7 - <alloc::boxed::Box<F,A> as core::ops::function::Fn<Args>>::call::h0ad024c9bdc6d768
[INFO] [stdout]                                at /rustc/82e1608dfa6e0b5569232559e3d385fea5a93112/library/alloc/src/boxed.rs:2021:9
[INFO] [stdout]   12:     0x557982769bb7 - test::test_main::{{closure}}::h7500b54257359db6
[INFO] [stdout]                                at /rustc/82e1608dfa6e0b5569232559e3d385fea5a93112/library/test/src/lib.rs:138:21
[INFO] [stdout]   13:     0x557982ae3378 - <alloc::boxed::Box<F,A> as core::ops::function::Fn<Args>>::call::h1f8f335eaa9cfaee
[INFO] [stdout]                                at /rustc/82e1608dfa6e0b5569232559e3d385fea5a93112/library/alloc/src/boxed.rs:2021:9
[INFO] [stdout]   14:     0x557982ae3378 - std::panicking::rust_panic_with_hook::h2b5517d590cab22e
[INFO] [stdout]                                at /rustc/82e1608dfa6e0b5569232559e3d385fea5a93112/library/std/src/panicking.rs:783:13
[INFO] [stdout]   15:     0x557982ae30ce - std::panicking::begin_panic_handler::{{closure}}::h233112c06e0ef43e
[INFO] [stdout]                                at /rustc/82e1608dfa6e0b5569232559e3d385fea5a93112/library/std/src/panicking.rs:657:13
[INFO] [stdout]   16:     0x557982ae1166 - std::sys_common::backtrace::__rust_end_short_backtrace::h6e893f24d7ebbff8
[INFO] [stdout]                                at /rustc/82e1608dfa6e0b5569232559e3d385fea5a93112/library/std/src/sys_common/backtrace.rs:170:18
[INFO] [stdout]   17:     0x557982ae2e32 - rust_begin_unwind
[INFO] [stdout]                                at /rustc/82e1608dfa6e0b5569232559e3d385fea5a93112/library/std/src/panicking.rs:645:5
[INFO] [stdout]   18:     0x5579826ac995 - core::panicking::panic_fmt::hbf0e066aabfa482c
[INFO] [stdout]                                at /rustc/82e1608dfa6e0b5569232559e3d385fea5a93112/library/core/src/panicking.rs:72:14
[INFO] [stdout]   19:     0x5579826e69d3 - integration::test::Test::run::h744e0cd477f9dbf0
[INFO] [stdout]                                at /opt/rustwide/workdir/tests/test.rs:244:9
[INFO] [stdout]   20:     0x5579826fe6df - integration::fmt::write_error::hf9e20fe64216743b
[INFO] [stdout]                                at /opt/rustwide/workdir/tests/fmt.rs:124:18
[INFO] [stdout]   21:     0x5579826fe447 - integration::fmt::write_error::{{closure}}::h9d60c254ac8a6536
[INFO] [stdout]                                at /opt/rustwide/workdir/tests/fmt.rs:105:17
[INFO] [stdout]   22:     0x5579827263a6 - core::ops::function::FnOnce::call_once::h3944c12d8987f04f
[INFO] [stdout]                                at /rustc/82e1608dfa6e0b5569232559e3d385fea5a93112/library/core/src/ops/function.rs:250:5
[INFO] [stdout]   23:     0x55798276f20f - core::ops::function::FnOnce::call_once::h2b5d431d5046312d
[INFO] [stdout]                                at /rustc/82e1608dfa6e0b5569232559e3d385fea5a93112/library/core/src/ops/function.rs:250:5
[INFO] [stdout]   24:     0x55798276f20f - test::__rust_begin_short_backtrace::h7714669af176e207
[INFO] [stdout]                                at /rustc/82e1608dfa6e0b5569232559e3d385fea5a93112/library/test/src/lib.rs:628:18
[INFO] [stdout]   25:     0x55798276e225 - test::run_test_in_process::{{closure}}::h85218797dcbcec12
[INFO] [stdout]                                at /rustc/82e1608dfa6e0b5569232559e3d385fea5a93112/library/test/src/lib.rs:651:60
[INFO] [stdout]   26:     0x55798276e225 - <core::panic::unwind_safe::AssertUnwindSafe<F> as core::ops::function::FnOnce<()>>::call_once::h76c106ea31c14d7b
[INFO] [stdout]                                at /rustc/82e1608dfa6e0b5569232559e3d385fea5a93112/library/core/src/panic/unwind_safe.rs:272:9
[INFO] [stdout]   27:     0x55798276e225 - std::panicking::try::do_call::h3bd5d0f6620ee946
[INFO] [stdout]                                at /rustc/82e1608dfa6e0b5569232559e3d385fea5a93112/library/std/src/panicking.rs:552:40
[INFO] [stdout]   28:     0x55798276e225 - std::panicking::try::h232e535e4744fe31
[INFO] [stdout]                                at /rustc/82e1608dfa6e0b5569232559e3d385fea5a93112/library/std/src/panicking.rs:516:19
[INFO] [stdout]   29:     0x55798276e225 - std::panic::catch_unwind::h3ce3bd6ca8dbac68
[INFO] [stdout]                                at /rustc/82e1608dfa6e0b5569232559e3d385fea5a93112/library/std/src/panic.rs:142:14
[INFO] [stdout]   30:     0x55798276e225 - test::run_test_in_process::hc97b257c9621286a
[INFO] [stdout]                                at /rustc/82e1608dfa6e0b5569232559e3d385fea5a93112/library/test/src/lib.rs:651:27
[INFO] [stdout]   31:     0x55798276e225 - test::run_test::{{closure}}::h2aa798823a438d38
[INFO] [stdout]                                at /rustc/82e1608dfa6e0b5569232559e3d385fea5a93112/library/test/src/lib.rs:574:43
[INFO] [stdout]   32:     0x5579827364e6 - test::run_test::{{closure}}::h87d231c78fb59832
[INFO] [stdout]                                at /rustc/82e1608dfa6e0b5569232559e3d385fea5a93112/library/test/src/lib.rs:602:41
[INFO] [stdout]   33:     0x5579827364e6 - std::sys_common::backtrace::__rust_begin_short_backtrace::he6df152596625789
[INFO] [stdout]                                at /rustc/82e1608dfa6e0b5569232559e3d385fea5a93112/library/std/src/sys_common/backtrace.rs:154:18
[INFO] [stdout]   34:     0x55798273b597 - std::thread::Builder::spawn_unchecked_::{{closure}}::{{closure}}::ha94be15d1e0acf36
[INFO] [stdout]                                at /rustc/82e1608dfa6e0b5569232559e3d385fea5a93112/library/std/src/thread/mod.rs:529:17
[INFO] [stdout]   35:     0x55798273b597 - <core::panic::unwind_safe::AssertUnwindSafe<F> as core::ops::function::FnOnce<()>>::call_once::h9dc6bd6372f16606
[INFO] [stdout]                                at /rustc/82e1608dfa6e0b5569232559e3d385fea5a93112/library/core/src/panic/unwind_safe.rs:272:9
[INFO] [stdout]   36:     0x55798273b597 - std::panicking::try::do_call::h9057517f80303cd4
[INFO] [stdout]                                at /rustc/82e1608dfa6e0b5569232559e3d385fea5a93112/library/std/src/panicking.rs:552:40
[INFO] [stdout]   37:     0x55798273b597 - std::panicking::try::he3a30b11ee45340c
[INFO] [stdout]                                at /rustc/82e1608dfa6e0b5569232559e3d385fea5a93112/library/std/src/panicking.rs:516:19
[INFO] [stdout]   38:     0x55798273b597 - std::panic::catch_unwind::h410458cfd3528b8b
[INFO] [stdout]                                at /rustc/82e1608dfa6e0b5569232559e3d385fea5a93112/library/std/src/panic.rs:142:14
[INFO] [stdout]   39:     0x55798273b597 - std::thread::Builder::spawn_unchecked_::{{closure}}::h72ac3bdb567b737b
[INFO] [stdout]                                at /rustc/82e1608dfa6e0b5569232559e3d385fea5a93112/library/std/src/thread/mod.rs:528:30
[INFO] [stdout]   40:     0x55798273b597 - core::ops::function::FnOnce::call_once{{vtable.shim}}::h38f34da3654a8344
[INFO] [stdout]                                at /rustc/82e1608dfa6e0b5569232559e3d385fea5a93112/library/core/src/ops/function.rs:250:5
[INFO] [stdout]   41:     0x557982ae8d25 - <alloc::boxed::Box<F,A> as core::ops::function::FnOnce<Args>>::call_once::hc7eafaff61e32df9
[INFO] [stdout]                                at /rustc/82e1608dfa6e0b5569232559e3d385fea5a93112/library/alloc/src/boxed.rs:2007:9
[INFO] [stdout]   42:     0x557982ae8d25 - <alloc::boxed::Box<F,A> as core::ops::function::FnOnce<Args>>::call_once::h6ba4a5de48dd2304
[INFO] [stdout]                                at /rustc/82e1608dfa6e0b5569232559e3d385fea5a93112/library/alloc/src/boxed.rs:2007:9
[INFO] [stdout]   43:     0x557982ae8d25 - std::sys::unix::thread::Thread::new::thread_start::he469335aef763e45
[INFO] [stdout]                                at /rustc/82e1608dfa6e0b5569232559e3d385fea5a93112/library/std/src/sys/unix/thread.rs:108:17
[INFO] [stdout]   44:     0x7fdfb8222ac3 - <unknown>
[INFO] [stdout]   45:     0x7fdfb82b3bf4 - __clone
[INFO] [stdout]   46:                0x0 - <unknown>
[INFO] [stdout] 
[INFO] [stdout] 
[INFO] [stdout] failures:
[INFO] [stdout]     fmt::write_error
[INFO] [stdout]     functions::env_var_functions
[INFO] [stdout] 
[INFO] [stdout] test result: FAILED. 621 passed; 2 failed; 7 ignored; 0 measured; 0 filtered out; finished in 3.90s
[INFO] [stdout] 
[INFO] [stderr] error: test failed, to rerun pass `--test integration`
[INFO] running `Command { std: "docker" "inspect" "fce732838895a9ba2e0f233dfde3d165fa81cd9b2b6caef9dc6e809654a90201", kill_on_drop: false }`
[INFO] running `Command { std: "docker" "rm" "-f" "fce732838895a9ba2e0f233dfde3d165fa81cd9b2b6caef9dc6e809654a90201", kill_on_drop: false }`
[INFO] [stdout] fce732838895a9ba2e0f233dfde3d165fa81cd9b2b6caef9dc6e809654a90201
[INFO] testing pop-os/just against beta-2023-12-22 for beta-1.76-1
[INFO] running `Command { std: "git" "clone" "/workspace/cache/git-repos/https%3A%2F%2Fgithub.com%2Fpop-os%2Fjust" "/workspace/builds/worker-5-tc2/source", kill_on_drop: false }`
[INFO] [stderr] Cloning into '/workspace/builds/worker-5-tc2/source'...
[INFO] [stderr] done.
[INFO] validating manifest of git repo https://github.com/pop-os/just on toolchain beta-2023-12-22
[INFO] running `Command { std: CARGO_HOME="/workspace/cargo-home" RUSTUP_HOME="/workspace/rustup-home" "/workspace/cargo-home/bin/cargo" "+beta-2023-12-22" "metadata" "--manifest-path" "Cargo.toml" "--no-deps", kill_on_drop: false }`
[INFO] started tweaking git repo https://github.com/pop-os/just
[INFO] removed 0 missing tests
[INFO] finished tweaking git repo https://github.com/pop-os/just
[INFO] tweaked toml for git repo https://github.com/pop-os/just written to /workspace/builds/worker-5-tc2/source/Cargo.toml
[INFO] crate git repo https://github.com/pop-os/just already has a lockfile, it will not be regenerated
[INFO] running `Command { std: CARGO_HOME="/workspace/cargo-home" RUSTUP_HOME="/workspace/rustup-home" "/workspace/cargo-home/bin/cargo" "+beta-2023-12-22" "fetch" "--manifest-path" "Cargo.toml", kill_on_drop: false }`
[INFO] running `Command { std: "docker" "create" "-v" "/var/lib/crater-agent-workspace/builds/worker-5-tc2/target:/opt/rustwide/target:rw,Z" "-v" "/var/lib/crater-agent-workspace/builds/worker-5-tc2/source:/opt/rustwide/workdir:ro,Z" "-v" "/var/lib/crater-agent-workspace/cargo-home:/opt/rustwide/cargo-home:ro,Z" "-v" "/var/lib/crater-agent-workspace/rustup-home:/opt/rustwide/rustup-home:ro,Z" "-e" "SOURCE_DIR=/opt/rustwide/workdir" "-e" "CARGO_TARGET_DIR=/opt/rustwide/target" "-e" "CARGO_HOME=/opt/rustwide/cargo-home" "-e" "RUSTUP_HOME=/opt/rustwide/rustup-home" "-w" "/opt/rustwide/workdir" "-m" "1610612736" "--user" "0:0" "--network" "none" "ghcr.io/rust-lang/crates-build-env/linux@sha256:2788e3201cd34a07e3172128adcd8b3090168a8e3bcc40d7c032b9dda1df7d1c" "/opt/rustwide/cargo-home/bin/cargo" "+beta-2023-12-22" "metadata" "--no-deps" "--format-version=1", kill_on_drop: false }`
[INFO] [stdout] d73a081613ca075ddb93a49ccaf8aa976887dd0403a78105f444cd8883ee09a6
[INFO] running `Command { std: "docker" "start" "-a" "d73a081613ca075ddb93a49ccaf8aa976887dd0403a78105f444cd8883ee09a6", kill_on_drop: false }`
[INFO] running `Command { std: "docker" "inspect" "d73a081613ca075ddb93a49ccaf8aa976887dd0403a78105f444cd8883ee09a6", kill_on_drop: false }`
[INFO] running `Command { std: "docker" "rm" "-f" "d73a081613ca075ddb93a49ccaf8aa976887dd0403a78105f444cd8883ee09a6", kill_on_drop: false }`
[INFO] [stdout] d73a081613ca075ddb93a49ccaf8aa976887dd0403a78105f444cd8883ee09a6
[INFO] running `Command { std: "docker" "create" "-v" "/var/lib/crater-agent-workspace/builds/worker-5-tc2/target:/opt/rustwide/target:rw,Z" "-v" "/var/lib/crater-agent-workspace/builds/worker-5-tc2/source:/opt/rustwide/workdir:ro,Z" "-v" "/var/lib/crater-agent-workspace/cargo-home:/opt/rustwide/cargo-home:ro,Z" "-v" "/var/lib/crater-agent-workspace/rustup-home:/opt/rustwide/rustup-home:ro,Z" "-e" "SOURCE_DIR=/opt/rustwide/workdir" "-e" "CARGO_TARGET_DIR=/opt/rustwide/target" "-e" "CARGO_INCREMENTAL=0" "-e" "RUST_BACKTRACE=full" "-e" "RUSTFLAGS=--cap-lints=warn" "-e" "RUSTDOCFLAGS=--cap-lints=warn" "-e" "CARGO_HOME=/opt/rustwide/cargo-home" "-e" "RUSTUP_HOME=/opt/rustwide/rustup-home" "-w" "/opt/rustwide/workdir" "-m" "1610612736" "--user" "0:0" "--network" "none" "ghcr.io/rust-lang/crates-build-env/linux@sha256:2788e3201cd34a07e3172128adcd8b3090168a8e3bcc40d7c032b9dda1df7d1c" "/opt/rustwide/cargo-home/bin/cargo" "+beta-2023-12-22" "build" "--frozen" "--message-format=json", kill_on_drop: false }`
[INFO] [stdout] 13a3022bc7bb0b179220a2ffec119b7c0bc82a1c1b9a5d7a8756de956b98c7ff
[INFO] running `Command { std: "docker" "start" "-a" "13a3022bc7bb0b179220a2ffec119b7c0bc82a1c1b9a5d7a8756de956b98c7ff", kill_on_drop: false }`
[INFO] [stderr]    Compiling proc-macro2 v1.0.72
[INFO] [stderr]    Compiling libc v0.2.151
[INFO] [stderr]    Compiling unicode-ident v1.0.12
[INFO] [stderr]    Compiling typenum v1.17.0
[INFO] [stderr]    Compiling version_check v0.9.4
[INFO] [stderr]    Compiling bitflags v2.4.1
[INFO] [stderr]    Compiling cfg-if v1.0.0
[INFO] [stderr]    Compiling memchr v2.7.1
[INFO] [stderr]    Compiling syn v1.0.109
[INFO] [stderr]    Compiling rustix v0.38.28
[INFO] [stderr]    Compiling heck v0.4.1
[INFO] [stderr]    Compiling rustversion v1.0.14
[INFO] [stderr]    Compiling generic-array v0.14.7
[INFO] [stderr]    Compiling linux-raw-sys v0.4.12
[INFO] [stderr]    Compiling regex-syntax v0.8.2
[INFO] [stderr]    Compiling aho-corasick v1.1.2
[INFO] [stderr]    Compiling serde v1.0.193
[INFO] [stderr]    Compiling quote v1.0.34
[INFO] [stderr]    Compiling syn v2.0.43
[INFO] [stderr]    Compiling doc-comment v0.3.3
[INFO] [stderr]    Compiling crypto-common v0.1.6
[INFO] [stderr]    Compiling block-buffer v0.10.4
[INFO] [stderr]    Compiling term_size v0.3.2
[INFO] [stderr]    Compiling semver v1.0.20
[INFO] [stderr]    Compiling unicode-width v0.1.11
[INFO] [stderr]    Compiling regex-automata v0.1.10
[INFO] [stderr]    Compiling lazy_static v1.4.0
[INFO] [stderr]    Compiling regex-automata v0.4.3
[INFO] [stderr]    Compiling camino v1.1.6
[INFO] [stderr]    Compiling option-ext v0.2.0
[INFO] [stderr]    Compiling serde_json v1.0.108
[INFO] [stderr]    Compiling dirs-sys v0.4.1
[INFO] [stderr]    Compiling bstr v0.2.17
[INFO] [stderr]    Compiling is-terminal v0.4.10
[INFO] [stderr]    Compiling textwrap v0.11.0
[INFO] [stderr]    Compiling digest v0.10.7
[INFO] [stderr]    Compiling getrandom v0.2.11
[INFO] [stderr]    Compiling atty v0.2.14
[INFO] [stderr]    Compiling nix v0.27.1
[INFO] [stderr]    Compiling log v0.4.20
[INFO] [stderr]    Compiling itoa v1.0.10
[INFO] [stderr]    Compiling bitflags v1.3.2
[INFO] [stderr]    Compiling vec_map v0.8.2
[INFO] [stderr]    Compiling fastrand v2.0.1
[INFO] [stderr]    Compiling ryu v1.0.16
[INFO] [stderr]    Compiling humantime v2.1.0
[INFO] [stderr]    Compiling termcolor v1.4.0
[INFO] [stderr]    Compiling ansi_term v0.12.1
[INFO] [stderr]    Compiling serde_derive v1.0.193
[INFO] [stderr]    Compiling strum_macros v0.25.3
[INFO] [stderr]    Compiling unicode-segmentation v1.10.1
[INFO] [stderr]    Compiling cpufeatures v0.2.11
[INFO] [stderr]    Compiling regex v1.10.2
[INFO] [stderr]    Compiling strsim v0.8.0
[INFO] [stderr]    Compiling ctrlc v3.4.2
[INFO] [stderr]    Compiling env_logger v0.10.1
[INFO] [stderr]    Compiling similar v2.4.0
[INFO] [stderr]    Compiling clap v2.34.0
[INFO] [stderr]    Compiling sha2 v0.10.8
[INFO] [stderr]    Compiling tempfile v3.9.0
[INFO] [stderr]    Compiling uuid v1.6.1
[INFO] [stderr]    Compiling dirs v5.0.1
[INFO] [stderr]    Compiling num_cpus v1.16.0
[INFO] [stderr]    Compiling strum v0.25.0
[INFO] [stderr]    Compiling edit-distance v2.1.0
[INFO] [stderr]    Compiling dotenvy v0.15.7
[INFO] [stderr]    Compiling typed-arena v2.0.2
[INFO] [stderr]    Compiling lexiclean v0.0.1
[INFO] [stderr]    Compiling target v2.0.0
[INFO] [stderr]    Compiling snafu-derive v0.7.5
[INFO] [stderr]    Compiling derivative v2.2.0
[INFO] [stderr]    Compiling snafu v0.7.5
[INFO] [stderr]    Compiling just v1.22.0 (/opt/rustwide/workdir)
[INFO] [stderr]     Finished dev [unoptimized + debuginfo] target(s) in 35.88s
[INFO] running `Command { std: "docker" "inspect" "13a3022bc7bb0b179220a2ffec119b7c0bc82a1c1b9a5d7a8756de956b98c7ff", kill_on_drop: false }`
[INFO] running `Command { std: "docker" "rm" "-f" "13a3022bc7bb0b179220a2ffec119b7c0bc82a1c1b9a5d7a8756de956b98c7ff", kill_on_drop: false }`
[INFO] [stdout] 13a3022bc7bb0b179220a2ffec119b7c0bc82a1c1b9a5d7a8756de956b98c7ff
[INFO] running `Command { std: "docker" "create" "-v" "/var/lib/crater-agent-workspace/builds/worker-5-tc2/target:/opt/rustwide/target:rw,Z" "-v" "/var/lib/crater-agent-workspace/builds/worker-5-tc2/source:/opt/rustwide/workdir:ro,Z" "-v" "/var/lib/crater-agent-workspace/cargo-home:/opt/rustwide/cargo-home:ro,Z" "-v" "/var/lib/crater-agent-workspace/rustup-home:/opt/rustwide/rustup-home:ro,Z" "-e" "SOURCE_DIR=/opt/rustwide/workdir" "-e" "CARGO_TARGET_DIR=/opt/rustwide/target" "-e" "CARGO_INCREMENTAL=0" "-e" "RUST_BACKTRACE=full" "-e" "RUSTFLAGS=--cap-lints=warn" "-e" "RUSTDOCFLAGS=--cap-lints=warn" "-e" "CARGO_HOME=/opt/rustwide/cargo-home" "-e" "RUSTUP_HOME=/opt/rustwide/rustup-home" "-w" "/opt/rustwide/workdir" "-m" "1610612736" "--user" "0:0" "--network" "none" "ghcr.io/rust-lang/crates-build-env/linux@sha256:2788e3201cd34a07e3172128adcd8b3090168a8e3bcc40d7c032b9dda1df7d1c" "/opt/rustwide/cargo-home/bin/cargo" "+beta-2023-12-22" "test" "--frozen" "--no-run" "--message-format=json", kill_on_drop: false }`
[INFO] [stdout] 7b6f86b5624dd44cf481acb00e9ece0e73848e0117a7c381ee5d18a0c4756a46
[INFO] running `Command { std: "docker" "start" "-a" "7b6f86b5624dd44cf481acb00e9ece0e73848e0117a7c381ee5d18a0c4756a46", kill_on_drop: false }`
[INFO] [stderr]    Compiling linked-hash-map v0.5.6
[INFO] [stderr]    Compiling diff v0.1.13
[INFO] [stderr]    Compiling either v1.9.0
[INFO] [stderr]    Compiling yansi v0.5.1
[INFO] [stderr]    Compiling home v0.5.9
[INFO] [stderr]    Compiling temptree v0.2.0
[INFO] [stderr]    Compiling cradle v0.2.2
[INFO] [stderr]    Compiling executable-path v1.0.0
[INFO] [stderr]    Compiling which v5.0.0
[INFO] [stderr]    Compiling yaml-rust v0.4.5
[INFO] [stderr]    Compiling pretty_assertions v1.4.0
[INFO] [stderr]    Compiling just v1.22.0 (/opt/rustwide/workdir)
[INFO] [stderr]     Finished test [unoptimized + debuginfo] target(s) in 7.52s
[INFO] running `Command { std: "docker" "inspect" "7b6f86b5624dd44cf481acb00e9ece0e73848e0117a7c381ee5d18a0c4756a46", kill_on_drop: false }`
[INFO] running `Command { std: "docker" "rm" "-f" "7b6f86b5624dd44cf481acb00e9ece0e73848e0117a7c381ee5d18a0c4756a46", kill_on_drop: false }`
[INFO] [stdout] 7b6f86b5624dd44cf481acb00e9ece0e73848e0117a7c381ee5d18a0c4756a46
[INFO] running `Command { std: "docker" "create" "-v" "/var/lib/crater-agent-workspace/builds/worker-5-tc2/target:/opt/rustwide/target:rw,Z" "-v" "/var/lib/crater-agent-workspace/builds/worker-5-tc2/source:/opt/rustwide/workdir:ro,Z" "-v" "/var/lib/crater-agent-workspace/cargo-home:/opt/rustwide/cargo-home:ro,Z" "-v" "/var/lib/crater-agent-workspace/rustup-home:/opt/rustwide/rustup-home:ro,Z" "-e" "SOURCE_DIR=/opt/rustwide/workdir" "-e" "CARGO_TARGET_DIR=/opt/rustwide/target" "-e" "CARGO_INCREMENTAL=0" "-e" "RUST_BACKTRACE=full" "-e" "RUSTFLAGS=--cap-lints=warn" "-e" "RUSTDOCFLAGS=--cap-lints=warn" "-e" "CARGO_HOME=/opt/rustwide/cargo-home" "-e" "RUSTUP_HOME=/opt/rustwide/rustup-home" "-w" "/opt/rustwide/workdir" "-m" "1610612736" "--user" "0:0" "--network" "none" "ghcr.io/rust-lang/crates-build-env/linux@sha256:2788e3201cd34a07e3172128adcd8b3090168a8e3bcc40d7c032b9dda1df7d1c" "/opt/rustwide/cargo-home/bin/cargo" "+beta-2023-12-22" "test" "--frozen", kill_on_drop: false }`
[INFO] [stdout] 84161937a6191560945512cab6610b290cf6dbd1b057184fc34b4067fc61658c
[INFO] running `Command { std: "docker" "start" "-a" "84161937a6191560945512cab6610b290cf6dbd1b057184fc34b4067fc61658c", kill_on_drop: false }`
[INFO] [stderr]     Finished test [unoptimized + debuginfo] target(s) in 0.08s
[INFO] [stderr]      Running unittests src/lib.rs (/opt/rustwide/target/debug/deps/just-5ea9eca9a608e926)
[INFO] [stdout] 
[INFO] [stdout] running 470 tests
[INFO] [stdout] test analyzer::tests::alias_shadows_recipe_after ... ok
[INFO] [stdout] test analyzer::tests::duplicate_parameter ... ok
[INFO] [stdout] test analyzer::tests::extra_whitespace ... ok
[INFO] [stdout] test analyzer::tests::required_after_default ... ok
[INFO] [stdout] test analyzer::tests::unknown_alias_target ... ok
[INFO] [stdout] test analyzer::tests::duplicate_recipe ... ok
[INFO] [stdout] test analyzer::tests::alias_shadows_recipe_before ... ok
[INFO] [stdout] test analyzer::tests::duplicate_alias ... ok
[INFO] [stdout] test analyzer::tests::duplicate_variable ... ok
[INFO] [stdout] test analyzer::tests::duplicate_variadic_parameter ... ok
[INFO] [stdout] test assignment_resolver::tests::circular_variable_dependency ... ok
[INFO] [stdout] test assignment_resolver::tests::unknown_function_parameter ... ok
[INFO] [stdout] test assignment_resolver::tests::unknown_expression_variable ... ok
[INFO] [stdout] test assignment_resolver::tests::self_variable_dependency ... ok
[INFO] [stdout] test assignment_resolver::tests::unknown_function_parameter_binary_first ... ok
[INFO] [stdout] test config::tests::arguments ... ok
[INFO] [stdout] test attribute::tests::to_str ... ok
[INFO] [stdout] test config::tests::arguments_leading_equals ... ok
[INFO] [stdout] test config::tests::changelog_arguments ... ok
[INFO] [stdout] test assignment_resolver::tests::unknown_function_parameter_binary_second ... ok
[INFO] [stdout] test compiler::tests::include_justfile ... ok
[INFO] [stdout] test config::tests::color_auto ... ok
[INFO] [stdout] test compiler::tests::recursive_includes_fail ... ok
[INFO] [stdout] test config::tests::color_bad_value ... ok
[INFO] [stdout] test config::tests::color_always ... ok
[INFO] [stdout] test config::tests::dotenv_both_filename_and_path ... ok
[INFO] [stdout] test config::tests::completions_arguments ... ok
[INFO] [stdout] test config::tests::default_config ... ok
[INFO] [stdout] test config::tests::dry_run_default ... ok
[INFO] [stdout] test config::tests::color_default ... ok
[INFO] [stdout] test config::tests::dry_run_long ... ok
[INFO] [stdout] test config::tests::dump_arguments ... ok
[INFO] [stdout] test config::tests::color_never ... ok
[INFO] [stdout] test config::tests::dry_run_short ... ok
[INFO] [stdout] test config::tests::dry_run_quiet ... ok
[INFO] [stdout] test config::tests::edit_arguments ... ok
[INFO] [stdout] test config::tests::fmt_arguments ... ok
[INFO] [stdout] test config::tests::fmt_alias ... ok
[INFO] [stdout] test config::tests::highlight_no ... ok
[INFO] [stdout] test config::tests::highlight_no_yes ... ok
[INFO] [stdout] test config::tests::highlight_default ... ok
[INFO] [stdout] test config::tests::dump_format ... ok
[INFO] [stdout] test config::tests::highlight_no_yes_no ... ok
[INFO] [stdout] test config::tests::init_arguments ... ok
[INFO] [stdout] test config::tests::list_arguments ... ok
[INFO] [stdout] test config::tests::init_alias ... ok
[INFO] [stdout] test config::tests::overrides_empty ... ok
[INFO] [stdout] test config::tests::highlight_yes ... ok
[INFO] [stdout] test config::tests::overrides_override_sets ... ok
[INFO] [stdout] test config::tests::quiet_default ... ok
[INFO] [stdout] test config::tests::quiet_long ... ok
[INFO] [stdout] test config::tests::search_config_justfile_short ... ok
[INFO] [stdout] test config::tests::search_config_justfile_long ... ok
[INFO] [stdout] test config::tests::highlight_yes_no ... ok
[INFO] [stdout] test config::tests::search_config_default ... ok
[INFO] [stdout] test config::tests::search_directory_child ... ok
[INFO] [stdout] test config::tests::quiet_short ... ok
[INFO] [stdout] test config::tests::search_directory_conflict_working_directory ... ok
[INFO] [stdout] test config::tests::search_config_from_working_directory_and_justfile ... ok
[INFO] [stdout] test config::tests::search_directory_deep ... ok
[INFO] [stdout] test config::tests::search_directory_conflict_justfile ... ok
[INFO] [stdout] test config::tests::search_directory_child_with_recipe ... ok
[INFO] [stdout] test config::tests::search_directory_parent_with_recipe ... ok
[INFO] [stdout] test config::tests::overrides ... ok
[INFO] [stdout] test config::tests::set_bad ... ok
[INFO] [stdout] test config::tests::set_empty ... ok
[INFO] [stdout] test config::tests::search_directory_parent ... ok
[INFO] [stdout] test config::tests::shell_args_clear ... ok
[INFO] [stdout] test config::tests::set_override ... ok
[INFO] [stdout] test config::tests::shell_args_set ... ok
[INFO] [stdout] test config::tests::shell_args_default ... ok
[INFO] [stdout] test config::tests::set_default ... ok
[INFO] [stdout] test config::tests::shell_args_set_multiple ... ok
[INFO] [stdout] test config::tests::shell_args_clear_and_set ... ok
[INFO] [stdout] test config::tests::set_two ... ok
[INFO] [stdout] test config::tests::set_one ... ok
[INFO] [stdout] test config::tests::shell_args_set_and_clear ... ok
[INFO] [stdout] test config::tests::shell_args_set_hyphen ... ok
[INFO] [stdout] test config::tests::shell_args_set_multiple_and_clear ... ok
[INFO] [stdout] test config::tests::show_arguments ... ok
[INFO] [stdout] test config::tests::shell_set ... ok
[INFO] [stdout] test config::tests::shell_default ... ok
[INFO] [stdout] test config::tests::subcommand_completions ... ok
[INFO] [stdout] test config::tests::subcommand_completions_invalid ... ok
[INFO] [stdout] test config::tests::shell_args_set_word ... ok
[INFO] [stdout] test config::tests::subcommand_conflict_completions ... ok
[INFO] [stdout] test config::tests::subcommand_conflict_dump ... ok
[INFO] [stdout] test config::tests::subcommand_conflict_fmt ... ok
[INFO] [stdout] test config::tests::subcommand_conflict_evaluate ... ok
[INFO] [stdout] test config::tests::subcommand_conflict_changelog ... ok
[INFO] [stdout] test config::tests::subcommand_conflict_variables ... ok
[INFO] [stdout] test config::tests::subcommand_conflict_summary ... ok
[INFO] [stdout] test config::tests::subcommand_conflict_choose ... ok
[INFO] [stdout] test config::tests::subcommand_completions_uppercase ... ok
[INFO] [stdout] test config::tests::subcommand_dump ... ok
[INFO] [stdout] test config::tests::subcommand_conflict_show ... ok
[INFO] [stdout] test config::tests::subcommand_edit ... ok
[INFO] [stdout] test config::tests::subcommand_conflict_init ... ok
[INFO] [stdout] test config::tests::subcommand_default ... ok
[INFO] [stdout] test config::tests::subcommand_evaluate ... ok
[INFO] [stdout] test config::tests::subcommand_evaluate_overrides_with_argument ... ok
[INFO] [stdout] test config::tests::subcommand_overrides_and_arguments ... ok
[INFO] [stdout] test config::tests::subcommand_evaluate_overrides ... ok
[INFO] [stdout] test config::tests::subcommand_list_long ... ok
[INFO] [stdout] test config::tests::subcommand_list_short ... ok
[INFO] [stdout] test config::tests::subcommand_show_long ... ok
[INFO] [stdout] test config::tests::subcommand_summary ... ok
[INFO] [stdout] test config::tests::summary_arguments ... ok
[INFO] [stdout] test config::tests::unsorted_long ... ok
[INFO] [stdout] test config::tests::subcommand_show_no_arg ... ok
[INFO] [stdout] test config::tests::unsorted_default ... ok
[INFO] [stdout] test config::tests::verbosity_great_grandiloquent ... ok
[INFO] [stdout] test config::tests::subcommand_show_short ... ok
[INFO] [stdout] test config::tests::summary_overrides ... ok
[INFO] [stdout] test config::tests::verbosity_long ... ok
[INFO] [stdout] test config::tests::unsorted_short ... ok
[INFO] [stdout] test config::tests::verbosity_default ... ok
[INFO] [stdout] test config::tests::verbosity_loquacious ... ok
[INFO] [stdout] test config::tests::verbosity_grandiloquent ... ok
[INFO] [stdout] test enclosure::tests::tick ... ok
[INFO] [stdout] test count::tests::count ... ok
[INFO] [stdout] test justfile::tests::env_functions ... ok
[INFO] [stdout] test justfile::tests::concatenation_in_group ... ok
[INFO] [stdout] test justfile::tests::escaped_dos_newlines ... ok
[INFO] [stdout] test justfile::tests::missing_all_defaults ... ok
[INFO] [stdout] test justfile::tests::missing_all_arguments ... ok
[INFO] [stdout] test justfile::tests::eof_test ... ok
[INFO] [stdout] test justfile::tests::export_failure ... ok
[INFO] [stdout] test justfile::tests::parameter_default_concatenation_string ... ok
[INFO] [stdout] test justfile::tests::missing_some_arguments ... ok
[INFO] [stdout] test evaluator::tests::export_assignment_backtick ... ok
[INFO] [stdout] test justfile::tests::parameter_default_backtick ... ok
[INFO] [stdout] test justfile::tests::missing_some_arguments_variadic ... ok
[INFO] [stdout] test evaluator::tests::backtick_code ... ok
[INFO] [stdout] test justfile::tests::code_error ... ok
[INFO] [stdout] test justfile::tests::parameter_default_raw_string ... ok
[INFO] [stdout] test justfile::tests::parameter_default_multiple ... ok
[INFO] [stdout] test justfile::tests::parameters ... ok
[INFO] [stdout] test justfile::tests::parse_alias_before_target ... ok
[INFO] [stdout] test justfile::tests::missing_some_defaults ... ok
[INFO] [stdout] test justfile::tests::parameter_default_string ... ok
[INFO] [stdout] test justfile::tests::parameter_default_concatenation_variable ... ok
[INFO] [stdout] test justfile::tests::parse_alias_after_target ... ok
[INFO] [stdout] test justfile::tests::parse_alias_with_comment ... ok
[INFO] [stdout] test justfile::tests::parse_assignment_backticks ... ok
[INFO] [stdout] test justfile::tests::parse_raw_string_default ... ok
[INFO] [stdout] test justfile::tests::parse_interpolation_backticks ... ok
[INFO] [stdout] test justfile::tests::parse_multiple ... ok
[INFO] [stdout] test justfile::tests::parse_assignments ... ok
[INFO] [stdout] test justfile::tests::parse_simple_shebang ... ok
[INFO] [stdout] test justfile::tests::parse_empty ... ok
[INFO] [stdout] test justfile::tests::parse_export ... ok
[INFO] [stdout] test justfile::tests::parse_shebang ... ok
[INFO] [stdout] test justfile::tests::string_escapes ... ok
[INFO] [stdout] test justfile::tests::parse_complex ... ok
[INFO] [stdout] test justfile::tests::parse_variadic ... ok
[INFO] [stdout] test justfile::tests::string_quote_escape ... ok
[INFO] [stdout] test justfile::tests::string_in_group ... ok
[INFO] [stdout] test justfile::tests::unary_functions ... ok
[INFO] [stdout] test justfile::tests::unknown_recipes ... ok
[INFO] [stdout] test justfile::tests::parse_variadic_string_default ... ok
[INFO] [stdout] test justfile::tests::parse_string_default ... ok
[INFO] [stdout] test lexer::tests::ampersand_ampersand ... ok
[INFO] [stdout] test justfile::tests::unknown_recipes_show_alias_suggestion ... ok
[INFO] [stdout] test justfile::tests::unknown_overrides ... ok
[INFO] [stdout] test lexer::tests::backtick_multi_line ... ok
[INFO] [stdout] test lexer::tests::ampersand_eof ... ok
[INFO] [stdout] test lexer::tests::bang_equals ... ok
[INFO] [stdout] test lexer::tests::ampersand_unexpected ... ok
[INFO] [stdout] test lexer::tests::backtick ... ok
[INFO] [stdout] test justfile::tests::run_shebang ... ok
[INFO] [stdout] test lexer::tests::brace_l ... ok
[INFO] [stdout] test lexer::tests::bad_dedent ... ok
[INFO] [stdout] test lexer::tests::brace_escape ... ok
[INFO] [stdout] test lexer::tests::cooked_string ... ok
[INFO] [stdout] test lexer::tests::cooked_multiline_string ... ok
[INFO] [stdout] test lexer::tests::crlf_newline ... ok
[INFO] [stdout] test lexer::tests::dollar ... ok
[INFO] [stdout] test justfile::tests::run_args ... ok
[INFO] [stdout] test lexer::tests::cooked_string_multi_line ... ok
[INFO] [stdout] test lexer::tests::brace_lll ... ok
[INFO] [stdout] test lexer::tests::eol_linefeed ... ok
[INFO] [stdout] test lexer::tests::comment ... ok
[INFO] [stdout] test lexer::tests::brace_rrr ... ok
[INFO] [stdout] test lexer::tests::brace_r ... ok
[INFO] [stdout] test lexer::tests::export_complex ... ok
[INFO] [stdout] test lexer::tests::equals_equals ... ok
[INFO] [stdout] test lexer::tests::export_concatenation ... ok
[INFO] [stdout] test lexer::tests::equals ... ok
[INFO] [stdout] test lexer::tests::indent_recipe_dedent_indent ... ok
[INFO] [stdout] test lexer::tests::brackets ... ok
[INFO] [stdout] test lexer::tests::indented_block ... ok
[INFO] [stdout] test lexer::tests::indented_block_followed_by_blank ... ok
[INFO] [stdout] test lexer::tests::indent_indent_dedent_indent ... ok
[INFO] [stdout] test lexer::tests::indented_block_followed_by_item ... ok
[INFO] [stdout] test lexer::tests::indented_blocks ... ok
[INFO] [stdout] test lexer::tests::indented_line ... ok
[INFO] [stdout] test lexer::tests::indented_line_containing_unpaired_carriage_return ... ok
[INFO] [stdout] test lexer::tests::indented_normal ... ok
[INFO] [stdout] test lexer::tests::indented_normal_multiple ... ok
[INFO] [stdout] test lexer::tests::indented_normal_nonempty_blank ... ok
[INFO] [stdout] test lexer::tests::eol_carriage_return_linefeed ... ok
[INFO] [stdout] test lexer::tests::interpolation_empty ... ok
[INFO] [stdout] test lexer::tests::interpolation_expression ... ok
[INFO] [stdout] test lexer::tests::interpolation_raw_multiline_string ... ok
[INFO] [stdout] test lexer::tests::invalid_name_start_dash ... ok
[INFO] [stdout] test lexer::tests::invalid_name_start_digit ... ok
[INFO] [stdout] test lexer::tests::mismatched_closing_brace ... ok
[INFO] [stdout] test lexer::tests::mixed_leading_whitespace_indent ... ok
[INFO] [stdout] test lexer::tests::mixed_leading_whitespace_normal ... ok
[INFO] [stdout] test lexer::tests::mixed_leading_whitespace_recipe ... ok
[INFO] [stdout] test lexer::tests::multiple_recipes ... ok
[INFO] [stdout] test lexer::tests::name_new ... ok
[INFO] [stdout] test lexer::tests::open_delimiter_eol ... ok
[INFO] [stdout] test lexer::tests::presume_error ... ok
[INFO] [stdout] test lexer::tests::raw_string_multi_line ... ok
[INFO] [stdout] test lexer::tests::tokenize_comment ... ok
[INFO] [stdout] test lexer::tests::raw_string ... ok
[INFO] [stdout] test lexer::tests::tokenize_comment_before_variable ... ok
[INFO] [stdout] test lexer::tests::tokenize_comment_with_bang ... ok
[INFO] [stdout] test lexer::tests::tokenize_assignment_backticks ... ok
[INFO] [stdout] test lexer::tests::tokenize_empty_lines ... ok
[INFO] [stdout] test lexer::tests::tokenize_indented_line ... ok
[INFO] [stdout] test lexer::tests::tokenize_empty_interpolation ... ok
[INFO] [stdout] test lexer::tests::tokenize_junk ... ok
[INFO] [stdout] test lexer::tests::tokenize_interpolation_backticks ... ok
[INFO] [stdout] test lexer::tests::tokenize_order ... ok
[INFO] [stdout] test lexer::tests::tokenize_multiple ... ok
[INFO] [stdout] test lexer::tests::tokenize_indented_block ... ok
[INFO] [stdout] test lexer::tests::tokenize_parens ... ok
[INFO] [stdout] test lexer::tests::tokenize_recipe_interpolation_eol ... ok
[INFO] [stdout] test lexer::tests::tokenize_recipe_interpolation_eof ... ok
[INFO] [stdout] test lexer::tests::tokenize_recipe_complex_interpolation_expression ... ok
[INFO] [stdout] test lexer::tests::tokenize_names ... ok
[INFO] [stdout] test lexer::tests::tokenize_space_then_tab ... ok
[INFO] [stdout] test lexer::tests::tokenize_unknown ... ok
[INFO] [stdout] test lexer::tests::unpaired_carriage_return ... ok
[INFO] [stdout] test lexer::tests::unterminated_interpolation ... ok
[INFO] [stdout] test lexer::tests::tokenize_recipe_multiple_interpolations ... ok
[INFO] [stdout] test lexer::tests::unterminated_raw_string ... ok
[INFO] [stdout] test lexer::tests::tokenize_strings ... ok
[INFO] [stdout] test lexer::tests::unterminated_string ... ok
[INFO] [stdout] test lexer::tests::tokenize_tabs_then_tab_space ... ok
[INFO] [stdout] test list::tests::and ... ok
[INFO] [stdout] test list::tests::or ... ok
[INFO] [stdout] test list::tests::or_ticked ... ok
[INFO] [stdout] test lexer::tests::unterminated_string_with_escapes ... ok
[INFO] [stdout] test list::tests::and_ticked ... ok
[INFO] [stdout] test lexer::tests::unclosed_interpolation_delimiter ... ok
[INFO] [stdout] test lexer::tests::unterminated_backtick ... ok
[INFO] [stdout] test parser::tests::alias_equals ... ok
[INFO] [stdout] test lexer::tests::unexpected_character_after_at ... ok
[INFO] [stdout] test parser::tests::alias_single ... ok
[INFO] [stdout] test parser::tests::alias_syntax_no_rhs ... ok
[INFO] [stdout] test parser::tests::addition_chained ... ok
[INFO] [stdout] test parser::tests::alias_syntax_multiple_rhs ... ok
[INFO] [stdout] test parser::tests::aliases_multiple ... ok
[INFO] [stdout] test parser::tests::assignment ... ok
[INFO] [stdout] test parser::tests::assignment_equals ... ok
[INFO] [stdout] test parser::tests::addition_single ... ok
[INFO] [stdout] test parser::tests::backtick ... ok
[INFO] [stdout] test parser::tests::alias_with_attribute ... ok
[INFO] [stdout] test parser::tests::bad_export ... ok
[INFO] [stdout] test parser::tests::call_multiple_args ... ok
[INFO] [stdout] test parser::tests::call_one_arg ... ok
[INFO] [stdout] test parser::tests::comment_assignment ... ok
[INFO] [stdout] test parser::tests::comment ... ok
[INFO] [stdout] test parser::tests::comment_after_alias ... ok
[INFO] [stdout] test parser::tests::call_trailing_comma ... ok
[INFO] [stdout] test parser::tests::comment_export ... ok
[INFO] [stdout] test parser::tests::comment_recipe ... ok
[INFO] [stdout] test parser::tests::comment_before_alias ... ok
[INFO] [stdout] test parser::tests::comment_recipe_dependencies ... ok
[INFO] [stdout] test parser::tests::concatenation_in_default ... ok
[INFO] [stdout] test parser::tests::concatenation_in_group ... ok
[INFO] [stdout] test parser::tests::conditional ... ok
[INFO] [stdout] test parser::tests::conditional_concatenations ... ok
[INFO] [stdout] test parser::tests::conditional_nested_lhs ... ok
[INFO] [stdout] test parser::tests::conditional_nested_otherwise ... ok
[INFO] [stdout] test parser::tests::conditional_nested_rhs ... ok
[INFO] [stdout] test parser::tests::conditional_nested_then ... ok
[INFO] [stdout] test parser::tests::doc_comment_assignment_clear ... ok
[INFO] [stdout] test parser::tests::doc_comment_empty_line_clear ... ok
[INFO] [stdout] test parser::tests::doc_comment_middle ... ok
[INFO] [stdout] test parser::tests::doc_comment_recipe_clear ... ok
[INFO] [stdout] test parser::tests::doc_comment_single ... ok
[INFO] [stdout] test parser::tests::empty ... ok
[INFO] [stdout] test parser::tests::empty_attribute ... ok
[INFO] [stdout] test parser::tests::empty_body ... ok
[INFO] [stdout] test parser::tests::empty_multiline ... ok
[INFO] [stdout] test parser::tests::env_functions ... ok
[INFO] [stdout] test parser::tests::eof_test ... ok
[INFO] [stdout] test parser::tests::export ... ok
[INFO] [stdout] test parser::tests::export_equals ... ok
[INFO] [stdout] test parser::tests::conditional_inverted ... ok
[INFO] [stdout] test parser::tests::escaped_dos_newlines ... ok
[INFO] [stdout] test parser::tests::function_argument_count_binary_plus ... ok
[INFO] [stdout] test parser::tests::function_argument_count_too_low_unary_opt ... ok
[INFO] [stdout] test parser::tests::function_argument_count_nullary ... ok
[INFO] [stdout] test parser::tests::function_argument_count_ternary ... ok
[INFO] [stdout] test parser::tests::function_argument_count_too_high_unary_opt ... ok
[INFO] [stdout] test parser::tests::function_argument_count_unary ... ok
[INFO] [stdout] test parser::tests::group ... ok
[INFO] [stdout] test parser::tests::function_argument_count_binary ... ok
[INFO] [stdout] test parser::tests::indented_backtick ... ok
[INFO] [stdout] test parser::tests::indented_backtick_no_dedent ... ok
[INFO] [stdout] test parser::tests::indented_string_cooked ... ok
[INFO] [stdout] test parser::tests::import ... ok
[INFO] [stdout] test parser::tests::indented_string_raw_no_dedent ... ok
[INFO] [stdout] test parser::tests::indented_string_cooked_no_dedent ... ok
[INFO] [stdout] test parser::tests::invalid_escape_sequence ... ok
[INFO] [stdout] test parser::tests::indented_string_raw_with_dedent ... ok
[INFO] [stdout] test parser::tests::missing_colon ... ok
[INFO] [stdout] test parser::tests::missing_default_eof ... ok
[INFO] [stdout] test parser::tests::missing_eol ... ok
[INFO] [stdout] test parser::tests::module_with ... ok
[INFO] [stdout] test parser::tests::module_with_path ... ok
[INFO] [stdout] test parser::tests::optional_import ... ok
[INFO] [stdout] test parser::tests::optional_module_with_path ... ok
[INFO] [stdout] test parser::tests::parameter_default_backtick ... ok
[INFO] [stdout] test parser::tests::parameter_default_concatenation_string ... ok
[INFO] [stdout] test parser::tests::parameter_after_variadic ... ok
[INFO] [stdout] test parser::tests::parameter_default_concatenation_variable ... ok
[INFO] [stdout] test parser::tests::parameter_default_multiple ... ok
[INFO] [stdout] test parser::tests::missing_default_eol ... ok
[INFO] [stdout] test parser::tests::optional_module ... ok
[INFO] [stdout] test parser::tests::parameter_default_raw_string ... ok
[INFO] [stdout] test parser::tests::parameter_follows_variadic_parameter ... ok
[INFO] [stdout] test parser::tests::parameter_default_string ... ok
[INFO] [stdout] test parser::tests::parse_alias_after_target ... ok
[INFO] [stdout] test parser::tests::parameters ... ok
[INFO] [stdout] test parser::tests::parse_alias_with_comment ... ok
[INFO] [stdout] test parser::tests::parse_alias_before_target ... ok
[INFO] [stdout] test parser::tests::parse_assignment_backticks ... ok
[INFO] [stdout] test parser::tests::parse_assignment_with_comment ... ok
[INFO] [stdout] test parser::tests::parse_assignments ... ok
[INFO] [stdout] test parser::tests::parse_complex ... ok
[INFO] [stdout] test parser::tests::parse_interpolation_backticks ... ok
[INFO] [stdout] test parser::tests::parse_raw_string_default ... ok
[INFO] [stdout] test parser::tests::parse_shebang ... ok
[INFO] [stdout] test parser::tests::parse_simple_shebang ... ok
[INFO] [stdout] test parser::tests::plus_following_parameter ... ok
[INFO] [stdout] test parser::tests::recipe ... ok
[INFO] [stdout] test parser::tests::recipe_default_multiple ... ok
[INFO] [stdout] test parser::tests::recipe_default_single ... ok
[INFO] [stdout] test parser::tests::recipe_dependency_argument_concatenation ... ok
[INFO] [stdout] test parser::tests::recipe_dependency_argument_identifier ... ok
[INFO] [stdout] test parser::tests::recipe_dependency_multiple ... ok
[INFO] [stdout] test parser::tests::recipe_dependency_argument_string ... ok
[INFO] [stdout] test parser::tests::recipe_dependency_parenthesis ... ok
[INFO] [stdout] test parser::tests::recipe_line_interpolation ... ok
[INFO] [stdout] test parser::tests::recipe_line_single ... ok
[INFO] [stdout] test parser::tests::recipe_line_multiple ... ok
[INFO] [stdout] test parser::tests::recipe_parameter_single ... ok
[INFO] [stdout] test parser::tests::recipe_dependency_single ... ok
[INFO] [stdout] test parser::tests::recipe_star_variadic ... ok
[INFO] [stdout] test parser::tests::recipe_subsequent ... ok
[INFO] [stdout] test parser::tests::recipe_named_alias ... ok
[INFO] [stdout] test parser::tests::recipe_variadic_addition_group_default ... ok
[INFO] [stdout] test parser::tests::recipe_multiple ... ok
[INFO] [stdout] test parser::tests::recipe_plus_variadic ... ok
[INFO] [stdout] test parser::tests::recipe_variadic_with_default_after_default ... ok
[INFO] [stdout] test parser::tests::set_dotenv_load_false ... ok
[INFO] [stdout] test parser::tests::set_dotenv_load_implicit ... ok
[INFO] [stdout] test parser::tests::set_dotenv_load_true ... ok
[INFO] [stdout] test parser::tests::set_export_false ... ok
[INFO] [stdout] test parser::tests::set_export_implicit ... ok
[INFO] [stdout] test parser::tests::set_export_true ... ok
[INFO] [stdout] test parser::tests::set_allow_duplicate_recipes_implicit ... ok
[INFO] [stdout] test parser::tests::set_positional_arguments_false ... ok
[INFO] [stdout] test parser::tests::set_shell_bad ... ok
[INFO] [stdout] test parser::tests::set_positional_arguments_true ... ok
[INFO] [stdout] test parser::tests::set_shell_bad_comma ... ok
[INFO] [stdout] test parser::tests::recipe_variadic_variable_default ... ok
[INFO] [stdout] test parser::tests::recipe_quiet ... ok
[INFO] [stdout] test parser::tests::set_shell_empty ... ok
[INFO] [stdout] test parser::tests::recipe_parameter_multiple ... ok
[INFO] [stdout] test parser::tests::set_shell_no_arguments ... ok
[INFO] [stdout] test parser::tests::recipe_variadic_string_default ... ok
[INFO] [stdout] test parser::tests::set_shell_no_arguments_cooked ... ok
[INFO] [stdout] test parser::tests::set_shell_no_arguments_trailing_comma ... ok
[INFO] [stdout] test parser::tests::set_positional_arguments_implicit ... ok
[INFO] [stdout] test parser::tests::set_shell_non_literal_second ... ok
[INFO] [stdout] test parser::tests::set_shell_non_string ... ok
[INFO] [stdout] test parser::tests::set_shell_with_one_argument ... ok
[INFO] [stdout] test parser::tests::set_shell_with_one_argument_trailing_comma ... ok
[INFO] [stdout] test parser::tests::set_shell_non_literal_first ... ok
[INFO] [stdout] test parser::tests::set_shell_with_two_arguments ... ok
[INFO] [stdout] test parser::tests::set_unknown ... ok
[INFO] [stdout] test parser::tests::set_windows_powershell_implicit ... ok
[INFO] [stdout] test parser::tests::set_windows_powershell_false ... ok
[INFO] [stdout] test parser::tests::set_windows_powershell_true ... ok
[INFO] [stdout] test parser::tests::single_line_body ... ok
[INFO] [stdout] test parser::tests::string_escape_newline ... ok
[INFO] [stdout] test parser::tests::string_escape_carriage_return ... ok
[INFO] [stdout] test parser::tests::string_escape_quote ... ok
[INFO] [stdout] test parser::tests::string_escape_slash ... ok
[INFO] [stdout] test parser::tests::string_in_group ... ok
[INFO] [stdout] test parser::tests::trimmed_body ... ok
[INFO] [stdout] test parser::tests::string_escape_tab ... ok
[INFO] [stdout] test parser::tests::unary_functions ... ok
[INFO] [stdout] test parser::tests::string_quote_escape ... ok
[INFO] [stdout] test parser::tests::unclosed_parenthesis_in_expression ... ok
[INFO] [stdout] test parser::tests::unclosed_parenthesis_in_interpolation ... ok
[INFO] [stdout] test parser::tests::unexpected_brace ... ok
[INFO] [stdout] test parser::tests::unknown_attribute ... ok
[INFO] [stdout] test parser::tests::unknown_function ... ok
[INFO] [stdout] test parser::tests::unknown_function_in_default ... ok
[INFO] [stdout] test parser::tests::unknown_function_in_interpolation ... ok
[INFO] [stdout] test parser::tests::variable ... ok
[INFO] [stdout] test parser::tests::string_escape_suppress_newline ... ok
[INFO] [stdout] test positional::tests::all_overrides ... ok
[INFO] [stdout] test positional::tests::all_slash ... ok
[INFO] [stdout] test parser::tests::string_escapes ... ok
[INFO] [stdout] test positional::tests::all_dot_dot ... ok
[INFO] [stdout] test positional::tests::all_dot ... ok
[INFO] [stdout] test positional::tests::arguments_only ... ok
[INFO] [stdout] test parser::tests::whitespace ... ok
[INFO] [stdout] test positional::tests::no_arguments ... ok
[INFO] [stdout] test positional::tests::no_overrides ... ok
[INFO] [stdout] test positional::tests::no_search_directory ... ok
[INFO] [stdout] test positional::tests::no_values ... ok
[INFO] [stdout] test positional::tests::override_after_argument ... ok
[INFO] [stdout] test positional::tests::override_not_name ... ok
[INFO] [stdout] test range_ext::tests::inclusive ... ok
[INFO] [stdout] test recipe_resolver::tests::circular_recipe_dependency ... ok
[INFO] [stdout] test positional::tests::search_directory_after_argument ... ok
[INFO] [stdout] test range_ext::tests::display ... ok
[INFO] [stdout] test recipe_resolver::tests::self_recipe_dependency ... ok
[INFO] [stdout] test positional::tests::override_after_search_directory ... ok
[INFO] [stdout] test range_ext::tests::exclusive ... ok
[INFO] [stdout] test recipe_resolver::tests::unknown_dependency ... ok
[INFO] [stdout] test recipe_resolver::tests::unknown_second_interpolation_variable ... ok
[INFO] [stdout] test recipe_resolver::tests::unknown_variable_in_default ... ok
[INFO] [stdout] test recipe_resolver::tests::unknown_variable_in_dependency_argument ... ok
[INFO] [stdout] test search::tests::clean ... ok
[INFO] [stdout] test recipe_resolver::tests::unknown_interpolation_variable ... ok
[INFO] [stdout] test search::tests::found ... ok
[INFO] [stdout] test search::tests::found_and_stopped_at_first_justfile ... ok
[INFO] [stdout] test search::tests::found_from_inner_dir ... ok
[INFO] [stdout] test search::tests::justfile_symlink_parent ... ok
[INFO] [stdout] test search::tests::multiple_candidates ... ok
[INFO] [stdout] test search::tests::not_found ... ok
[INFO] [stdout] test search_error::tests::multiple_candidates_formatting ... ok
[INFO] [stdout] test search::tests::found_spongebob_case ... ok
[INFO] [stdout] test settings::tests::default_shell ... ok
[INFO] [stdout] test settings::tests::default_shell_powershell ... ok
[INFO] [stdout] test settings::tests::overwrite_shell ... ok
[INFO] [stdout] test settings::tests::shell_args_present_but_not_shell ... ok
[INFO] [stdout] test settings::tests::shell_cooked ... ok
[INFO] [stdout] test settings::tests::overwrite_shell_powershell ... ok
[INFO] [stdout] test settings::tests::shell_present_but_not_shell_args ... ok
[INFO] [stdout] test shebang::tests::cmd_exe_script_filename ... ok
[INFO] [stdout] test shebang::tests::cmd_script_filename ... ok
[INFO] [stdout] test shebang::tests::dont_include_shebang_line_cmd ... ok
[INFO] [stdout] test shebang::tests::dont_include_shebang_line_cmd_exe ... ok
[INFO] [stdout] test shebang::tests::include_shebang_line_other_not_windows ... ok
[INFO] [stdout] test shebang::tests::interpreter_filename_with_forward_slash ... ok
[INFO] [stdout] test shebang::tests::plain_script_filename ... ok
[INFO] [stdout] test shebang::tests::powershell_exe_script_filename ... ok
[INFO] [stdout] test shebang::tests::powershell_script_filename ... ok
[INFO] [stdout] test shebang::tests::split_shebang ... ok
[INFO] [stdout] test shebang::tests::interpreter_filename_with_backslash ... ok
[INFO] [stdout] test shebang::tests::pwsh_script_filename ... ok
[INFO] [stdout] test unindent::tests::blanks ... ok
[INFO] [stdout] test unindent::tests::unindents ... ok
[INFO] [stdout] test unindent::tests::commons ... ok
[INFO] [stdout] test subcommand::tests::init_justfile ... ok
[INFO] [stdout] test unindent::tests::indentations ... ok
[INFO] [stdout] test shebang::tests::pwsh_exe_script_filename ... ok
[INFO] [stdout] 
[INFO] [stdout] test result: ok. 470 passed; 0 failed; 0 ignored; 0 measured; 0 filtered out; finished in 0.20s
[INFO] [stdout] 
[INFO] [stderr]      Running tests/lib.rs (/opt/rustwide/target/debug/deps/integration-028f46c3fd9bd99c)
[INFO] [stdout] 
[INFO] [stdout] running 630 tests
[INFO] [stdout] test attributes::all ... ok
[INFO] [stdout] test attributes::multiple_attributes_one_line_duplicate_check ... ok
[INFO] [stdout] test attributes::multiple_attributes_one_line_error_message ... ok
[INFO] [stdout] test attributes::duplicate_attributes_are_disallowed ... ok
[INFO] [stdout] test byte_order_mark::dont_mention_byte_order_mark_in_errors ... ok
[INFO] [stdout] test allow_duplicate_recipes::allow_duplicate_recipes_with_args ... ok
[INFO] [stdout] test attributes::multiple_attributes_one_line ... ok
[INFO] [stdout] test allow_duplicate_recipes::allow_duplicate_recipes ... ok
[INFO] [stdout] test choose::multiple_recipes ... ignored
[INFO] [stdout] test byte_order_mark::non_leading_byte_order_mark_produces_error ... ok
[INFO] [stdout] test choose::no_choosable_recipes ... ok
[INFO] [stdout] test choose::invoke_error_function ... ok
[INFO] [stdout] test byte_order_mark::ignore_leading_byte_order_mark ... ok
[INFO] [stdout] test choose::default ... ok
[INFO] [stdout] test changelog::print_changelog ... ok
[INFO] [stdout] test choose::env ... ok
[INFO] [stdout] test choose::skip_private_recipes ... ok
[INFO] [stdout] test choose::chooser ... ok
[INFO] [stdout] test command::command_color ... ok
[INFO] [stdout] test choose::status_error ... ok
[INFO] [stdout] test command::exit_status ... ok
[INFO] [stdout] test command::command_not_found ... ok
[INFO] [stdout] test choose::override_variable ... ok
[INFO] [stdout] test command::no_binary ... ok
[INFO] [stdout] test choose::skip_recipes_that_require_arguments ... ok
[INFO] [stdout] test command::env_is_loaded ... ok
[INFO] [stdout] test command::working_directory_is_correct ... ok
[INFO] [stdout] test command::exports_are_available ... ok
[INFO] [stdout] test completions::output ... ok
[INFO] [stdout] test command::run_in_shell ... ok
[INFO] [stdout] test conditional::incorrect_else_identifier ... ok
[INFO] [stdout] test command::short ... ok
[INFO] [stdout] test command::set_overrides_work ... ok
[INFO] [stdout] test conditional::complex_expressions ... ok
[INFO] [stdout] test command::long ... ok
[INFO] [stdout] test conditional::missing_else ... ok
[INFO] [stdout] test conditional::dump ... ok
[INFO] [stdout] test conditional::undefined_lhs ... ok
[INFO] [stdout] test conditional::undefined_otherwise ... ok
[INFO] [stdout] test conditional::if_else ... ok
[INFO] [stdout] test conditional::then_branch_unevaluated ... ok
[INFO] [stdout] test conditional::otherwise_branch_unevaluated_inverted ... ok
[INFO] [stdout] test conditional::undefined_then ... ok
[INFO] [stdout] test conditional::then_branch_unevaluated_inverted ... ok
[INFO] [stdout] test conditional::undefined_rhs ... ok
[INFO] [stdout] test conditional::otherwise_branch_unevaluated ... ok
[INFO] [stdout] test conditional::unexpected_op ... ok
[INFO] [stdout] test confirm::do_not_confirm_recipe ... ok
[INFO] [stdout] test confirm::do_not_confirm_recipe_with_confirm_recipe_dependency ... ok
[INFO] [stdout] test confirm::confirm_recipe ... ok
[INFO] [stdout] test confirm::recipe_with_confirm_recipe_dependency ... ok
[INFO] [stdout] test delimiters::mismatched_delimiter ... ok
[INFO] [stdout] test delimiters::no_interpolation_continuation ... ok
[INFO] [stdout] test confirm::confirm_recipe_arg ... ok
[INFO] [stdout] test delimiters::brace_continuation ... ok
[INFO] [stdout] test confirm::recipe_with_confirm_recipe_dependency_arg ... ok
[INFO] [stdout] test delimiters::unexpected_delimiter ... ok
[INFO] [stdout] test delimiters::bracket_continuation ... ok
[INFO] [stdout] test delimiters::dependency_continuation ... ok
[INFO] [stdout] test dotenv::filename_flag_overwrites_no_load ... ok
[INFO] [stdout] test delimiters::paren_continuation ... ok
[INFO] [stdout] test dotenv::can_set_dotenv_filename_from_justfile ... ok
[INFO] [stdout] test dotenv::path_not_found ... ok
[INFO] [stdout] test dotenv::dotenv ... ok
[INFO] [stdout] test dotenv::can_set_dotenv_path_from_justfile ... ok
[INFO] [stdout] test dotenv::no_warning ... ok
[INFO] [stdout] test dotenv::filename_resolves ... ok
[INFO] [stdout] test dotenv::program_argument_has_priority_for_dotenv_filename ... ok
[INFO] [stdout] test dotenv::program_argument_has_priority_for_dotenv_path ... ok
[INFO] [stdout] test dotenv::path_flag_overwrites_no_load ... ok
[INFO] [stdout] test dotenv::set_false ... ok
[INFO] [stdout] test dotenv::set_implicit ... ok
[INFO] [stdout] test dotenv::path_resolves ... ok
[INFO] [stdout] test dotenv::set_true ... ok
[INFO] [stdout] test edit::editor_working_directory ... ok
[INFO] [stdout] test edit::invoke_error ... ok
[INFO] [stdout] test edit::editor_precedence ... ok
[INFO] [stdout] test error_messages::argument_count_mismatch ... ok
[INFO] [stdout] test edit::invalid_justfile ... ok
[INFO] [stdout] test edit::status_error ... ok
[INFO] [stdout] test error_messages::file_path_is_indented_if_justfile_is_long ... ok
[INFO] [stdout] test error_messages::file_paths_are_relative ... ok
[INFO] [stdout] test error_messages::expected_keyword ... ok
[INFO] [stdout] test error_messages::invalid_alias_attribute ... ok
[INFO] [stdout] test error_messages::unexpected_character ... ok
[INFO] [stdout] test evaluate::evaluate_no_suggestion ... ok
[INFO] [stdout] test evaluate::evaluate_multiple ... ok
[INFO] [stdout] test error_messages::file_paths_not_in_subdir_are_absolute ... ok
[INFO] [stdout] test equals::export_recipe ... ok
[INFO] [stdout] test evaluate::evaluate_suggestion ... ok
[INFO] [stdout] test equals::alias_recipe ... ok
[INFO] [stdout] test evaluate::evaluate_empty ... ok
[INFO] [stdout] test evaluate::evaluate ... ok
[INFO] [stdout] test evaluate::evaluate_single_free ... ok
[INFO] [stdout] test export::setting_false ... ok
[INFO] [stdout] test export::override_variable ... ok
[INFO] [stdout] test export::parameter_not_visible_to_backtick ... ok
[INFO] [stdout] test export::setting_override_undefined ... ok
[INFO] [stdout] test export::recipe_backtick ... ok
[INFO] [stdout] test export::setting_implicit ... ok
[INFO] [stdout] test export::parameter ... ok
[INFO] [stdout] test export::setting_shebang ... ok
[INFO] [stdout] test examples::examples ... ok
[INFO] [stdout] test fallback::doesnt_work_with_justfile_and_working_directory ... ok
[INFO] [stdout] test fallback::doesnt_work_with_justfile ... ok
[INFO] [stdout] test export::shebang ... ok
[INFO] [stdout] test fallback::fallback_from_subdir_message ... ok
[INFO] [stdout] test export::success ... ok
[INFO] [stdout] test fallback::prints_correct_error_message_when_recipe_not_found ... ok
[INFO] [stdout] test fallback::print_error_from_parent_if_recipe_not_found_in_current ... ok
[INFO] [stdout] test export::setting_variable_not_visible ... ok
[INFO] [stdout] test fallback::fallback_from_subdir_bugfix ... ok
[INFO] [stdout] test export::setting_true ... ok
[INFO] [stdout] test fallback::requires_setting ... ok
[INFO] [stdout] test fallback::fallback_from_subdir_verbose_message ... ok
[INFO] [stdout] test fallback::multiple_levels_of_fallback_work ... ok
[INFO] [stdout] test fallback::stop_fallback_when_fallback_is_false ... ok
[INFO] [stdout] test fallback::setting_accepts_value ... ok
[INFO] [stdout] test fmt::alias_fix_indent ... ok
[INFO] [stdout] test fmt::assignment_backtick ... ok
[INFO] [stdout] test fallback::works_with_provided_search_directory ... ok
[INFO] [stdout] test fallback::runs_recipe_in_parent_if_not_found_in_current ... ok
[INFO] [stdout] test fmt::alias_good ... ok
[INFO] [stdout] test fmt::assignment_binary_function ... ok
[INFO] [stdout] test fmt::assignment_doublequote ... ok
[INFO] [stdout] test fmt::assignment_concat_values ... ok
[INFO] [stdout] test fmt::assignment_export ... ok
[INFO] [stdout] test fmt::assignment_if_multiline ... ok
[INFO] [stdout] test fmt::assignment_indented_singlequote ... ok
[INFO] [stdout] test fmt::assignment_indented_backtick ... ok
[INFO] [stdout] test fmt::assignment_if_oneline ... ok
[INFO] [stdout] test fmt::assignment_nullary_function ... ok
[INFO] [stdout] test fmt::assignment_indented_doublequote ... ok
[INFO] [stdout] test fmt::assignment_name ... ok
[INFO] [stdout] test fmt::check_diff_color ... ok
[INFO] [stdout] test fmt::assignment_path_functions ... ok
[INFO] [stdout] test fmt::check_found_diff_quiet ... ok
[INFO] [stdout] test fmt::check_found_diff ... ok
[INFO] [stdout] test fmt::assignment_singlequote ... ok
[INFO] [stdout] test fmt::assignment_unary_function ... ok
[INFO] [stdout] test fmt::check_without_fmt ... ok
[INFO] [stdout] test fmt::assignment_parenthesized_expression ... ok
[INFO] [stdout] test fmt::check_ok ... ok
[INFO] [stdout] test fmt::comment_before_recipe ... ok
[INFO] [stdout] test fmt::exported_parameter ... ok
[INFO] [stdout] test fmt::comment ... ok
[INFO] [stdout] test fmt::comment_multiline ... ok
[INFO] [stdout] test fmt::comment_before_docstring_recipe ... ok
[INFO] [stdout] test fmt::comment_trailing ... ok
[INFO] [stdout] test fmt::group_aliases ... ok
[INFO] [stdout] test fmt::comment_leading ... ok
[INFO] [stdout] test fmt::no_trailing_newline ... ok
[INFO] [stdout] test fmt::group_sets ... ok
[INFO] [stdout] test fmt::group_assignments ... ok
[INFO] [stdout] test fmt::group_recipes ... ok
[INFO] [stdout] test fmt::recipe_assignment_in_body ... ok
[INFO] [stdout] test fmt::recipe_body_is_comment ... ok
[INFO] [stdout] test fmt::group_comments ... ok
[INFO] [stdout] test fmt::recipe_dependencies ... ok
[INFO] [stdout] test fmt::recipe_dependency_param ... ok
[INFO] [stdout] test fmt::recipe_dependency ... ok
[INFO] [stdout] test fmt::recipe_parameter ... ok
[INFO] [stdout] test fmt::recipe_dependency_params ... ok
[INFO] [stdout] test fmt::recipe_dependencies_params ... ok
[INFO] [stdout] test fmt::recipe_parameter_conditional ... ok
[INFO] [stdout] test fmt::recipe_ignore_errors ... ok
[INFO] [stdout] test fmt::recipe_escaped_braces ... ok
[INFO] [stdout] test fmt::recipe_parameter_concat ... ok
[INFO] [stdout] test fmt::recipe_ordinary ... ok
[INFO] [stdout] test fmt::recipe_parameter_default_envar ... ok
[INFO] [stdout] test fmt::recipe_parameter_in_body ... ok
[INFO] [stdout] test fmt::recipe_parameter_envar ... ok
[INFO] [stdout] test fmt::recipe_parameters ... ok
[INFO] [stdout] test fmt::recipe_parameters_envar ... ok
[INFO] [stdout] test fmt::recipe_parameter_default ... ok
[INFO] [stdout] test fmt::recipe_quiet ... ok
[INFO] [stdout] test fmt::recipe_positional_variadic ... ok
[INFO] [stdout] test fmt::recipe_quiet_command ... ok
[INFO] [stdout] test fmt::recipe_variadic_plus ... ok
[INFO] [stdout] test fmt::recipe_quiet_comment ... ok
[INFO] [stdout] test fmt::recipe_several_commands ... ok
[INFO] [stdout] test fmt::recipe_variadic_star ... ok
[INFO] [stdout] test fmt::recipe_variadic_default ... ok
[INFO] [stdout] test fmt::recipe_with_docstring ... ok
[INFO] [stdout] test fmt::recipe_with_comments_in_body ... ok
[INFO] [stdout] test fmt::separate_recipes_aliases ... ok
[INFO] [stdout] test fmt::unstable_not_passed ... ok
[INFO] [stdout] test fmt::subsequent ... ok
[INFO] [stdout] test fmt::unstable_passed ... ok
[INFO] [stdout] test fmt::set_false ... ok
[INFO] [stdout] test functions::broken_directory_function2 ... ok
[INFO] [stdout] test fmt::set_true_implicit ... ok
[INFO] [stdout] test fmt::set_true_explicit ... ok
[INFO] [stdout] test functions::broken_directory_function ... ok
[INFO] [stdout] test fmt::set_shell ... ok
[INFO] [stdout] test functions::broken_file_stem_function ... ok
[INFO] [stdout] test functions::broken_file_name_function ... ok
[INFO] [stdout] test functions::broken_extension_function ... ok
[INFO] [stdout] test functions::broken_extension_function2 ... ok
[INFO] [stdout] test functions::broken_without_extension_function ... ok
[INFO] [stdout] test functions::env_var_failure ... ok
[INFO] [stdout] test functions::error_errors_with_message ... ok
[INFO] [stdout] test functions::invalid_replace_regex ... ok
[INFO] [stdout] test functions::join_argument_count_error ... ok
[INFO] [stdout] test functions::clean ... ok
[INFO] [stdout] test functions::capitalize ... ok
[INFO] [stdout] test fmt::write_error ... FAILED
[INFO] [stdout] test functions::env_var_functions ... FAILED
[INFO] [stdout] test functions::path_functions ... ok
[INFO] [stdout] test functions::kebabcase ... ok
[INFO] [stdout] test functions::lowercamelcase ... ok
[INFO] [stdout] test functions::path_exists_subdir ... ok
[INFO] [stdout] test functions::lowercase ... ok
[INFO] [stdout] test functions::replace ... ok
[INFO] [stdout] test functions::replace_regex ... ok
[INFO] [stdout] test functions::sha256 ... ok
[INFO] [stdout] test functions::shoutykebabcase ... ok
[INFO] [stdout] test functions::sha256_file ... ok
[INFO] [stdout] test functions::path_functions2 ... ok
[INFO] [stdout] test functions::semver_matches ... ok
[INFO] [stdout] test functions::snakecase ... ok
[INFO] [stdout] test functions::test_absolute_path_resolves ... ok
[INFO] [stdout] test functions::test_absolute_path_resolves_parent ... ok
[INFO] [stdout] test functions::shoutysnakecase ... ok
[INFO] [stdout] test functions::test_just_executable_function ... ok
[INFO] [stdout] test functions::test_os_arch_functions_in_expression ... ok
[INFO] [stdout] test functions::test_os_arch_functions_in_default ... ok
[INFO] [stdout] test functions::test_os_arch_functions_in_interpolation ... ok
[INFO] [stdout] test functions::join ... ok
[INFO] [stdout] test functions::test_path_exists_filepath_doesnt_exist ... ok
[INFO] [stdout] test functions::titlecase ... ok
[INFO] [stdout] test functions::trim ... ok
[INFO] [stdout] test functions::test_path_exists_filepath_exist ... ok
[INFO] [stdout] test functions::trim_end ... ok
[INFO] [stdout] test functions::trim_start ... ok
[INFO] [stdout] test functions::uppercase ... ok
[INFO] [stdout] test ignore_comments::continuations_iwth_echo_comments_false ... ok
[INFO] [stdout] test functions::uppercamelcase ... ok
[INFO] [stdout] test functions::uuid ... ok
[INFO] [stdout] test functions::trim_start_match ... ok
[INFO] [stdout] test functions::trim_end_match ... ok
[INFO] [stdout] test imports::circular_import ... ok
[INFO] [stdout] test functions::trim_end_matches ... ok
[INFO] [stdout] test ignore_comments::continuations_with_echo_comments_true ... ok
[INFO] [stdout] test ignore_comments::dont_evaluate_comments ... ok
[INFO] [stdout] test imports::import_after_recipe ... ok
[INFO] [stdout] test imports::import_recipes_are_not_default ... ok
[INFO] [stdout] test ignore_comments::ignore_recipe_comments_with_shell_setting ... ok
[INFO] [stdout] test ignore_comments::ignore_comments_in_recipe ... ok
[INFO] [stdout] test imports::import_paths_beginning_with_tilde_are_expanded_to_homdir ... ok
[INFO] [stdout] test imports::imports_dump_correctly ... ok
[INFO] [stdout] test imports::include_error ... ok
[INFO] [stdout] test imports::listed_recipes_in_imports_are_in_load_order ... ok
[INFO] [stdout] test imports::import_succeeds ... ok
[INFO] [stdout] test imports::optional_imports_dump_correctly ... ok
[INFO] [stdout] test ignore_comments::dont_ignore_comments_in_recipe_by_default ... ok
[INFO] [stdout] test imports::missing_import_file_error ... ok
[INFO] [stdout] test functions::trim_start_matches ... ok
[INFO] [stdout] test init::alternate_marker ... ok
[INFO] [stdout] test imports::recipes_in_import_are_overridden_by_recipes_in_parent ... ok
[INFO] [stdout] test imports::trailing_spaces_after_import_are_ignored ... ok
[INFO] [stdout] test imports::missing_optional_imports_are_ignored ... ok
[INFO] [stdout] test init::justfile ... ok
[INFO] [stdout] test init::justfile_and_working_directory ... ok
[INFO] [stdout] test init::current_dir ... ok
[INFO] [stdout] test init::parent_dir ... ok
[INFO] [stdout] test init::search_directory ... ok
[INFO] [stdout] test interrupts::interrupt_backtick ... ignored
[INFO] [stdout] test interrupts::interrupt_command ... ignored
[INFO] [stdout] test interrupts::interrupt_line ... ignored
[INFO] [stdout] test interrupts::interrupt_shebang ... ignored
[INFO] [stdout] test init::write_error ... ok
[INFO] [stdout] test invocation_directory::test_invocation_directory ... ok
[INFO] [stdout] test invocation_directory::invocation_directory_native ... ok
[INFO] [stdout] test init::exists ... ok
[INFO] [stdout] test json::attribute ... ok
[INFO] [stdout] test json::assignment ... ok
[INFO] [stdout] test init::fmt_compatibility ... ok
[INFO] [stdout] test init::invocation_directory ... ok
[INFO] [stdout] test json::alias ... ok
[INFO] [stdout] test json::body ... ok
[INFO] [stdout] test json::dependencies ... ok
[INFO] [stdout] test json::module ... ok
[INFO] [stdout] test json::doc_comment ... ok
[INFO] [stdout] test json::dependency_argument ... ok
[INFO] [stdout] test json::parameters ... ok
[INFO] [stdout] test json::duplicate_recipes ... ok
[INFO] [stdout] test json::empty_justfile ... ok
[INFO] [stdout] test json::quiet ... ok
[INFO] [stdout] test json::priors ... ok
[INFO] [stdout] test json::shebang ... ok
[INFO] [stdout] test json::settings ... ok
[INFO] [stdout] test line_prefixes::quiet_after_infallible ... ok
[INFO] [stdout] test json::private ... ok
[INFO] [stdout] test misc::alias_shadows_recipe ... ok
[INFO] [stdout] test json::simple ... ok
[INFO] [stdout] test line_prefixes::infallible_after_quiet ... ok
[INFO] [stdout] test misc::alias_listing ... ok
[INFO] [stdout] test misc::alias_listing_multiple_aliases ... ok
[INFO] [stdout] test misc::alias ... ok
[INFO] [stdout] test misc::alias_listing_parameters ... ok
[INFO] [stdout] test misc::argument_mismatch_fewer ... ok
[INFO] [stdout] test misc::alias_listing_private ... ok
[INFO] [stdout] test misc::argument_mismatch_more_with_default ... ok
[INFO] [stdout] test misc::argument_mismatch_fewer_with_default ... ok
[INFO] [stdout] test misc::argument_mismatch_more ... ok
[INFO] [stdout] test misc::assignment_backtick_failure ... ok
[INFO] [stdout] test misc::alias_with_dependencies ... ok
[INFO] [stdout] test misc::backtick_code_assignment ... ok
[INFO] [stdout] test misc::alias_with_parameters ... ok
[INFO] [stdout] test misc::argument_grouping ... ok
[INFO] [stdout] test misc::backtick_code_interpolation_leading_emoji ... ok
[INFO] [stdout] test misc::backtick_code_interpolation ... ok
[INFO] [stdout] test misc::backtick_code_interpolation_inner_tab ... ok
[INFO] [stdout] test misc::backtick_code_interpolation_tab ... ok
[INFO] [stdout] test misc::argument_multiple ... ok
[INFO] [stdout] test misc::argument_single ... ok
[INFO] [stdout] test misc::backtick_code_interpolation_tabs ... ok
[INFO] [stdout] test misc::backtick_code_interpolation_mod ... ok
[INFO] [stdout] test misc::backtick_code_long ... ok
[INFO] [stdout] test misc::backtick_code_interpolation_unicode_hell ... ok
[INFO] [stdout] test misc::backtick_success ... ok
[INFO] [stdout] test misc::backtick_trimming ... ok
[INFO] [stdout] test misc::backtick_variable_cat ... ok
[INFO] [stdout] test misc::backtick_default_cat_justfile ... ok
[INFO] [stdout] test misc::backtick_variable_read_multiple ... ok
[INFO] [stdout] test misc::backtick_default_cat_stdin ... ok
[INFO] [stdout] test misc::bad_setting_with_keyword_name ... ok
[INFO] [stdout] test misc::bad_setting ... ok
[INFO] [stdout] test misc::backtick_variable_read_single ... ok
[INFO] [stdout] test misc::color_always ... ok
[INFO] [stdout] test misc::backtick_default_read_multiple ... ok
[INFO] [stdout] test misc::color_auto ... ok
[INFO] [stdout] test misc::color_never ... ok
[INFO] [stdout] test misc::brace_escape_extra ... ok
[INFO] [stdout] test misc::colors_no_context ... ok
[INFO] [stdout] test misc::brace_escape ... ok
[INFO] [stdout] test misc::command_backtick_failure ... ok
[INFO] [stdout] test misc::comment_before_variable ... ok
[INFO] [stdout] test misc::complex_dependencies ... ok
[INFO] [stdout] test misc::default_variable ... ok
[INFO] [stdout] test misc::default_string ... ok
[INFO] [stdout] test misc::default_concatenation ... ok
[INFO] [stdout] test misc::default_backtick ... ok
[INFO] [stdout] test misc::default ... ok
[INFO] [stdout] test misc::dependency_argument_assignment ... ok
[INFO] [stdout] test misc::dependency_takes_arguments_at_least ... ok
[INFO] [stdout] test misc::dependency_takes_arguments_at_most ... ok
[INFO] [stdout] test misc::dependency_takes_arguments_exact ... ok
[INFO] [stdout] test misc::dependency_argument_function ... ok
[INFO] [stdout] test misc::dependency_argument_plus_variadic ... ok
[INFO] [stdout] test misc::dependency_argument_string ... ok
[INFO] [stdout] test misc::dependency_argument_parameter ... ok
[INFO] [stdout] test misc::dotenv_env_var_override ... ok
[INFO] [stdout] test misc::dependency_argument_backtick ... ok
[INFO] [stdout] test misc::dotenv_variable_in_backtick ... ok
[INFO] [stdout] test misc::dotenv_variable_in_function_in_backtick ... ok
[INFO] [stdout] test misc::dry_run ... ok
[INFO] [stdout] test misc::duplicate_alias ... ok
[INFO] [stdout] test misc::dotenv_variable_in_recipe ... ok
[INFO] [stdout] test misc::dump ... ok
[INFO] [stdout] test misc::duplicate_variable ... ok
[INFO] [stdout] test misc::duplicate_parameter ... ok
[INFO] [stdout] test misc::duplicate_recipe ... ok
[INFO] [stdout] test misc::dotenv_variable_in_function_in_recipe ... ok
[INFO] [stdout] test misc::duplicate_dependency_no_args ... ok
[INFO] [stdout] test misc::extra_leading_whitespace ... ok
[INFO] [stdout] test misc::env_function_as_env_var ... ok
[INFO] [stdout] test misc::inconsistent_leading_whitespace ... ok
[INFO] [stdout] test misc::env_function_as_env_var_or_default_with_existing_env_var ... ok
[INFO] [stdout] test misc::duplicate_dependency_argument ... ok
[INFO] [stdout] test misc::interpolation_evaluation_ignore_quiet_continuation ... ok
[INFO] [stdout] test misc::infallible_with_failing ... ok
[INFO] [stdout] test misc::interpolation_evaluation_ignore_quiet ... ok
[INFO] [stdout] test misc::env_function_as_env_var_or_default ... ok
[INFO] [stdout] test misc::invalid_escape_sequence_message ... ok
[INFO] [stdout] test misc::env_function_as_env_var_with_existing_env_var ... ok
[INFO] [stdout] test misc::line_error_spacing ... ok
[INFO] [stdout] test misc::infallible_command ... ok
[INFO] [stdout] test misc::line_continuation_no_space ... ok
[INFO] [stdout] test misc::line_continuation_with_space ... ok
[INFO] [stdout] test misc::line_continuation_with_quoted_space ... ok
[INFO] [stdout] test misc::list_empty_prefix_and_heading ... ok
[INFO] [stdout] test misc::list ... ok
[INFO] [stdout] test misc::list_colors ... ok
[INFO] [stdout] test misc::list_alignment ... ok
[INFO] [stdout] test misc::list_alignment_long ... ok
[INFO] [stdout] test misc::long_circular_recipe_dependency ... ok
[INFO] [stdout] test misc::list_heading ... ok
[INFO] [stdout] test misc::missing_second_dependency ... ok
[INFO] [stdout] test misc::list_prefix ... ok
[INFO] [stdout] test misc::mixed_whitespace ... ok
[INFO] [stdout] test misc::list_unsorted ... ok
[INFO] [stdout] test misc::list_sorted ... ok
[INFO] [stdout] test misc::old_equals_assignment_syntax_produces_error ... ok
[INFO] [stdout] test misc::parameter_cross_reference_error ... ok
[INFO] [stdout] test misc::no_dotenv ... ok
[INFO] [stdout] test misc::plus_then_star_variadic ... ok
[INFO] [stdout] test misc::multi_line_string_in_interpolation ... ok
[INFO] [stdout] test misc::no_highlight ... ok
[INFO] [stdout] test misc::plus_variadic_too_few ... ok
[INFO] [stdout] test misc::overrides_not_evaluated ... ok
[INFO] [stdout] test misc::overrides_first ... ok
[INFO] [stdout] test misc::plus_variadic_recipe ... ok
[INFO] [stdout] test misc::quiet ... ok
[INFO] [stdout] test misc::plus_variadic_use_default ... ok
[INFO] [stdout] test misc::required_after_default ... ok
[INFO] [stdout] test misc::plus_variadic_ignore_default ... ok
[INFO] [stdout] test misc::required_after_plus_variadic ... ok
[INFO] [stdout] test misc::print ... ok
[INFO] [stdout] test misc::run_suggestion ... ok
[INFO] [stdout] test misc::self_dependency ... ok
[INFO] [stdout] test misc::required_after_star_variadic ... ok
[INFO] [stdout] test misc::quiet_shebang_recipe ... ok
[INFO] [stdout] test misc::quiet_recipe ... ok
[INFO] [stdout] test misc::star_then_plus_variadic ... ok
[INFO] [stdout] test misc::order ... ok
[INFO] [stdout] test misc::shebang_backtick_failure ... ok
[INFO] [stdout] test misc::run_colors ... ok
[INFO] [stdout] test misc::star_variadic_ignore_default ... ok
[INFO] [stdout] test misc::star_variadic_recipe ... ok
[INFO] [stdout] test misc::status_passthrough ... ok
[INFO] [stdout] test misc::select ... ok
[INFO] [stdout] test misc::star_variadic_none ... ok
[INFO] [stdout] test misc::star_variadic_use_default ... ok
[INFO] [stdout] test misc::unexpected_token_in_dependency_position ... ok
[INFO] [stdout] test misc::unexpected_token_after_name ... ok
[INFO] [stdout] test misc::shebang_line_numbers ... ok
[INFO] [stdout] test misc::unknown_alias_target ... ok
[INFO] [stdout] test misc::unknown_dependency ... ok
[INFO] [stdout] test misc::supply_use_default ... ok
[INFO] [stdout] test misc::unknown_function_in_assignment ... ok
[INFO] [stdout] test misc::unknown_override_arg ... ok
[INFO] [stdout] test misc::unknown_function_in_default ... ok
[INFO] [stdout] test misc::unknown_override_args ... ok
[INFO] [stdout] test misc::supply_defaults ... ok
[INFO] [stdout] test misc::unknown_recipe ... ok
[INFO] [stdout] test misc::unknown_recipes ... ok
[INFO] [stdout] test misc::trailing_flags ... ok
[INFO] [stdout] test misc::unknown_start_of_token ... ok
[INFO] [stdout] test misc::unterminated_interpolation_eof ... ok
[INFO] [stdout] test misc::unknown_variable_in_default ... ok
[INFO] [stdout] test misc::unterminated_interpolation_eol ... ok
[INFO] [stdout] test misc::variable_circular_dependency ... ok
[INFO] [stdout] test misc::unknown_override_options ... ok
[INFO] [stdout] test misc::variable_circular_dependency_with_additional_variable ... ok
[INFO] [stdout] test misc::variable_self_dependency ... ok
[INFO] [stdout] test modules::assignments_are_evaluated_in_modules ... ok
[INFO] [stdout] test modules::default_recipe_in_submodule_must_have_no_arguments ... ok
[INFO] [stdout] test misc::use_raw_string_default ... ok
[INFO] [stdout] test misc::use_string_default ... ok
[INFO] [stdout] test modules::circular_module_imports_are_detected ... ok
[INFO] [stdout] test misc::variables ... ok
[INFO] [stdout] test misc::verbose ... ok
[INFO] [stdout] test modules::list_displays_recipes_in_submodules ... ok
[INFO] [stdout] test modules::dotenv_settings_in_submodule_are_ignored ... ok
[INFO] [stdout] test modules::missing_module_file_error ... ok
[INFO] [stdout] test modules::missing_recipe_after_invalid_path ... ok
[INFO] [stdout] test modules::missing_optional_modules_do_not_conflict ... ok
[INFO] [stdout] test modules::invalid_path_syntax ... ok
[INFO] [stdout] test modules::module_recipes_can_be_run_as_subcommands ... ok
[INFO] [stdout] test modules::module_recipes_can_be_run_with_path_syntax ... ok
[INFO] [stdout] test modules::missing_optional_modules_do_not_trigger_error ... ok
[INFO] [stdout] test modules::module_paths_beginning_with_tilde_are_expanded_to_homdir ... ok
[INFO] [stdout] test modules::module_subcommand_runs_default_recipe ... ok
[INFO] [stdout] test modules::modules_are_dumped_correctly ... ok
[INFO] [stdout] test modules::modules_conflict_with_recipes ... ok
[INFO] [stdout] test modules::modules_are_unstable ... ok
[INFO] [stdout] test modules::modules_conflict_with_aliases ... ok
[INFO] [stdout] test modules::modules_can_be_in_subdirectory ... ok
[INFO] [stdout] test modules::modules_conflict_with_other_modules ... ok
[INFO] [stdout] test modules::modules_can_contain_other_modules ... ok
[INFO] [stdout] test modules::modules_in_subdirectory_can_be_named_justfile ... ok
[INFO] [stdout] test modules::modules_require_unambiguous_file ... ok
[INFO] [stdout] test modules::modules_in_subdirectory_can_be_named_justfile_with_any_case ... ok
[INFO] [stdout] test modules::modules_may_specify_path ... ok
[INFO] [stdout] test modules::optional_modules_are_dumped_correctly ... ok
[INFO] [stdout] test modules::modules_with_paths_are_dumped_correctly ... ok
[INFO] [stdout] test modules::optional_modules_with_paths_are_dumped_correctly ... ok
[INFO] [stdout] test modules::modules_in_subdirectory_can_have_leading_dot ... ok
[INFO] [stdout] test modules::modules_use_module_settings ... ok
[INFO] [stdout] test modules::nested_module_recipes_can_be_run_with_path_syntax ... ok
[INFO] [stdout] test modules::recipes_may_be_named_mod ... ok
[INFO] [stdout] test modules::root_dotenv_is_available_to_submodules ... ok
[INFO] [stdout] test newline_escape::newline_escape_deps_invalid_esc ... ok
[INFO] [stdout] test modules::submodule_linewise_recipes_run_in_submodule_directory ... ok
[INFO] [stdout] test modules::submodule_shebang_recipes_run_in_submodule_directory ... ok
[INFO] [stdout] test newline_escape::newline_escape_unpaired_linefeed ... ok
[INFO] [stdout] test newline_escape::newline_escape_deps ... ok
[INFO] [stdout] test multibyte_char::bugfix ... ok
[INFO] [stdout] test no_exit_message::empty_attribute ... ok
[INFO] [stdout] test no_cd::shebang ... ok
[INFO] [stdout] test no_exit_message::recipe_exit_message_suppressed ... ok
[INFO] [stdout] test newline_escape::newline_escape_deps_linefeed ... ok
[INFO] [stdout] test no_exit_message::shebang_exit_message_suppressed ... ok
[INFO] [stdout] test no_exit_message::recipe_has_doc_comment ... ok
[INFO] [stdout] test no_exit_message::unattached_attribute_before_empty_line ... ok
[INFO] [stdout] test no_exit_message::unattached_attribute_before_comment ... ok
[INFO] [stdout] test no_exit_message::unknown_attribute ... ok
[INFO] [stdout] test newline_escape::newline_escape_deps_no_indent ... ok
[INFO] [stdout] test no_exit_message::silent_recipe_exit_message_suppressed ... ok
[INFO] [stdout] test no_cd::linewise ... ok
[INFO] [stdout] test os_attributes::os ... ok
[INFO] [stdout] test positional_arguments::default_arguments ... ok
[INFO] [stdout] test os_attributes::none ... ok
[INFO] [stdout] test parser::dont_run_duplicate_recipes ... ok
[INFO] [stdout] test os_attributes::os_family ... ok
[INFO] [stdout] test positional_arguments::empty_variadic_is_undefined ... ok
[INFO] [stdout] test os_attributes::all ... ok
[INFO] [stdout] test quiet::assignment_backtick_stderr ... ok
[INFO] [stdout] test private::private_attribute_for_recipe ... ok
[INFO] [stdout] test positional_arguments::linewise ... ok
[INFO] [stdout] test positional_arguments::variadic_linewise ... ok
[INFO] [stdout] test positional_arguments::shebang ... ok
[INFO] [stdout] test private::private_attribute_for_alias ... ok
[INFO] [stdout] test positional_arguments::variadic_arguments_are_separate ... ok
[INFO] [stdout] test quiet::choose_none ... ok
[INFO] [stdout] test positional_arguments::variadic_shebang ... ok
[INFO] [stdout] test quiet::choose_invocation ... ok
[INFO] [stdout] test quiet::choose_status ... ok
[INFO] [stdout] test quiet::init_exists ... ok
[INFO] [stdout] test quiet::edit_invocation ... ok
[INFO] [stdout] test quiet::error_messages ... ok
[INFO] [stdout] test quiet::edit_status ... ok
[INFO] [stdout] test quiet::show_missing ... ok
[INFO] [stdout] test quiet::interpolation_backtick_stderr ... ok
[INFO] [stdout] test quiet::command_echoing ... ok
[INFO] [stdout] test quiet::no_stdout ... ok
[INFO] [stdout] test quiet::stderr ... ok
[INFO] [stdout] test quote::quotes_are_escaped ... ok
[INFO] [stdout] test quiet::quiet_shebang ... ok
[INFO] [stdout] test quote::single_quotes_are_prepended_and_appended ... ok
[INFO] [stdout] test recursion_limit::bugfix ... ok
[INFO] [stdout] test regexes::bad_regex_fails_at_runtime ... ok
[INFO] [stdout] test search::dot_justfile_conflicts_with_justfile ... ok
[INFO] [stdout] test search::single_downwards ... ok
[INFO] [stdout] test quote::quoted_strings_can_be_used_as_arguments ... ok
[INFO] [stdout] test regexes::match_succeeds_evaluates_to_first_branch ... ok
[INFO] [stdout] test search::single_upwards ... ok
[INFO] [stdout] test run::dont_run_duplicate_recipes ... ok
[INFO] [stdout] test regexes::match_fails_evaluates_to_second_branch ... ok
[INFO] [stdout] test search::find_dot_justfile ... ok
[INFO] [stdout] test search::test_capitalized_justfile_search ... ok
[INFO] [stdout] test search::test_justfile_search ... ok
[INFO] [stdout] test search::test_upwards_multiple_path_argument ... ok
[INFO] [stdout] test search_arguments::argument_with_different_path_prefix_is_allowed ... ok
[INFO] [stdout] test search::test_upwards_path_argument ... ok
[INFO] [stdout] test shadowing_parameters::exporting_shadowing_parameters_does_change_environment ... ok
[INFO] [stdout] test shell::cmd ... ignored
[INFO] [stdout] test search_arguments::passing_dot_as_argument_is_allowed ... ok
[INFO] [stdout] test shell::powershell ... ignored
[INFO] [stdout] test shadowing_parameters::parameter_may_shadow_variable ... ok
[INFO] [stdout] test shadowing_parameters::shadowing_parameters_do_not_change_environment ... ok
[INFO] [stdout] test shebang::simple ... ok
[INFO] [stdout] test search::test_downwards_path_argument ... ok
[INFO] [stdout] test search::test_downwards_multiple_path_argument ... ok
[INFO] [stdout] test show::alias_show_missing_target ... ok
[INFO] [stdout] test shell::shell_args ... ok
[INFO] [stdout] test shell::shell_arg_override ... ok
[INFO] [stdout] test shell::flag ... ok
[INFO] [stdout] test show::show_alias_suggestion ... ok
[INFO] [stdout] test shell::shell_override ... ok
[INFO] [stdout] test shell::set_shell ... ok
[INFO] [stdout] test show::show_no_suggestion ... ok
[INFO] [stdout] test show::show_no_alias_suggestion ... ok
[INFO] [stdout] test slash_operator::default_un_parenthesized ... ok
[INFO] [stdout] test show::show_suggestion ... ok
[INFO] [stdout] test show::alias_show ... ok
[INFO] [stdout] test slash_operator::no_lhs_un_parenthesized ... ok
[INFO] [stdout] test show::show ... ok
[INFO] [stdout] test slash_operator::no_rhs_once ... ok
[INFO] [stdout] test slash_operator::no_lhs_once ... ok
[INFO] [stdout] test slash_operator::default_parenthesized ... ok
[INFO] [stdout] test slash_operator::once ... ok
[INFO] [stdout] test slash_operator::no_lhs_parenthesized ... ok
[INFO] [stdout] test string::error_column_after_multiline_raw_string ... ok
[INFO] [stdout] test string::error_line_after_multiline_raw_string ... ok
[INFO] [stdout] test string::error_line_after_multiline_raw_string_in_interpolation ... ok
[INFO] [stdout] test slash_operator::twice ... ok
[INFO] [stdout] test string::cooked_string_suppress_newline ... ok
[INFO] [stdout] test slash_operator::no_lhs_twice ... ok
[INFO] [stdout] test string::indented_backtick_string_contents_indentation_removed ... ok
[INFO] [stdout] test string::indented_cooked_string_escapes ... ok
[INFO] [stdout] test string::indented_cooked_string_contents_indentation_removed ... ok
[INFO] [stdout] test string::indented_backtick_string_escapes ... ok
[INFO] [stdout] test string::indented_raw_string_contents_indentation_removed ... ok
[INFO] [stdout] test string::indented_raw_string_escapes ... ok
[INFO] [stdout] test string::invalid_escape_sequence ... ok
[INFO] [stdout] test string::shebang_backtick ... ok
[INFO] [stdout] test string::unterminated_backtick ... ok
[INFO] [stdout] test string::unterminated_indented_backtick ... ok
[INFO] [stdout] test string::unterminated_indented_raw_string ... ok
[INFO] [stdout] test string::multiline_backtick ... ok
[INFO] [stdout] test string::raw_string ... ok
[INFO] [stdout] test string::multiline_raw_string_in_interpolation ... ok
[INFO] [stdout] test string::unterminated_indented_string ... ok
[INFO] [stdout] test string::unterminated_string ... ok
[INFO] [stdout] test string::unterminated_raw_string ... ok
[INFO] [stdout] test string::multiline_cooked_string ... ok
[INFO] [stdout] test subsequents::circular_dependency ... ok
[INFO] [stdout] test string::multiline_raw_string ... ok
[INFO] [stdout] test subsequents::unknown ... ok
[INFO] [stdout] test subsequents::failure ... ok
[INFO] [stdout] test subsequents::unknown_argument ... ok
[INFO] [stdout] test subsequents::argument ... ok
[INFO] [stdout] test summary::submodule_recipes ... ok
[INFO] [stdout] test subsequents::success ... ok
[INFO] [stdout] test subsequents::subsequents_run_even_if_already_ran_as_prior ... ok
[INFO] [stdout] test subsequents::duplicate_subsequents_dont_run ... ok
[INFO] [stdout] test summary::summary ... ok
[INFO] [stdout] test undefined_variables::parameter_default_unknown_variable_in_expression ... ok
[INFO] [stdout] test summary::no_recipes ... ok
[INFO] [stdout] test summary::summary_none ... ok
[INFO] [stdout] test summary::summary_sorted ... ok
[INFO] [stdout] test undefined_variables::unknown_first_variable_in_binary_call ... ok
[INFO] [stdout] test undefined_variables::unknown_variable_in_unary_call ... ok
[INFO] [stdout] test undefined_variables::unknown_variable_in_ternary_call ... ok
[INFO] [stdout] test undefined_variables::unknown_second_variable_in_binary_call ... ok
[INFO] [stdout] test summary::summary_unsorted ... ok
[INFO] [stdout] test unstable::set_unstable_false_with_env_var_unset ... ok
[INFO] [stdout] test tempdir::test_tempdir_is_set ... ok
[INFO] [stdout] test unstable::set_unstable_false_with_env_var ... ok
[INFO] [stdout] test working_directory::change_working_directory_to_search_justfile_parent ... ok
[INFO] [stdout] test working_directory::justfile_and_working_directory ... ok
[INFO] [stdout] test working_directory::justfile_without_working_directory_relative ... ok
[INFO] [stdout] test working_directory::justfile_without_working_directory ... ok
[INFO] [stdout] test unstable::set_unstable_true_with_env_var ... ok
[INFO] [stdout] test working_directory::search_dir_child ... ok
[INFO] [stdout] test working_directory::search_dir_parent ... ok
[INFO] [stdout] test readme::readme ... ok
[INFO] [stdout] 
[INFO] [stdout] failures:
[INFO] [stdout] 
[INFO] [stdout] ---- fmt::write_error stdout ----
[INFO] [stdout] thread 'fmt::write_error' panicked at tests/test.rs:244:9:
[INFO] [stdout] Stderr regex mismatch:
[INFO] [stdout] "Wrote justfile to `/tmp/temptreeruQItt/justfile`\n"
[INFO] [stdout] !~=
[INFO] [stdout] /Regex("^error: Failed to write justfile to `.*`: Permission denied \\(os error 13\\)\\n$")/
[INFO] [stdout] stack backtrace:
[INFO] [stdout]    0:     0x55c3dd3fd6b6 - std::backtrace_rs::backtrace::libunwind::trace::h261606ad26a499c1
[INFO] [stdout]                                at /rustc/0e09125c6c3c2fd70d7de961bcf0e51575235fad/library/std/src/../../backtrace/src/backtrace/libunwind.rs:104:5
[INFO] [stdout]    1:     0x55c3dd3fd6b6 - std::backtrace_rs::backtrace::trace_unsynchronized::hd183f0625477fb28
[INFO] [stdout]                                at /rustc/0e09125c6c3c2fd70d7de961bcf0e51575235fad/library/std/src/../../backtrace/src/backtrace/mod.rs:66:5
[INFO] [stdout]    2:     0x55c3dd3fd6b6 - std::sys_common::backtrace::_print_fmt::hd7f8fef21b4eda67
[INFO] [stdout]                                at /rustc/0e09125c6c3c2fd70d7de961bcf0e51575235fad/library/std/src/sys_common/backtrace.rs:68:5
[INFO] [stdout]    3:     0x55c3dd3fd6b6 - <std::sys_common::backtrace::_print::DisplayBacktrace as core::fmt::Display>::fmt::h623d9b51f2f453f1
[INFO] [stdout]                                at /rustc/0e09125c6c3c2fd70d7de961bcf0e51575235fad/library/std/src/sys_common/backtrace.rs:44:22
[INFO] [stdout]    4:     0x55c3dd4283b0 - core::fmt::rt::Argument::fmt::h9f417ac76a86f368
[INFO] [stdout]                                at /rustc/0e09125c6c3c2fd70d7de961bcf0e51575235fad/library/core/src/fmt/rt.rs:142:9
[INFO] [stdout]    5:     0x55c3dd4283b0 - core::fmt::write::hc9b6faf4ac2aeff7
[INFO] [stdout]                                at /rustc/0e09125c6c3c2fd70d7de961bcf0e51575235fad/library/core/src/fmt/mod.rs:1120:17
[INFO] [stdout]    6:     0x55c3dd3fa62f - std::io::Write::write_fmt::he04625a3a989fec3
[INFO] [stdout]                                at /rustc/0e09125c6c3c2fd70d7de961bcf0e51575235fad/library/std/src/io/mod.rs:1810:15
[INFO] [stdout]    7:     0x55c3dd3fd494 - std::sys_common::backtrace::_print::hd5d66399c7df88a2
[INFO] [stdout]                                at /rustc/0e09125c6c3c2fd70d7de961bcf0e51575235fad/library/std/src/sys_common/backtrace.rs:47:5
[INFO] [stdout]    8:     0x55c3dd3fd494 - std::sys_common::backtrace::print::he81ed2da642d37e5
[INFO] [stdout]                                at /rustc/0e09125c6c3c2fd70d7de961bcf0e51575235fad/library/std/src/sys_common/backtrace.rs:34:9
[INFO] [stdout]    9:     0x55c3dd3ff857 - std::panicking::default_hook::{{closure}}::h85773f4fa117163d
[INFO] [stdout]   10:     0x55c3dd3ff53d - std::panicking::default_hook::h6a1694a91d09b278
[INFO] [stdout]                                at /rustc/0e09125c6c3c2fd70d7de961bcf0e51575235fad/library/std/src/panicking.rs:289:9
[INFO] [stdout]   11:     0x55c3dd087a77 - <alloc::boxed::Box<F,A> as core::ops::function::Fn<Args>>::call::h616ac37fa3cd6c8f
[INFO] [stdout]                                at /rustc/0e09125c6c3c2fd70d7de961bcf0e51575235fad/library/alloc/src/boxed.rs:2029:9
[INFO] [stdout]   12:     0x55c3dd087a77 - test::test_main::{{closure}}::h00d84697cefdcbb6
[INFO] [stdout]                                at /rustc/0e09125c6c3c2fd70d7de961bcf0e51575235fad/library/test/src/lib.rs:138:21
[INFO] [stdout]   13:     0x55c3dd3ffe76 - <alloc::boxed::Box<F,A> as core::ops::function::Fn<Args>>::call::hcb3fe3b9bb537ba8
[INFO] [stdout]                                at /rustc/0e09125c6c3c2fd70d7de961bcf0e51575235fad/library/alloc/src/boxed.rs:2029:9
[INFO] [stdout]   14:     0x55c3dd3ffe76 - std::panicking::rust_panic_with_hook::h0a7ad96e90f7145b
[INFO] [stdout]                                at /rustc/0e09125c6c3c2fd70d7de961bcf0e51575235fad/library/std/src/panicking.rs:783:13
[INFO] [stdout]   15:     0x55c3dd3ffbc2 - std::panicking::begin_panic_handler::{{closure}}::h7919090525c6485e
[INFO] [stdout]                                at /rustc/0e09125c6c3c2fd70d7de961bcf0e51575235fad/library/std/src/panicking.rs:657:13
[INFO] [stdout]   16:     0x55c3dd3fdbb6 - std::sys_common::backtrace::__rust_end_short_backtrace::hf3289479464f7dfe
[INFO] [stdout]                                at /rustc/0e09125c6c3c2fd70d7de961bcf0e51575235fad/library/std/src/sys_common/backtrace.rs:171:18
[INFO] [stdout]   17:     0x55c3dd3ff920 - rust_begin_unwind
[INFO] [stdout]                                at /rustc/0e09125c6c3c2fd70d7de961bcf0e51575235fad/library/std/src/panicking.rs:645:5
[INFO] [stdout]   18:     0x55c3dcfc99d5 - core::panicking::panic_fmt::hcc9f77c5c132af55
[INFO] [stdout]                                at /rustc/0e09125c6c3c2fd70d7de961bcf0e51575235fad/library/core/src/panicking.rs:72:14
[INFO] [stdout]   19:     0x55c3dd03faa0 - integration::test::Test::run::ha8fe3b9e78de54b1
[INFO] [stdout]                                at /opt/rustwide/workdir/tests/test.rs:244:9
[INFO] [stdout]   20:     0x55c3dd022a7f - integration::fmt::write_error::h99ba4b694e7824ef
[INFO] [stdout]                                at /opt/rustwide/workdir/tests/fmt.rs:124:18
[INFO] [stdout]   21:     0x55c3dd0227e7 - integration::fmt::write_error::{{closure}}::h6712350b98545265
[INFO] [stdout]                                at /opt/rustwide/workdir/tests/fmt.rs:105:17
[INFO] [stdout]   22:     0x55c3dd005b86 - core::ops::function::FnOnce::call_once::h48c708de8883b67e
[INFO] [stdout]                                at /rustc/0e09125c6c3c2fd70d7de961bcf0e51575235fad/library/core/src/ops/function.rs:250:5
[INFO] [stdout]   23:     0x55c3dd08d34f - core::ops::function::FnOnce::call_once::hd64d26f405258157
[INFO] [stdout]                                at /rustc/0e09125c6c3c2fd70d7de961bcf0e51575235fad/library/core/src/ops/function.rs:250:5
[INFO] [stdout]   24:     0x55c3dd08d34f - test::__rust_begin_short_backtrace::he21b0b7a6d731bf9
[INFO] [stdout]                                at /rustc/0e09125c6c3c2fd70d7de961bcf0e51575235fad/library/test/src/lib.rs:627:18
[INFO] [stdout]   25:     0x55c3dd08c0d1 - test::run_test_in_process::{{closure}}::hf5c73986d7bdfde2
[INFO] [stdout]                                at /rustc/0e09125c6c3c2fd70d7de961bcf0e51575235fad/library/test/src/lib.rs:650:60
[INFO] [stdout]   26:     0x55c3dd08c0d1 - <core::panic::unwind_safe::AssertUnwindSafe<F> as core::ops::function::FnOnce<()>>::call_once::h330011ad032aadc0
[INFO] [stdout]                                at /rustc/0e09125c6c3c2fd70d7de961bcf0e51575235fad/library/core/src/panic/unwind_safe.rs:272:9
[INFO] [stdout]   27:     0x55c3dd08c0d1 - std::panicking::try::do_call::he61b0a958b795a41
[INFO] [stdout]                                at /rustc/0e09125c6c3c2fd70d7de961bcf0e51575235fad/library/std/src/panicking.rs:552:40
[INFO] [stdout]   28:     0x55c3dd08c0d1 - std::panicking::try::h7309da130f906eb7
[INFO] [stdout]                                at /rustc/0e09125c6c3c2fd70d7de961bcf0e51575235fad/library/std/src/panicking.rs:516:19
[INFO] [stdout]   29:     0x55c3dd08c0d1 - std::panic::catch_unwind::hc5c3a06fdaf0a92a
[INFO] [stdout]                                at /rustc/0e09125c6c3c2fd70d7de961bcf0e51575235fad/library/std/src/panic.rs:142:14
[INFO] [stdout]   30:     0x55c3dd08c0d1 - test::run_test_in_process::h7e7b7c71c3324e0f
[INFO] [stdout]                                at /rustc/0e09125c6c3c2fd70d7de961bcf0e51575235fad/library/test/src/lib.rs:650:27
[INFO] [stdout]   31:     0x55c3dd08c0d1 - test::run_test::{{closure}}::h1f509f28f5cf20b1
[INFO] [stdout]                                at /rustc/0e09125c6c3c2fd70d7de961bcf0e51575235fad/library/test/src/lib.rs:573:43
[INFO] [stdout]   32:     0x55c3dd053406 - test::run_test::{{closure}}::h1754218abf443f6d
[INFO] [stdout]                                at /rustc/0e09125c6c3c2fd70d7de961bcf0e51575235fad/library/test/src/lib.rs:601:41
[INFO] [stdout]   33:     0x55c3dd053406 - std::sys_common::backtrace::__rust_begin_short_backtrace::h2ee174b9d5954948
[INFO] [stdout]                                at /rustc/0e09125c6c3c2fd70d7de961bcf0e51575235fad/library/std/src/sys_common/backtrace.rs:155:18
[INFO] [stdout]   34:     0x55c3dd058467 - std::thread::Builder::spawn_unchecked_::{{closure}}::{{closure}}::hf60bee9c1a17ef09
[INFO] [stdout]                                at /rustc/0e09125c6c3c2fd70d7de961bcf0e51575235fad/library/std/src/thread/mod.rs:529:17
[INFO] [stdout]   35:     0x55c3dd058467 - <core::panic::unwind_safe::AssertUnwindSafe<F> as core::ops::function::FnOnce<()>>::call_once::h33d0dddec5216160
[INFO] [stdout]                                at /rustc/0e09125c6c3c2fd70d7de961bcf0e51575235fad/library/core/src/panic/unwind_safe.rs:272:9
[INFO] [stdout]   36:     0x55c3dd058467 - std::panicking::try::do_call::h144b3048b546f835
[INFO] [stdout]                                at /rustc/0e09125c6c3c2fd70d7de961bcf0e51575235fad/library/std/src/panicking.rs:552:40
[INFO] [stdout]   37:     0x55c3dd058467 - std::panicking::try::h978244d04646189f
[INFO] [stdout]                                at /rustc/0e09125c6c3c2fd70d7de961bcf0e51575235fad/library/std/src/panicking.rs:516:19
[INFO] [stdout]   38:     0x55c3dd058467 - std::panic::catch_unwind::hdf436369d188fe86
[INFO] [stdout]                                at /rustc/0e09125c6c3c2fd70d7de961bcf0e51575235fad/library/std/src/panic.rs:142:14
[INFO] [stdout]   39:     0x55c3dd058467 - std::thread::Builder::spawn_unchecked_::{{closure}}::h87329cbdd33c79ec
[INFO] [stdout]                                at /rustc/0e09125c6c3c2fd70d7de961bcf0e51575235fad/library/std/src/thread/mod.rs:528:30
[INFO] [stdout]   40:     0x55c3dd058467 - core::ops::function::FnOnce::call_once{{vtable.shim}}::h401abbe67897d450
[INFO] [stdout]                                at /rustc/0e09125c6c3c2fd70d7de961bcf0e51575235fad/library/core/src/ops/function.rs:250:5
[INFO] [stdout]   41:     0x55c3dd405835 - <alloc::boxed::Box<F,A> as core::ops::function::FnOnce<Args>>::call_once::h5d7c8f150ab9c84c
[INFO] [stdout]                                at /rustc/0e09125c6c3c2fd70d7de961bcf0e51575235fad/library/alloc/src/boxed.rs:2015:9
[INFO] [stdout]   42:     0x55c3dd405835 - <alloc::boxed::Box<F,A> as core::ops::function::FnOnce<Args>>::call_once::h570d5b005c242c15
[INFO] [stdout]                                at /rustc/0e09125c6c3c2fd70d7de961bcf0e51575235fad/library/alloc/src/boxed.rs:2015:9
[INFO] [stdout]   43:     0x55c3dd405835 - std::sys::unix::thread::Thread::new::thread_start::h36b0a20c0b2361ad
[INFO] [stdout]                                at /rustc/0e09125c6c3c2fd70d7de961bcf0e51575235fad/library/std/src/sys/unix/thread.rs:108:17
[INFO] [stdout]   44:     0x7faf5a415ac3 - <unknown>
[INFO] [stdout]   45:     0x7faf5a4a6bf4 - __clone
[INFO] [stdout]   46:                0x0 - <unknown>
[INFO] [stdout] 
[INFO] [stdout] ---- functions::env_var_functions stdout ----
[INFO] [stdout] thread 'functions::env_var_functions' panicked at tests/functions.rs:40:71:
[INFO] [stdout] called `Result::unwrap()` on an `Err` value: NotPresent
[INFO] [stdout] stack backtrace:
[INFO] [stdout]    0:     0x55c3dd3fd6b6 - std::backtrace_rs::backtrace::libunwind::trace::h261606ad26a499c1
[INFO] [stdout]                                at /rustc/0e09125c6c3c2fd70d7de961bcf0e51575235fad/library/std/src/../../backtrace/src/backtrace/libunwind.rs:104:5
[INFO] [stdout]    1:     0x55c3dd3fd6b6 - std::backtrace_rs::backtrace::trace_unsynchronized::hd183f0625477fb28
[INFO] [stdout]                                at /rustc/0e09125c6c3c2fd70d7de961bcf0e51575235fad/library/std/src/../../backtrace/src/backtrace/mod.rs:66:5
[INFO] [stdout]    2:     0x55c3dd3fd6b6 - std::sys_common::backtrace::_print_fmt::hd7f8fef21b4eda67
[INFO] [stdout]                                at /rustc/0e09125c6c3c2fd70d7de961bcf0e51575235fad/library/std/src/sys_common/backtrace.rs:68:5
[INFO] [stdout]    3:     0x55c3dd3fd6b6 - <std::sys_common::backtrace::_print::DisplayBacktrace as core::fmt::Display>::fmt::h623d9b51f2f453f1
[INFO] [stdout]                                at /rustc/0e09125c6c3c2fd70d7de961bcf0e51575235fad/library/std/src/sys_common/backtrace.rs:44:22
[INFO] [stdout]    4:     0x55c3dd4283b0 - core::fmt::rt::Argument::fmt::h9f417ac76a86f368
[INFO] [stdout]                                at /rustc/0e09125c6c3c2fd70d7de961bcf0e51575235fad/library/core/src/fmt/rt.rs:142:9
[INFO] [stdout]    5:     0x55c3dd4283b0 - core::fmt::write::hc9b6faf4ac2aeff7
[INFO] [stdout]                                at /rustc/0e09125c6c3c2fd70d7de961bcf0e51575235fad/library/core/src/fmt/mod.rs:1120:17
[INFO] [stdout]    6:     0x55c3dd3fa62f - std::io::Write::write_fmt::he04625a3a989fec3
[INFO] [stdout]                                at /rustc/0e09125c6c3c2fd70d7de961bcf0e51575235fad/library/std/src/io/mod.rs:1810:15
[INFO] [stdout]    7:     0x55c3dd3fd494 - std::sys_common::backtrace::_print::hd5d66399c7df88a2
[INFO] [stdout]                                at /rustc/0e09125c6c3c2fd70d7de961bcf0e51575235fad/library/std/src/sys_common/backtrace.rs:47:5
[INFO] [stdout]    8:     0x55c3dd3fd494 - std::sys_common::backtrace::print::he81ed2da642d37e5
[INFO] [stdout]                                at /rustc/0e09125c6c3c2fd70d7de961bcf0e51575235fad/library/std/src/sys_common/backtrace.rs:34:9
[INFO] [stdout]    9:     0x55c3dd3ff857 - std::panicking::default_hook::{{closure}}::h85773f4fa117163d
[INFO] [stdout]   10:     0x55c3dd3ff53d - std::panicking::default_hook::h6a1694a91d09b278
[INFO] [stdout]                                at /rustc/0e09125c6c3c2fd70d7de961bcf0e51575235fad/library/std/src/panicking.rs:289:9
[INFO] [stdout]   11:     0x55c3dd087a77 - <alloc::boxed::Box<F,A> as core::ops::function::Fn<Args>>::call::h616ac37fa3cd6c8f
[INFO] [stdout]                                at /rustc/0e09125c6c3c2fd70d7de961bcf0e51575235fad/library/alloc/src/boxed.rs:2029:9
[INFO] [stdout]   12:     0x55c3dd087a77 - test::test_main::{{closure}}::h00d84697cefdcbb6
[INFO] [stdout]                                at /rustc/0e09125c6c3c2fd70d7de961bcf0e51575235fad/library/test/src/lib.rs:138:21
[INFO] [stdout]   13:     0x55c3dd3ffe76 - <alloc::boxed::Box<F,A> as core::ops::function::Fn<Args>>::call::hcb3fe3b9bb537ba8
[INFO] [stdout]                                at /rustc/0e09125c6c3c2fd70d7de961bcf0e51575235fad/library/alloc/src/boxed.rs:2029:9
[INFO] [stdout]   14:     0x55c3dd3ffe76 - std::panicking::rust_panic_with_hook::h0a7ad96e90f7145b
[INFO] [stdout]                                at /rustc/0e09125c6c3c2fd70d7de961bcf0e51575235fad/library/std/src/panicking.rs:783:13
[INFO] [stdout]   15:     0x55c3dd3ffbc2 - std::panicking::begin_panic_handler::{{closure}}::h7919090525c6485e
[INFO] [stdout]                                at /rustc/0e09125c6c3c2fd70d7de961bcf0e51575235fad/library/std/src/panicking.rs:657:13
[INFO] [stdout]   16:     0x55c3dd3fdbb6 - std::sys_common::backtrace::__rust_end_short_backtrace::hf3289479464f7dfe
[INFO] [stdout]                                at /rustc/0e09125c6c3c2fd70d7de961bcf0e51575235fad/library/std/src/sys_common/backtrace.rs:171:18
[INFO] [stdout]   17:     0x55c3dd3ff920 - rust_begin_unwind
[INFO] [stdout]                                at /rustc/0e09125c6c3c2fd70d7de961bcf0e51575235fad/library/std/src/panicking.rs:645:5
[INFO] [stdout]   18:     0x55c3dcfc99d5 - core::panicking::panic_fmt::hcc9f77c5c132af55
[INFO] [stdout]                                at /rustc/0e09125c6c3c2fd70d7de961bcf0e51575235fad/library/core/src/panicking.rs:72:14
[INFO] [stdout]   19:     0x55c3dcfca013 - core::result::unwrap_failed::hbe14f498be1452f9
[INFO] [stdout]                                at /rustc/0e09125c6c3c2fd70d7de961bcf0e51575235fad/library/core/src/result.rs:1649:5
[INFO] [stdout]   20:     0x55c3dd04af94 - core::result::Result<T,E>::unwrap::h797a928e46fd9475
[INFO] [stdout]                                at /rustc/0e09125c6c3c2fd70d7de961bcf0e51575235fad/library/core/src/result.rs:1073:23
[INFO] [stdout]   21:     0x55c3dd031b0f - integration::functions::env_var_functions::h3b8092ce0ef49323
[INFO] [stdout]                                at /opt/rustwide/workdir/tests/functions.rs:40:54
[INFO] [stdout]   22:     0x55c3dd031a17 - integration::functions::env_var_functions::{{closure}}::ha68e84195a4cb8c5
[INFO] [stdout]                                at /opt/rustwide/workdir/tests/test.rs:18:15
[INFO] [stdout]   23:     0x55c3dd006df6 - core::ops::function::FnOnce::call_once::h68e090efd9e4927d
[INFO] [stdout]                                at /rustc/0e09125c6c3c2fd70d7de961bcf0e51575235fad/library/core/src/ops/function.rs:250:5
[INFO] [stdout]   24:     0x55c3dd08d34f - core::ops::function::FnOnce::call_once::hd64d26f405258157
[INFO] [stdout]                                at /rustc/0e09125c6c3c2fd70d7de961bcf0e51575235fad/library/core/src/ops/function.rs:250:5
[INFO] [stdout]   25:     0x55c3dd08d34f - test::__rust_begin_short_backtrace::he21b0b7a6d731bf9
[INFO] [stdout]                                at /rustc/0e09125c6c3c2fd70d7de961bcf0e51575235fad/library/test/src/lib.rs:627:18
[INFO] [stdout]   26:     0x55c3dd08c0d1 - test::run_test_in_process::{{closure}}::hf5c73986d7bdfde2
[INFO] [stdout]                                at /rustc/0e09125c6c3c2fd70d7de961bcf0e51575235fad/library/test/src/lib.rs:650:60
[INFO] [stdout]   27:     0x55c3dd08c0d1 - <core::panic::unwind_safe::AssertUnwindSafe<F> as core::ops::function::FnOnce<()>>::call_once::h330011ad032aadc0
[INFO] [stdout]                                at /rustc/0e09125c6c3c2fd70d7de961bcf0e51575235fad/library/core/src/panic/unwind_safe.rs:272:9
[INFO] [stdout]   28:     0x55c3dd08c0d1 - std::panicking::try::do_call::he61b0a958b795a41
[INFO] [stdout]                                at /rustc/0e09125c6c3c2fd70d7de961bcf0e51575235fad/library/std/src/panicking.rs:552:40
[INFO] [stdout]   29:     0x55c3dd08c0d1 - std::panicking::try::h7309da130f906eb7
[INFO] [stdout]                                at /rustc/0e09125c6c3c2fd70d7de961bcf0e51575235fad/library/std/src/panicking.rs:516:19
[INFO] [stdout]   30:     0x55c3dd08c0d1 - std::panic::catch_unwind::hc5c3a06fdaf0a92a
[INFO] [stdout]                                at /rustc/0e09125c6c3c2fd70d7de961bcf0e51575235fad/library/std/src/panic.rs:142:14
[INFO] [stdout]   31:     0x55c3dd08c0d1 - test::run_test_in_process::h7e7b7c71c3324e0f
[INFO] [stdout]                                at /rustc/0e09125c6c3c2fd70d7de961bcf0e51575235fad/library/test/src/lib.rs:650:27
[INFO] [stdout]   32:     0x55c3dd08c0d1 - test::run_test::{{closure}}::h1f509f28f5cf20b1
[INFO] [stdout]                                at /rustc/0e09125c6c3c2fd70d7de961bcf0e51575235fad/library/test/src/lib.rs:573:43
[INFO] [stdout]   33:     0x55c3dd053406 - test::run_test::{{closure}}::h1754218abf443f6d
[INFO] [stdout]                                at /rustc/0e09125c6c3c2fd70d7de961bcf0e51575235fad/library/test/src/lib.rs:601:41
[INFO] [stdout]   34:     0x55c3dd053406 - std::sys_common::backtrace::__rust_begin_short_backtrace::h2ee174b9d5954948
[INFO] [stdout]                                at /rustc/0e09125c6c3c2fd70d7de961bcf0e51575235fad/library/std/src/sys_common/backtrace.rs:155:18
[INFO] [stdout]   35:     0x55c3dd058467 - std::thread::Builder::spawn_unchecked_::{{closure}}::{{closure}}::hf60bee9c1a17ef09
[INFO] [stdout]                                at /rustc/0e09125c6c3c2fd70d7de961bcf0e51575235fad/library/std/src/thread/mod.rs:529:17
[INFO] [stdout]   36:     0x55c3dd058467 - <core::panic::unwind_safe::AssertUnwindSafe<F> as core::ops::function::FnOnce<()>>::call_once::h33d0dddec5216160
[INFO] [stdout]                                at /rustc/0e09125c6c3c2fd70d7de961bcf0e51575235fad/library/core/src/panic/unwind_safe.rs:272:9
[INFO] [stdout]   37:     0x55c3dd058467 - std::panicking::try::do_call::h144b3048b546f835
[INFO] [stdout]                                at /rustc/0e09125c6c3c2fd70d7de961bcf0e51575235fad/library/std/src/panicking.rs:552:40
[INFO] [stdout]   38:     0x55c3dd058467 - std::panicking::try::h978244d04646189f
[INFO] [stdout]                                at /rustc/0e09125c6c3c2fd70d7de961bcf0e51575235fad/library/std/src/panicking.rs:516:19
[INFO] [stdout]   39:     0x55c3dd058467 - std::panic::catch_unwind::hdf436369d188fe86
[INFO] [stdout]                                at /rustc/0e09125c6c3c2fd70d7de961bcf0e51575235fad/library/std/src/panic.rs:142:14
[INFO] [stdout]   40:     0x55c3dd058467 - std::thread::Builder::spawn_unchecked_::{{closure}}::h87329cbdd33c79ec
[INFO] [stdout]                                at /rustc/0e09125c6c3c2fd70d7de961bcf0e51575235fad/library/std/src/thread/mod.rs:528:30
[INFO] [stdout]   41:     0x55c3dd058467 - core::ops::function::FnOnce::call_once{{vtable.shim}}::h401abbe67897d450
[INFO] [stdout]                                at /rustc/0e09125c6c3c2fd70d7de961bcf0e51575235fad/library/core/src/ops/function.rs:250:5
[INFO] [stdout]   42:     0x55c3dd405835 - <alloc::boxed::Box<F,A> as core::ops::function::FnOnce<Args>>::call_once::h5d7c8f150ab9c84c
[INFO] [stdout]                                at /rustc/0e09125c6c3c2fd70d7de961bcf0e51575235fad/library/alloc/src/boxed.rs:2015:9
[INFO] [stdout]   43:     0x55c3dd405835 - <alloc::boxed::Box<F,A> as core::ops::function::FnOnce<Args>>::call_once::h570d5b005c242c15
[INFO] [stdout]                                at /rustc/0e09125c6c3c2fd70d7de961bcf0e51575235fad/library/alloc/src/boxed.rs:2015:9
[INFO] [stdout]   44:     0x55c3dd405835 - std::sys::unix::thread::Thread::new::thread_start::h36b0a20c0b2361ad
[INFO] [stdout]                                at /rustc/0e09125c6c3c2fd70d7de961bcf0e51575235fad/library/std/src/sys/unix/thread.rs:108:17
[INFO] [stdout]   45:     0x7faf5a415ac3 - <unknown>
[INFO] [stdout]   46:     0x7faf5a4a6bf4 - __clone
[INFO] [stdout]   47:                0x0 - <unknown>
[INFO] [stdout] 
[INFO] [stdout] 
[INFO] [stdout] failures:
[INFO] [stdout]     fmt::write_error
[INFO] [stdout]     functions::env_var_functions
[INFO] [stdout] 
[INFO] [stdout] test result: FAILED. 621 passed; 2 failed; 7 ignored; 0 measured; 0 filtered out; finished in 2.31s
[INFO] [stdout] 
[INFO] [stderr] error: test failed, to rerun pass `--test integration`
[INFO] running `Command { std: "docker" "inspect" "84161937a6191560945512cab6610b290cf6dbd1b057184fc34b4067fc61658c", kill_on_drop: false }`
[INFO] running `Command { std: "docker" "rm" "-f" "84161937a6191560945512cab6610b290cf6dbd1b057184fc34b4067fc61658c", kill_on_drop: false }`
[INFO] [stdout] 84161937a6191560945512cab6610b290cf6dbd1b057184fc34b4067fc61658c
