[INFO] cloning repository https://github.com/paulkernfeld/ndarray-csv
[INFO] running `Command { std: "git" "-c" "credential.helper=" "-c" "credential.helper=/workspace/cargo-home/bin/git-credential-null" "clone" "--bare" "https://github.com/paulkernfeld/ndarray-csv" "/workspace/cache/git-repos/https%3A%2F%2Fgithub.com%2Fpaulkernfeld%2Fndarray-csv", kill_on_drop: false }`
[INFO] [stderr] Cloning into bare repository '/workspace/cache/git-repos/https%3A%2F%2Fgithub.com%2Fpaulkernfeld%2Fndarray-csv'...
[INFO] running `Command { std: "git" "rev-parse" "HEAD", kill_on_drop: false }`
[INFO] [stdout] c54b253ad44a16ae318e77483c0031c212512c32
[INFO] testing paulkernfeld/ndarray-csv against 1.75.0 for beta-1.76-1
[INFO] running `Command { std: "git" "clone" "/workspace/cache/git-repos/https%3A%2F%2Fgithub.com%2Fpaulkernfeld%2Fndarray-csv" "/workspace/builds/worker-4-tc1/source", kill_on_drop: false }`
[INFO] [stderr] Cloning into '/workspace/builds/worker-4-tc1/source'...
[INFO] [stderr] done.
[INFO] validating manifest of git repo https://github.com/paulkernfeld/ndarray-csv on toolchain 1.75.0
[INFO] running `Command { std: CARGO_HOME="/workspace/cargo-home" RUSTUP_HOME="/workspace/rustup-home" "/workspace/cargo-home/bin/cargo" "+1.75.0" "metadata" "--manifest-path" "Cargo.toml" "--no-deps", kill_on_drop: false }`
[INFO] started tweaking git repo https://github.com/paulkernfeld/ndarray-csv
[INFO] finished tweaking git repo https://github.com/paulkernfeld/ndarray-csv
[INFO] tweaked toml for git repo https://github.com/paulkernfeld/ndarray-csv written to /workspace/builds/worker-4-tc1/source/Cargo.toml
[INFO] running `Command { std: CARGO_HOME="/workspace/cargo-home" RUSTUP_HOME="/workspace/rustup-home" "/workspace/cargo-home/bin/cargo" "+1.75.0" "generate-lockfile" "--manifest-path" "Cargo.toml", kill_on_drop: false }`
[INFO] [stderr]     Updating crates.io index
[INFO] running `Command { std: CARGO_HOME="/workspace/cargo-home" RUSTUP_HOME="/workspace/rustup-home" "/workspace/cargo-home/bin/cargo" "+1.75.0" "fetch" "--manifest-path" "Cargo.toml", kill_on_drop: false }`
[INFO] running `Command { std: "docker" "create" "-v" "/var/lib/crater-agent-workspace/builds/worker-4-tc1/target:/opt/rustwide/target:rw,Z" "-v" "/var/lib/crater-agent-workspace/builds/worker-4-tc1/source:/opt/rustwide/workdir:ro,Z" "-v" "/var/lib/crater-agent-workspace/cargo-home:/opt/rustwide/cargo-home:ro,Z" "-v" "/var/lib/crater-agent-workspace/rustup-home:/opt/rustwide/rustup-home:ro,Z" "-e" "SOURCE_DIR=/opt/rustwide/workdir" "-e" "CARGO_TARGET_DIR=/opt/rustwide/target" "-e" "CARGO_HOME=/opt/rustwide/cargo-home" "-e" "RUSTUP_HOME=/opt/rustwide/rustup-home" "-w" "/opt/rustwide/workdir" "-m" "1610612736" "--user" "0:0" "--network" "none" "ghcr.io/rust-lang/crates-build-env/linux@sha256:2788e3201cd34a07e3172128adcd8b3090168a8e3bcc40d7c032b9dda1df7d1c" "/opt/rustwide/cargo-home/bin/cargo" "+1.75.0" "metadata" "--no-deps" "--format-version=1", kill_on_drop: false }`
[INFO] [stdout] 2d3c88d13cf092dcafff396d6a7d42f97f212c07329c60c7d8e7567bc6e93153
[INFO] running `Command { std: "docker" "start" "-a" "2d3c88d13cf092dcafff396d6a7d42f97f212c07329c60c7d8e7567bc6e93153", kill_on_drop: false }`
[INFO] running `Command { std: "docker" "inspect" "2d3c88d13cf092dcafff396d6a7d42f97f212c07329c60c7d8e7567bc6e93153", kill_on_drop: false }`
[INFO] running `Command { std: "docker" "rm" "-f" "2d3c88d13cf092dcafff396d6a7d42f97f212c07329c60c7d8e7567bc6e93153", kill_on_drop: false }`
[INFO] [stdout] 2d3c88d13cf092dcafff396d6a7d42f97f212c07329c60c7d8e7567bc6e93153
[INFO] running `Command { std: "docker" "create" "-v" "/var/lib/crater-agent-workspace/builds/worker-4-tc1/target:/opt/rustwide/target:rw,Z" "-v" "/var/lib/crater-agent-workspace/builds/worker-4-tc1/source:/opt/rustwide/workdir:ro,Z" "-v" "/var/lib/crater-agent-workspace/cargo-home:/opt/rustwide/cargo-home:ro,Z" "-v" "/var/lib/crater-agent-workspace/rustup-home:/opt/rustwide/rustup-home:ro,Z" "-e" "SOURCE_DIR=/opt/rustwide/workdir" "-e" "CARGO_TARGET_DIR=/opt/rustwide/target" "-e" "CARGO_INCREMENTAL=0" "-e" "RUST_BACKTRACE=full" "-e" "RUSTFLAGS=--cap-lints=warn" "-e" "RUSTDOCFLAGS=--cap-lints=warn" "-e" "CARGO_HOME=/opt/rustwide/cargo-home" "-e" "RUSTUP_HOME=/opt/rustwide/rustup-home" "-w" "/opt/rustwide/workdir" "-m" "1610612736" "--user" "0:0" "--network" "none" "ghcr.io/rust-lang/crates-build-env/linux@sha256:2788e3201cd34a07e3172128adcd8b3090168a8e3bcc40d7c032b9dda1df7d1c" "/opt/rustwide/cargo-home/bin/cargo" "+1.75.0" "build" "--frozen" "--message-format=json", kill_on_drop: false }`
[INFO] [stdout] 3b36388b0e2eb2404a67ab3c670c657818fa205528e1a3930820e39390833e29
[INFO] running `Command { std: "docker" "start" "-a" "3b36388b0e2eb2404a67ab3c670c657818fa205528e1a3930820e39390833e29", kill_on_drop: false }`
[INFO] [stderr]    Compiling autocfg v1.1.0
[INFO] [stderr]    Compiling serde v1.0.195
[INFO] [stderr]    Compiling memchr v2.7.1
[INFO] [stderr]    Compiling rawpointer v0.2.1
[INFO] [stderr]    Compiling itoa v1.0.10
[INFO] [stderr]    Compiling ryu v1.0.16
[INFO] [stderr]    Compiling either v1.9.0
[INFO] [stderr]    Compiling num-traits v0.2.17
[INFO] [stderr]    Compiling matrixmultiply v0.3.8
[INFO] [stderr]    Compiling num-integer v0.1.45
[INFO] [stderr]    Compiling csv-core v0.1.11
[INFO] [stderr]    Compiling num-complex v0.4.4
[INFO] [stderr]    Compiling ndarray v0.15.6
[INFO] [stderr]    Compiling csv v1.3.0
[INFO] [stderr]    Compiling ndarray-csv v0.5.2 (/opt/rustwide/workdir)
[INFO] [stderr]     Finished dev [unoptimized + debuginfo] target(s) in 3.05s
[INFO] running `Command { std: "docker" "inspect" "3b36388b0e2eb2404a67ab3c670c657818fa205528e1a3930820e39390833e29", kill_on_drop: false }`
[INFO] running `Command { std: "docker" "rm" "-f" "3b36388b0e2eb2404a67ab3c670c657818fa205528e1a3930820e39390833e29", kill_on_drop: false }`
[INFO] [stdout] 3b36388b0e2eb2404a67ab3c670c657818fa205528e1a3930820e39390833e29
[INFO] running `Command { std: "docker" "create" "-v" "/var/lib/crater-agent-workspace/builds/worker-4-tc1/target:/opt/rustwide/target:rw,Z" "-v" "/var/lib/crater-agent-workspace/builds/worker-4-tc1/source:/opt/rustwide/workdir:ro,Z" "-v" "/var/lib/crater-agent-workspace/cargo-home:/opt/rustwide/cargo-home:ro,Z" "-v" "/var/lib/crater-agent-workspace/rustup-home:/opt/rustwide/rustup-home:ro,Z" "-e" "SOURCE_DIR=/opt/rustwide/workdir" "-e" "CARGO_TARGET_DIR=/opt/rustwide/target" "-e" "CARGO_INCREMENTAL=0" "-e" "RUST_BACKTRACE=full" "-e" "RUSTFLAGS=--cap-lints=warn" "-e" "RUSTDOCFLAGS=--cap-lints=warn" "-e" "CARGO_HOME=/opt/rustwide/cargo-home" "-e" "RUSTUP_HOME=/opt/rustwide/rustup-home" "-w" "/opt/rustwide/workdir" "-m" "1610612736" "--user" "0:0" "--network" "none" "ghcr.io/rust-lang/crates-build-env/linux@sha256:2788e3201cd34a07e3172128adcd8b3090168a8e3bcc40d7c032b9dda1df7d1c" "/opt/rustwide/cargo-home/bin/cargo" "+1.75.0" "test" "--frozen" "--no-run" "--message-format=json", kill_on_drop: false }`
[INFO] [stdout] e8555d71845dc7d6ce1f5fb90b5c342848647f2d910abe526ab437a2c74398c9
[INFO] running `Command { std: "docker" "start" "-a" "e8555d71845dc7d6ce1f5fb90b5c342848647f2d910abe526ab437a2c74398c9", kill_on_drop: false }`
[INFO] [stderr]    Compiling matches v0.1.10
[INFO] [stderr]    Compiling ndarray-csv v0.5.2 (/opt/rustwide/workdir)
[INFO] [stderr]     Finished test [unoptimized + debuginfo] target(s) in 0.57s
[INFO] running `Command { std: "docker" "inspect" "e8555d71845dc7d6ce1f5fb90b5c342848647f2d910abe526ab437a2c74398c9", kill_on_drop: false }`
[INFO] running `Command { std: "docker" "rm" "-f" "e8555d71845dc7d6ce1f5fb90b5c342848647f2d910abe526ab437a2c74398c9", kill_on_drop: false }`
[INFO] [stdout] e8555d71845dc7d6ce1f5fb90b5c342848647f2d910abe526ab437a2c74398c9
[INFO] running `Command { std: "docker" "create" "-v" "/var/lib/crater-agent-workspace/builds/worker-4-tc1/target:/opt/rustwide/target:rw,Z" "-v" "/var/lib/crater-agent-workspace/builds/worker-4-tc1/source:/opt/rustwide/workdir:ro,Z" "-v" "/var/lib/crater-agent-workspace/cargo-home:/opt/rustwide/cargo-home:ro,Z" "-v" "/var/lib/crater-agent-workspace/rustup-home:/opt/rustwide/rustup-home:ro,Z" "-e" "SOURCE_DIR=/opt/rustwide/workdir" "-e" "CARGO_TARGET_DIR=/opt/rustwide/target" "-e" "CARGO_INCREMENTAL=0" "-e" "RUST_BACKTRACE=full" "-e" "RUSTFLAGS=--cap-lints=warn" "-e" "RUSTDOCFLAGS=--cap-lints=warn" "-e" "CARGO_HOME=/opt/rustwide/cargo-home" "-e" "RUSTUP_HOME=/opt/rustwide/rustup-home" "-w" "/opt/rustwide/workdir" "-m" "1610612736" "--user" "0:0" "--network" "none" "ghcr.io/rust-lang/crates-build-env/linux@sha256:2788e3201cd34a07e3172128adcd8b3090168a8e3bcc40d7c032b9dda1df7d1c" "/opt/rustwide/cargo-home/bin/cargo" "+1.75.0" "test" "--frozen", kill_on_drop: false }`
[INFO] [stdout] 9ea1f2414cae652ca53bfa5d4c5b7ce459be69ebbefd591c823a9d7823424e54
[INFO] running `Command { std: "docker" "start" "-a" "9ea1f2414cae652ca53bfa5d4c5b7ce459be69ebbefd591c823a9d7823424e54", kill_on_drop: false }`
[INFO] [stderr]     Finished test [unoptimized + debuginfo] target(s) in 0.01s
[INFO] [stderr]      Running unittests src/lib.rs (/opt/rustwide/target/debug/deps/ndarray_csv-0c37e4e6e09f8a6f)
[INFO] [stdout] 
[INFO] [stdout] running 11 tests
[INFO] [stdout] test tests::test_read_csv_error ... ok
[INFO] [stdout] test tests::test_read_dynamic ... ok
[INFO] [stdout] test tests::test_read_integer ... ok
[INFO] [stdout] test tests::test_write_err ... ok
[INFO] [stdout] test tests::test_write_ok ... ok
[INFO] [stdout] test tests::test_read_float ... ok
[INFO] [stdout] test tests::test_read_too_many_columns ... ok
[INFO] [stdout] test tests::test_write_transposed ... ok
[INFO] [stdout] test tests::test_read_too_few_columns ... ok
[INFO] [stdout] test tests::test_read_too_few_rows ... ok
[INFO] [stdout] test tests::test_read_too_many_rows ... ok
[INFO] [stdout] 
[INFO] [stdout] test result: ok. 11 passed; 0 failed; 0 ignored; 0 measured; 0 filtered out; finished in 0.00s
[INFO] [stdout] 
[INFO] [stderr]    Doc-tests ndarray-csv
[INFO] [stdout] 
[INFO] [stdout] running 1 test
[INFO] [stdout] test src/lib.rs - (line 3) ... FAILED
[INFO] [stdout] 
[INFO] [stdout] failures:
[INFO] [stdout] 
[INFO] [stdout] ---- src/lib.rs - (line 3) stdout ----
[INFO] [stdout] Test executable failed (exit status: 1).
[INFO] [stdout] 
[INFO] [stdout] stderr:
[INFO] [stdout] Error: Os { code: 30, kind: ReadOnlyFilesystem, message: "Read-only file system" }
[INFO] [stdout] 
[INFO] [stdout] 
[INFO] [stdout] 
[INFO] [stdout] failures:
[INFO] [stdout]     src/lib.rs - (line 3)
[INFO] [stdout] 
[INFO] [stdout] test result: FAILED. 0 passed; 1 failed; 0 ignored; 0 measured; 0 filtered out; finished in 0.41s
[INFO] [stdout] 
[INFO] [stderr] error: doctest failed, to rerun pass `--doc`
[INFO] running `Command { std: "docker" "inspect" "9ea1f2414cae652ca53bfa5d4c5b7ce459be69ebbefd591c823a9d7823424e54", kill_on_drop: false }`
[INFO] running `Command { std: "docker" "rm" "-f" "9ea1f2414cae652ca53bfa5d4c5b7ce459be69ebbefd591c823a9d7823424e54", kill_on_drop: false }`
[INFO] [stdout] 9ea1f2414cae652ca53bfa5d4c5b7ce459be69ebbefd591c823a9d7823424e54
[INFO] testing paulkernfeld/ndarray-csv against beta-2023-12-22 for beta-1.76-1
[INFO] running `Command { std: "git" "clone" "/workspace/cache/git-repos/https%3A%2F%2Fgithub.com%2Fpaulkernfeld%2Fndarray-csv" "/workspace/builds/worker-4-tc2/source", kill_on_drop: false }`
[INFO] [stderr] Cloning into '/workspace/builds/worker-4-tc2/source'...
[INFO] [stderr] done.
[INFO] validating manifest of git repo https://github.com/paulkernfeld/ndarray-csv on toolchain beta-2023-12-22
[INFO] running `Command { std: CARGO_HOME="/workspace/cargo-home" RUSTUP_HOME="/workspace/rustup-home" "/workspace/cargo-home/bin/cargo" "+beta-2023-12-22" "metadata" "--manifest-path" "Cargo.toml" "--no-deps", kill_on_drop: false }`
[INFO] started tweaking git repo https://github.com/paulkernfeld/ndarray-csv
[INFO] finished tweaking git repo https://github.com/paulkernfeld/ndarray-csv
[INFO] tweaked toml for git repo https://github.com/paulkernfeld/ndarray-csv written to /workspace/builds/worker-4-tc2/source/Cargo.toml
[INFO] running `Command { std: CARGO_HOME="/workspace/cargo-home" RUSTUP_HOME="/workspace/rustup-home" "/workspace/cargo-home/bin/cargo" "+beta-2023-12-22" "generate-lockfile" "--manifest-path" "Cargo.toml", kill_on_drop: false }`
[INFO] [stderr]     Updating crates.io index
[INFO] running `Command { std: CARGO_HOME="/workspace/cargo-home" RUSTUP_HOME="/workspace/rustup-home" "/workspace/cargo-home/bin/cargo" "+beta-2023-12-22" "fetch" "--manifest-path" "Cargo.toml", kill_on_drop: false }`
[INFO] running `Command { std: "docker" "create" "-v" "/var/lib/crater-agent-workspace/builds/worker-4-tc2/target:/opt/rustwide/target:rw,Z" "-v" "/var/lib/crater-agent-workspace/builds/worker-4-tc2/source:/opt/rustwide/workdir:ro,Z" "-v" "/var/lib/crater-agent-workspace/cargo-home:/opt/rustwide/cargo-home:ro,Z" "-v" "/var/lib/crater-agent-workspace/rustup-home:/opt/rustwide/rustup-home:ro,Z" "-e" "SOURCE_DIR=/opt/rustwide/workdir" "-e" "CARGO_TARGET_DIR=/opt/rustwide/target" "-e" "CARGO_HOME=/opt/rustwide/cargo-home" "-e" "RUSTUP_HOME=/opt/rustwide/rustup-home" "-w" "/opt/rustwide/workdir" "-m" "1610612736" "--user" "0:0" "--network" "none" "ghcr.io/rust-lang/crates-build-env/linux@sha256:2788e3201cd34a07e3172128adcd8b3090168a8e3bcc40d7c032b9dda1df7d1c" "/opt/rustwide/cargo-home/bin/cargo" "+beta-2023-12-22" "metadata" "--no-deps" "--format-version=1", kill_on_drop: false }`
[INFO] [stdout] dfc2808db07b091c79e5423d6d8b4914be56acd7799f1e851a0e971c45bd0ca1
[INFO] running `Command { std: "docker" "start" "-a" "dfc2808db07b091c79e5423d6d8b4914be56acd7799f1e851a0e971c45bd0ca1", kill_on_drop: false }`
[INFO] running `Command { std: "docker" "inspect" "dfc2808db07b091c79e5423d6d8b4914be56acd7799f1e851a0e971c45bd0ca1", kill_on_drop: false }`
[INFO] running `Command { std: "docker" "rm" "-f" "dfc2808db07b091c79e5423d6d8b4914be56acd7799f1e851a0e971c45bd0ca1", kill_on_drop: false }`
[INFO] [stdout] dfc2808db07b091c79e5423d6d8b4914be56acd7799f1e851a0e971c45bd0ca1
[INFO] running `Command { std: "docker" "create" "-v" "/var/lib/crater-agent-workspace/builds/worker-4-tc2/target:/opt/rustwide/target:rw,Z" "-v" "/var/lib/crater-agent-workspace/builds/worker-4-tc2/source:/opt/rustwide/workdir:ro,Z" "-v" "/var/lib/crater-agent-workspace/cargo-home:/opt/rustwide/cargo-home:ro,Z" "-v" "/var/lib/crater-agent-workspace/rustup-home:/opt/rustwide/rustup-home:ro,Z" "-e" "SOURCE_DIR=/opt/rustwide/workdir" "-e" "CARGO_TARGET_DIR=/opt/rustwide/target" "-e" "CARGO_INCREMENTAL=0" "-e" "RUST_BACKTRACE=full" "-e" "RUSTFLAGS=--cap-lints=warn" "-e" "RUSTDOCFLAGS=--cap-lints=warn" "-e" "CARGO_HOME=/opt/rustwide/cargo-home" "-e" "RUSTUP_HOME=/opt/rustwide/rustup-home" "-w" "/opt/rustwide/workdir" "-m" "1610612736" "--user" "0:0" "--network" "none" "ghcr.io/rust-lang/crates-build-env/linux@sha256:2788e3201cd34a07e3172128adcd8b3090168a8e3bcc40d7c032b9dda1df7d1c" "/opt/rustwide/cargo-home/bin/cargo" "+beta-2023-12-22" "build" "--frozen" "--message-format=json", kill_on_drop: false }`
[INFO] [stdout] e6268aaa503ab96bb62b37dd838f991d65058892fb5fa814d4358bfe21fa23c0
[INFO] running `Command { std: "docker" "start" "-a" "e6268aaa503ab96bb62b37dd838f991d65058892fb5fa814d4358bfe21fa23c0", kill_on_drop: false }`
[INFO] [stderr]    Compiling autocfg v1.1.0
[INFO] [stderr]    Compiling serde v1.0.195
[INFO] [stderr]    Compiling memchr v2.7.1
[INFO] [stderr]    Compiling rawpointer v0.2.1
[INFO] [stderr]    Compiling itoa v1.0.10
[INFO] [stderr]    Compiling ryu v1.0.16
[INFO] [stderr]    Compiling either v1.9.0
[INFO] [stderr]    Compiling num-traits v0.2.17
[INFO] [stderr]    Compiling matrixmultiply v0.3.8
[INFO] [stderr]    Compiling num-integer v0.1.45
[INFO] [stderr]    Compiling csv-core v0.1.11
[INFO] [stderr]    Compiling num-complex v0.4.4
[INFO] [stderr]    Compiling ndarray v0.15.6
[INFO] [stderr]    Compiling csv v1.3.0
[INFO] [stderr]    Compiling ndarray-csv v0.5.2 (/opt/rustwide/workdir)
[INFO] [stderr]     Finished dev [unoptimized + debuginfo] target(s) in 2.99s
[INFO] running `Command { std: "docker" "inspect" "e6268aaa503ab96bb62b37dd838f991d65058892fb5fa814d4358bfe21fa23c0", kill_on_drop: false }`
[INFO] running `Command { std: "docker" "rm" "-f" "e6268aaa503ab96bb62b37dd838f991d65058892fb5fa814d4358bfe21fa23c0", kill_on_drop: false }`
[INFO] [stdout] e6268aaa503ab96bb62b37dd838f991d65058892fb5fa814d4358bfe21fa23c0
[INFO] running `Command { std: "docker" "create" "-v" "/var/lib/crater-agent-workspace/builds/worker-4-tc2/target:/opt/rustwide/target:rw,Z" "-v" "/var/lib/crater-agent-workspace/builds/worker-4-tc2/source:/opt/rustwide/workdir:ro,Z" "-v" "/var/lib/crater-agent-workspace/cargo-home:/opt/rustwide/cargo-home:ro,Z" "-v" "/var/lib/crater-agent-workspace/rustup-home:/opt/rustwide/rustup-home:ro,Z" "-e" "SOURCE_DIR=/opt/rustwide/workdir" "-e" "CARGO_TARGET_DIR=/opt/rustwide/target" "-e" "CARGO_INCREMENTAL=0" "-e" "RUST_BACKTRACE=full" "-e" "RUSTFLAGS=--cap-lints=warn" "-e" "RUSTDOCFLAGS=--cap-lints=warn" "-e" "CARGO_HOME=/opt/rustwide/cargo-home" "-e" "RUSTUP_HOME=/opt/rustwide/rustup-home" "-w" "/opt/rustwide/workdir" "-m" "1610612736" "--user" "0:0" "--network" "none" "ghcr.io/rust-lang/crates-build-env/linux@sha256:2788e3201cd34a07e3172128adcd8b3090168a8e3bcc40d7c032b9dda1df7d1c" "/opt/rustwide/cargo-home/bin/cargo" "+beta-2023-12-22" "test" "--frozen" "--no-run" "--message-format=json", kill_on_drop: false }`
[INFO] [stdout] 6e11e9ec7d86c60ead0636632be7278b01cd1cf2dc205b27893ab3b73be937c7
[INFO] running `Command { std: "docker" "start" "-a" "6e11e9ec7d86c60ead0636632be7278b01cd1cf2dc205b27893ab3b73be937c7", kill_on_drop: false }`
[INFO] [stderr]    Compiling matches v0.1.10
[INFO] [stderr]    Compiling ndarray-csv v0.5.2 (/opt/rustwide/workdir)
[INFO] [stderr]     Finished test [unoptimized + debuginfo] target(s) in 0.57s
[INFO] running `Command { std: "docker" "inspect" "6e11e9ec7d86c60ead0636632be7278b01cd1cf2dc205b27893ab3b73be937c7", kill_on_drop: false }`
[INFO] running `Command { std: "docker" "rm" "-f" "6e11e9ec7d86c60ead0636632be7278b01cd1cf2dc205b27893ab3b73be937c7", kill_on_drop: false }`
[INFO] [stdout] 6e11e9ec7d86c60ead0636632be7278b01cd1cf2dc205b27893ab3b73be937c7
[INFO] running `Command { std: "docker" "create" "-v" "/var/lib/crater-agent-workspace/builds/worker-4-tc2/target:/opt/rustwide/target:rw,Z" "-v" "/var/lib/crater-agent-workspace/builds/worker-4-tc2/source:/opt/rustwide/workdir:ro,Z" "-v" "/var/lib/crater-agent-workspace/cargo-home:/opt/rustwide/cargo-home:ro,Z" "-v" "/var/lib/crater-agent-workspace/rustup-home:/opt/rustwide/rustup-home:ro,Z" "-e" "SOURCE_DIR=/opt/rustwide/workdir" "-e" "CARGO_TARGET_DIR=/opt/rustwide/target" "-e" "CARGO_INCREMENTAL=0" "-e" "RUST_BACKTRACE=full" "-e" "RUSTFLAGS=--cap-lints=warn" "-e" "RUSTDOCFLAGS=--cap-lints=warn" "-e" "CARGO_HOME=/opt/rustwide/cargo-home" "-e" "RUSTUP_HOME=/opt/rustwide/rustup-home" "-w" "/opt/rustwide/workdir" "-m" "1610612736" "--user" "0:0" "--network" "none" "ghcr.io/rust-lang/crates-build-env/linux@sha256:2788e3201cd34a07e3172128adcd8b3090168a8e3bcc40d7c032b9dda1df7d1c" "/opt/rustwide/cargo-home/bin/cargo" "+beta-2023-12-22" "test" "--frozen", kill_on_drop: false }`
[INFO] [stdout] 6d4fd6951c5dfd1c8ecb72679875800bb51877eec6538efffb05e08ad9d8a4b8
[INFO] running `Command { std: "docker" "start" "-a" "6d4fd6951c5dfd1c8ecb72679875800bb51877eec6538efffb05e08ad9d8a4b8", kill_on_drop: false }`
[INFO] [stderr]     Finished test [unoptimized + debuginfo] target(s) in 0.01s
[INFO] [stderr]      Running unittests src/lib.rs (/opt/rustwide/target/debug/deps/ndarray_csv-70b1d20bb5fb1661)
[INFO] [stdout] 
[INFO] [stdout] running 11 tests
[INFO] [stdout] test tests::test_read_csv_error ... ok
[INFO] [stdout] test tests::test_read_dynamic ... ok
[INFO] [stdout] test tests::test_read_float ... ok
[INFO] [stdout] test tests::test_read_integer ... ok
[INFO] [stdout] test tests::test_read_too_few_columns ... ok
[INFO] [stdout] test tests::test_write_err ... ok
[INFO] [stdout] test tests::test_read_too_few_rows ... ok
[INFO] [stdout] test tests::test_write_transposed ... ok
[INFO] [stdout] test tests::test_write_ok ... ok
[INFO] [stdout] test tests::test_read_too_many_rows ... ok
[INFO] [stdout] test tests::test_read_too_many_columns ... ok
[INFO] [stdout] 
[INFO] [stdout] test result: ok. 11 passed; 0 failed; 0 ignored; 0 measured; 0 filtered out; finished in 0.00s
[INFO] [stdout] 
[INFO] [stderr]    Doc-tests ndarray-csv
[INFO] [stdout] 
[INFO] [stdout] running 1 test
[INFO] [stdout] test src/lib.rs - (line 3) ... FAILED
[INFO] [stdout] 
[INFO] [stdout] failures:
[INFO] [stdout] 
[INFO] [stdout] ---- src/lib.rs - (line 3) stdout ----
[INFO] [stdout] Test executable failed (exit status: 1).
[INFO] [stdout] 
[INFO] [stdout] stderr:
[INFO] [stdout] Error: Os { code: 30, kind: ReadOnlyFilesystem, message: "Read-only file system" }
[INFO] [stdout] 
[INFO] [stdout] 
[INFO] [stdout] 
[INFO] [stdout] failures:
[INFO] [stdout]     src/lib.rs - (line 3)
[INFO] [stdout] 
[INFO] [stdout] test result: FAILED. 0 passed; 1 failed; 0 ignored; 0 measured; 0 filtered out; finished in 0.40s
[INFO] [stdout] 
[INFO] [stderr] error: doctest failed, to rerun pass `--doc`
[INFO] running `Command { std: "docker" "inspect" "6d4fd6951c5dfd1c8ecb72679875800bb51877eec6538efffb05e08ad9d8a4b8", kill_on_drop: false }`
[INFO] running `Command { std: "docker" "rm" "-f" "6d4fd6951c5dfd1c8ecb72679875800bb51877eec6538efffb05e08ad9d8a4b8", kill_on_drop: false }`
[INFO] [stdout] 6d4fd6951c5dfd1c8ecb72679875800bb51877eec6538efffb05e08ad9d8a4b8
