[INFO] cloning repository https://github.com/paulgb/interactive_process
[INFO] running `Command { std: "git" "-c" "credential.helper=" "-c" "credential.helper=/workspace/cargo-home/bin/git-credential-null" "clone" "--bare" "https://github.com/paulgb/interactive_process" "/workspace/cache/git-repos/https%3A%2F%2Fgithub.com%2Fpaulgb%2Finteractive_process", kill_on_drop: false }`
[INFO] [stderr] Cloning into bare repository '/workspace/cache/git-repos/https%3A%2F%2Fgithub.com%2Fpaulgb%2Finteractive_process'...
[INFO] running `Command { std: "git" "rev-parse" "HEAD", kill_on_drop: false }`
[INFO] [stdout] 12257443cd5cd0b6a8d82c539b7ce98a217a8169
[INFO] testing paulgb/interactive_process against 1.75.0 for beta-1.76-1
[INFO] running `Command { std: "git" "clone" "/workspace/cache/git-repos/https%3A%2F%2Fgithub.com%2Fpaulgb%2Finteractive_process" "/workspace/builds/worker-4-tc1/source", kill_on_drop: false }`
[INFO] [stderr] Cloning into '/workspace/builds/worker-4-tc1/source'...
[INFO] [stderr] done.
[INFO] validating manifest of git repo https://github.com/paulgb/interactive_process on toolchain 1.75.0
[INFO] running `Command { std: CARGO_HOME="/workspace/cargo-home" RUSTUP_HOME="/workspace/rustup-home" "/workspace/cargo-home/bin/cargo" "+1.75.0" "metadata" "--manifest-path" "Cargo.toml" "--no-deps", kill_on_drop: false }`
[INFO] started tweaking git repo https://github.com/paulgb/interactive_process
[INFO] finished tweaking git repo https://github.com/paulgb/interactive_process
[INFO] tweaked toml for git repo https://github.com/paulgb/interactive_process written to /workspace/builds/worker-4-tc1/source/Cargo.toml
[INFO] crate git repo https://github.com/paulgb/interactive_process already has a lockfile, it will not be regenerated
[INFO] running `Command { std: CARGO_HOME="/workspace/cargo-home" RUSTUP_HOME="/workspace/rustup-home" "/workspace/cargo-home/bin/cargo" "+1.75.0" "fetch" "--manifest-path" "Cargo.toml", kill_on_drop: false }`
[INFO] running `Command { std: "docker" "create" "-v" "/var/lib/crater-agent-workspace/builds/worker-4-tc1/target:/opt/rustwide/target:rw,Z" "-v" "/var/lib/crater-agent-workspace/builds/worker-4-tc1/source:/opt/rustwide/workdir:ro,Z" "-v" "/var/lib/crater-agent-workspace/cargo-home:/opt/rustwide/cargo-home:ro,Z" "-v" "/var/lib/crater-agent-workspace/rustup-home:/opt/rustwide/rustup-home:ro,Z" "-e" "SOURCE_DIR=/opt/rustwide/workdir" "-e" "CARGO_TARGET_DIR=/opt/rustwide/target" "-e" "CARGO_HOME=/opt/rustwide/cargo-home" "-e" "RUSTUP_HOME=/opt/rustwide/rustup-home" "-w" "/opt/rustwide/workdir" "-m" "1610612736" "--user" "0:0" "--network" "none" "ghcr.io/rust-lang/crates-build-env/linux@sha256:2788e3201cd34a07e3172128adcd8b3090168a8e3bcc40d7c032b9dda1df7d1c" "/opt/rustwide/cargo-home/bin/cargo" "+1.75.0" "metadata" "--no-deps" "--format-version=1", kill_on_drop: false }`
[INFO] [stdout] ec88f3621eab9cb9fa3cae742020d5203e191dd94f7a9905009ae60d3308d256
[INFO] running `Command { std: "docker" "start" "-a" "ec88f3621eab9cb9fa3cae742020d5203e191dd94f7a9905009ae60d3308d256", kill_on_drop: false }`
[INFO] running `Command { std: "docker" "inspect" "ec88f3621eab9cb9fa3cae742020d5203e191dd94f7a9905009ae60d3308d256", kill_on_drop: false }`
[INFO] running `Command { std: "docker" "rm" "-f" "ec88f3621eab9cb9fa3cae742020d5203e191dd94f7a9905009ae60d3308d256", kill_on_drop: false }`
[INFO] [stdout] ec88f3621eab9cb9fa3cae742020d5203e191dd94f7a9905009ae60d3308d256
[INFO] running `Command { std: "docker" "create" "-v" "/var/lib/crater-agent-workspace/builds/worker-4-tc1/target:/opt/rustwide/target:rw,Z" "-v" "/var/lib/crater-agent-workspace/builds/worker-4-tc1/source:/opt/rustwide/workdir:ro,Z" "-v" "/var/lib/crater-agent-workspace/cargo-home:/opt/rustwide/cargo-home:ro,Z" "-v" "/var/lib/crater-agent-workspace/rustup-home:/opt/rustwide/rustup-home:ro,Z" "-e" "SOURCE_DIR=/opt/rustwide/workdir" "-e" "CARGO_TARGET_DIR=/opt/rustwide/target" "-e" "CARGO_INCREMENTAL=0" "-e" "RUST_BACKTRACE=full" "-e" "RUSTFLAGS=--cap-lints=warn" "-e" "RUSTDOCFLAGS=--cap-lints=warn" "-e" "CARGO_HOME=/opt/rustwide/cargo-home" "-e" "RUSTUP_HOME=/opt/rustwide/rustup-home" "-w" "/opt/rustwide/workdir" "-m" "1610612736" "--user" "0:0" "--network" "none" "ghcr.io/rust-lang/crates-build-env/linux@sha256:2788e3201cd34a07e3172128adcd8b3090168a8e3bcc40d7c032b9dda1df7d1c" "/opt/rustwide/cargo-home/bin/cargo" "+1.75.0" "build" "--frozen" "--message-format=json", kill_on_drop: false }`
[INFO] [stdout] 4f0720bfba56c8a7ddf8ffc3e54dd30038e928da49ffa0d6aa9ec7cfc3307837
[INFO] running `Command { std: "docker" "start" "-a" "4f0720bfba56c8a7ddf8ffc3e54dd30038e928da49ffa0d6aa9ec7cfc3307837", kill_on_drop: false }`
[INFO] [stderr]    Compiling interactive_process v0.1.3 (/opt/rustwide/workdir)
[INFO] [stderr]     Finished dev [unoptimized + debuginfo] target(s) in 0.08s
[INFO] running `Command { std: "docker" "inspect" "4f0720bfba56c8a7ddf8ffc3e54dd30038e928da49ffa0d6aa9ec7cfc3307837", kill_on_drop: false }`
[INFO] running `Command { std: "docker" "rm" "-f" "4f0720bfba56c8a7ddf8ffc3e54dd30038e928da49ffa0d6aa9ec7cfc3307837", kill_on_drop: false }`
[INFO] [stdout] 4f0720bfba56c8a7ddf8ffc3e54dd30038e928da49ffa0d6aa9ec7cfc3307837
[INFO] running `Command { std: "docker" "create" "-v" "/var/lib/crater-agent-workspace/builds/worker-4-tc1/target:/opt/rustwide/target:rw,Z" "-v" "/var/lib/crater-agent-workspace/builds/worker-4-tc1/source:/opt/rustwide/workdir:ro,Z" "-v" "/var/lib/crater-agent-workspace/cargo-home:/opt/rustwide/cargo-home:ro,Z" "-v" "/var/lib/crater-agent-workspace/rustup-home:/opt/rustwide/rustup-home:ro,Z" "-e" "SOURCE_DIR=/opt/rustwide/workdir" "-e" "CARGO_TARGET_DIR=/opt/rustwide/target" "-e" "CARGO_INCREMENTAL=0" "-e" "RUST_BACKTRACE=full" "-e" "RUSTFLAGS=--cap-lints=warn" "-e" "RUSTDOCFLAGS=--cap-lints=warn" "-e" "CARGO_HOME=/opt/rustwide/cargo-home" "-e" "RUSTUP_HOME=/opt/rustwide/rustup-home" "-w" "/opt/rustwide/workdir" "-m" "1610612736" "--user" "0:0" "--network" "none" "ghcr.io/rust-lang/crates-build-env/linux@sha256:2788e3201cd34a07e3172128adcd8b3090168a8e3bcc40d7c032b9dda1df7d1c" "/opt/rustwide/cargo-home/bin/cargo" "+1.75.0" "test" "--frozen" "--no-run" "--message-format=json", kill_on_drop: false }`
[INFO] [stdout] 6c75ce89f461043b2423eaf327eb637b7ad05ec60c4be2e2086b8d26e637d156
[INFO] running `Command { std: "docker" "start" "-a" "6c75ce89f461043b2423eaf327eb637b7ad05ec60c4be2e2086b8d26e637d156", kill_on_drop: false }`
[INFO] [stderr]    Compiling interactive_process v0.1.3 (/opt/rustwide/workdir)
[INFO] [stderr]     Finished test [unoptimized + debuginfo] target(s) in 0.25s
[INFO] running `Command { std: "docker" "inspect" "6c75ce89f461043b2423eaf327eb637b7ad05ec60c4be2e2086b8d26e637d156", kill_on_drop: false }`
[INFO] running `Command { std: "docker" "rm" "-f" "6c75ce89f461043b2423eaf327eb637b7ad05ec60c4be2e2086b8d26e637d156", kill_on_drop: false }`
[INFO] [stdout] 6c75ce89f461043b2423eaf327eb637b7ad05ec60c4be2e2086b8d26e637d156
[INFO] running `Command { std: "docker" "create" "-v" "/var/lib/crater-agent-workspace/builds/worker-4-tc1/target:/opt/rustwide/target:rw,Z" "-v" "/var/lib/crater-agent-workspace/builds/worker-4-tc1/source:/opt/rustwide/workdir:ro,Z" "-v" "/var/lib/crater-agent-workspace/cargo-home:/opt/rustwide/cargo-home:ro,Z" "-v" "/var/lib/crater-agent-workspace/rustup-home:/opt/rustwide/rustup-home:ro,Z" "-e" "SOURCE_DIR=/opt/rustwide/workdir" "-e" "CARGO_TARGET_DIR=/opt/rustwide/target" "-e" "CARGO_INCREMENTAL=0" "-e" "RUST_BACKTRACE=full" "-e" "RUSTFLAGS=--cap-lints=warn" "-e" "RUSTDOCFLAGS=--cap-lints=warn" "-e" "CARGO_HOME=/opt/rustwide/cargo-home" "-e" "RUSTUP_HOME=/opt/rustwide/rustup-home" "-w" "/opt/rustwide/workdir" "-m" "1610612736" "--user" "0:0" "--network" "none" "ghcr.io/rust-lang/crates-build-env/linux@sha256:2788e3201cd34a07e3172128adcd8b3090168a8e3bcc40d7c032b9dda1df7d1c" "/opt/rustwide/cargo-home/bin/cargo" "+1.75.0" "test" "--frozen", kill_on_drop: false }`
[INFO] [stdout] 4d887bba0d7a265598bcf747f37c0fd551adcc28bbe0ed87f7d73fc30bc518ec
[INFO] running `Command { std: "docker" "start" "-a" "4d887bba0d7a265598bcf747f37c0fd551adcc28bbe0ed87f7d73fc30bc518ec", kill_on_drop: false }`
[INFO] [stderr]     Finished test [unoptimized + debuginfo] target(s) in 0.00s
[INFO] [stderr]      Running unittests src/lib.rs (/opt/rustwide/target/debug/deps/interactive_process-1e1ba586368bbfb5)
[INFO] [stdout] 
[INFO] [stdout] running 0 tests
[INFO] [stdout] 
[INFO] [stdout] test result: ok. 0 passed; 0 failed; 0 ignored; 0 measured; 0 filtered out; finished in 0.00s
[INFO] [stdout] 
[INFO] [stderr]    Doc-tests interactive_process
[INFO] [stdout] 
[INFO] [stdout] running 1 test
[INFO] [stdout] test src/lib.rs - InteractiveProcess::close (line 102) ... FAILED
[INFO] [stdout] 
[INFO] [stdout] failures:
[INFO] [stdout] 
[INFO] [stdout] ---- src/lib.rs - InteractiveProcess::close (line 102) stdout ----
[INFO] [stdout] error: unexpected token: `...`
[INFO] [stdout]  --> src/lib.rs:103:31
[INFO] [stdout]   |
[INFO] [stdout] 3 | proc = InteractiveProces::new(...);
[INFO] [stdout]   |                               ^^^
[INFO] [stdout]   |
[INFO] [stdout] help: use `..` for an exclusive range
[INFO] [stdout]   |
[INFO] [stdout] 3 | proc = InteractiveProces::new(..);
[INFO] [stdout]   |                               ~~
[INFO] [stdout] help: or `..=` for an inclusive range
[INFO] [stdout]   |
[INFO] [stdout] 3 | proc = InteractiveProces::new(..=);
[INFO] [stdout]   |                               ~~~
[INFO] [stdout] 
[INFO] [stdout] error[E0586]: inclusive range with no end
[INFO] [stdout]  --> src/lib.rs:103:31
[INFO] [stdout]   |
[INFO] [stdout] 3 | proc = InteractiveProces::new(...);
[INFO] [stdout]   |                               ^^^ help: use `..` instead
[INFO] [stdout]   |
[INFO] [stdout]   = note: inclusive ranges must be bounded at the end (`..=b` or `a..=b`)
[INFO] [stdout] 
[INFO] [stdout] error[E0425]: cannot find value `proc` in this scope
[INFO] [stdout]  --> src/lib.rs:103:1
[INFO] [stdout]   |
[INFO] [stdout] 3 | proc = InteractiveProces::new(...);
[INFO] [stdout]   | ^^^^
[INFO] [stdout]   |
[INFO] [stdout] help: you might have meant to introduce a new binding
[INFO] [stdout]   |
[INFO] [stdout] 3 | let proc = InteractiveProces::new(...);
[INFO] [stdout]   | +++
[INFO] [stdout] 
[INFO] [stdout] error[E0425]: cannot find value `proc` in this scope
[INFO] [stdout]  --> src/lib.rs:104:1
[INFO] [stdout]   |
[INFO] [stdout] 4 | proc.take().kill().unwrap();
[INFO] [stdout]   | ^^^^ not found in this scope
[INFO] [stdout] 
[INFO] [stdout] error[E0433]: failed to resolve: use of undeclared type `InteractiveProces`
[INFO] [stdout]  --> src/lib.rs:103:8
[INFO] [stdout]   |
[INFO] [stdout] 3 | proc = InteractiveProces::new(...);
[INFO] [stdout]   |        ^^^^^^^^^^^^^^^^^ use of undeclared type `InteractiveProces`
[INFO] [stdout] 
[INFO] [stdout] error: aborting due to 5 previous errors
[INFO] [stdout] 
[INFO] [stdout] Some errors have detailed explanations: E0425, E0433, E0586.
[INFO] [stdout] For more information about an error, try `rustc --explain E0425`.
[INFO] [stdout] Couldn't compile the test.
[INFO] [stdout] 
[INFO] [stdout] failures:
[INFO] [stdout]     src/lib.rs - InteractiveProcess::close (line 102)
[INFO] [stdout] 
[INFO] [stdout] test result: FAILED. 0 passed; 1 failed; 0 ignored; 0 measured; 0 filtered out; finished in 0.05s
[INFO] [stdout] 
[INFO] [stderr] error: doctest failed, to rerun pass `--doc`
[INFO] running `Command { std: "docker" "inspect" "4d887bba0d7a265598bcf747f37c0fd551adcc28bbe0ed87f7d73fc30bc518ec", kill_on_drop: false }`
[INFO] running `Command { std: "docker" "rm" "-f" "4d887bba0d7a265598bcf747f37c0fd551adcc28bbe0ed87f7d73fc30bc518ec", kill_on_drop: false }`
[INFO] [stdout] 4d887bba0d7a265598bcf747f37c0fd551adcc28bbe0ed87f7d73fc30bc518ec
