[INFO] cloning repository https://github.com/paulbellamy/hack-a-soroban-athon
[INFO] running `Command { std: "git" "-c" "credential.helper=" "-c" "credential.helper=/workspace/cargo-home/bin/git-credential-null" "clone" "--bare" "https://github.com/paulbellamy/hack-a-soroban-athon" "/workspace/cache/git-repos/https%3A%2F%2Fgithub.com%2Fpaulbellamy%2Fhack-a-soroban-athon", kill_on_drop: false }`
[INFO] [stderr] Cloning into bare repository '/workspace/cache/git-repos/https%3A%2F%2Fgithub.com%2Fpaulbellamy%2Fhack-a-soroban-athon'...
[INFO] running `Command { std: "git" "rev-parse" "HEAD", kill_on_drop: false }`
[INFO] [stdout] 787ddc6122c65d5f954967d1600241e347c38711
[INFO] testing paulbellamy/hack-a-soroban-athon against 1.75.0 for beta-1.76-1
[INFO] running `Command { std: "git" "clone" "/workspace/cache/git-repos/https%3A%2F%2Fgithub.com%2Fpaulbellamy%2Fhack-a-soroban-athon" "/workspace/builds/worker-5-tc1/source", kill_on_drop: false }`
[INFO] [stderr] Cloning into '/workspace/builds/worker-5-tc1/source'...
[INFO] [stderr] done.
[INFO] validating manifest of git repo https://github.com/paulbellamy/hack-a-soroban-athon on toolchain 1.75.0
[INFO] running `Command { std: CARGO_HOME="/workspace/cargo-home" RUSTUP_HOME="/workspace/rustup-home" "/workspace/cargo-home/bin/cargo" "+1.75.0" "metadata" "--manifest-path" "Cargo.toml" "--no-deps", kill_on_drop: false }`
[INFO] started tweaking git repo https://github.com/paulbellamy/hack-a-soroban-athon
[INFO] finished tweaking git repo https://github.com/paulbellamy/hack-a-soroban-athon
[INFO] tweaked toml for git repo https://github.com/paulbellamy/hack-a-soroban-athon written to /workspace/builds/worker-5-tc1/source/Cargo.toml
[INFO] crate git repo https://github.com/paulbellamy/hack-a-soroban-athon already has a lockfile, it will not be regenerated
[INFO] running `Command { std: CARGO_HOME="/workspace/cargo-home" RUSTUP_HOME="/workspace/rustup-home" "/workspace/cargo-home/bin/cargo" "+1.75.0" "fetch" "--manifest-path" "Cargo.toml", kill_on_drop: false }`
[INFO] [stderr]     Updating git repository `https://github.com/stellar/rs-soroban-sdk`
[INFO] [stderr]     Updating git repository `https://github.com/stellar/rs-stellar-xdr`
[INFO] [stderr]     Updating git submodule `https://github.com/stellar/stellar-xdr`
[INFO] [stderr]     Updating git submodule `https://github.com/stellar/stellar-xdr`
[INFO] [stderr]     Updating crates.io index
[INFO] [stderr]     Updating git repository `https://github.com/stellar/rs-soroban-env`
[INFO] [stderr]     Updating git repository `https://github.com/stellar/rs-stellar-strkey`
[INFO] [stderr]     Updating git repository `https://github.com/stellar/wasmi`
[INFO] [stderr]     Updating git submodule `https://github.com/robbepop/wasm_kernel.git`
[INFO] [stderr]     Updating git submodule `https://github.com/WebAssembly/testsuite.git`
[INFO] [stderr]  Downloading crates ...
[INFO] [stderr]   Downloaded crate-git-revision v0.0.4
[INFO] [stderr]   Downloaded wasmparser v0.88.0
[INFO] [stderr]   Downloaded dyn-fmt v0.3.0
[INFO] [stderr]   Downloaded prettyplease v0.1.21
[INFO] [stderr]   Downloaded bytes-lit v0.0.4
[INFO] [stderr]   Downloaded wasmparser-nostd v0.90.0
[INFO] running `Command { std: "docker" "create" "-v" "/var/lib/crater-agent-workspace/builds/worker-5-tc1/target:/opt/rustwide/target:rw,Z" "-v" "/var/lib/crater-agent-workspace/builds/worker-5-tc1/source:/opt/rustwide/workdir:ro,Z" "-v" "/var/lib/crater-agent-workspace/cargo-home:/opt/rustwide/cargo-home:ro,Z" "-v" "/var/lib/crater-agent-workspace/rustup-home:/opt/rustwide/rustup-home:ro,Z" "-e" "SOURCE_DIR=/opt/rustwide/workdir" "-e" "CARGO_TARGET_DIR=/opt/rustwide/target" "-e" "CARGO_HOME=/opt/rustwide/cargo-home" "-e" "RUSTUP_HOME=/opt/rustwide/rustup-home" "-w" "/opt/rustwide/workdir" "-m" "1610612736" "--user" "0:0" "--network" "none" "ghcr.io/rust-lang/crates-build-env/linux@sha256:2788e3201cd34a07e3172128adcd8b3090168a8e3bcc40d7c032b9dda1df7d1c" "/opt/rustwide/cargo-home/bin/cargo" "+1.75.0" "metadata" "--no-deps" "--format-version=1", kill_on_drop: false }`
[INFO] [stdout] da05e32efd86d984fedc09295825c30d9ddc722d4fe34d8266c21e562b63ee69
[INFO] running `Command { std: "docker" "start" "-a" "da05e32efd86d984fedc09295825c30d9ddc722d4fe34d8266c21e562b63ee69", kill_on_drop: false }`
[INFO] running `Command { std: "docker" "inspect" "da05e32efd86d984fedc09295825c30d9ddc722d4fe34d8266c21e562b63ee69", kill_on_drop: false }`
[INFO] running `Command { std: "docker" "rm" "-f" "da05e32efd86d984fedc09295825c30d9ddc722d4fe34d8266c21e562b63ee69", kill_on_drop: false }`
[INFO] [stdout] da05e32efd86d984fedc09295825c30d9ddc722d4fe34d8266c21e562b63ee69
[INFO] running `Command { std: "docker" "create" "-v" "/var/lib/crater-agent-workspace/builds/worker-5-tc1/target:/opt/rustwide/target:rw,Z" "-v" "/var/lib/crater-agent-workspace/builds/worker-5-tc1/source:/opt/rustwide/workdir:ro,Z" "-v" "/var/lib/crater-agent-workspace/cargo-home:/opt/rustwide/cargo-home:ro,Z" "-v" "/var/lib/crater-agent-workspace/rustup-home:/opt/rustwide/rustup-home:ro,Z" "-e" "SOURCE_DIR=/opt/rustwide/workdir" "-e" "CARGO_TARGET_DIR=/opt/rustwide/target" "-e" "CARGO_INCREMENTAL=0" "-e" "RUST_BACKTRACE=full" "-e" "RUSTFLAGS=--cap-lints=warn" "-e" "RUSTDOCFLAGS=--cap-lints=warn" "-e" "CARGO_HOME=/opt/rustwide/cargo-home" "-e" "RUSTUP_HOME=/opt/rustwide/rustup-home" "-w" "/opt/rustwide/workdir" "-m" "1610612736" "--user" "0:0" "--network" "none" "ghcr.io/rust-lang/crates-build-env/linux@sha256:2788e3201cd34a07e3172128adcd8b3090168a8e3bcc40d7c032b9dda1df7d1c" "/opt/rustwide/cargo-home/bin/cargo" "+1.75.0" "build" "--frozen" "--message-format=json", kill_on_drop: false }`
[INFO] [stdout] 99b9ba0087d429f89235b7dab60b314e6e69691ac32032c18c571e57a757e089
[INFO] running `Command { std: "docker" "start" "-a" "99b9ba0087d429f89235b7dab60b314e6e69691ac32032c18c571e57a757e089", kill_on_drop: false }`
[INFO] [stderr]    Compiling proc-macro2 v1.0.47
[INFO] [stderr]    Compiling unicode-ident v1.0.5
[INFO] [stderr]    Compiling syn v1.0.105
[INFO] [stderr]    Compiling serde_derive v1.0.149
[INFO] [stderr]    Compiling serde v1.0.149
[INFO] [stderr]    Compiling serde_json v1.0.89
[INFO] [stderr]    Compiling itoa v1.0.4
[INFO] [stderr]    Compiling ryu v1.0.11
[INFO] [stderr]    Compiling typenum v1.16.0
[INFO] [stderr]    Compiling generic-array v0.14.6
[INFO] [stderr]    Compiling libc v0.2.138
[INFO] [stderr]    Compiling ident_case v1.0.1
[INFO] [stderr]    Compiling fnv v1.0.7
[INFO] [stderr]    Compiling strsim v0.10.0
[INFO] [stderr]    Compiling num-traits v0.2.15
[INFO] [stderr]    Compiling thiserror v1.0.37
[INFO] [stderr]    Compiling num-integer v0.1.45
[INFO] [stderr]    Compiling either v1.8.0
[INFO] [stderr]    Compiling getrandom v0.1.16
[INFO] [stderr]    Compiling itertools v0.10.5
[INFO] [stderr]    Compiling quote v1.0.21
[INFO] [stderr]    Compiling num-bigint v0.4.3
[INFO] [stderr]    Compiling num-rational v0.4.1
[INFO] [stderr]    Compiling cpufeatures v0.2.5
[INFO] [stderr]    Compiling ppv-lite86 v0.2.17
[INFO] [stderr]    Compiling unicode-xid v0.2.4
[INFO] [stderr]    Compiling libm v0.2.6
[INFO] [stderr]    Compiling memchr v2.5.0
[INFO] [stderr]    Compiling base64 v0.13.1
[INFO] [stderr]    Compiling rand_core v0.5.1
[INFO] [stderr]    Compiling indexmap v1.9.2
[INFO] [stderr]    Compiling memory_units v0.4.0
[INFO] [stderr]    Compiling crypto-common v0.1.6
[INFO] [stderr]    Compiling block-buffer v0.10.3
[INFO] [stderr]    Compiling digest v0.9.0
[INFO] [stderr]    Compiling indexmap-nostd v0.4.0
[INFO] [stderr]    Compiling digest v0.10.6
[INFO] [stderr]    Compiling static_assertions v1.1.0
[INFO] [stderr]    Compiling downcast-rs v1.2.0
[INFO] [stderr]    Compiling cc v1.0.77
[INFO] [stderr]    Compiling sha2 v0.10.6
[INFO] [stderr]    Compiling wasmparser-nostd v0.90.0
[INFO] [stderr]    Compiling block-buffer v0.9.0
[INFO] [stderr]    Compiling rand_chacha v0.2.2
[INFO] [stderr]    Compiling gimli v0.26.2
[INFO] [stderr]    Compiling hashbrown v0.12.3
[INFO] [stderr]    Compiling log v0.4.17
[INFO] [stderr]    Compiling spin v0.9.4
[INFO] [stderr]    Compiling opaque-debug v0.3.0
[INFO] [stderr]    Compiling adler v1.0.2
[INFO] [stderr]    Compiling prettyplease v0.1.21
[INFO] [stderr]    Compiling subtle v2.4.1
[INFO] [stderr]    Compiling signature v1.6.4
[INFO] [stderr]    Compiling byteorder v1.4.3
[INFO] [stderr]    Compiling backtrace v0.3.66
[INFO] [stderr]    Compiling ed25519 v1.5.2
[INFO] [stderr]    Compiling miniz_oxide v0.5.4
[INFO] [stderr]    Compiling sha2 v0.9.9
[INFO] [stderr]    Compiling soroban-wasmi_core v0.16.0-soroban2 (https://github.com/stellar/wasmi?rev=862b32f5#862b32f5)
[INFO] [stderr]    Compiling object v0.29.0
[INFO] [stderr]    Compiling rand v0.7.3
[INFO] [stderr]    Compiling getrandom v0.2.8
[INFO] [stderr]    Compiling rustc-demangle v0.1.21
[INFO] [stderr]    Compiling tinyvec_macros v0.1.0
[INFO] [stderr]    Compiling darling_core v0.14.2
[INFO] [stderr]    Compiling synstructure v0.12.6
[INFO] [stderr]    Compiling addr2line v0.17.0
[INFO] [stderr]    Compiling tinyvec v1.6.0
[INFO] [stderr]    Compiling soroban-wasmi v0.16.0-soroban2 (https://github.com/stellar/wasmi?rev=862b32f5#862b32f5)
[INFO] [stderr]    Compiling rand_core v0.6.4
[INFO] [stderr]    Compiling wasmparser v0.88.0
[INFO] [stderr]    Compiling dyn-fmt v0.3.0
[INFO] [stderr]    Compiling rand_chacha v0.3.1
[INFO] [stderr]    Compiling base32 v0.4.0
[INFO] [stderr]    Compiling rand v0.8.5
[INFO] [stderr]    Compiling darling_macro v0.14.2
[INFO] [stderr]    Compiling thiserror-impl v1.0.37
[INFO] [stderr]    Compiling zeroize_derive v1.3.3
[INFO] [stderr]    Compiling num-derive v0.3.3
[INFO] [stderr]    Compiling darling v0.14.2
[INFO] [stderr]    Compiling serde_with_macros v2.1.0
[INFO] [stderr]    Compiling soroban-native-sdk-macros v0.0.12 (https://github.com/stellar/rs-soroban-env?rev=65498c8#65498c84)
[INFO] [stderr]    Compiling zeroize v1.3.0
[INFO] [stderr]    Compiling curve25519-dalek v3.2.1
[INFO] [stderr]    Compiling stellar-strkey v0.0.6 (https://github.com/stellar/rs-stellar-strkey?rev=5e582a8b#5e582a8b)
[INFO] [stderr]    Compiling bytes-lit v0.0.4
[INFO] [stderr]    Compiling hex v0.4.3
[INFO] [stderr]    Compiling serde_with v2.1.0
[INFO] [stderr]    Compiling ed25519-dalek v1.0.1
[INFO] [stderr]    Compiling crate-git-revision v0.0.4
[INFO] [stderr]    Compiling stellar-xdr v0.0.12 (https://github.com/stellar/rs-stellar-xdr?rev=154e07e#154e07eb)
[INFO] [stderr]    Compiling soroban-env-common v0.0.12 (https://github.com/stellar/rs-soroban-env?rev=65498c8#65498c84)
[INFO] [stderr]    Compiling soroban-spec v0.4.3 (https://github.com/stellar/rs-soroban-sdk?rev=51e5e6d#51e5e6d4)
[INFO] [stderr]    Compiling soroban-env-macros v0.0.12 (https://github.com/stellar/rs-soroban-env?rev=65498c8#65498c84)
[INFO] [stderr]    Compiling soroban-sdk-macros v0.4.3 (https://github.com/stellar/rs-soroban-sdk?rev=51e5e6d#51e5e6d4)
[INFO] [stderr]    Compiling soroban-env-host v0.0.12 (https://github.com/stellar/rs-soroban-env?rev=65498c8#65498c84)
[INFO] [stderr]    Compiling soroban-ledger-snapshot v0.4.3 (https://github.com/stellar/rs-soroban-sdk?rev=51e5e6d#51e5e6d4)
[INFO] [stderr]    Compiling soroban-sdk v0.4.3 (https://github.com/stellar/rs-soroban-sdk?rev=51e5e6d#51e5e6d4)
[INFO] [stderr]    Compiling soroban-auth v0.4.3 (https://github.com/stellar/rs-soroban-sdk?rev=51e5e6d#51e5e6d4)
[INFO] [stderr]    Compiling soroban-voting-contract v0.0.0 (/opt/rustwide/workdir/contracts/voting)
[INFO] [stderr]     Finished dev [unoptimized + debuginfo] target(s) in 1m 03s
[INFO] running `Command { std: "docker" "inspect" "99b9ba0087d429f89235b7dab60b314e6e69691ac32032c18c571e57a757e089", kill_on_drop: false }`
[INFO] running `Command { std: "docker" "rm" "-f" "99b9ba0087d429f89235b7dab60b314e6e69691ac32032c18c571e57a757e089", kill_on_drop: false }`
[INFO] [stdout] 99b9ba0087d429f89235b7dab60b314e6e69691ac32032c18c571e57a757e089
[INFO] running `Command { std: "docker" "create" "-v" "/var/lib/crater-agent-workspace/builds/worker-5-tc1/target:/opt/rustwide/target:rw,Z" "-v" "/var/lib/crater-agent-workspace/builds/worker-5-tc1/source:/opt/rustwide/workdir:ro,Z" "-v" "/var/lib/crater-agent-workspace/cargo-home:/opt/rustwide/cargo-home:ro,Z" "-v" "/var/lib/crater-agent-workspace/rustup-home:/opt/rustwide/rustup-home:ro,Z" "-e" "SOURCE_DIR=/opt/rustwide/workdir" "-e" "CARGO_TARGET_DIR=/opt/rustwide/target" "-e" "CARGO_INCREMENTAL=0" "-e" "RUST_BACKTRACE=full" "-e" "RUSTFLAGS=--cap-lints=warn" "-e" "RUSTDOCFLAGS=--cap-lints=warn" "-e" "CARGO_HOME=/opt/rustwide/cargo-home" "-e" "RUSTUP_HOME=/opt/rustwide/rustup-home" "-w" "/opt/rustwide/workdir" "-m" "1610612736" "--user" "0:0" "--network" "none" "ghcr.io/rust-lang/crates-build-env/linux@sha256:2788e3201cd34a07e3172128adcd8b3090168a8e3bcc40d7c032b9dda1df7d1c" "/opt/rustwide/cargo-home/bin/cargo" "+1.75.0" "test" "--frozen" "--no-run" "--message-format=json", kill_on_drop: false }`
[INFO] [stdout] 3f376d0108c6b500b03a754bad7bb7e1e97b76025a021cf3bb7d8b2cd1d90355
[INFO] running `Command { std: "docker" "start" "-a" "3f376d0108c6b500b03a754bad7bb7e1e97b76025a021cf3bb7d8b2cd1d90355", kill_on_drop: false }`
[INFO] [stderr]    Compiling rand v0.7.3
[INFO] [stderr]    Compiling ed25519-dalek v1.0.1
[INFO] [stderr]    Compiling soroban-env-host v0.0.12 (https://github.com/stellar/rs-soroban-env?rev=65498c8#65498c84)
[INFO] [stderr]    Compiling soroban-ledger-snapshot v0.4.3 (https://github.com/stellar/rs-soroban-sdk?rev=51e5e6d#51e5e6d4)
[INFO] [stderr]    Compiling soroban-sdk v0.4.3 (https://github.com/stellar/rs-soroban-sdk?rev=51e5e6d#51e5e6d4)
[INFO] [stderr]    Compiling soroban-auth v0.4.3 (https://github.com/stellar/rs-soroban-sdk?rev=51e5e6d#51e5e6d4)
[INFO] [stderr]    Compiling soroban-voting-contract v0.0.0 (/opt/rustwide/workdir/contracts/voting)
[INFO] [stderr]     Finished test [unoptimized + debuginfo] target(s) in 6.74s
[INFO] running `Command { std: "docker" "inspect" "3f376d0108c6b500b03a754bad7bb7e1e97b76025a021cf3bb7d8b2cd1d90355", kill_on_drop: false }`
[INFO] running `Command { std: "docker" "rm" "-f" "3f376d0108c6b500b03a754bad7bb7e1e97b76025a021cf3bb7d8b2cd1d90355", kill_on_drop: false }`
[INFO] [stdout] 3f376d0108c6b500b03a754bad7bb7e1e97b76025a021cf3bb7d8b2cd1d90355
[INFO] running `Command { std: "docker" "create" "-v" "/var/lib/crater-agent-workspace/builds/worker-5-tc1/target:/opt/rustwide/target:rw,Z" "-v" "/var/lib/crater-agent-workspace/builds/worker-5-tc1/source:/opt/rustwide/workdir:ro,Z" "-v" "/var/lib/crater-agent-workspace/cargo-home:/opt/rustwide/cargo-home:ro,Z" "-v" "/var/lib/crater-agent-workspace/rustup-home:/opt/rustwide/rustup-home:ro,Z" "-e" "SOURCE_DIR=/opt/rustwide/workdir" "-e" "CARGO_TARGET_DIR=/opt/rustwide/target" "-e" "CARGO_INCREMENTAL=0" "-e" "RUST_BACKTRACE=full" "-e" "RUSTFLAGS=--cap-lints=warn" "-e" "RUSTDOCFLAGS=--cap-lints=warn" "-e" "CARGO_HOME=/opt/rustwide/cargo-home" "-e" "RUSTUP_HOME=/opt/rustwide/rustup-home" "-w" "/opt/rustwide/workdir" "-m" "1610612736" "--user" "0:0" "--network" "none" "ghcr.io/rust-lang/crates-build-env/linux@sha256:2788e3201cd34a07e3172128adcd8b3090168a8e3bcc40d7c032b9dda1df7d1c" "/opt/rustwide/cargo-home/bin/cargo" "+1.75.0" "test" "--frozen", kill_on_drop: false }`
[INFO] [stdout] 5dfb2f05871075ef791e971beed4d4d4b42a4d5e39bc1d65f6e5ba9867770a81
[INFO] running `Command { std: "docker" "start" "-a" "5dfb2f05871075ef791e971beed4d4d4b42a4d5e39bc1d65f6e5ba9867770a81", kill_on_drop: false }`
[INFO] [stderr]     Finished test [unoptimized + debuginfo] target(s) in 0.07s
[INFO] [stderr]      Running unittests src/lib.rs (/opt/rustwide/target/debug/deps/soroban_voting_contract-b2fd1fc3f4969e19)
[INFO] [stdout] 
[INFO] [stdout] running 14 tests
[INFO] [stdout] test tests::test_is_eligible ... FAILED
[INFO] [stdout] test tests::test_make_then_read_proposal_successfully ... FAILED
[INFO] [stdout] test tests::test_make_proposal_failure_too_short - should panic ... FAILED
[INFO] [stdout] test tests::test_initialize_contract ... ok
[INFO] [stdout] test tests::test_make_proposal_failure_not_an_user - should panic ... ok
[INFO] [stdout] test tests::test_make_then_read_all_proposals_successfully ... FAILED
[INFO] [stdout] test tests::test_proposal_not_found_failure - should panic ... FAILED
[INFO] [stdout] test tests::test_make_proposal_failure_too_long - should panic ... FAILED
[INFO] [stdout] test tests::test_proposal_fails_if_not_accepting_proposals - should panic ... ok
[INFO] [stdout] test tests::test_set_status ... ok
[INFO] [stdout] test tests::test_vote_above_max_count - should panic ... FAILED
[INFO] [stdout] test tests::test_vote_fails_if_vote_is_disabled - should panic ... FAILED
[INFO] [stdout] test tests::test_vote ... FAILED
[INFO] [stdout] test tests::test_results ... FAILED
[INFO] [stdout] 
[INFO] [stdout] failures:
[INFO] [stdout] 
[INFO] [stdout] ---- tests::test_make_proposal_failure_too_short stdout ----
[INFO] [stdout] note: panic did not contain expected string
[INFO] [stdout]       panic message: `"HostError\nValue: Status(HostContextError(UnknownError))\n\nDebug events (newest first):\n   0: \"escalating error 'Status(HostContextError(UnknownError))' to panic\"\n   1: \"contract call invocation resulted in error Status(HostContextError(UnknownError))\"\n   2: \"caught panic from contract function 'Symbol(propose)', propagating escalated error 'Status(HostContextError(UnknownError))'\"\n   3: \"escalating error 'Status(HostContextError(UnknownError))' to panic\"\n   4: \"contract call invocation resulted in error Status(HostContextError(UnknownError))\"\n   5: \"Contract re-entry is not allowed\"\n\nBacktrace (newest first):\n   0: soroban_env_host::host::err_helper::<impl soroban_env_host::host::Host>::err\n             at /opt/rustwide/cargo-home/git/checkouts/rs-soroban-env-230c62c6b1f3d3f1/65498c8/soroban-env-host/src/host/err_helper.rs:18:37\n   1: soroban_env_host::host::err_helper::<impl soroban_env_host::host::Host>::err_status_msg\n             at /opt/rustwide/cargo-home/git/checkouts/rs-soroban-env-230c62c6b1f3d3f1/65498c8/soroban-env-host/src/host/err_helper.rs:43:9\n   2: <soroban_env_host::host::Host as soroban_env_common::vmcaller_checked_env::VmCallerCheckedEnv>::escalate_error_to_panic\n             at /opt/rustwide/cargo-home/git/checkouts/rs-soroban-env-230c62c6b1f3d3f1/65498c8/soroban-env-host/src/host.rs:1191:26\n   3: soroban_env_common::vmcaller_checked_env::<impl soroban_env_common::checked_env::CheckedEnv for T>::escalate_error_to_panic\n             at /opt/rustwide/cargo-home/git/checkouts/rs-soroban-env-230c62c6b1f3d3f1/65498c8/soroban-env-common/src/vmcaller_checked_env.rs:210:17\n   4: soroban_env_common::checked_env::<impl soroban_env_common::env::Env for T>::call\n             at /opt/rustwide/cargo-home/git/checkouts/rs-soroban-env-230c62c6b1f3d3f1/65498c8/soroban-env-common/src/checked_env.rs:126:27\n   5: <soroban_sdk::env::Env as soroban_env_common::env::Env>::call\n             at /opt/rustwide/cargo-home/git/checkouts/rs-soroban-sdk-0ab58a716c671239/51e5e6d/soroban-sdk/src/env.rs:749:13\n   6: soroban_sdk::env::Env::invoke_contract\n             at /opt/rustwide/cargo-home/git/checkouts/rs-soroban-sdk-0ab58a716c671239/51e5e6d/soroban-sdk/src/env.rs:243:18\n   7: soroban_voting_contract::VotingContractClient::propose::{{closure}}\n             at src/lib.rs:120:1\n   8: soroban_voting_contract::VotingContractClient::with_env\n             at src/lib.rs:120:1\n   9: soroban_voting_contract::VotingContractClient::propose\n             at src/lib.rs:120:1\n  10: soroban_voting_contract::tests::test_make_proposal_failure_too_short\n             at src/tests.rs:98:5\n  11: soroban_voting_contract::tests::test_make_proposal_failure_too_short::{{closure}}\n             at src/tests.rs:85:42\n  12: core::ops::function::FnOnce::call_once\n             at /rustc/82e1608dfa6e0b5569232559e3d385fea5a93112/library/core/src/ops/function.rs:250:5\n\n"`,
[INFO] [stdout]  expected substring: `"Status(ContractError(2))"`
[INFO] [stdout] ---- tests::test_proposal_not_found_failure stdout ----
[INFO] [stdout] note: panic did not contain expected string
[INFO] [stdout]       panic message: `"HostError\nValue: Status(HostContextError(UnknownError))\n\nDebug events (newest first):\n   0: \"escalating error 'Status(HostContextError(UnknownError))' to panic\"\n   1: \"contract call invocation resulted in error Status(HostContextError(UnknownError))\"\n   2: \"caught panic from contract function 'Symbol(propose)', propagating escalated error 'Status(HostContextError(UnknownError))'\"\n   3: \"escalating error 'Status(HostContextError(UnknownError))' to panic\"\n   4: \"contract call invocation resulted in error Status(HostContextError(UnknownError))\"\n   5: \"Contract re-entry is not allowed\"\n\nBacktrace (newest first):\n   0: soroban_env_host::host::err_helper::<impl soroban_env_host::host::Host>::err\n             at /opt/rustwide/cargo-home/git/checkouts/rs-soroban-env-230c62c6b1f3d3f1/65498c8/soroban-env-host/src/host/err_helper.rs:18:37\n   1: soroban_env_host::host::err_helper::<impl soroban_env_host::host::Host>::err_status_msg\n             at /opt/rustwide/cargo-home/git/checkouts/rs-soroban-env-230c62c6b1f3d3f1/65498c8/soroban-env-host/src/host/err_helper.rs:43:9\n   2: <soroban_env_host::host::Host as soroban_env_common::vmcaller_checked_env::VmCallerCheckedEnv>::escalate_error_to_panic\n             at /opt/rustwide/cargo-home/git/checkouts/rs-soroban-env-230c62c6b1f3d3f1/65498c8/soroban-env-host/src/host.rs:1191:26\n   3: soroban_env_common::vmcaller_checked_env::<impl soroban_env_common::checked_env::CheckedEnv for T>::escalate_error_to_panic\n             at /opt/rustwide/cargo-home/git/checkouts/rs-soroban-env-230c62c6b1f3d3f1/65498c8/soroban-env-common/src/vmcaller_checked_env.rs:210:17\n   4: soroban_env_common::checked_env::<impl soroban_env_common::env::Env for T>::call\n             at /opt/rustwide/cargo-home/git/checkouts/rs-soroban-env-230c62c6b1f3d3f1/65498c8/soroban-env-common/src/checked_env.rs:126:27\n   5: <soroban_sdk::env::Env as soroban_env_common::env::Env>::call\n             at /opt/rustwide/cargo-home/git/checkouts/rs-soroban-sdk-0ab58a716c671239/51e5e6d/soroban-sdk/src/env.rs:749:13\n   6: soroban_sdk::env::Env::invoke_contract\n             at /opt/rustwide/cargo-home/git/checkouts/rs-soroban-sdk-0ab58a716c671239/51e5e6d/soroban-sdk/src/env.rs:243:18\n   7: soroban_voting_contract::VotingContractClient::propose::{{closure}}\n             at src/lib.rs:120:1\n   8: soroban_voting_contract::VotingContractClient::with_env\n             at src/lib.rs:120:1\n   9: soroban_voting_contract::VotingContractClient::propose\n             at src/lib.rs:120:1\n  10: soroban_voting_contract::tests::test_proposal_not_found_failure\n             at src/tests.rs:138:5\n  11: soroban_voting_contract::tests::test_proposal_not_found_failure::{{closure}}\n             at src/tests.rs:125:37\n  12: core::ops::function::FnOnce::call_once\n             at /rustc/82e1608dfa6e0b5569232559e3d385fea5a93112/library/core/src/ops/function.rs:250:5\n\n"`,
[INFO] [stdout]  expected substring: `"Status(ContractError(4))"`
[INFO] [stdout] ---- tests::test_make_proposal_failure_too_long stdout ----
[INFO] [stdout] note: panic did not contain expected string
[INFO] [stdout]       panic message: `"HostError\nValue: Status(HostContextError(UnknownError))\n\nDebug events (newest first):\n   0: \"escalating error 'Status(HostContextError(UnknownError))' to panic\"\n   1: \"contract call invocation resulted in error Status(HostContextError(UnknownError))\"\n   2: \"caught panic from contract function 'Symbol(propose)', propagating escalated error 'Status(HostContextError(UnknownError))'\"\n   3: \"escalating error 'Status(HostContextError(UnknownError))' to panic\"\n   4: \"contract call invocation resulted in error Status(HostContextError(UnknownError))\"\n   5: \"Contract re-entry is not allowed\"\n\nBacktrace (newest first):\n   0: soroban_env_host::host::err_helper::<impl soroban_env_host::host::Host>::err\n             at /opt/rustwide/cargo-home/git/checkouts/rs-soroban-env-230c62c6b1f3d3f1/65498c8/soroban-env-host/src/host/err_helper.rs:18:37\n   1: soroban_env_host::host::err_helper::<impl soroban_env_host::host::Host>::err_status_msg\n             at /opt/rustwide/cargo-home/git/checkouts/rs-soroban-env-230c62c6b1f3d3f1/65498c8/soroban-env-host/src/host/err_helper.rs:43:9\n   2: <soroban_env_host::host::Host as soroban_env_common::vmcaller_checked_env::VmCallerCheckedEnv>::escalate_error_to_panic\n             at /opt/rustwide/cargo-home/git/checkouts/rs-soroban-env-230c62c6b1f3d3f1/65498c8/soroban-env-host/src/host.rs:1191:26\n   3: soroban_env_common::vmcaller_checked_env::<impl soroban_env_common::checked_env::CheckedEnv for T>::escalate_error_to_panic\n             at /opt/rustwide/cargo-home/git/checkouts/rs-soroban-env-230c62c6b1f3d3f1/65498c8/soroban-env-common/src/vmcaller_checked_env.rs:210:17\n   4: soroban_env_common::checked_env::<impl soroban_env_common::env::Env for T>::call\n             at /opt/rustwide/cargo-home/git/checkouts/rs-soroban-env-230c62c6b1f3d3f1/65498c8/soroban-env-common/src/checked_env.rs:126:27\n   5: <soroban_sdk::env::Env as soroban_env_common::env::Env>::call\n             at /opt/rustwide/cargo-home/git/checkouts/rs-soroban-sdk-0ab58a716c671239/51e5e6d/soroban-sdk/src/env.rs:749:13\n   6: soroban_sdk::env::Env::invoke_contract\n             at /opt/rustwide/cargo-home/git/checkouts/rs-soroban-sdk-0ab58a716c671239/51e5e6d/soroban-sdk/src/env.rs:243:18\n   7: soroban_voting_contract::VotingContractClient::propose::{{closure}}\n             at src/lib.rs:120:1\n   8: soroban_voting_contract::VotingContractClient::with_env\n             at src/lib.rs:120:1\n   9: soroban_voting_contract::VotingContractClient::propose\n             at src/lib.rs:120:1\n  10: soroban_voting_contract::tests::test_make_proposal_failure_too_long\n             at src/tests.rs:120:5\n  11: soroban_voting_contract::tests::test_make_proposal_failure_too_long::{{closure}}\n             at src/tests.rs:103:41\n  12: core::ops::function::FnOnce::call_once\n             at /rustc/82e1608dfa6e0b5569232559e3d385fea5a93112/library/core/src/ops/function.rs:250:5\n\n"`,
[INFO] [stdout]  expected substring: `"Status(ContractError(3))"`
[INFO] [stdout] ---- tests::test_vote_above_max_count stdout ----
[INFO] [stdout] note: panic did not contain expected string
[INFO] [stdout]       panic message: `"HostError\nValue: Status(HostContextError(UnknownError))\n\nDebug events (newest first):\n   0: \"escalating error 'Status(HostContextError(UnknownError))' to panic\"\n   1: \"contract call invocation resulted in error Status(HostContextError(UnknownError))\"\n   2: \"caught panic from contract function 'Symbol(propose)', propagating escalated error 'Status(HostContextError(UnknownError))'\"\n   3: \"escalating error 'Status(HostContextError(UnknownError))' to panic\"\n   4: \"contract call invocation resulted in error Status(HostContextError(UnknownError))\"\n   5: \"Contract re-entry is not allowed\"\n\nBacktrace (newest first):\n   0: soroban_env_host::host::err_helper::<impl soroban_env_host::host::Host>::err\n             at /opt/rustwide/cargo-home/git/checkouts/rs-soroban-env-230c62c6b1f3d3f1/65498c8/soroban-env-host/src/host/err_helper.rs:18:37\n   1: soroban_env_host::host::err_helper::<impl soroban_env_host::host::Host>::err_status_msg\n             at /opt/rustwide/cargo-home/git/checkouts/rs-soroban-env-230c62c6b1f3d3f1/65498c8/soroban-env-host/src/host/err_helper.rs:43:9\n   2: <soroban_env_host::host::Host as soroban_env_common::vmcaller_checked_env::VmCallerCheckedEnv>::escalate_error_to_panic\n             at /opt/rustwide/cargo-home/git/checkouts/rs-soroban-env-230c62c6b1f3d3f1/65498c8/soroban-env-host/src/host.rs:1191:26\n   3: soroban_env_common::vmcaller_checked_env::<impl soroban_env_common::checked_env::CheckedEnv for T>::escalate_error_to_panic\n             at /opt/rustwide/cargo-home/git/checkouts/rs-soroban-env-230c62c6b1f3d3f1/65498c8/soroban-env-common/src/vmcaller_checked_env.rs:210:17\n   4: soroban_env_common::checked_env::<impl soroban_env_common::env::Env for T>::call\n             at /opt/rustwide/cargo-home/git/checkouts/rs-soroban-env-230c62c6b1f3d3f1/65498c8/soroban-env-common/src/checked_env.rs:126:27\n   5: <soroban_sdk::env::Env as soroban_env_common::env::Env>::call\n             at /opt/rustwide/cargo-home/git/checkouts/rs-soroban-sdk-0ab58a716c671239/51e5e6d/soroban-sdk/src/env.rs:749:13\n   6: soroban_sdk::env::Env::invoke_contract\n             at /opt/rustwide/cargo-home/git/checkouts/rs-soroban-sdk-0ab58a716c671239/51e5e6d/soroban-sdk/src/env.rs:243:18\n   7: soroban_voting_contract::VotingContractClient::propose::{{closure}}\n             at src/lib.rs:120:1\n   8: soroban_voting_contract::VotingContractClient::with_env\n             at src/lib.rs:120:1\n   9: soroban_voting_contract::VotingContractClient::propose\n             at src/lib.rs:120:1\n  10: soroban_voting_contract::tests::test_vote_above_max_count\n             at src/tests.rs:310:5\n  11: soroban_voting_contract::tests::test_vote_above_max_count::{{closure}}\n             at src/tests.rs:296:31\n  12: core::ops::function::FnOnce::call_once\n             at /rustc/82e1608dfa6e0b5569232559e3d385fea5a93112/library/core/src/ops/function.rs:250:5\n\n"`,
[INFO] [stdout]  expected substring: `"Status(ContractError(5))"`
[INFO] [stdout] ---- tests::test_vote_fails_if_vote_is_disabled stdout ----
[INFO] [stdout] note: panic did not contain expected string
[INFO] [stdout]       panic message: `"HostError\nValue: Status(HostContextError(UnknownError))\n\nDebug events (newest first):\n   0: \"escalating error 'Status(HostContextError(UnknownError))' to panic\"\n   1: \"contract call invocation resulted in error Status(HostContextError(UnknownError))\"\n   2: \"caught panic from contract function 'Symbol(propose)', propagating escalated error 'Status(HostContextError(UnknownError))'\"\n   3: \"escalating error 'Status(HostContextError(UnknownError))' to panic\"\n   4: \"contract call invocation resulted in error Status(HostContextError(UnknownError))\"\n   5: \"Contract re-entry is not allowed\"\n\nBacktrace (newest first):\n   0: soroban_env_host::host::err_helper::<impl soroban_env_host::host::Host>::err\n             at /opt/rustwide/cargo-home/git/checkouts/rs-soroban-env-230c62c6b1f3d3f1/65498c8/soroban-env-host/src/host/err_helper.rs:18:37\n   1: soroban_env_host::host::err_helper::<impl soroban_env_host::host::Host>::err_status_msg\n             at /opt/rustwide/cargo-home/git/checkouts/rs-soroban-env-230c62c6b1f3d3f1/65498c8/soroban-env-host/src/host/err_helper.rs:43:9\n   2: <soroban_env_host::host::Host as soroban_env_common::vmcaller_checked_env::VmCallerCheckedEnv>::escalate_error_to_panic\n             at /opt/rustwide/cargo-home/git/checkouts/rs-soroban-env-230c62c6b1f3d3f1/65498c8/soroban-env-host/src/host.rs:1191:26\n   3: soroban_env_common::vmcaller_checked_env::<impl soroban_env_common::checked_env::CheckedEnv for T>::escalate_error_to_panic\n             at /opt/rustwide/cargo-home/git/checkouts/rs-soroban-env-230c62c6b1f3d3f1/65498c8/soroban-env-common/src/vmcaller_checked_env.rs:210:17\n   4: soroban_env_common::checked_env::<impl soroban_env_common::env::Env for T>::call\n             at /opt/rustwide/cargo-home/git/checkouts/rs-soroban-env-230c62c6b1f3d3f1/65498c8/soroban-env-common/src/checked_env.rs:126:27\n   5: <soroban_sdk::env::Env as soroban_env_common::env::Env>::call\n             at /opt/rustwide/cargo-home/git/checkouts/rs-soroban-sdk-0ab58a716c671239/51e5e6d/soroban-sdk/src/env.rs:749:13\n   6: soroban_sdk::env::Env::invoke_contract\n             at /opt/rustwide/cargo-home/git/checkouts/rs-soroban-sdk-0ab58a716c671239/51e5e6d/soroban-sdk/src/env.rs:243:18\n   7: soroban_voting_contract::VotingContractClient::propose::{{closure}}\n             at src/lib.rs:120:1\n   8: soroban_voting_contract::VotingContractClient::with_env\n             at src/lib.rs:120:1\n   9: soroban_voting_contract::VotingContractClient::propose\n             at src/lib.rs:120:1\n  10: soroban_voting_contract::tests::test_vote_fails_if_vote_is_disabled\n             at src/tests.rs:352:5\n  11: soroban_voting_contract::tests::test_vote_fails_if_vote_is_disabled::{{closure}}\n             at src/tests.rs:339:41\n  12: core::ops::function::FnOnce::call_once\n             at /rustc/82e1608dfa6e0b5569232559e3d385fea5a93112/library/core/src/ops/function.rs:250:5\n\n"`,
[INFO] [stdout]  expected substring: `"Status(ContractError(8))"`
[INFO] [stdout] 
[INFO] [stdout] failures:
[INFO] [stdout]     tests::test_is_eligible
[INFO] [stdout]     tests::test_make_proposal_failure_too_long
[INFO] [stdout]     tests::test_make_proposal_failure_too_short
[INFO] [stdout]     tests::test_make_then_read_all_proposals_successfully
[INFO] [stdout]     tests::test_make_then_read_proposal_successfully
[INFO] [stdout]     tests::test_proposal_not_found_failure
[INFO] [stdout]     tests::test_results
[INFO] [stdout]     tests::test_vote
[INFO] [stdout]     tests::test_vote_above_max_count
[INFO] [stdout]     tests::test_vote_fails_if_vote_is_disabled
[INFO] [stdout] 
[INFO] [stdout] test result: FAILED. 4 passed; 10 failed; 0 ignored; 0 measured; 0 filtered out; finished in 0.25s
[INFO] [stdout] 
[INFO] [stderr] error: test failed, to rerun pass `--lib`
[INFO] running `Command { std: "docker" "inspect" "5dfb2f05871075ef791e971beed4d4d4b42a4d5e39bc1d65f6e5ba9867770a81", kill_on_drop: false }`
[INFO] running `Command { std: "docker" "rm" "-f" "5dfb2f05871075ef791e971beed4d4d4b42a4d5e39bc1d65f6e5ba9867770a81", kill_on_drop: false }`
[INFO] [stdout] 5dfb2f05871075ef791e971beed4d4d4b42a4d5e39bc1d65f6e5ba9867770a81
