[INFO] cloning repository https://github.com/patricklopdrup/obstacle_course
[INFO] running `Command { std: "git" "-c" "credential.helper=" "-c" "credential.helper=/workspace/cargo-home/bin/git-credential-null" "clone" "--bare" "https://github.com/patricklopdrup/obstacle_course" "/workspace/cache/git-repos/https%3A%2F%2Fgithub.com%2Fpatricklopdrup%2Fobstacle_course", kill_on_drop: false }`
[INFO] [stderr] Cloning into bare repository '/workspace/cache/git-repos/https%3A%2F%2Fgithub.com%2Fpatricklopdrup%2Fobstacle_course'...
[INFO] running `Command { std: "git" "rev-parse" "HEAD", kill_on_drop: false }`
[INFO] [stdout] a01834e5947d6ae465aaf484f70f741d0f3aca65
[INFO] testing patricklopdrup/obstacle_course against 1.75.0 for beta-1.76-1
[INFO] running `Command { std: "git" "clone" "/workspace/cache/git-repos/https%3A%2F%2Fgithub.com%2Fpatricklopdrup%2Fobstacle_course" "/workspace/builds/worker-6-tc1/source", kill_on_drop: false }`
[INFO] [stderr] Cloning into '/workspace/builds/worker-6-tc1/source'...
[INFO] [stderr] done.
[INFO] validating manifest of git repo https://github.com/patricklopdrup/obstacle_course on toolchain 1.75.0
[INFO] running `Command { std: CARGO_HOME="/workspace/cargo-home" RUSTUP_HOME="/workspace/rustup-home" "/workspace/cargo-home/bin/cargo" "+1.75.0" "metadata" "--manifest-path" "Cargo.toml" "--no-deps", kill_on_drop: false }`
[INFO] started tweaking git repo https://github.com/patricklopdrup/obstacle_course
[INFO] finished tweaking git repo https://github.com/patricklopdrup/obstacle_course
[INFO] tweaked toml for git repo https://github.com/patricklopdrup/obstacle_course written to /workspace/builds/worker-6-tc1/source/Cargo.toml
[INFO] crate git repo https://github.com/patricklopdrup/obstacle_course already has a lockfile, it will not be regenerated
[INFO] running `Command { std: CARGO_HOME="/workspace/cargo-home" RUSTUP_HOME="/workspace/rustup-home" "/workspace/cargo-home/bin/cargo" "+1.75.0" "fetch" "--manifest-path" "Cargo.toml", kill_on_drop: false }`
[INFO] running `Command { std: "docker" "create" "-v" "/var/lib/crater-agent-workspace/builds/worker-6-tc1/target:/opt/rustwide/target:rw,Z" "-v" "/var/lib/crater-agent-workspace/builds/worker-6-tc1/source:/opt/rustwide/workdir:ro,Z" "-v" "/var/lib/crater-agent-workspace/cargo-home:/opt/rustwide/cargo-home:ro,Z" "-v" "/var/lib/crater-agent-workspace/rustup-home:/opt/rustwide/rustup-home:ro,Z" "-e" "SOURCE_DIR=/opt/rustwide/workdir" "-e" "CARGO_TARGET_DIR=/opt/rustwide/target" "-e" "CARGO_HOME=/opt/rustwide/cargo-home" "-e" "RUSTUP_HOME=/opt/rustwide/rustup-home" "-w" "/opt/rustwide/workdir" "-m" "1610612736" "--user" "0:0" "--network" "none" "ghcr.io/rust-lang/crates-build-env/linux@sha256:2788e3201cd34a07e3172128adcd8b3090168a8e3bcc40d7c032b9dda1df7d1c" "/opt/rustwide/cargo-home/bin/cargo" "+1.75.0" "metadata" "--no-deps" "--format-version=1", kill_on_drop: false }`
[INFO] [stdout] d488696cb302ae383db36c175052fa6d1900c04880b368d4ed03ee61115c27df
[INFO] running `Command { std: "docker" "start" "-a" "d488696cb302ae383db36c175052fa6d1900c04880b368d4ed03ee61115c27df", kill_on_drop: false }`
[INFO] running `Command { std: "docker" "inspect" "d488696cb302ae383db36c175052fa6d1900c04880b368d4ed03ee61115c27df", kill_on_drop: false }`
[INFO] running `Command { std: "docker" "rm" "-f" "d488696cb302ae383db36c175052fa6d1900c04880b368d4ed03ee61115c27df", kill_on_drop: false }`
[INFO] [stdout] d488696cb302ae383db36c175052fa6d1900c04880b368d4ed03ee61115c27df
[INFO] running `Command { std: "docker" "create" "-v" "/var/lib/crater-agent-workspace/builds/worker-6-tc1/target:/opt/rustwide/target:rw,Z" "-v" "/var/lib/crater-agent-workspace/builds/worker-6-tc1/source:/opt/rustwide/workdir:ro,Z" "-v" "/var/lib/crater-agent-workspace/cargo-home:/opt/rustwide/cargo-home:ro,Z" "-v" "/var/lib/crater-agent-workspace/rustup-home:/opt/rustwide/rustup-home:ro,Z" "-e" "SOURCE_DIR=/opt/rustwide/workdir" "-e" "CARGO_TARGET_DIR=/opt/rustwide/target" "-e" "CARGO_INCREMENTAL=0" "-e" "RUST_BACKTRACE=full" "-e" "RUSTFLAGS=--cap-lints=warn" "-e" "RUSTDOCFLAGS=--cap-lints=warn" "-e" "CARGO_HOME=/opt/rustwide/cargo-home" "-e" "RUSTUP_HOME=/opt/rustwide/rustup-home" "-w" "/opt/rustwide/workdir" "-m" "1610612736" "--user" "0:0" "--network" "none" "ghcr.io/rust-lang/crates-build-env/linux@sha256:2788e3201cd34a07e3172128adcd8b3090168a8e3bcc40d7c032b9dda1df7d1c" "/opt/rustwide/cargo-home/bin/cargo" "+1.75.0" "build" "--frozen" "--message-format=json", kill_on_drop: false }`
[INFO] [stdout] b72d6f813ce7afb07978b39e973347670dbbb07445ce05e4ce4bc8901610bf1c
[INFO] running `Command { std: "docker" "start" "-a" "b72d6f813ce7afb07978b39e973347670dbbb07445ce05e4ce4bc8901610bf1c", kill_on_drop: false }`
[INFO] [stderr]    Compiling obstacle_course v0.1.0 (/opt/rustwide/workdir)
[INFO] [stdout] warning: unused variable: `key`
[INFO] [stdout]   --> src/main.rs:92:14
[INFO] [stdout]    |
[INFO] [stdout] 92 |         for (key, val) in candidates.iter_mut() {
[INFO] [stdout]    |              ^^^ help: if this is intentional, prefix it with an underscore: `_key`
[INFO] [stdout]    |
[INFO] [stdout]    = note: `#[warn(unused_variables)]` on by default
[INFO] [stdout] 
[INFO] [stdout] 
[INFO] [stdout] warning: variable `self_index` is assigned to, but never used
[INFO] [stdout]    --> src/main.rs:114:13
[INFO] [stdout]     |
[INFO] [stdout] 114 |         let self_index: usize;
[INFO] [stdout]     |             ^^^^^^^^^^
[INFO] [stdout]     |
[INFO] [stdout]     = note: consider using `_self_index` instead
[INFO] [stdout] 
[INFO] [stdout] 
[INFO] [stdout] warning: value assigned to `self_index` is never read
[INFO] [stdout]    --> src/main.rs:117:17
[INFO] [stdout]     |
[INFO] [stdout] 117 |                 self_index = i;
[INFO] [stdout]     |                 ^^^^^^^^^^
[INFO] [stdout]     |
[INFO] [stdout]     = help: maybe it is overwritten before being read?
[INFO] [stdout]     = note: `#[warn(unused_assignments)]` on by default
[INFO] [stdout] 
[INFO] [stdout] 
[INFO] [stdout] warning: unused variable: `result`
[INFO] [stdout]    --> src/main.rs:102:72
[INFO] [stdout]     |
[INFO] [stdout] 102 |     fn get_zones_after_two_zone_on_same_line(&self, zones: &Vec<Zone>, result: &mut Vec<Zone>) {
[INFO] [stdout]     |                                                                        ^^^^^^ help: if this is intentional, prefix it with an underscore: `_result`
[INFO] [stdout] 
[INFO] [stdout] 
[INFO] [stdout] warning: associated function `new` is never used
[INFO] [stdout]   --> src/main.rs:17:8
[INFO] [stdout]    |
[INFO] [stdout] 16 | impl Restriction {
[INFO] [stdout]    | ---------------- associated function in this implementation
[INFO] [stdout] 17 |     fn new(type_1: i32, type_2: i32, type_3: i32, type_4: i32) -> Self {
[INFO] [stdout]    |        ^^^
[INFO] [stdout]    |
[INFO] [stdout]    = note: `#[warn(dead_code)]` on by default
[INFO] [stdout] 
[INFO] [stdout] 
[INFO] [stdout] warning: multiple associated items are never used
[INFO] [stdout]    --> src/main.rs:31:8
[INFO] [stdout]     |
[INFO] [stdout] 30  | impl Zone {
[INFO] [stdout]     | --------- associated items in this implementation
[INFO] [stdout] 31  |     fn new(x: i32, y: i32, restriction: Restriction) -> Self {
[INFO] [stdout]     |        ^^^
[INFO] [stdout] ...
[INFO] [stdout] 35  |     fn get_length_from_origin(&self) -> f32 {
[INFO] [stdout]     |        ^^^^^^^^^^^^^^^^^^^^^^
[INFO] [stdout] ...
[INFO] [stdout] 40  |     fn bungee_slingshow_o2(&self, zones: &Vec<Zone>) -> Zone {
[INFO] [stdout]     |        ^^^^^^^^^^^^^^^^^^^
[INFO] [stdout] ...
[INFO] [stdout] 56  |     fn get_euclidian_distance(&self, other: &Zone) -> f32 {
[INFO] [stdout]     |        ^^^^^^^^^^^^^^^^^^^^^^
[INFO] [stdout] ...
[INFO] [stdout] 60  |     fn climbing_wall_o1(&self, zones: &Vec<Zone>) -> Vec<Zone> {
[INFO] [stdout]     |        ^^^^^^^^^^^^^^^^
[INFO] [stdout] ...
[INFO] [stdout] 72  |     fn is_on_vertical_plane(&self, other: &Zone) -> bool {
[INFO] [stdout]     |        ^^^^^^^^^^^^^^^^^^^^
[INFO] [stdout] ...
[INFO] [stdout] 76  |     fn is_on_horizontal_plane(&self, other: &Zone) -> bool {
[INFO] [stdout]     |        ^^^^^^^^^^^^^^^^^^^^^^
[INFO] [stdout] ...
[INFO] [stdout] 80  |     fn salmon_ladder_slide_o3(&self, zones: &Vec<Zone>) -> Vec<Zone> {
[INFO] [stdout]     |        ^^^^^^^^^^^^^^^^^^^^^^
[INFO] [stdout] ...
[INFO] [stdout] 102 |     fn get_zones_after_two_zone_on_same_line(&self, zones: &Vec<Zone>, result: &mut Vec<Zone>) {
[INFO] [stdout]     |        ^^^^^^^^^^^^^^^^^^^^^^^^^^^^^^^^^^^^^
[INFO] [stdout] ...
[INFO] [stdout] 125 |     fn get_slope_value(&self, other: &Zone) -> f32 {
[INFO] [stdout]     |        ^^^^^^^^^^^^^^^
[INFO] [stdout] 
[INFO] [stdout] 
[INFO] [stdout] warning: function `get_hash_key_from_f32` is never used
[INFO] [stdout]    --> src/main.rs:131:4
[INFO] [stdout]     |
[INFO] [stdout] 131 | fn get_hash_key_from_f32(float_val: f32) -> u32 {
[INFO] [stdout]     |    ^^^^^^^^^^^^^^^^^^^^^
[INFO] [stdout] 
[INFO] [stdout] 
[INFO] [stdout] warning: function `is_line_vertical` is never used
[INFO] [stdout]    --> src/main.rs:135:4
[INFO] [stdout]     |
[INFO] [stdout] 135 | fn is_line_vertical(zones: &Vec<Zone>) -> bool {
[INFO] [stdout]     |    ^^^^^^^^^^^^^^^^
[INFO] [stdout] 
[INFO] [stdout] 
[INFO] [stdout] warning: function `is_line_horizontal` is never used
[INFO] [stdout]    --> src/main.rs:145:4
[INFO] [stdout]     |
[INFO] [stdout] 145 | fn is_line_horizontal(zones: &Vec<Zone>) -> bool {
[INFO] [stdout]     |    ^^^^^^^^^^^^^^^^^^
[INFO] [stdout] 
[INFO] [stdout] 
[INFO] [stdout] warning: function `construct_zones_for_test` is never used
[INFO] [stdout]    --> src/main.rs:160:4
[INFO] [stdout]     |
[INFO] [stdout] 160 | fn construct_zones_for_test(size: usize, lines: &[&str]) -> Vec<Zone> {
[INFO] [stdout]     |    ^^^^^^^^^^^^^^^^^^^^^^^^
[INFO] [stdout] 
[INFO] [stdout] 
[INFO] [stdout] warning: 10 warnings emitted
[INFO] [stdout] 
[INFO] [stdout] 
[INFO] [stderr]     Finished dev [unoptimized + debuginfo] target(s) in 0.21s
[INFO] running `Command { std: "docker" "inspect" "b72d6f813ce7afb07978b39e973347670dbbb07445ce05e4ce4bc8901610bf1c", kill_on_drop: false }`
[INFO] running `Command { std: "docker" "rm" "-f" "b72d6f813ce7afb07978b39e973347670dbbb07445ce05e4ce4bc8901610bf1c", kill_on_drop: false }`
[INFO] [stdout] b72d6f813ce7afb07978b39e973347670dbbb07445ce05e4ce4bc8901610bf1c
[INFO] running `Command { std: "docker" "create" "-v" "/var/lib/crater-agent-workspace/builds/worker-6-tc1/target:/opt/rustwide/target:rw,Z" "-v" "/var/lib/crater-agent-workspace/builds/worker-6-tc1/source:/opt/rustwide/workdir:ro,Z" "-v" "/var/lib/crater-agent-workspace/cargo-home:/opt/rustwide/cargo-home:ro,Z" "-v" "/var/lib/crater-agent-workspace/rustup-home:/opt/rustwide/rustup-home:ro,Z" "-e" "SOURCE_DIR=/opt/rustwide/workdir" "-e" "CARGO_TARGET_DIR=/opt/rustwide/target" "-e" "CARGO_INCREMENTAL=0" "-e" "RUST_BACKTRACE=full" "-e" "RUSTFLAGS=--cap-lints=warn" "-e" "RUSTDOCFLAGS=--cap-lints=warn" "-e" "CARGO_HOME=/opt/rustwide/cargo-home" "-e" "RUSTUP_HOME=/opt/rustwide/rustup-home" "-w" "/opt/rustwide/workdir" "-m" "1610612736" "--user" "0:0" "--network" "none" "ghcr.io/rust-lang/crates-build-env/linux@sha256:2788e3201cd34a07e3172128adcd8b3090168a8e3bcc40d7c032b9dda1df7d1c" "/opt/rustwide/cargo-home/bin/cargo" "+1.75.0" "test" "--frozen" "--no-run" "--message-format=json", kill_on_drop: false }`
[INFO] [stdout] b6b712d2f28599d28fb30ae4c8494e190b3d21deb5b4cc5f07599b6b8fe76e14
[INFO] running `Command { std: "docker" "start" "-a" "b6b712d2f28599d28fb30ae4c8494e190b3d21deb5b4cc5f07599b6b8fe76e14", kill_on_drop: false }`
[INFO] [stderr]    Compiling obstacle_course v0.1.0 (/opt/rustwide/workdir)
[INFO] [stdout] warning: unused variable: `key`
[INFO] [stdout]   --> src/main.rs:92:14
[INFO] [stdout]    |
[INFO] [stdout] 92 |         for (key, val) in candidates.iter_mut() {
[INFO] [stdout]    |              ^^^ help: if this is intentional, prefix it with an underscore: `_key`
[INFO] [stdout]    |
[INFO] [stdout]    = note: `#[warn(unused_variables)]` on by default
[INFO] [stdout] 
[INFO] [stdout] 
[INFO] [stdout] warning: variable `self_index` is assigned to, but never used
[INFO] [stdout]    --> src/main.rs:114:13
[INFO] [stdout]     |
[INFO] [stdout] 114 |         let self_index: usize;
[INFO] [stdout]     |             ^^^^^^^^^^
[INFO] [stdout]     |
[INFO] [stdout]     = note: consider using `_self_index` instead
[INFO] [stdout] 
[INFO] [stdout] 
[INFO] [stdout] warning: value assigned to `self_index` is never read
[INFO] [stdout]    --> src/main.rs:117:17
[INFO] [stdout]     |
[INFO] [stdout] 117 |                 self_index = i;
[INFO] [stdout]     |                 ^^^^^^^^^^
[INFO] [stdout]     |
[INFO] [stdout]     = help: maybe it is overwritten before being read?
[INFO] [stdout]     = note: `#[warn(unused_assignments)]` on by default
[INFO] [stdout] 
[INFO] [stdout] 
[INFO] [stdout] warning: unused variable: `result`
[INFO] [stdout]    --> src/main.rs:102:72
[INFO] [stdout]     |
[INFO] [stdout] 102 |     fn get_zones_after_two_zone_on_same_line(&self, zones: &Vec<Zone>, result: &mut Vec<Zone>) {
[INFO] [stdout]     |                                                                        ^^^^^^ help: if this is intentional, prefix it with an underscore: `_result`
[INFO] [stdout] 
[INFO] [stdout] 
[INFO] [stdout] warning: method `get_length_from_origin` is never used
[INFO] [stdout]   --> src/main.rs:35:8
[INFO] [stdout]    |
[INFO] [stdout] 30 | impl Zone {
[INFO] [stdout]    | --------- method in this implementation
[INFO] [stdout] ...
[INFO] [stdout] 35 |     fn get_length_from_origin(&self) -> f32 {
[INFO] [stdout]    |        ^^^^^^^^^^^^^^^^^^^^^^
[INFO] [stdout]    |
[INFO] [stdout]    = note: `#[warn(dead_code)]` on by default
[INFO] [stdout] 
[INFO] [stdout] 
[INFO] [stdout] warning: function `is_line_horizontal` is never used
[INFO] [stdout]    --> src/main.rs:145:4
[INFO] [stdout]     |
[INFO] [stdout] 145 | fn is_line_horizontal(zones: &Vec<Zone>) -> bool {
[INFO] [stdout]     |    ^^^^^^^^^^^^^^^^^^
[INFO] [stdout] 
[INFO] [stdout] 
[INFO] [stdout] warning: 6 warnings emitted
[INFO] [stdout] 
[INFO] [stdout] 
[INFO] [stderr]     Finished test [unoptimized + debuginfo] target(s) in 0.39s
[INFO] running `Command { std: "docker" "inspect" "b6b712d2f28599d28fb30ae4c8494e190b3d21deb5b4cc5f07599b6b8fe76e14", kill_on_drop: false }`
[INFO] running `Command { std: "docker" "rm" "-f" "b6b712d2f28599d28fb30ae4c8494e190b3d21deb5b4cc5f07599b6b8fe76e14", kill_on_drop: false }`
[INFO] [stdout] b6b712d2f28599d28fb30ae4c8494e190b3d21deb5b4cc5f07599b6b8fe76e14
[INFO] running `Command { std: "docker" "create" "-v" "/var/lib/crater-agent-workspace/builds/worker-6-tc1/target:/opt/rustwide/target:rw,Z" "-v" "/var/lib/crater-agent-workspace/builds/worker-6-tc1/source:/opt/rustwide/workdir:ro,Z" "-v" "/var/lib/crater-agent-workspace/cargo-home:/opt/rustwide/cargo-home:ro,Z" "-v" "/var/lib/crater-agent-workspace/rustup-home:/opt/rustwide/rustup-home:ro,Z" "-e" "SOURCE_DIR=/opt/rustwide/workdir" "-e" "CARGO_TARGET_DIR=/opt/rustwide/target" "-e" "CARGO_INCREMENTAL=0" "-e" "RUST_BACKTRACE=full" "-e" "RUSTFLAGS=--cap-lints=warn" "-e" "RUSTDOCFLAGS=--cap-lints=warn" "-e" "CARGO_HOME=/opt/rustwide/cargo-home" "-e" "RUSTUP_HOME=/opt/rustwide/rustup-home" "-w" "/opt/rustwide/workdir" "-m" "1610612736" "--user" "0:0" "--network" "none" "ghcr.io/rust-lang/crates-build-env/linux@sha256:2788e3201cd34a07e3172128adcd8b3090168a8e3bcc40d7c032b9dda1df7d1c" "/opt/rustwide/cargo-home/bin/cargo" "+1.75.0" "test" "--frozen", kill_on_drop: false }`
[INFO] [stdout] 607bb0dae359d6530ce2561b20eb72952ee8abf1802dbf30bdd5e1260beebed4
[INFO] running `Command { std: "docker" "start" "-a" "607bb0dae359d6530ce2561b20eb72952ee8abf1802dbf30bdd5e1260beebed4", kill_on_drop: false }`
[INFO] [stderr] warning: unused variable: `key`
[INFO] [stderr]   --> src/main.rs:92:14
[INFO] [stderr]    |
[INFO] [stderr] 92 |         for (key, val) in candidates.iter_mut() {
[INFO] [stderr]    |              ^^^ help: if this is intentional, prefix it with an underscore: `_key`
[INFO] [stderr]    |
[INFO] [stderr]    = note: `#[warn(unused_variables)]` on by default
[INFO] [stderr] 
[INFO] [stderr] warning: variable `self_index` is assigned to, but never used
[INFO] [stderr]    --> src/main.rs:114:13
[INFO] [stderr]     |
[INFO] [stderr] 114 |         let self_index: usize;
[INFO] [stderr]     |             ^^^^^^^^^^
[INFO] [stderr]     |
[INFO] [stderr]     = note: consider using `_self_index` instead
[INFO] [stderr] 
[INFO] [stderr] warning: value assigned to `self_index` is never read
[INFO] [stderr]    --> src/main.rs:117:17
[INFO] [stderr]     |
[INFO] [stderr] 117 |                 self_index = i;
[INFO] [stderr]     |                 ^^^^^^^^^^
[INFO] [stderr]     |
[INFO] [stderr]     = help: maybe it is overwritten before being read?
[INFO] [stderr]     = note: `#[warn(unused_assignments)]` on by default
[INFO] [stderr] 
[INFO] [stderr] warning: unused variable: `result`
[INFO] [stderr]    --> src/main.rs:102:72
[INFO] [stderr]     |
[INFO] [stderr] 102 |     fn get_zones_after_two_zone_on_same_line(&self, zones: &Vec<Zone>, result: &mut Vec<Zone>) {
[INFO] [stderr]     |                                                                        ^^^^^^ help: if this is intentional, prefix it with an underscore: `_result`
[INFO] [stderr] 
[INFO] [stderr] warning: method `get_length_from_origin` is never used
[INFO] [stderr]   --> src/main.rs:35:8
[INFO] [stderr]    |
[INFO] [stderr] 30 | impl Zone {
[INFO] [stderr]    | --------- method in this implementation
[INFO] [stderr] ...
[INFO] [stderr] 35 |     fn get_length_from_origin(&self) -> f32 {
[INFO] [stderr]    |        ^^^^^^^^^^^^^^^^^^^^^^
[INFO] [stderr]    |
[INFO] [stderr]    = note: `#[warn(dead_code)]` on by default
[INFO] [stderr] 
[INFO] [stderr] warning: function `is_line_horizontal` is never used
[INFO] [stderr]    --> src/main.rs:145:4
[INFO] [stderr]     |
[INFO] [stderr] 145 | fn is_line_horizontal(zones: &Vec<Zone>) -> bool {
[INFO] [stderr]     |    ^^^^^^^^^^^^^^^^^^
[INFO] [stderr] 
[INFO] [stderr] warning: `obstacle_course` (bin "obstacle_course" test) generated 6 warnings (run `cargo fix --bin "obstacle_course" --tests` to apply 2 suggestions)
[INFO] [stderr]     Finished test [unoptimized + debuginfo] target(s) in 0.00s
[INFO] [stderr]      Running unittests src/main.rs (/opt/rustwide/target/debug/deps/obstacle_course-511b1a9a7f0a09be)
[INFO] [stdout] 
[INFO] [stdout] running 8 tests
[INFO] [stdout] test tests::construct_zones ... ok
[INFO] [stdout] test tests::euclidian_dist_vertical ... ok
[INFO] [stdout] test tests::euclidian_dist_horizontal ... ok
[INFO] [stdout] test tests::euclidian_dist_diagonal ... ok
[INFO] [stdout] test tests::furthest_away_4_zones ... ok
[INFO] [stdout] test tests::hash_key_test ... ok
[INFO] [stdout] test tests::o1_climbing_wall ... ok
[INFO] [stdout] test tests::o3_salmon_ladder_slide_slope_eq_2 ... FAILED
[INFO] [stdout] 
[INFO] [stdout] failures:
[INFO] [stdout] 
[INFO] [stdout] ---- tests::o3_salmon_ladder_slide_slope_eq_2 stdout ----
[INFO] [stdout] thread 'tests::o3_salmon_ladder_slide_slope_eq_2' panicked at src/main.rs:293:9:
[INFO] [stdout] assertion `left == right` failed
[INFO] [stdout]   left: []
[INFO] [stdout]  right: [Zone { x: 5, y: 8, restriction: Restriction { type_1: 0, type_2: 0, type_3: 0, type_4: 0 }, is_end_zone: false }]
[INFO] [stdout] stack backtrace:
[INFO] [stdout]    0:     0x56521cd5909c - std::backtrace_rs::backtrace::libunwind::trace::ha637c64ce894333a
[INFO] [stdout]                                at /rustc/82e1608dfa6e0b5569232559e3d385fea5a93112/library/std/src/../../backtrace/src/backtrace/libunwind.rs:104:5
[INFO] [stdout]    1:     0x56521cd5909c - std::backtrace_rs::backtrace::trace_unsynchronized::h47f62dea28e0c88d
[INFO] [stdout]                                at /rustc/82e1608dfa6e0b5569232559e3d385fea5a93112/library/std/src/../../backtrace/src/backtrace/mod.rs:66:5
[INFO] [stdout]    2:     0x56521cd5909c - std::sys_common::backtrace::_print_fmt::h9eef0abe20ede486
[INFO] [stdout]                                at /rustc/82e1608dfa6e0b5569232559e3d385fea5a93112/library/std/src/sys_common/backtrace.rs:67:5
[INFO] [stdout]    3:     0x56521cd5909c - <std::sys_common::backtrace::_print::DisplayBacktrace as core::fmt::Display>::fmt::hed7f999df88cc644
[INFO] [stdout]                                at /rustc/82e1608dfa6e0b5569232559e3d385fea5a93112/library/std/src/sys_common/backtrace.rs:44:22
[INFO] [stdout]    4:     0x56521cd83930 - core::fmt::rt::Argument::fmt::h1539a9308b8d058d
[INFO] [stdout]                                at /rustc/82e1608dfa6e0b5569232559e3d385fea5a93112/library/core/src/fmt/rt.rs:142:9
[INFO] [stdout]    5:     0x56521cd83930 - core::fmt::write::h3a39390d8560d9c9
[INFO] [stdout]                                at /rustc/82e1608dfa6e0b5569232559e3d385fea5a93112/library/core/src/fmt/mod.rs:1120:17
[INFO] [stdout]    6:     0x56521cd56a4f - std::io::Write::write_fmt::h040b369f3a0f9cbc
[INFO] [stdout]                                at /rustc/82e1608dfa6e0b5569232559e3d385fea5a93112/library/std/src/io/mod.rs:1762:15
[INFO] [stdout]    7:     0x56521cd58e84 - std::sys_common::backtrace::_print::h894006fb5c6f3d45
[INFO] [stdout]                                at /rustc/82e1608dfa6e0b5569232559e3d385fea5a93112/library/std/src/sys_common/backtrace.rs:47:5
[INFO] [stdout]    8:     0x56521cd58e84 - std::sys_common::backtrace::print::h23a2d212c6fff936
[INFO] [stdout]                                at /rustc/82e1608dfa6e0b5569232559e3d385fea5a93112/library/std/src/sys_common/backtrace.rs:34:9
[INFO] [stdout]    9:     0x56521cd5ab47 - std::panicking::default_hook::{{closure}}::h8a1d2ee00185001a
[INFO] [stdout]   10:     0x56521cd5a833 - std::panicking::default_hook::h6038f2eba384e475
[INFO] [stdout]                                at /rustc/82e1608dfa6e0b5569232559e3d385fea5a93112/library/std/src/panicking.rs:289:9
[INFO] [stdout]   11:     0x56521cd2b247 - <alloc::boxed::Box<F,A> as core::ops::function::Fn<Args>>::call::h0ad024c9bdc6d768
[INFO] [stdout]                                at /rustc/82e1608dfa6e0b5569232559e3d385fea5a93112/library/alloc/src/boxed.rs:2021:9
[INFO] [stdout]   12:     0x56521cd2b247 - test::test_main::{{closure}}::h7500b54257359db6
[INFO] [stdout]                                at /rustc/82e1608dfa6e0b5569232559e3d385fea5a93112/library/test/src/lib.rs:138:21
[INFO] [stdout]   13:     0x56521cd5b158 - <alloc::boxed::Box<F,A> as core::ops::function::Fn<Args>>::call::h1f8f335eaa9cfaee
[INFO] [stdout]                                at /rustc/82e1608dfa6e0b5569232559e3d385fea5a93112/library/alloc/src/boxed.rs:2021:9
[INFO] [stdout]   14:     0x56521cd5b158 - std::panicking::rust_panic_with_hook::h2b5517d590cab22e
[INFO] [stdout]                                at /rustc/82e1608dfa6e0b5569232559e3d385fea5a93112/library/std/src/panicking.rs:783:13
[INFO] [stdout]   15:     0x56521cd5aeae - std::panicking::begin_panic_handler::{{closure}}::h233112c06e0ef43e
[INFO] [stdout]                                at /rustc/82e1608dfa6e0b5569232559e3d385fea5a93112/library/std/src/panicking.rs:657:13
[INFO] [stdout]   16:     0x56521cd59566 - std::sys_common::backtrace::__rust_end_short_backtrace::h6e893f24d7ebbff8
[INFO] [stdout]                                at /rustc/82e1608dfa6e0b5569232559e3d385fea5a93112/library/std/src/sys_common/backtrace.rs:170:18
[INFO] [stdout]   17:     0x56521cd5ac12 - rust_begin_unwind
[INFO] [stdout]                                at /rustc/82e1608dfa6e0b5569232559e3d385fea5a93112/library/std/src/panicking.rs:645:5
[INFO] [stdout]   18:     0x56521ccdbcf5 - core::panicking::panic_fmt::hbf0e066aabfa482c
[INFO] [stdout]                                at /rustc/82e1608dfa6e0b5569232559e3d385fea5a93112/library/core/src/panicking.rs:72:14
[INFO] [stdout]   19:     0x56521ccdc10b - core::panicking::assert_failed_inner::h0bba8b7c26ee4492
[INFO] [stdout]   20:     0x56521cce6cee - core::panicking::assert_failed::h9fe7426c05ca45fa
[INFO] [stdout]                                at /rustc/82e1608dfa6e0b5569232559e3d385fea5a93112/library/core/src/panicking.rs:279:5
[INFO] [stdout]   21:     0x56521ccebe68 - obstacle_course::tests::o3_salmon_ladder_slide_slope_eq_2::h50e23221ef9f1fa0
[INFO] [stdout]                                at /opt/rustwide/workdir/src/main.rs:293:9
[INFO] [stdout]   22:     0x56521ccebab7 - obstacle_course::tests::o3_salmon_ladder_slide_slope_eq_2::{{closure}}::h1d72035719c95933
[INFO] [stdout]                                at /opt/rustwide/workdir/src/main.rs:281:43
[INFO] [stdout]   23:     0x56521ccf5336 - core::ops::function::FnOnce::call_once::hd347754cdcdfcef8
[INFO] [stdout]                                at /rustc/82e1608dfa6e0b5569232559e3d385fea5a93112/library/core/src/ops/function.rs:250:5
[INFO] [stdout]   24:     0x56521cd3089f - core::ops::function::FnOnce::call_once::h2b5d431d5046312d
[INFO] [stdout]                                at /rustc/82e1608dfa6e0b5569232559e3d385fea5a93112/library/core/src/ops/function.rs:250:5
[INFO] [stdout]   25:     0x56521cd3089f - test::__rust_begin_short_backtrace::h7714669af176e207
[INFO] [stdout]                                at /rustc/82e1608dfa6e0b5569232559e3d385fea5a93112/library/test/src/lib.rs:628:18
[INFO] [stdout]   26:     0x56521cd2f8b5 - test::run_test_in_process::{{closure}}::h85218797dcbcec12
[INFO] [stdout]                                at /rustc/82e1608dfa6e0b5569232559e3d385fea5a93112/library/test/src/lib.rs:651:60
[INFO] [stdout]   27:     0x56521cd2f8b5 - <core::panic::unwind_safe::AssertUnwindSafe<F> as core::ops::function::FnOnce<()>>::call_once::h76c106ea31c14d7b
[INFO] [stdout]                                at /rustc/82e1608dfa6e0b5569232559e3d385fea5a93112/library/core/src/panic/unwind_safe.rs:272:9
[INFO] [stdout]   28:     0x56521cd2f8b5 - std::panicking::try::do_call::h3bd5d0f6620ee946
[INFO] [stdout]                                at /rustc/82e1608dfa6e0b5569232559e3d385fea5a93112/library/std/src/panicking.rs:552:40
[INFO] [stdout]   29:     0x56521cd2f8b5 - std::panicking::try::h232e535e4744fe31
[INFO] [stdout]                                at /rustc/82e1608dfa6e0b5569232559e3d385fea5a93112/library/std/src/panicking.rs:516:19
[INFO] [stdout]   30:     0x56521cd2f8b5 - std::panic::catch_unwind::h3ce3bd6ca8dbac68
[INFO] [stdout]                                at /rustc/82e1608dfa6e0b5569232559e3d385fea5a93112/library/std/src/panic.rs:142:14
[INFO] [stdout]   31:     0x56521cd2f8b5 - test::run_test_in_process::hc97b257c9621286a
[INFO] [stdout]                                at /rustc/82e1608dfa6e0b5569232559e3d385fea5a93112/library/test/src/lib.rs:651:27
[INFO] [stdout]   32:     0x56521cd2f8b5 - test::run_test::{{closure}}::h2aa798823a438d38
[INFO] [stdout]                                at /rustc/82e1608dfa6e0b5569232559e3d385fea5a93112/library/test/src/lib.rs:574:43
[INFO] [stdout]   33:     0x56521ccf7b76 - test::run_test::{{closure}}::h87d231c78fb59832
[INFO] [stdout]                                at /rustc/82e1608dfa6e0b5569232559e3d385fea5a93112/library/test/src/lib.rs:602:41
[INFO] [stdout]   34:     0x56521ccf7b76 - std::sys_common::backtrace::__rust_begin_short_backtrace::he6df152596625789
[INFO] [stdout]                                at /rustc/82e1608dfa6e0b5569232559e3d385fea5a93112/library/std/src/sys_common/backtrace.rs:154:18
[INFO] [stdout]   35:     0x56521ccfcc27 - std::thread::Builder::spawn_unchecked_::{{closure}}::{{closure}}::ha94be15d1e0acf36
[INFO] [stdout]                                at /rustc/82e1608dfa6e0b5569232559e3d385fea5a93112/library/std/src/thread/mod.rs:529:17
[INFO] [stdout]   36:     0x56521ccfcc27 - <core::panic::unwind_safe::AssertUnwindSafe<F> as core::ops::function::FnOnce<()>>::call_once::h9dc6bd6372f16606
[INFO] [stdout]                                at /rustc/82e1608dfa6e0b5569232559e3d385fea5a93112/library/core/src/panic/unwind_safe.rs:272:9
[INFO] [stdout]   37:     0x56521ccfcc27 - std::panicking::try::do_call::h9057517f80303cd4
[INFO] [stdout]                                at /rustc/82e1608dfa6e0b5569232559e3d385fea5a93112/library/std/src/panicking.rs:552:40
[INFO] [stdout]   38:     0x56521ccfcc27 - std::panicking::try::he3a30b11ee45340c
[INFO] [stdout]                                at /rustc/82e1608dfa6e0b5569232559e3d385fea5a93112/library/std/src/panicking.rs:516:19
[INFO] [stdout]   39:     0x56521ccfcc27 - std::panic::catch_unwind::h410458cfd3528b8b
[INFO] [stdout]                                at /rustc/82e1608dfa6e0b5569232559e3d385fea5a93112/library/std/src/panic.rs:142:14
[INFO] [stdout]   40:     0x56521ccfcc27 - std::thread::Builder::spawn_unchecked_::{{closure}}::h72ac3bdb567b737b
[INFO] [stdout]                                at /rustc/82e1608dfa6e0b5569232559e3d385fea5a93112/library/std/src/thread/mod.rs:528:30
[INFO] [stdout]   41:     0x56521ccfcc27 - core::ops::function::FnOnce::call_once{{vtable.shim}}::h38f34da3654a8344
[INFO] [stdout]                                at /rustc/82e1608dfa6e0b5569232559e3d385fea5a93112/library/core/src/ops/function.rs:250:5
[INFO] [stdout]   42:     0x56521cd5fbe5 - <alloc::boxed::Box<F,A> as core::ops::function::FnOnce<Args>>::call_once::hc7eafaff61e32df9
[INFO] [stdout]                                at /rustc/82e1608dfa6e0b5569232559e3d385fea5a93112/library/alloc/src/boxed.rs:2007:9
[INFO] [stdout]   43:     0x56521cd5fbe5 - <alloc::boxed::Box<F,A> as core::ops::function::FnOnce<Args>>::call_once::h6ba4a5de48dd2304
[INFO] [stdout]                                at /rustc/82e1608dfa6e0b5569232559e3d385fea5a93112/library/alloc/src/boxed.rs:2007:9
[INFO] [stdout]   44:     0x56521cd5fbe5 - std::sys::unix::thread::Thread::new::thread_start::he469335aef763e45
[INFO] [stdout]                                at /rustc/82e1608dfa6e0b5569232559e3d385fea5a93112/library/std/src/sys/unix/thread.rs:108:17
[INFO] [stdout]   45:     0x7f7eb151aac3 - <unknown>
[INFO] [stdout]   46:     0x7f7eb15abbf4 - __clone
[INFO] [stdout]   47:                0x0 - <unknown>
[INFO] [stdout] 
[INFO] [stdout] 
[INFO] [stdout] failures:
[INFO] [stdout]     tests::o3_salmon_ladder_slide_slope_eq_2
[INFO] [stdout] 
[INFO] [stdout] test result: FAILED. 7 passed; 1 failed; 0 ignored; 0 measured; 0 filtered out; finished in 0.01s
[INFO] [stdout] 
[INFO] [stderr] error: test failed, to rerun pass `--bin obstacle_course`
[INFO] running `Command { std: "docker" "inspect" "607bb0dae359d6530ce2561b20eb72952ee8abf1802dbf30bdd5e1260beebed4", kill_on_drop: false }`
[INFO] running `Command { std: "docker" "rm" "-f" "607bb0dae359d6530ce2561b20eb72952ee8abf1802dbf30bdd5e1260beebed4", kill_on_drop: false }`
[INFO] [stdout] 607bb0dae359d6530ce2561b20eb72952ee8abf1802dbf30bdd5e1260beebed4
[INFO] testing patricklopdrup/obstacle_course against beta-2023-12-22 for beta-1.76-1
[INFO] running `Command { std: "git" "clone" "/workspace/cache/git-repos/https%3A%2F%2Fgithub.com%2Fpatricklopdrup%2Fobstacle_course" "/workspace/builds/worker-6-tc2/source", kill_on_drop: false }`
[INFO] [stderr] Cloning into '/workspace/builds/worker-6-tc2/source'...
[INFO] [stderr] done.
[INFO] validating manifest of git repo https://github.com/patricklopdrup/obstacle_course on toolchain beta-2023-12-22
[INFO] running `Command { std: CARGO_HOME="/workspace/cargo-home" RUSTUP_HOME="/workspace/rustup-home" "/workspace/cargo-home/bin/cargo" "+beta-2023-12-22" "metadata" "--manifest-path" "Cargo.toml" "--no-deps", kill_on_drop: false }`
[INFO] started tweaking git repo https://github.com/patricklopdrup/obstacle_course
[INFO] finished tweaking git repo https://github.com/patricklopdrup/obstacle_course
[INFO] tweaked toml for git repo https://github.com/patricklopdrup/obstacle_course written to /workspace/builds/worker-6-tc2/source/Cargo.toml
[INFO] crate git repo https://github.com/patricklopdrup/obstacle_course already has a lockfile, it will not be regenerated
[INFO] running `Command { std: CARGO_HOME="/workspace/cargo-home" RUSTUP_HOME="/workspace/rustup-home" "/workspace/cargo-home/bin/cargo" "+beta-2023-12-22" "fetch" "--manifest-path" "Cargo.toml", kill_on_drop: false }`
[INFO] running `Command { std: "docker" "create" "-v" "/var/lib/crater-agent-workspace/builds/worker-6-tc2/target:/opt/rustwide/target:rw,Z" "-v" "/var/lib/crater-agent-workspace/builds/worker-6-tc2/source:/opt/rustwide/workdir:ro,Z" "-v" "/var/lib/crater-agent-workspace/cargo-home:/opt/rustwide/cargo-home:ro,Z" "-v" "/var/lib/crater-agent-workspace/rustup-home:/opt/rustwide/rustup-home:ro,Z" "-e" "SOURCE_DIR=/opt/rustwide/workdir" "-e" "CARGO_TARGET_DIR=/opt/rustwide/target" "-e" "CARGO_HOME=/opt/rustwide/cargo-home" "-e" "RUSTUP_HOME=/opt/rustwide/rustup-home" "-w" "/opt/rustwide/workdir" "-m" "1610612736" "--user" "0:0" "--network" "none" "ghcr.io/rust-lang/crates-build-env/linux@sha256:2788e3201cd34a07e3172128adcd8b3090168a8e3bcc40d7c032b9dda1df7d1c" "/opt/rustwide/cargo-home/bin/cargo" "+beta-2023-12-22" "metadata" "--no-deps" "--format-version=1", kill_on_drop: false }`
[INFO] [stdout] 8f0fa76366d2c3d6478fab268e1824aa5c41a0229b8c972f111ee8c51a177d18
[INFO] running `Command { std: "docker" "start" "-a" "8f0fa76366d2c3d6478fab268e1824aa5c41a0229b8c972f111ee8c51a177d18", kill_on_drop: false }`
[INFO] running `Command { std: "docker" "inspect" "8f0fa76366d2c3d6478fab268e1824aa5c41a0229b8c972f111ee8c51a177d18", kill_on_drop: false }`
[INFO] running `Command { std: "docker" "rm" "-f" "8f0fa76366d2c3d6478fab268e1824aa5c41a0229b8c972f111ee8c51a177d18", kill_on_drop: false }`
[INFO] [stdout] 8f0fa76366d2c3d6478fab268e1824aa5c41a0229b8c972f111ee8c51a177d18
[INFO] running `Command { std: "docker" "create" "-v" "/var/lib/crater-agent-workspace/builds/worker-6-tc2/target:/opt/rustwide/target:rw,Z" "-v" "/var/lib/crater-agent-workspace/builds/worker-6-tc2/source:/opt/rustwide/workdir:ro,Z" "-v" "/var/lib/crater-agent-workspace/cargo-home:/opt/rustwide/cargo-home:ro,Z" "-v" "/var/lib/crater-agent-workspace/rustup-home:/opt/rustwide/rustup-home:ro,Z" "-e" "SOURCE_DIR=/opt/rustwide/workdir" "-e" "CARGO_TARGET_DIR=/opt/rustwide/target" "-e" "CARGO_INCREMENTAL=0" "-e" "RUST_BACKTRACE=full" "-e" "RUSTFLAGS=--cap-lints=warn" "-e" "RUSTDOCFLAGS=--cap-lints=warn" "-e" "CARGO_HOME=/opt/rustwide/cargo-home" "-e" "RUSTUP_HOME=/opt/rustwide/rustup-home" "-w" "/opt/rustwide/workdir" "-m" "1610612736" "--user" "0:0" "--network" "none" "ghcr.io/rust-lang/crates-build-env/linux@sha256:2788e3201cd34a07e3172128adcd8b3090168a8e3bcc40d7c032b9dda1df7d1c" "/opt/rustwide/cargo-home/bin/cargo" "+beta-2023-12-22" "build" "--frozen" "--message-format=json", kill_on_drop: false }`
[INFO] [stdout] 80c879fd62ae08fdabb1dd7132e54a3f66f234e30a3f461240d5f84be009985e
[INFO] running `Command { std: "docker" "start" "-a" "80c879fd62ae08fdabb1dd7132e54a3f66f234e30a3f461240d5f84be009985e", kill_on_drop: false }`
[INFO] [stderr]    Compiling obstacle_course v0.1.0 (/opt/rustwide/workdir)
[INFO] [stdout] warning: unused variable: `key`
[INFO] [stdout]   --> src/main.rs:92:14
[INFO] [stdout]    |
[INFO] [stdout] 92 |         for (key, val) in candidates.iter_mut() {
[INFO] [stdout]    |              ^^^ help: if this is intentional, prefix it with an underscore: `_key`
[INFO] [stdout]    |
[INFO] [stdout]    = note: `#[warn(unused_variables)]` on by default
[INFO] [stdout] 
[INFO] [stdout] 
[INFO] [stdout] warning: variable `self_index` is assigned to, but never used
[INFO] [stdout]    --> src/main.rs:114:13
[INFO] [stdout]     |
[INFO] [stdout] 114 |         let self_index: usize;
[INFO] [stdout]     |             ^^^^^^^^^^
[INFO] [stdout]     |
[INFO] [stdout]     = note: consider using `_self_index` instead
[INFO] [stdout] 
[INFO] [stdout] 
[INFO] [stdout] warning: value assigned to `self_index` is never read
[INFO] [stdout]    --> src/main.rs:117:17
[INFO] [stdout]     |
[INFO] [stdout] 117 |                 self_index = i;
[INFO] [stdout]     |                 ^^^^^^^^^^
[INFO] [stdout]     |
[INFO] [stdout]     = help: maybe it is overwritten before being read?
[INFO] [stdout]     = note: `#[warn(unused_assignments)]` on by default
[INFO] [stdout] 
[INFO] [stdout] 
[INFO] [stdout] warning: unused variable: `result`
[INFO] [stdout]    --> src/main.rs:102:72
[INFO] [stdout]     |
[INFO] [stdout] 102 |     fn get_zones_after_two_zone_on_same_line(&self, zones: &Vec<Zone>, result: &mut Vec<Zone>) {
[INFO] [stdout]     |                                                                        ^^^^^^ help: if this is intentional, prefix it with an underscore: `_result`
[INFO] [stdout] 
[INFO] [stdout] 
[INFO] [stdout] warning: associated function `new` is never used
[INFO] [stdout]   --> src/main.rs:17:8
[INFO] [stdout]    |
[INFO] [stdout] 16 | impl Restriction {
[INFO] [stdout]    | ---------------- associated function in this implementation
[INFO] [stdout] 17 |     fn new(type_1: i32, type_2: i32, type_3: i32, type_4: i32) -> Self {
[INFO] [stdout]    |        ^^^
[INFO] [stdout]    |
[INFO] [stdout]    = note: `#[warn(dead_code)]` on by default
[INFO] [stdout] 
[INFO] [stdout] 
[INFO] [stdout] warning: multiple associated items are never used
[INFO] [stdout]    --> src/main.rs:31:8
[INFO] [stdout]     |
[INFO] [stdout] 30  | impl Zone {
[INFO] [stdout]     | --------- associated items in this implementation
[INFO] [stdout] 31  |     fn new(x: i32, y: i32, restriction: Restriction) -> Self {
[INFO] [stdout]     |        ^^^
[INFO] [stdout] ...
[INFO] [stdout] 35  |     fn get_length_from_origin(&self) -> f32 {
[INFO] [stdout]     |        ^^^^^^^^^^^^^^^^^^^^^^
[INFO] [stdout] ...
[INFO] [stdout] 40  |     fn bungee_slingshow_o2(&self, zones: &Vec<Zone>) -> Zone {
[INFO] [stdout]     |        ^^^^^^^^^^^^^^^^^^^
[INFO] [stdout] ...
[INFO] [stdout] 56  |     fn get_euclidian_distance(&self, other: &Zone) -> f32 {
[INFO] [stdout]     |        ^^^^^^^^^^^^^^^^^^^^^^
[INFO] [stdout] ...
[INFO] [stdout] 60  |     fn climbing_wall_o1(&self, zones: &Vec<Zone>) -> Vec<Zone> {
[INFO] [stdout]     |        ^^^^^^^^^^^^^^^^
[INFO] [stdout] ...
[INFO] [stdout] 72  |     fn is_on_vertical_plane(&self, other: &Zone) -> bool {
[INFO] [stdout]     |        ^^^^^^^^^^^^^^^^^^^^
[INFO] [stdout] ...
[INFO] [stdout] 76  |     fn is_on_horizontal_plane(&self, other: &Zone) -> bool {
[INFO] [stdout]     |        ^^^^^^^^^^^^^^^^^^^^^^
[INFO] [stdout] ...
[INFO] [stdout] 80  |     fn salmon_ladder_slide_o3(&self, zones: &Vec<Zone>) -> Vec<Zone> {
[INFO] [stdout]     |        ^^^^^^^^^^^^^^^^^^^^^^
[INFO] [stdout] ...
[INFO] [stdout] 102 |     fn get_zones_after_two_zone_on_same_line(&self, zones: &Vec<Zone>, result: &mut Vec<Zone>) {
[INFO] [stdout]     |        ^^^^^^^^^^^^^^^^^^^^^^^^^^^^^^^^^^^^^
[INFO] [stdout] ...
[INFO] [stdout] 125 |     fn get_slope_value(&self, other: &Zone) -> f32 {
[INFO] [stdout]     |        ^^^^^^^^^^^^^^^
[INFO] [stdout] 
[INFO] [stdout] 
[INFO] [stdout] warning: function `get_hash_key_from_f32` is never used
[INFO] [stdout]    --> src/main.rs:131:4
[INFO] [stdout]     |
[INFO] [stdout] 131 | fn get_hash_key_from_f32(float_val: f32) -> u32 {
[INFO] [stdout]     |    ^^^^^^^^^^^^^^^^^^^^^
[INFO] [stdout] 
[INFO] [stdout] 
[INFO] [stdout] warning: function `is_line_vertical` is never used
[INFO] [stdout]    --> src/main.rs:135:4
[INFO] [stdout]     |
[INFO] [stdout] 135 | fn is_line_vertical(zones: &Vec<Zone>) -> bool {
[INFO] [stdout]     |    ^^^^^^^^^^^^^^^^
[INFO] [stdout] 
[INFO] [stdout] 
[INFO] [stdout] warning: function `is_line_horizontal` is never used
[INFO] [stdout]    --> src/main.rs:145:4
[INFO] [stdout]     |
[INFO] [stdout] 145 | fn is_line_horizontal(zones: &Vec<Zone>) -> bool {
[INFO] [stdout]     |    ^^^^^^^^^^^^^^^^^^
[INFO] [stdout] 
[INFO] [stdout] 
[INFO] [stdout] warning: function `construct_zones_for_test` is never used
[INFO] [stdout]    --> src/main.rs:160:4
[INFO] [stdout]     |
[INFO] [stdout] 160 | fn construct_zones_for_test(size: usize, lines: &[&str]) -> Vec<Zone> {
[INFO] [stdout]     |    ^^^^^^^^^^^^^^^^^^^^^^^^
[INFO] [stdout] 
[INFO] [stdout] 
[INFO] [stdout] warning: 10 warnings emitted
[INFO] [stdout] 
[INFO] [stdout] 
[INFO] [stderr]     Finished dev [unoptimized + debuginfo] target(s) in 0.20s
[INFO] running `Command { std: "docker" "inspect" "80c879fd62ae08fdabb1dd7132e54a3f66f234e30a3f461240d5f84be009985e", kill_on_drop: false }`
[INFO] running `Command { std: "docker" "rm" "-f" "80c879fd62ae08fdabb1dd7132e54a3f66f234e30a3f461240d5f84be009985e", kill_on_drop: false }`
[INFO] [stdout] 80c879fd62ae08fdabb1dd7132e54a3f66f234e30a3f461240d5f84be009985e
[INFO] running `Command { std: "docker" "create" "-v" "/var/lib/crater-agent-workspace/builds/worker-6-tc2/target:/opt/rustwide/target:rw,Z" "-v" "/var/lib/crater-agent-workspace/builds/worker-6-tc2/source:/opt/rustwide/workdir:ro,Z" "-v" "/var/lib/crater-agent-workspace/cargo-home:/opt/rustwide/cargo-home:ro,Z" "-v" "/var/lib/crater-agent-workspace/rustup-home:/opt/rustwide/rustup-home:ro,Z" "-e" "SOURCE_DIR=/opt/rustwide/workdir" "-e" "CARGO_TARGET_DIR=/opt/rustwide/target" "-e" "CARGO_INCREMENTAL=0" "-e" "RUST_BACKTRACE=full" "-e" "RUSTFLAGS=--cap-lints=warn" "-e" "RUSTDOCFLAGS=--cap-lints=warn" "-e" "CARGO_HOME=/opt/rustwide/cargo-home" "-e" "RUSTUP_HOME=/opt/rustwide/rustup-home" "-w" "/opt/rustwide/workdir" "-m" "1610612736" "--user" "0:0" "--network" "none" "ghcr.io/rust-lang/crates-build-env/linux@sha256:2788e3201cd34a07e3172128adcd8b3090168a8e3bcc40d7c032b9dda1df7d1c" "/opt/rustwide/cargo-home/bin/cargo" "+beta-2023-12-22" "test" "--frozen" "--no-run" "--message-format=json", kill_on_drop: false }`
[INFO] [stdout] 921282cd7e33c4bfdc3ec1abd4d876bb9c044a1ae054ddda6ec17522f1876251
[INFO] running `Command { std: "docker" "start" "-a" "921282cd7e33c4bfdc3ec1abd4d876bb9c044a1ae054ddda6ec17522f1876251", kill_on_drop: false }`
[INFO] [stderr]    Compiling obstacle_course v0.1.0 (/opt/rustwide/workdir)
[INFO] [stdout] warning: unused variable: `key`
[INFO] [stdout]   --> src/main.rs:92:14
[INFO] [stdout]    |
[INFO] [stdout] 92 |         for (key, val) in candidates.iter_mut() {
[INFO] [stdout]    |              ^^^ help: if this is intentional, prefix it with an underscore: `_key`
[INFO] [stdout]    |
[INFO] [stdout]    = note: `#[warn(unused_variables)]` on by default
[INFO] [stdout] 
[INFO] [stdout] 
[INFO] [stdout] warning: variable `self_index` is assigned to, but never used
[INFO] [stdout]    --> src/main.rs:114:13
[INFO] [stdout]     |
[INFO] [stdout] 114 |         let self_index: usize;
[INFO] [stdout]     |             ^^^^^^^^^^
[INFO] [stdout]     |
[INFO] [stdout]     = note: consider using `_self_index` instead
[INFO] [stdout] 
[INFO] [stdout] 
[INFO] [stdout] warning: value assigned to `self_index` is never read
[INFO] [stdout]    --> src/main.rs:117:17
[INFO] [stdout]     |
[INFO] [stdout] 117 |                 self_index = i;
[INFO] [stdout]     |                 ^^^^^^^^^^
[INFO] [stdout]     |
[INFO] [stdout]     = help: maybe it is overwritten before being read?
[INFO] [stdout]     = note: `#[warn(unused_assignments)]` on by default
[INFO] [stdout] 
[INFO] [stdout] 
[INFO] [stdout] warning: unused variable: `result`
[INFO] [stdout]    --> src/main.rs:102:72
[INFO] [stdout]     |
[INFO] [stdout] 102 |     fn get_zones_after_two_zone_on_same_line(&self, zones: &Vec<Zone>, result: &mut Vec<Zone>) {
[INFO] [stdout]     |                                                                        ^^^^^^ help: if this is intentional, prefix it with an underscore: `_result`
[INFO] [stdout] 
[INFO] [stdout] 
[INFO] [stdout] warning: method `get_length_from_origin` is never used
[INFO] [stdout]   --> src/main.rs:35:8
[INFO] [stdout]    |
[INFO] [stdout] 30 | impl Zone {
[INFO] [stdout]    | --------- method in this implementation
[INFO] [stdout] ...
[INFO] [stdout] 35 |     fn get_length_from_origin(&self) -> f32 {
[INFO] [stdout]    |        ^^^^^^^^^^^^^^^^^^^^^^
[INFO] [stdout]    |
[INFO] [stdout]    = note: `#[warn(dead_code)]` on by default
[INFO] [stdout] 
[INFO] [stdout] 
[INFO] [stdout] warning: function `is_line_horizontal` is never used
[INFO] [stdout]    --> src/main.rs:145:4
[INFO] [stdout]     |
[INFO] [stdout] 145 | fn is_line_horizontal(zones: &Vec<Zone>) -> bool {
[INFO] [stdout]     |    ^^^^^^^^^^^^^^^^^^
[INFO] [stdout] 
[INFO] [stdout] 
[INFO] [stdout] warning: 6 warnings emitted
[INFO] [stdout] 
[INFO] [stdout] 
[INFO] [stderr]     Finished test [unoptimized + debuginfo] target(s) in 0.34s
[INFO] running `Command { std: "docker" "inspect" "921282cd7e33c4bfdc3ec1abd4d876bb9c044a1ae054ddda6ec17522f1876251", kill_on_drop: false }`
[INFO] running `Command { std: "docker" "rm" "-f" "921282cd7e33c4bfdc3ec1abd4d876bb9c044a1ae054ddda6ec17522f1876251", kill_on_drop: false }`
[INFO] [stdout] 921282cd7e33c4bfdc3ec1abd4d876bb9c044a1ae054ddda6ec17522f1876251
[INFO] running `Command { std: "docker" "create" "-v" "/var/lib/crater-agent-workspace/builds/worker-6-tc2/target:/opt/rustwide/target:rw,Z" "-v" "/var/lib/crater-agent-workspace/builds/worker-6-tc2/source:/opt/rustwide/workdir:ro,Z" "-v" "/var/lib/crater-agent-workspace/cargo-home:/opt/rustwide/cargo-home:ro,Z" "-v" "/var/lib/crater-agent-workspace/rustup-home:/opt/rustwide/rustup-home:ro,Z" "-e" "SOURCE_DIR=/opt/rustwide/workdir" "-e" "CARGO_TARGET_DIR=/opt/rustwide/target" "-e" "CARGO_INCREMENTAL=0" "-e" "RUST_BACKTRACE=full" "-e" "RUSTFLAGS=--cap-lints=warn" "-e" "RUSTDOCFLAGS=--cap-lints=warn" "-e" "CARGO_HOME=/opt/rustwide/cargo-home" "-e" "RUSTUP_HOME=/opt/rustwide/rustup-home" "-w" "/opt/rustwide/workdir" "-m" "1610612736" "--user" "0:0" "--network" "none" "ghcr.io/rust-lang/crates-build-env/linux@sha256:2788e3201cd34a07e3172128adcd8b3090168a8e3bcc40d7c032b9dda1df7d1c" "/opt/rustwide/cargo-home/bin/cargo" "+beta-2023-12-22" "test" "--frozen", kill_on_drop: false }`
[INFO] [stdout] c8e5d86d13e58e5da9eed5be9a09bb01918e983eee2e88b3b3dd497ea80a4120
[INFO] running `Command { std: "docker" "start" "-a" "c8e5d86d13e58e5da9eed5be9a09bb01918e983eee2e88b3b3dd497ea80a4120", kill_on_drop: false }`
[INFO] [stderr] warning: unused variable: `key`
[INFO] [stderr]   --> src/main.rs:92:14
[INFO] [stderr]    |
[INFO] [stderr] 92 |         for (key, val) in candidates.iter_mut() {
[INFO] [stderr]    |              ^^^ help: if this is intentional, prefix it with an underscore: `_key`
[INFO] [stderr]    |
[INFO] [stderr]    = note: `#[warn(unused_variables)]` on by default
[INFO] [stderr] 
[INFO] [stderr] warning: variable `self_index` is assigned to, but never used
[INFO] [stderr]    --> src/main.rs:114:13
[INFO] [stderr]     |
[INFO] [stderr] 114 |         let self_index: usize;
[INFO] [stderr]     |             ^^^^^^^^^^
[INFO] [stderr]     |
[INFO] [stderr]     = note: consider using `_self_index` instead
[INFO] [stderr] 
[INFO] [stderr] warning: value assigned to `self_index` is never read
[INFO] [stderr]    --> src/main.rs:117:17
[INFO] [stderr]     |
[INFO] [stderr] 117 |                 self_index = i;
[INFO] [stderr]     |                 ^^^^^^^^^^
[INFO] [stderr]     |
[INFO] [stderr]     = help: maybe it is overwritten before being read?
[INFO] [stderr]     = note: `#[warn(unused_assignments)]` on by default
[INFO] [stderr] 
[INFO] [stderr] warning: unused variable: `result`
[INFO] [stderr]    --> src/main.rs:102:72
[INFO] [stderr]     |
[INFO] [stderr] 102 |     fn get_zones_after_two_zone_on_same_line(&self, zones: &Vec<Zone>, result: &mut Vec<Zone>) {
[INFO] [stderr]     |                                                                        ^^^^^^ help: if this is intentional, prefix it with an underscore: `_result`
[INFO] [stderr] 
[INFO] [stderr] warning: method `get_length_from_origin` is never used
[INFO] [stderr]   --> src/main.rs:35:8
[INFO] [stderr]    |
[INFO] [stderr] 30 | impl Zone {
[INFO] [stderr]    | --------- method in this implementation
[INFO] [stderr] ...
[INFO] [stderr] 35 |     fn get_length_from_origin(&self) -> f32 {
[INFO] [stderr]    |        ^^^^^^^^^^^^^^^^^^^^^^
[INFO] [stderr]    |
[INFO] [stderr]    = note: `#[warn(dead_code)]` on by default
[INFO] [stderr] 
[INFO] [stderr] warning: function `is_line_horizontal` is never used
[INFO] [stderr]    --> src/main.rs:145:4
[INFO] [stderr]     |
[INFO] [stderr] 145 | fn is_line_horizontal(zones: &Vec<Zone>) -> bool {
[INFO] [stderr]     |    ^^^^^^^^^^^^^^^^^^
[INFO] [stderr] 
[INFO] [stderr] warning: `obstacle_course` (bin "obstacle_course" test) generated 6 warnings (run `cargo fix --bin "obstacle_course" --tests` to apply 2 suggestions)
[INFO] [stderr]     Finished test [unoptimized + debuginfo] target(s) in 0.00s
[INFO] [stderr]      Running unittests src/main.rs (/opt/rustwide/target/debug/deps/obstacle_course-2887a4161ee76b31)
[INFO] [stdout] 
[INFO] [stdout] running 8 tests
[INFO] [stdout] test tests::construct_zones ... ok
[INFO] [stdout] test tests::euclidian_dist_horizontal ... ok
[INFO] [stdout] test tests::euclidian_dist_diagonal ... ok
[INFO] [stdout] test tests::euclidian_dist_vertical ... ok
[INFO] [stdout] test tests::furthest_away_4_zones ... ok
[INFO] [stdout] test tests::hash_key_test ... ok
[INFO] [stdout] test tests::o1_climbing_wall ... ok
[INFO] [stdout] test tests::o3_salmon_ladder_slide_slope_eq_2 ... FAILED
[INFO] [stdout] 
[INFO] [stdout] failures:
[INFO] [stdout] 
[INFO] [stdout] ---- tests::o3_salmon_ladder_slide_slope_eq_2 stdout ----
[INFO] [stdout] thread 'tests::o3_salmon_ladder_slide_slope_eq_2' panicked at src/main.rs:293:9:
[INFO] [stdout] assertion `left == right` failed
[INFO] [stdout]   left: []
[INFO] [stdout]  right: [Zone { x: 5, y: 8, restriction: Restriction { type_1: 0, type_2: 0, type_3: 0, type_4: 0 }, is_end_zone: false }]
[INFO] [stdout] stack backtrace:
[INFO] [stdout]    0:     0x55ae3de7f896 - std::backtrace_rs::backtrace::libunwind::trace::h261606ad26a499c1
[INFO] [stdout]                                at /rustc/0e09125c6c3c2fd70d7de961bcf0e51575235fad/library/std/src/../../backtrace/src/backtrace/libunwind.rs:104:5
[INFO] [stdout]    1:     0x55ae3de7f896 - std::backtrace_rs::backtrace::trace_unsynchronized::hd183f0625477fb28
[INFO] [stdout]                                at /rustc/0e09125c6c3c2fd70d7de961bcf0e51575235fad/library/std/src/../../backtrace/src/backtrace/mod.rs:66:5
[INFO] [stdout]    2:     0x55ae3de7f896 - std::sys_common::backtrace::_print_fmt::hd7f8fef21b4eda67
[INFO] [stdout]                                at /rustc/0e09125c6c3c2fd70d7de961bcf0e51575235fad/library/std/src/sys_common/backtrace.rs:68:5
[INFO] [stdout]    3:     0x55ae3de7f896 - <std::sys_common::backtrace::_print::DisplayBacktrace as core::fmt::Display>::fmt::h623d9b51f2f453f1
[INFO] [stdout]                                at /rustc/0e09125c6c3c2fd70d7de961bcf0e51575235fad/library/std/src/sys_common/backtrace.rs:44:22
[INFO] [stdout]    4:     0x55ae3dea9430 - core::fmt::rt::Argument::fmt::h9f417ac76a86f368
[INFO] [stdout]                                at /rustc/0e09125c6c3c2fd70d7de961bcf0e51575235fad/library/core/src/fmt/rt.rs:142:9
[INFO] [stdout]    5:     0x55ae3dea9430 - core::fmt::write::hc9b6faf4ac2aeff7
[INFO] [stdout]                                at /rustc/0e09125c6c3c2fd70d7de961bcf0e51575235fad/library/core/src/fmt/mod.rs:1120:17
[INFO] [stdout]    6:     0x55ae3de7d2ff - std::io::Write::write_fmt::he04625a3a989fec3
[INFO] [stdout]                                at /rustc/0e09125c6c3c2fd70d7de961bcf0e51575235fad/library/std/src/io/mod.rs:1810:15
[INFO] [stdout]    7:     0x55ae3de7f674 - std::sys_common::backtrace::_print::hd5d66399c7df88a2
[INFO] [stdout]                                at /rustc/0e09125c6c3c2fd70d7de961bcf0e51575235fad/library/std/src/sys_common/backtrace.rs:47:5
[INFO] [stdout]    8:     0x55ae3de7f674 - std::sys_common::backtrace::print::he81ed2da642d37e5
[INFO] [stdout]                                at /rustc/0e09125c6c3c2fd70d7de961bcf0e51575235fad/library/std/src/sys_common/backtrace.rs:34:9
[INFO] [stdout]    9:     0x55ae3de813e7 - std::panicking::default_hook::{{closure}}::h85773f4fa117163d
[INFO] [stdout]   10:     0x55ae3de810cd - std::panicking::default_hook::h6a1694a91d09b278
[INFO] [stdout]                                at /rustc/0e09125c6c3c2fd70d7de961bcf0e51575235fad/library/std/src/panicking.rs:289:9
[INFO] [stdout]   11:     0x55ae3de512a7 - <alloc::boxed::Box<F,A> as core::ops::function::Fn<Args>>::call::h616ac37fa3cd6c8f
[INFO] [stdout]                                at /rustc/0e09125c6c3c2fd70d7de961bcf0e51575235fad/library/alloc/src/boxed.rs:2029:9
[INFO] [stdout]   12:     0x55ae3de512a7 - test::test_main::{{closure}}::h00d84697cefdcbb6
[INFO] [stdout]                                at /rustc/0e09125c6c3c2fd70d7de961bcf0e51575235fad/library/test/src/lib.rs:138:21
[INFO] [stdout]   13:     0x55ae3de81a06 - <alloc::boxed::Box<F,A> as core::ops::function::Fn<Args>>::call::hcb3fe3b9bb537ba8
[INFO] [stdout]                                at /rustc/0e09125c6c3c2fd70d7de961bcf0e51575235fad/library/alloc/src/boxed.rs:2029:9
[INFO] [stdout]   14:     0x55ae3de81a06 - std::panicking::rust_panic_with_hook::h0a7ad96e90f7145b
[INFO] [stdout]                                at /rustc/0e09125c6c3c2fd70d7de961bcf0e51575235fad/library/std/src/panicking.rs:783:13
[INFO] [stdout]   15:     0x55ae3de81752 - std::panicking::begin_panic_handler::{{closure}}::h7919090525c6485e
[INFO] [stdout]                                at /rustc/0e09125c6c3c2fd70d7de961bcf0e51575235fad/library/std/src/panicking.rs:657:13
[INFO] [stdout]   16:     0x55ae3de7fd96 - std::sys_common::backtrace::__rust_end_short_backtrace::hf3289479464f7dfe
[INFO] [stdout]                                at /rustc/0e09125c6c3c2fd70d7de961bcf0e51575235fad/library/std/src/sys_common/backtrace.rs:171:18
[INFO] [stdout]   17:     0x55ae3de814b0 - rust_begin_unwind
[INFO] [stdout]                                at /rustc/0e09125c6c3c2fd70d7de961bcf0e51575235fad/library/std/src/panicking.rs:645:5
[INFO] [stdout]   18:     0x55ae3de00cd5 - core::panicking::panic_fmt::hcc9f77c5c132af55
[INFO] [stdout]                                at /rustc/0e09125c6c3c2fd70d7de961bcf0e51575235fad/library/core/src/panicking.rs:72:14
[INFO] [stdout]   19:     0x55ae3de0110b - core::panicking::assert_failed_inner::h9f13e27dd63c3a08
[INFO] [stdout]                                at /rustc/0e09125c6c3c2fd70d7de961bcf0e51575235fad/library/core/src/panicking.rs:342:17
[INFO] [stdout]   20:     0x55ae3de18eae - core::panicking::assert_failed::hc36688002cc964e9
[INFO] [stdout]                                at /rustc/0e09125c6c3c2fd70d7de961bcf0e51575235fad/library/core/src/panicking.rs:297:5
[INFO] [stdout]   21:     0x55ae3de1c8f4 - obstacle_course::tests::o3_salmon_ladder_slide_slope_eq_2::h9c3c1c329c3fac6f
[INFO] [stdout]                                at /opt/rustwide/workdir/src/main.rs:293:9
[INFO] [stdout]   22:     0x55ae3de1c547 - obstacle_course::tests::o3_salmon_ladder_slide_slope_eq_2::{{closure}}::he593cb4da65f2967
[INFO] [stdout]                                at /opt/rustwide/workdir/src/main.rs:281:43
[INFO] [stdout]   23:     0x55ae3de17486 - core::ops::function::FnOnce::call_once::h3f8d9d8afd130f9e
[INFO] [stdout]                                at /rustc/0e09125c6c3c2fd70d7de961bcf0e51575235fad/library/core/src/ops/function.rs:250:5
[INFO] [stdout]   24:     0x55ae3de56b7f - core::ops::function::FnOnce::call_once::hd64d26f405258157
[INFO] [stdout]                                at /rustc/0e09125c6c3c2fd70d7de961bcf0e51575235fad/library/core/src/ops/function.rs:250:5
[INFO] [stdout]   25:     0x55ae3de56b7f - test::__rust_begin_short_backtrace::he21b0b7a6d731bf9
[INFO] [stdout]                                at /rustc/0e09125c6c3c2fd70d7de961bcf0e51575235fad/library/test/src/lib.rs:627:18
[INFO] [stdout]   26:     0x55ae3de55901 - test::run_test_in_process::{{closure}}::hf5c73986d7bdfde2
[INFO] [stdout]                                at /rustc/0e09125c6c3c2fd70d7de961bcf0e51575235fad/library/test/src/lib.rs:650:60
[INFO] [stdout]   27:     0x55ae3de55901 - <core::panic::unwind_safe::AssertUnwindSafe<F> as core::ops::function::FnOnce<()>>::call_once::h330011ad032aadc0
[INFO] [stdout]                                at /rustc/0e09125c6c3c2fd70d7de961bcf0e51575235fad/library/core/src/panic/unwind_safe.rs:272:9
[INFO] [stdout]   28:     0x55ae3de55901 - std::panicking::try::do_call::he61b0a958b795a41
[INFO] [stdout]                                at /rustc/0e09125c6c3c2fd70d7de961bcf0e51575235fad/library/std/src/panicking.rs:552:40
[INFO] [stdout]   29:     0x55ae3de55901 - std::panicking::try::h7309da130f906eb7
[INFO] [stdout]                                at /rustc/0e09125c6c3c2fd70d7de961bcf0e51575235fad/library/std/src/panicking.rs:516:19
[INFO] [stdout]   30:     0x55ae3de55901 - std::panic::catch_unwind::hc5c3a06fdaf0a92a
[INFO] [stdout]                                at /rustc/0e09125c6c3c2fd70d7de961bcf0e51575235fad/library/std/src/panic.rs:142:14
[INFO] [stdout]   31:     0x55ae3de55901 - test::run_test_in_process::h7e7b7c71c3324e0f
[INFO] [stdout]                                at /rustc/0e09125c6c3c2fd70d7de961bcf0e51575235fad/library/test/src/lib.rs:650:27
[INFO] [stdout]   32:     0x55ae3de55901 - test::run_test::{{closure}}::h1f509f28f5cf20b1
[INFO] [stdout]                                at /rustc/0e09125c6c3c2fd70d7de961bcf0e51575235fad/library/test/src/lib.rs:573:43
[INFO] [stdout]   33:     0x55ae3de1cc36 - test::run_test::{{closure}}::h1754218abf443f6d
[INFO] [stdout]                                at /rustc/0e09125c6c3c2fd70d7de961bcf0e51575235fad/library/test/src/lib.rs:601:41
[INFO] [stdout]   34:     0x55ae3de1cc36 - std::sys_common::backtrace::__rust_begin_short_backtrace::h2ee174b9d5954948
[INFO] [stdout]                                at /rustc/0e09125c6c3c2fd70d7de961bcf0e51575235fad/library/std/src/sys_common/backtrace.rs:155:18
[INFO] [stdout]   35:     0x55ae3de21c97 - std::thread::Builder::spawn_unchecked_::{{closure}}::{{closure}}::hf60bee9c1a17ef09
[INFO] [stdout]                                at /rustc/0e09125c6c3c2fd70d7de961bcf0e51575235fad/library/std/src/thread/mod.rs:529:17
[INFO] [stdout]   36:     0x55ae3de21c97 - <core::panic::unwind_safe::AssertUnwindSafe<F> as core::ops::function::FnOnce<()>>::call_once::h33d0dddec5216160
[INFO] [stdout]                                at /rustc/0e09125c6c3c2fd70d7de961bcf0e51575235fad/library/core/src/panic/unwind_safe.rs:272:9
[INFO] [stdout]   37:     0x55ae3de21c97 - std::panicking::try::do_call::h144b3048b546f835
[INFO] [stdout]                                at /rustc/0e09125c6c3c2fd70d7de961bcf0e51575235fad/library/std/src/panicking.rs:552:40
[INFO] [stdout]   38:     0x55ae3de21c97 - std::panicking::try::h978244d04646189f
[INFO] [stdout]                                at /rustc/0e09125c6c3c2fd70d7de961bcf0e51575235fad/library/std/src/panicking.rs:516:19
[INFO] [stdout]   39:     0x55ae3de21c97 - std::panic::catch_unwind::hdf436369d188fe86
[INFO] [stdout]                                at /rustc/0e09125c6c3c2fd70d7de961bcf0e51575235fad/library/std/src/panic.rs:142:14
[INFO] [stdout]   40:     0x55ae3de21c97 - std::thread::Builder::spawn_unchecked_::{{closure}}::h87329cbdd33c79ec
[INFO] [stdout]                                at /rustc/0e09125c6c3c2fd70d7de961bcf0e51575235fad/library/std/src/thread/mod.rs:528:30
[INFO] [stdout]   41:     0x55ae3de21c97 - core::ops::function::FnOnce::call_once{{vtable.shim}}::h401abbe67897d450
[INFO] [stdout]                                at /rustc/0e09125c6c3c2fd70d7de961bcf0e51575235fad/library/core/src/ops/function.rs:250:5
[INFO] [stdout]   42:     0x55ae3de864b5 - <alloc::boxed::Box<F,A> as core::ops::function::FnOnce<Args>>::call_once::h5d7c8f150ab9c84c
[INFO] [stdout]                                at /rustc/0e09125c6c3c2fd70d7de961bcf0e51575235fad/library/alloc/src/boxed.rs:2015:9
[INFO] [stdout]   43:     0x55ae3de864b5 - <alloc::boxed::Box<F,A> as core::ops::function::FnOnce<Args>>::call_once::h570d5b005c242c15
[INFO] [stdout]                                at /rustc/0e09125c6c3c2fd70d7de961bcf0e51575235fad/library/alloc/src/boxed.rs:2015:9
[INFO] [stdout]   44:     0x55ae3de864b5 - std::sys::unix::thread::Thread::new::thread_start::h36b0a20c0b2361ad
[INFO] [stdout]                                at /rustc/0e09125c6c3c2fd70d7de961bcf0e51575235fad/library/std/src/sys/unix/thread.rs:108:17
[INFO] [stdout]   45:     0x7f8f68d4bac3 - <unknown>
[INFO] [stdout]   46:     0x7f8f68ddcbf4 - __clone
[INFO] [stdout]   47:                0x0 - <unknown>
[INFO] [stdout] 
[INFO] [stdout] 
[INFO] [stdout] failures:
[INFO] [stdout]     tests::o3_salmon_ladder_slide_slope_eq_2
[INFO] [stdout] 
[INFO] [stdout] test result: FAILED. 7 passed; 1 failed; 0 ignored; 0 measured; 0 filtered out; finished in 0.01s
[INFO] [stdout] 
[INFO] [stderr] error: test failed, to rerun pass `--bin obstacle_course`
[INFO] running `Command { std: "docker" "inspect" "c8e5d86d13e58e5da9eed5be9a09bb01918e983eee2e88b3b3dd497ea80a4120", kill_on_drop: false }`
[INFO] running `Command { std: "docker" "rm" "-f" "c8e5d86d13e58e5da9eed5be9a09bb01918e983eee2e88b3b3dd497ea80a4120", kill_on_drop: false }`
[INFO] [stdout] c8e5d86d13e58e5da9eed5be9a09bb01918e983eee2e88b3b3dd497ea80a4120
