[INFO] cloning repository https://github.com/patheticpat/command-line-rust-solutions
[INFO] running `Command { std: "git" "-c" "credential.helper=" "-c" "credential.helper=/workspace/cargo-home/bin/git-credential-null" "clone" "--bare" "https://github.com/patheticpat/command-line-rust-solutions" "/workspace/cache/git-repos/https%3A%2F%2Fgithub.com%2Fpatheticpat%2Fcommand-line-rust-solutions", kill_on_drop: false }`
[INFO] [stderr] Cloning into bare repository '/workspace/cache/git-repos/https%3A%2F%2Fgithub.com%2Fpatheticpat%2Fcommand-line-rust-solutions'...
[INFO] running `Command { std: "git" "rev-parse" "HEAD", kill_on_drop: false }`
[INFO] [stdout] 3289995b0761e03ec348887b3852432cf72cd3c8
[INFO] testing patheticpat/command-line-rust-solutions against 1.75.0 for beta-1.76-1
[INFO] running `Command { std: "git" "clone" "/workspace/cache/git-repos/https%3A%2F%2Fgithub.com%2Fpatheticpat%2Fcommand-line-rust-solutions" "/workspace/builds/worker-4-tc1/source", kill_on_drop: false }`
[INFO] [stderr] Cloning into '/workspace/builds/worker-4-tc1/source'...
[INFO] [stderr] done.
[INFO] validating manifest of git repo https://github.com/patheticpat/command-line-rust-solutions on toolchain 1.75.0
[INFO] running `Command { std: CARGO_HOME="/workspace/cargo-home" RUSTUP_HOME="/workspace/rustup-home" "/workspace/cargo-home/bin/cargo" "+1.75.0" "metadata" "--manifest-path" "Cargo.toml" "--no-deps", kill_on_drop: false }`
[INFO] started tweaking git repo https://github.com/patheticpat/command-line-rust-solutions
[INFO] finished tweaking git repo https://github.com/patheticpat/command-line-rust-solutions
[INFO] tweaked toml for git repo https://github.com/patheticpat/command-line-rust-solutions written to /workspace/builds/worker-4-tc1/source/Cargo.toml
[INFO] crate git repo https://github.com/patheticpat/command-line-rust-solutions already has a lockfile, it will not be regenerated
[INFO] running `Command { std: CARGO_HOME="/workspace/cargo-home" RUSTUP_HOME="/workspace/rustup-home" "/workspace/cargo-home/bin/cargo" "+1.75.0" "fetch" "--manifest-path" "Cargo.toml", kill_on_drop: false }`
[INFO] [stderr] warning: virtual workspace defaulting to `resolver = "1"` despite one or more workspace members being on edition 2021 which implies `resolver = "2"`
[INFO] [stderr] note: to keep the current resolver, specify `workspace.resolver = "1"` in the workspace root's manifest
[INFO] [stderr] note: to use the edition 2021 resolver, specify `workspace.resolver = "2"` in the workspace root's manifest
[INFO] [stderr] note: for more details see https://doc.rust-lang.org/cargo/reference/resolver.html#resolver-versions
[INFO] [stderr]     Updating crates.io index
[INFO] [stderr]  Downloading crates ...
[INFO] [stderr]   Downloaded simple-eyre v0.3.1
[INFO] running `Command { std: "docker" "create" "-v" "/var/lib/crater-agent-workspace/builds/worker-4-tc1/target:/opt/rustwide/target:rw,Z" "-v" "/var/lib/crater-agent-workspace/builds/worker-4-tc1/source:/opt/rustwide/workdir:ro,Z" "-v" "/var/lib/crater-agent-workspace/cargo-home:/opt/rustwide/cargo-home:ro,Z" "-v" "/var/lib/crater-agent-workspace/rustup-home:/opt/rustwide/rustup-home:ro,Z" "-e" "SOURCE_DIR=/opt/rustwide/workdir" "-e" "CARGO_TARGET_DIR=/opt/rustwide/target" "-e" "CARGO_HOME=/opt/rustwide/cargo-home" "-e" "RUSTUP_HOME=/opt/rustwide/rustup-home" "-w" "/opt/rustwide/workdir" "-m" "1610612736" "--user" "0:0" "--network" "none" "ghcr.io/rust-lang/crates-build-env/linux@sha256:2788e3201cd34a07e3172128adcd8b3090168a8e3bcc40d7c032b9dda1df7d1c" "/opt/rustwide/cargo-home/bin/cargo" "+1.75.0" "metadata" "--no-deps" "--format-version=1", kill_on_drop: false }`
[INFO] [stdout] e4101d07f69f90f70996ccc6a4e867def57a5c5e4277146c21eb10bea04ef583
[INFO] running `Command { std: "docker" "start" "-a" "e4101d07f69f90f70996ccc6a4e867def57a5c5e4277146c21eb10bea04ef583", kill_on_drop: false }`
[INFO] running `Command { std: "docker" "inspect" "e4101d07f69f90f70996ccc6a4e867def57a5c5e4277146c21eb10bea04ef583", kill_on_drop: false }`
[INFO] running `Command { std: "docker" "rm" "-f" "e4101d07f69f90f70996ccc6a4e867def57a5c5e4277146c21eb10bea04ef583", kill_on_drop: false }`
[INFO] [stdout] e4101d07f69f90f70996ccc6a4e867def57a5c5e4277146c21eb10bea04ef583
[INFO] running `Command { std: "docker" "create" "-v" "/var/lib/crater-agent-workspace/builds/worker-4-tc1/target:/opt/rustwide/target:rw,Z" "-v" "/var/lib/crater-agent-workspace/builds/worker-4-tc1/source:/opt/rustwide/workdir:ro,Z" "-v" "/var/lib/crater-agent-workspace/cargo-home:/opt/rustwide/cargo-home:ro,Z" "-v" "/var/lib/crater-agent-workspace/rustup-home:/opt/rustwide/rustup-home:ro,Z" "-e" "SOURCE_DIR=/opt/rustwide/workdir" "-e" "CARGO_TARGET_DIR=/opt/rustwide/target" "-e" "CARGO_INCREMENTAL=0" "-e" "RUST_BACKTRACE=full" "-e" "RUSTFLAGS=--cap-lints=warn" "-e" "RUSTDOCFLAGS=--cap-lints=warn" "-e" "CARGO_HOME=/opt/rustwide/cargo-home" "-e" "RUSTUP_HOME=/opt/rustwide/rustup-home" "-w" "/opt/rustwide/workdir" "-m" "1610612736" "--user" "0:0" "--network" "none" "ghcr.io/rust-lang/crates-build-env/linux@sha256:2788e3201cd34a07e3172128adcd8b3090168a8e3bcc40d7c032b9dda1df7d1c" "/opt/rustwide/cargo-home/bin/cargo" "+1.75.0" "build" "--frozen" "--message-format=json", kill_on_drop: false }`
[INFO] [stdout] 5d80d7b6efaf106f5cd09050e489643fec3f9917f87d691f137cbf9b023cf17d
[INFO] running `Command { std: "docker" "start" "-a" "5d80d7b6efaf106f5cd09050e489643fec3f9917f87d691f137cbf9b023cf17d", kill_on_drop: false }`
[INFO] [stderr] warning: virtual workspace defaulting to `resolver = "1"` despite one or more workspace members being on edition 2021 which implies `resolver = "2"`
[INFO] [stderr] note: to keep the current resolver, specify `workspace.resolver = "1"` in the workspace root's manifest
[INFO] [stderr] note: to use the edition 2021 resolver, specify `workspace.resolver = "2"` in the workspace root's manifest
[INFO] [stderr] note: for more details see https://doc.rust-lang.org/cargo/reference/resolver.html#resolver-versions
[INFO] [stderr]    Compiling libc v0.2.143
[INFO] [stderr]    Compiling io-lifetimes v1.0.10
[INFO] [stderr]    Compiling rustix v0.37.19
[INFO] [stderr]    Compiling proc-macro2 v1.0.56
[INFO] [stderr]    Compiling unicode-ident v1.0.8
[INFO] [stderr]    Compiling linux-raw-sys v0.3.7
[INFO] [stderr]    Compiling quote v1.0.27
[INFO] [stderr]    Compiling bitflags v1.3.2
[INFO] [stderr]    Compiling utf8parse v0.2.1
[INFO] [stderr]    Compiling once_cell v1.17.1
[INFO] [stderr]    Compiling colorchoice v1.0.0
[INFO] [stderr]    Compiling anstyle v1.0.0
[INFO] [stderr]    Compiling anstyle-query v1.0.0
[INFO] [stderr]    Compiling strsim v0.10.0
[INFO] [stderr]    Compiling eyre v0.6.8
[INFO] [stderr]    Compiling clap_lex v0.4.1
[INFO] [stderr]    Compiling anstyle-parse v0.2.0
[INFO] [stderr]    Compiling heck v0.4.1
[INFO] [stderr]    Compiling indenter v0.3.3
[INFO] [stderr]    Compiling memchr v2.5.0
[INFO] [stderr]    Compiling util v0.1.0 (/opt/rustwide/workdir/util)
[INFO] [stderr]    Compiling regex-syntax v0.7.1
[INFO] [stderr]    Compiling same-file v1.0.6
[INFO] [stderr]    Compiling hello v0.1.0 (/opt/rustwide/workdir/01-hello)
[INFO] [stderr]    Compiling walkdir v2.3.3
[INFO] [stderr]    Compiling simple-eyre v0.3.1
[INFO] [stderr]    Compiling aho-corasick v1.0.1
[INFO] [stderr]    Compiling syn v2.0.15
[INFO] [stderr]    Compiling regex v1.8.1
[INFO] [stderr]    Compiling is-terminal v0.4.7
[INFO] [stderr]    Compiling anstream v0.3.2
[INFO] [stderr]    Compiling clap_derive v4.2.0
[INFO] [stderr]    Compiling clap_builder v4.2.7
[INFO] [stderr]    Compiling clap v4.2.7
[INFO] [stderr]    Compiling wcr v0.1.0 (/opt/rustwide/workdir/05-wcr)
[INFO] [stderr]    Compiling headr v0.1.0 (/opt/rustwide/workdir/04-headr)
[INFO] [stderr]    Compiling findr v0.1.0 (/opt/rustwide/workdir/07-findr)
[INFO] [stderr]    Compiling catr v0.1.0 (/opt/rustwide/workdir/03-catr)
[INFO] [stderr]    Compiling uniqr v0.1.0 (/opt/rustwide/workdir/06-uniqr)
[INFO] [stderr]    Compiling echor v0.1.0 (/opt/rustwide/workdir/02-echor)
[INFO] [stderr]     Finished dev [unoptimized + debuginfo] target(s) in 12.24s
[INFO] running `Command { std: "docker" "inspect" "5d80d7b6efaf106f5cd09050e489643fec3f9917f87d691f137cbf9b023cf17d", kill_on_drop: false }`
[INFO] running `Command { std: "docker" "rm" "-f" "5d80d7b6efaf106f5cd09050e489643fec3f9917f87d691f137cbf9b023cf17d", kill_on_drop: false }`
[INFO] [stdout] 5d80d7b6efaf106f5cd09050e489643fec3f9917f87d691f137cbf9b023cf17d
[INFO] running `Command { std: "docker" "create" "-v" "/var/lib/crater-agent-workspace/builds/worker-4-tc1/target:/opt/rustwide/target:rw,Z" "-v" "/var/lib/crater-agent-workspace/builds/worker-4-tc1/source:/opt/rustwide/workdir:ro,Z" "-v" "/var/lib/crater-agent-workspace/cargo-home:/opt/rustwide/cargo-home:ro,Z" "-v" "/var/lib/crater-agent-workspace/rustup-home:/opt/rustwide/rustup-home:ro,Z" "-e" "SOURCE_DIR=/opt/rustwide/workdir" "-e" "CARGO_TARGET_DIR=/opt/rustwide/target" "-e" "CARGO_INCREMENTAL=0" "-e" "RUST_BACKTRACE=full" "-e" "RUSTFLAGS=--cap-lints=warn" "-e" "RUSTDOCFLAGS=--cap-lints=warn" "-e" "CARGO_HOME=/opt/rustwide/cargo-home" "-e" "RUSTUP_HOME=/opt/rustwide/rustup-home" "-w" "/opt/rustwide/workdir" "-m" "1610612736" "--user" "0:0" "--network" "none" "ghcr.io/rust-lang/crates-build-env/linux@sha256:2788e3201cd34a07e3172128adcd8b3090168a8e3bcc40d7c032b9dda1df7d1c" "/opt/rustwide/cargo-home/bin/cargo" "+1.75.0" "test" "--frozen" "--no-run" "--message-format=json", kill_on_drop: false }`
[INFO] [stdout] f5ee8cab08ebc890d6effe19d0297ae949d617f63ceafe195944066168a1b812
[INFO] running `Command { std: "docker" "start" "-a" "f5ee8cab08ebc890d6effe19d0297ae949d617f63ceafe195944066168a1b812", kill_on_drop: false }`
[INFO] [stderr] warning: virtual workspace defaulting to `resolver = "1"` despite one or more workspace members being on edition 2021 which implies `resolver = "2"`
[INFO] [stderr] note: to keep the current resolver, specify `workspace.resolver = "1"` in the workspace root's manifest
[INFO] [stderr] note: to use the edition 2021 resolver, specify `workspace.resolver = "2"` in the workspace root's manifest
[INFO] [stderr] note: for more details see https://doc.rust-lang.org/cargo/reference/resolver.html#resolver-versions
[INFO] [stderr]    Compiling autocfg v1.1.0
[INFO] [stderr]    Compiling doc-comment v0.3.3
[INFO] [stderr]    Compiling predicates-core v1.0.6
[INFO] [stderr]    Compiling either v1.8.1
[INFO] [stderr]    Compiling difflib v0.4.0
[INFO] [stderr]    Compiling termtree v0.4.1
[INFO] [stderr]    Compiling normalize-line-endings v0.3.0
[INFO] [stderr]    Compiling regex-automata v0.1.10
[INFO] [stderr]    Compiling wait-timeout v0.2.0
[INFO] [stderr]    Compiling cfg-if v1.0.0
[INFO] [stderr]    Compiling ppv-lite86 v0.2.17
[INFO] [stderr]    Compiling fastrand v1.9.0
[INFO] [stderr]    Compiling util v0.1.0 (/opt/rustwide/workdir/util)
[INFO] [stderr]    Compiling getrandom v0.2.9
[INFO] [stderr]    Compiling tempfile v3.5.0
[INFO] [stderr]    Compiling predicates-tree v1.0.9
[INFO] [stderr]    Compiling itertools v0.10.5
[INFO] [stderr]    Compiling rand_core v0.6.4
[INFO] [stderr]    Compiling bstr v1.4.0
[INFO] [stderr]    Compiling num-traits v0.2.15
[INFO] [stderr]    Compiling rand_chacha v0.3.1
[INFO] [stderr]    Compiling rand v0.8.5
[INFO] [stderr]    Compiling float-cmp v0.9.0
[INFO] [stderr]    Compiling predicates v3.0.3
[INFO] [stderr]    Compiling assert_cmd v2.0.11
[INFO] [stderr]    Compiling hello v0.1.0 (/opt/rustwide/workdir/01-hello)
[INFO] [stderr]    Compiling echor v0.1.0 (/opt/rustwide/workdir/02-echor)
[INFO] [stderr]    Compiling headr v0.1.0 (/opt/rustwide/workdir/04-headr)
[INFO] [stderr]    Compiling findr v0.1.0 (/opt/rustwide/workdir/07-findr)
[INFO] [stderr]    Compiling uniqr v0.1.0 (/opt/rustwide/workdir/06-uniqr)
[INFO] [stderr]    Compiling wcr v0.1.0 (/opt/rustwide/workdir/05-wcr)
[INFO] [stderr]    Compiling catr v0.1.0 (/opt/rustwide/workdir/03-catr)
[INFO] [stderr]     Finished test [unoptimized + debuginfo] target(s) in 5.84s
[INFO] running `Command { std: "docker" "inspect" "f5ee8cab08ebc890d6effe19d0297ae949d617f63ceafe195944066168a1b812", kill_on_drop: false }`
[INFO] running `Command { std: "docker" "rm" "-f" "f5ee8cab08ebc890d6effe19d0297ae949d617f63ceafe195944066168a1b812", kill_on_drop: false }`
[INFO] [stdout] f5ee8cab08ebc890d6effe19d0297ae949d617f63ceafe195944066168a1b812
[INFO] running `Command { std: "docker" "create" "-v" "/var/lib/crater-agent-workspace/builds/worker-4-tc1/target:/opt/rustwide/target:rw,Z" "-v" "/var/lib/crater-agent-workspace/builds/worker-4-tc1/source:/opt/rustwide/workdir:ro,Z" "-v" "/var/lib/crater-agent-workspace/cargo-home:/opt/rustwide/cargo-home:ro,Z" "-v" "/var/lib/crater-agent-workspace/rustup-home:/opt/rustwide/rustup-home:ro,Z" "-e" "SOURCE_DIR=/opt/rustwide/workdir" "-e" "CARGO_TARGET_DIR=/opt/rustwide/target" "-e" "CARGO_INCREMENTAL=0" "-e" "RUST_BACKTRACE=full" "-e" "RUSTFLAGS=--cap-lints=warn" "-e" "RUSTDOCFLAGS=--cap-lints=warn" "-e" "CARGO_HOME=/opt/rustwide/cargo-home" "-e" "RUSTUP_HOME=/opt/rustwide/rustup-home" "-w" "/opt/rustwide/workdir" "-m" "1610612736" "--user" "0:0" "--network" "none" "ghcr.io/rust-lang/crates-build-env/linux@sha256:2788e3201cd34a07e3172128adcd8b3090168a8e3bcc40d7c032b9dda1df7d1c" "/opt/rustwide/cargo-home/bin/cargo" "+1.75.0" "test" "--frozen", kill_on_drop: false }`
[INFO] [stdout] a5a76e685cc133440eb37aed704c2ee4eda7b8c5d77519ab81725a80f64afb69
[INFO] running `Command { std: "docker" "start" "-a" "a5a76e685cc133440eb37aed704c2ee4eda7b8c5d77519ab81725a80f64afb69", kill_on_drop: false }`
[INFO] [stderr] warning: virtual workspace defaulting to `resolver = "1"` despite one or more workspace members being on edition 2021 which implies `resolver = "2"`
[INFO] [stderr] note: to keep the current resolver, specify `workspace.resolver = "1"` in the workspace root's manifest
[INFO] [stderr] note: to use the edition 2021 resolver, specify `workspace.resolver = "2"` in the workspace root's manifest
[INFO] [stderr] note: for more details see https://doc.rust-lang.org/cargo/reference/resolver.html#resolver-versions
[INFO] [stderr]     Finished test [unoptimized + debuginfo] target(s) in 0.07s
[INFO] [stderr]      Running unittests src/main.rs (/opt/rustwide/target/debug/deps/catr-baf841543c34aede)
[INFO] [stdout] 
[INFO] [stderr]      Running tests/cli.rs (/opt/rustwide/target/debug/deps/cli-be65f2644037af39)
[INFO] [stdout] running 0 tests
[INFO] [stdout] 
[INFO] [stdout] test result: ok. 0 passed; 0 failed; 0 ignored; 0 measured; 0 filtered out; finished in 0.00s
[INFO] [stdout] 
[INFO] [stdout] 
[INFO] [stdout] running 20 tests
[INFO] [stdout] test bustle_stdin_b ... ok
[INFO] [stdout] test bustle_stdin ... ok
[INFO] [stdout] test fox ... ok
[INFO] [stdout] test empty ... ok
[INFO] [stdout] test all_n ... ok
[INFO] [stdout] test bustle_b ... ok
[INFO] [stdout] test bustle ... ok
[INFO] [stdout] test all_b ... ok
[INFO] [stdout] test empty_n ... ok
[INFO] [stdout] test fox_n ... ok
[INFO] [stdout] test fox_b ... ok
[INFO] [stdout] test all ... ok
[INFO] [stdout] test spiders ... ok
[INFO] [stdout] test skips_bad_file ... ok
[INFO] [stdout] test bustle_stdin_n ... ok
[INFO] [stdout] test bustle_n ... ok
[INFO] [stdout] test empty_b ... ok
[INFO] [stdout] test spiders_n ... ok
[INFO] [stdout] test spiders_b ... ok
[INFO] [stdout] test usage ... ok
[INFO] [stdout] 
[INFO] [stdout] test result: ok. 20 passed; 0 failed; 0 ignored; 0 measured; 0 filtered out; finished in 0.05s
[INFO] [stdout] 
[INFO] [stderr]      Running unittests src/main.rs (/opt/rustwide/target/debug/deps/echor-4448ef01c5ae355d)
[INFO] [stdout] 
[INFO] [stdout] running 0 tests
[INFO] [stdout] 
[INFO] [stdout] test result: ok. 0 passed; 0 failed; 0 ignored; 0 measured; 0 filtered out; finished in 0.00s
[INFO] [stdout] 
[INFO] [stderr]      Running tests/cli.rs (/opt/rustwide/target/debug/deps/cli-d6eded1d96006470)
[INFO] [stdout] 
[INFO] [stdout] running 6 tests
[INFO] [stdout] test hello2 ... ok
[INFO] [stdout] test dies_no_args ... ok
[INFO] [stdout] test hello1 ... ok
[INFO] [stdout] test runs ... ok
[INFO] [stdout] test hello1_no_newline ... ok
[INFO] [stdout] test hello2_no_newline ... ok
[INFO] [stdout] 
[INFO] [stdout] test result: ok. 6 passed; 0 failed; 0 ignored; 0 measured; 0 filtered out; finished in 0.01s
[INFO] [stdout] 
[INFO] [stderr]      Running unittests src/main.rs (/opt/rustwide/target/debug/deps/findr-1cb3d345cff87217)
[INFO] [stdout] 
[INFO] [stdout] running 0 tests
[INFO] [stdout] 
[INFO] [stdout] test result: ok. 0 passed; 0 failed; 0 ignored; 0 measured; 0 filtered out; finished in 0.00s
[INFO] [stdout] 
[INFO] [stderr]      Running tests/cli.rs (/opt/rustwide/target/debug/deps/cli-d421043056a03051)
[INFO] [stdout] 
[INFO] [stdout] running 28 tests
[INFO] [stdout] test dies_bad_name ... ok
[INFO] [stdout] test name_a ... ok
[INFO] [stdout] test path1 ... ok
[INFO] [stdout] test dies_bad_type ... ok
[INFO] [stdout] test path_g ... ok
[INFO] [stdout] test path_a ... ok
[INFO] [stdout] test path_a_b ... ok
[INFO] [stdout] test name_csv_mp3 ... ok
[INFO] [stdout] test name_txt_path_a_d ... ok
[INFO] [stdout] test name_csv ... ok
[INFO] [stdout] test path_a_b_d ... ok
[INFO] [stdout] test path_d ... ok
[INFO] [stdout] test type_d_name_a ... ok
[INFO] [stdout] test unreadable_dir ... FAILED
[INFO] [stdout] test type_d_path_a_b ... ok
[INFO] [stdout] test type_f_l ... ok
[INFO] [stdout] test type_f_name_a ... ok
[INFO] [stdout] test type_d_path_d ... ok
[INFO] [stdout] test type_f ... ok
[INFO] [stdout] test type_d_path_a ... ok
[INFO] [stdout] test type_d_path_a_b_d ... ok
[INFO] [stdout] test type_f_path_a_b_d ... ok
[INFO] [stdout] test type_l ... ok
[INFO] [stdout] test type_d ... ok
[INFO] [stdout] test type_f_path_d ... ok
[INFO] [stdout] test type_f_path_a_b ... ok
[INFO] [stdout] test skips_bad_dir ... ok
[INFO] [stdout] test type_f_path_a ... ok
[INFO] [stdout] 
[INFO] [stdout] failures:
[INFO] [stdout] 
[INFO] [stdout] ---- unreadable_dir stdout ----
[INFO] [stdout] Error: Os { code: 30, kind: ReadOnlyFilesystem, message: "Read-only file system" }
[INFO] [stdout] 
[INFO] [stdout] 
[INFO] [stdout] failures:
[INFO] [stdout]     unreadable_dir
[INFO] [stdout] 
[INFO] [stdout] test result: FAILED. 27 passed; 1 failed; 0 ignored; 0 measured; 0 filtered out; finished in 0.03s
[INFO] [stdout] 
[INFO] [stderr] error: test failed, to rerun pass `-p findr --test cli`
[INFO] running `Command { std: "docker" "inspect" "a5a76e685cc133440eb37aed704c2ee4eda7b8c5d77519ab81725a80f64afb69", kill_on_drop: false }`
[INFO] running `Command { std: "docker" "rm" "-f" "a5a76e685cc133440eb37aed704c2ee4eda7b8c5d77519ab81725a80f64afb69", kill_on_drop: false }`
[INFO] [stdout] a5a76e685cc133440eb37aed704c2ee4eda7b8c5d77519ab81725a80f64afb69
[INFO] testing patheticpat/command-line-rust-solutions against beta-2023-12-22 for beta-1.76-1
[INFO] running `Command { std: "git" "clone" "/workspace/cache/git-repos/https%3A%2F%2Fgithub.com%2Fpatheticpat%2Fcommand-line-rust-solutions" "/workspace/builds/worker-4-tc2/source", kill_on_drop: false }`
[INFO] [stderr] Cloning into '/workspace/builds/worker-4-tc2/source'...
[INFO] [stderr] done.
[INFO] validating manifest of git repo https://github.com/patheticpat/command-line-rust-solutions on toolchain beta-2023-12-22
[INFO] running `Command { std: CARGO_HOME="/workspace/cargo-home" RUSTUP_HOME="/workspace/rustup-home" "/workspace/cargo-home/bin/cargo" "+beta-2023-12-22" "metadata" "--manifest-path" "Cargo.toml" "--no-deps", kill_on_drop: false }`
[INFO] started tweaking git repo https://github.com/patheticpat/command-line-rust-solutions
[INFO] finished tweaking git repo https://github.com/patheticpat/command-line-rust-solutions
[INFO] tweaked toml for git repo https://github.com/patheticpat/command-line-rust-solutions written to /workspace/builds/worker-4-tc2/source/Cargo.toml
[INFO] crate git repo https://github.com/patheticpat/command-line-rust-solutions already has a lockfile, it will not be regenerated
[INFO] running `Command { std: CARGO_HOME="/workspace/cargo-home" RUSTUP_HOME="/workspace/rustup-home" "/workspace/cargo-home/bin/cargo" "+beta-2023-12-22" "fetch" "--manifest-path" "Cargo.toml", kill_on_drop: false }`
[INFO] [stderr] warning: virtual workspace defaulting to `resolver = "1"` despite one or more workspace members being on edition 2021 which implies `resolver = "2"`
[INFO] [stderr] note: to keep the current resolver, specify `workspace.resolver = "1"` in the workspace root's manifest
[INFO] [stderr] note: to use the edition 2021 resolver, specify `workspace.resolver = "2"` in the workspace root's manifest
[INFO] [stderr] note: for more details see https://doc.rust-lang.org/cargo/reference/resolver.html#resolver-versions
[INFO] running `Command { std: "docker" "create" "-v" "/var/lib/crater-agent-workspace/builds/worker-4-tc2/target:/opt/rustwide/target:rw,Z" "-v" "/var/lib/crater-agent-workspace/builds/worker-4-tc2/source:/opt/rustwide/workdir:ro,Z" "-v" "/var/lib/crater-agent-workspace/cargo-home:/opt/rustwide/cargo-home:ro,Z" "-v" "/var/lib/crater-agent-workspace/rustup-home:/opt/rustwide/rustup-home:ro,Z" "-e" "SOURCE_DIR=/opt/rustwide/workdir" "-e" "CARGO_TARGET_DIR=/opt/rustwide/target" "-e" "CARGO_HOME=/opt/rustwide/cargo-home" "-e" "RUSTUP_HOME=/opt/rustwide/rustup-home" "-w" "/opt/rustwide/workdir" "-m" "1610612736" "--user" "0:0" "--network" "none" "ghcr.io/rust-lang/crates-build-env/linux@sha256:2788e3201cd34a07e3172128adcd8b3090168a8e3bcc40d7c032b9dda1df7d1c" "/opt/rustwide/cargo-home/bin/cargo" "+beta-2023-12-22" "metadata" "--no-deps" "--format-version=1", kill_on_drop: false }`
[INFO] [stdout] cc492b4893da2ef5eeafd71a35d3cd4b55c3bc0a3a5701d0f32d0cc97271d9a7
[INFO] running `Command { std: "docker" "start" "-a" "cc492b4893da2ef5eeafd71a35d3cd4b55c3bc0a3a5701d0f32d0cc97271d9a7", kill_on_drop: false }`
[INFO] running `Command { std: "docker" "inspect" "cc492b4893da2ef5eeafd71a35d3cd4b55c3bc0a3a5701d0f32d0cc97271d9a7", kill_on_drop: false }`
[INFO] running `Command { std: "docker" "rm" "-f" "cc492b4893da2ef5eeafd71a35d3cd4b55c3bc0a3a5701d0f32d0cc97271d9a7", kill_on_drop: false }`
[INFO] [stdout] cc492b4893da2ef5eeafd71a35d3cd4b55c3bc0a3a5701d0f32d0cc97271d9a7
[INFO] running `Command { std: "docker" "create" "-v" "/var/lib/crater-agent-workspace/builds/worker-4-tc2/target:/opt/rustwide/target:rw,Z" "-v" "/var/lib/crater-agent-workspace/builds/worker-4-tc2/source:/opt/rustwide/workdir:ro,Z" "-v" "/var/lib/crater-agent-workspace/cargo-home:/opt/rustwide/cargo-home:ro,Z" "-v" "/var/lib/crater-agent-workspace/rustup-home:/opt/rustwide/rustup-home:ro,Z" "-e" "SOURCE_DIR=/opt/rustwide/workdir" "-e" "CARGO_TARGET_DIR=/opt/rustwide/target" "-e" "CARGO_INCREMENTAL=0" "-e" "RUST_BACKTRACE=full" "-e" "RUSTFLAGS=--cap-lints=warn" "-e" "RUSTDOCFLAGS=--cap-lints=warn" "-e" "CARGO_HOME=/opt/rustwide/cargo-home" "-e" "RUSTUP_HOME=/opt/rustwide/rustup-home" "-w" "/opt/rustwide/workdir" "-m" "1610612736" "--user" "0:0" "--network" "none" "ghcr.io/rust-lang/crates-build-env/linux@sha256:2788e3201cd34a07e3172128adcd8b3090168a8e3bcc40d7c032b9dda1df7d1c" "/opt/rustwide/cargo-home/bin/cargo" "+beta-2023-12-22" "build" "--frozen" "--message-format=json", kill_on_drop: false }`
[INFO] [stdout] 0a0d14175c710e71df350d6b9611e396461885fe16003d9fcf4722d03f7ece42
[INFO] running `Command { std: "docker" "start" "-a" "0a0d14175c710e71df350d6b9611e396461885fe16003d9fcf4722d03f7ece42", kill_on_drop: false }`
[INFO] [stderr] warning: virtual workspace defaulting to `resolver = "1"` despite one or more workspace members being on edition 2021 which implies `resolver = "2"`
[INFO] [stderr] note: to keep the current resolver, specify `workspace.resolver = "1"` in the workspace root's manifest
[INFO] [stderr] note: to use the edition 2021 resolver, specify `workspace.resolver = "2"` in the workspace root's manifest
[INFO] [stderr] note: for more details see https://doc.rust-lang.org/cargo/reference/resolver.html#resolver-versions
[INFO] [stderr]    Compiling libc v0.2.143
[INFO] [stderr]    Compiling io-lifetimes v1.0.10
[INFO] [stderr]    Compiling proc-macro2 v1.0.56
[INFO] [stderr]    Compiling rustix v0.37.19
[INFO] [stderr]    Compiling linux-raw-sys v0.3.7
[INFO] [stderr]    Compiling unicode-ident v1.0.8
[INFO] [stderr]    Compiling quote v1.0.27
[INFO] [stderr]    Compiling bitflags v1.3.2
[INFO] [stderr]    Compiling utf8parse v0.2.1
[INFO] [stderr]    Compiling anstyle-query v1.0.0
[INFO] [stderr]    Compiling anstyle v1.0.0
[INFO] [stderr]    Compiling colorchoice v1.0.0
[INFO] [stderr]    Compiling once_cell v1.17.1
[INFO] [stderr]    Compiling strsim v0.10.0
[INFO] [stderr]    Compiling clap_lex v0.4.1
[INFO] [stderr]    Compiling eyre v0.6.8
[INFO] [stderr]    Compiling heck v0.4.1
[INFO] [stderr]    Compiling indenter v0.3.3
[INFO] [stderr]    Compiling memchr v2.5.0
[INFO] [stderr]    Compiling anstyle-parse v0.2.0
[INFO] [stderr]    Compiling util v0.1.0 (/opt/rustwide/workdir/util)
[INFO] [stderr]    Compiling same-file v1.0.6
[INFO] [stderr]    Compiling regex-syntax v0.7.1
[INFO] [stderr]    Compiling walkdir v2.3.3
[INFO] [stderr]    Compiling hello v0.1.0 (/opt/rustwide/workdir/01-hello)
[INFO] [stderr]    Compiling simple-eyre v0.3.1
[INFO] [stderr]    Compiling aho-corasick v1.0.1
[INFO] [stderr]    Compiling syn v2.0.15
[INFO] [stderr]    Compiling regex v1.8.1
[INFO] [stderr]    Compiling is-terminal v0.4.7
[INFO] [stderr]    Compiling anstream v0.3.2
[INFO] [stderr]    Compiling clap_derive v4.2.0
[INFO] [stderr]    Compiling clap_builder v4.2.7
[INFO] [stderr]    Compiling clap v4.2.7
[INFO] [stderr]    Compiling wcr v0.1.0 (/opt/rustwide/workdir/05-wcr)
[INFO] [stderr]    Compiling headr v0.1.0 (/opt/rustwide/workdir/04-headr)
[INFO] [stderr]    Compiling echor v0.1.0 (/opt/rustwide/workdir/02-echor)
[INFO] [stderr]    Compiling catr v0.1.0 (/opt/rustwide/workdir/03-catr)
[INFO] [stderr]    Compiling uniqr v0.1.0 (/opt/rustwide/workdir/06-uniqr)
[INFO] [stderr]    Compiling findr v0.1.0 (/opt/rustwide/workdir/07-findr)
[INFO] [stderr]     Finished dev [unoptimized + debuginfo] target(s) in 13.45s
[INFO] running `Command { std: "docker" "inspect" "0a0d14175c710e71df350d6b9611e396461885fe16003d9fcf4722d03f7ece42", kill_on_drop: false }`
[INFO] running `Command { std: "docker" "rm" "-f" "0a0d14175c710e71df350d6b9611e396461885fe16003d9fcf4722d03f7ece42", kill_on_drop: false }`
[INFO] [stdout] 0a0d14175c710e71df350d6b9611e396461885fe16003d9fcf4722d03f7ece42
[INFO] running `Command { std: "docker" "create" "-v" "/var/lib/crater-agent-workspace/builds/worker-4-tc2/target:/opt/rustwide/target:rw,Z" "-v" "/var/lib/crater-agent-workspace/builds/worker-4-tc2/source:/opt/rustwide/workdir:ro,Z" "-v" "/var/lib/crater-agent-workspace/cargo-home:/opt/rustwide/cargo-home:ro,Z" "-v" "/var/lib/crater-agent-workspace/rustup-home:/opt/rustwide/rustup-home:ro,Z" "-e" "SOURCE_DIR=/opt/rustwide/workdir" "-e" "CARGO_TARGET_DIR=/opt/rustwide/target" "-e" "CARGO_INCREMENTAL=0" "-e" "RUST_BACKTRACE=full" "-e" "RUSTFLAGS=--cap-lints=warn" "-e" "RUSTDOCFLAGS=--cap-lints=warn" "-e" "CARGO_HOME=/opt/rustwide/cargo-home" "-e" "RUSTUP_HOME=/opt/rustwide/rustup-home" "-w" "/opt/rustwide/workdir" "-m" "1610612736" "--user" "0:0" "--network" "none" "ghcr.io/rust-lang/crates-build-env/linux@sha256:2788e3201cd34a07e3172128adcd8b3090168a8e3bcc40d7c032b9dda1df7d1c" "/opt/rustwide/cargo-home/bin/cargo" "+beta-2023-12-22" "test" "--frozen" "--no-run" "--message-format=json", kill_on_drop: false }`
[INFO] [stdout] 35c53810cd58dd55b700908488162e9d7efa5fc8b5c61e4bb7de64cb07ea0bf1
[INFO] running `Command { std: "docker" "start" "-a" "35c53810cd58dd55b700908488162e9d7efa5fc8b5c61e4bb7de64cb07ea0bf1", kill_on_drop: false }`
[INFO] [stderr] warning: virtual workspace defaulting to `resolver = "1"` despite one or more workspace members being on edition 2021 which implies `resolver = "2"`
[INFO] [stderr] note: to keep the current resolver, specify `workspace.resolver = "1"` in the workspace root's manifest
[INFO] [stderr] note: to use the edition 2021 resolver, specify `workspace.resolver = "2"` in the workspace root's manifest
[INFO] [stderr] note: for more details see https://doc.rust-lang.org/cargo/reference/resolver.html#resolver-versions
[INFO] [stderr]    Compiling autocfg v1.1.0
[INFO] [stderr]    Compiling predicates-core v1.0.6
[INFO] [stderr]    Compiling doc-comment v0.3.3
[INFO] [stderr]    Compiling either v1.8.1
[INFO] [stderr]    Compiling regex-automata v0.1.10
[INFO] [stderr]    Compiling difflib v0.4.0
[INFO] [stderr]    Compiling termtree v0.4.1
[INFO] [stderr]    Compiling normalize-line-endings v0.3.0
[INFO] [stderr]    Compiling wait-timeout v0.2.0
[INFO] [stderr]    Compiling cfg-if v1.0.0
[INFO] [stderr]    Compiling ppv-lite86 v0.2.17
[INFO] [stderr]    Compiling fastrand v1.9.0
[INFO] [stderr]    Compiling util v0.1.0 (/opt/rustwide/workdir/util)
[INFO] [stderr]    Compiling getrandom v0.2.9
[INFO] [stderr]    Compiling predicates-tree v1.0.9
[INFO] [stderr]    Compiling itertools v0.10.5
[INFO] [stderr]    Compiling bstr v1.4.0
[INFO] [stderr]    Compiling rand_core v0.6.4
[INFO] [stderr]    Compiling tempfile v3.5.0
[INFO] [stderr]    Compiling num-traits v0.2.15
[INFO] [stderr]    Compiling rand_chacha v0.3.1
[INFO] [stderr]    Compiling rand v0.8.5
[INFO] [stderr]    Compiling float-cmp v0.9.0
[INFO] [stderr]    Compiling predicates v3.0.3
[INFO] [stderr]    Compiling assert_cmd v2.0.11
[INFO] [stderr]    Compiling uniqr v0.1.0 (/opt/rustwide/workdir/06-uniqr)
[INFO] [stderr]    Compiling wcr v0.1.0 (/opt/rustwide/workdir/05-wcr)
[INFO] [stderr]    Compiling findr v0.1.0 (/opt/rustwide/workdir/07-findr)
[INFO] [stderr]    Compiling headr v0.1.0 (/opt/rustwide/workdir/04-headr)
[INFO] [stderr]    Compiling echor v0.1.0 (/opt/rustwide/workdir/02-echor)
[INFO] [stderr]    Compiling hello v0.1.0 (/opt/rustwide/workdir/01-hello)
[INFO] [stderr]    Compiling catr v0.1.0 (/opt/rustwide/workdir/03-catr)
[INFO] [stderr]     Finished test [unoptimized + debuginfo] target(s) in 7.65s
[INFO] running `Command { std: "docker" "inspect" "35c53810cd58dd55b700908488162e9d7efa5fc8b5c61e4bb7de64cb07ea0bf1", kill_on_drop: false }`
[INFO] running `Command { std: "docker" "rm" "-f" "35c53810cd58dd55b700908488162e9d7efa5fc8b5c61e4bb7de64cb07ea0bf1", kill_on_drop: false }`
[INFO] [stdout] 35c53810cd58dd55b700908488162e9d7efa5fc8b5c61e4bb7de64cb07ea0bf1
[INFO] running `Command { std: "docker" "create" "-v" "/var/lib/crater-agent-workspace/builds/worker-4-tc2/target:/opt/rustwide/target:rw,Z" "-v" "/var/lib/crater-agent-workspace/builds/worker-4-tc2/source:/opt/rustwide/workdir:ro,Z" "-v" "/var/lib/crater-agent-workspace/cargo-home:/opt/rustwide/cargo-home:ro,Z" "-v" "/var/lib/crater-agent-workspace/rustup-home:/opt/rustwide/rustup-home:ro,Z" "-e" "SOURCE_DIR=/opt/rustwide/workdir" "-e" "CARGO_TARGET_DIR=/opt/rustwide/target" "-e" "CARGO_INCREMENTAL=0" "-e" "RUST_BACKTRACE=full" "-e" "RUSTFLAGS=--cap-lints=warn" "-e" "RUSTDOCFLAGS=--cap-lints=warn" "-e" "CARGO_HOME=/opt/rustwide/cargo-home" "-e" "RUSTUP_HOME=/opt/rustwide/rustup-home" "-w" "/opt/rustwide/workdir" "-m" "1610612736" "--user" "0:0" "--network" "none" "ghcr.io/rust-lang/crates-build-env/linux@sha256:2788e3201cd34a07e3172128adcd8b3090168a8e3bcc40d7c032b9dda1df7d1c" "/opt/rustwide/cargo-home/bin/cargo" "+beta-2023-12-22" "test" "--frozen", kill_on_drop: false }`
[INFO] [stdout] 33784bad126178b15f382c5d4907f139a71f7e8ac23432906cc30294520f571e
[INFO] running `Command { std: "docker" "start" "-a" "33784bad126178b15f382c5d4907f139a71f7e8ac23432906cc30294520f571e", kill_on_drop: false }`
[INFO] [stderr] warning: virtual workspace defaulting to `resolver = "1"` despite one or more workspace members being on edition 2021 which implies `resolver = "2"`
[INFO] [stderr] note: to keep the current resolver, specify `workspace.resolver = "1"` in the workspace root's manifest
[INFO] [stderr] note: to use the edition 2021 resolver, specify `workspace.resolver = "2"` in the workspace root's manifest
[INFO] [stderr] note: for more details see https://doc.rust-lang.org/cargo/reference/resolver.html#resolver-versions
[INFO] [stderr]     Finished test [unoptimized + debuginfo] target(s) in 0.13s
[INFO] [stderr]      Running unittests src/main.rs (/opt/rustwide/target/debug/deps/catr-d8b7649dc49241ba)
[INFO] [stdout] 
[INFO] [stdout] running 0 tests
[INFO] [stdout] 
[INFO] [stdout] test result: ok. 0 passed; 0 failed; 0 ignored; 0 measured; 0 filtered out; finished in 0.00s
[INFO] [stdout] 
[INFO] [stderr]      Running tests/cli.rs (/opt/rustwide/target/debug/deps/cli-f5f902f81d46e5a3)
[INFO] [stdout] 
[INFO] [stdout] running 20 tests
[INFO] [stdout] test all_b ... ok
[INFO] [stdout] test empty_n ... ok
[INFO] [stdout] test all_n ... ok
[INFO] [stdout] test fox_n ... ok
[INFO] [stdout] test bustle_stdin ... ok
[INFO] [stdout] test bustle ... ok
[INFO] [stdout] test all ... ok
[INFO] [stdout] test bustle_b ... ok
[INFO] [stdout] test bustle_n ... ok
[INFO] [stdout] test empty ... ok
[INFO] [stdout] test fox ... ok
[INFO] [stdout] test spiders ... ok
[INFO] [stdout] test bustle_stdin_b ... ok
[INFO] [stdout] test spiders_n ... ok
[INFO] [stdout] test fox_b ... ok
[INFO] [stdout] test spiders_b ... ok
[INFO] [stdout] test usage ... ok
[INFO] [stdout] test empty_b ... ok
[INFO] [stdout] test bustle_stdin_n ... ok
[INFO] [stdout] test skips_bad_file ... ok
[INFO] [stdout] 
[INFO] [stdout] test result: ok. 20 passed; 0 failed; 0 ignored; 0 measured; 0 filtered out; finished in 0.13s
[INFO] [stdout] 
[INFO] [stderr]      Running unittests src/main.rs (/opt/rustwide/target/debug/deps/echor-45e2ea8034d0e675)
[INFO] [stdout] 
[INFO] [stdout] running 0 tests
[INFO] [stderr]      Running tests/cli.rs (/opt/rustwide/target/debug/deps/cli-9ce07aac35cb848a)
[INFO] [stdout] 
[INFO] [stdout] test result: ok. 0 passed; 0 failed; 0 ignored; 0 measured; 0 filtered out; finished in 0.00s
[INFO] [stdout] 
[INFO] [stdout] 
[INFO] [stdout] running 6 tests
[INFO] [stdout] test hello2 ... ok
[INFO] [stdout] test dies_no_args ... ok
[INFO] [stdout] test runs ... ok
[INFO] [stdout] test hello2_no_newline ... ok
[INFO] [stdout] test hello1 ... ok
[INFO] [stdout] test hello1_no_newline ... ok
[INFO] [stdout] 
[INFO] [stdout] test result: ok. 6 passed; 0 failed; 0 ignored; 0 measured; 0 filtered out; finished in 0.06s
[INFO] [stdout] 
[INFO] [stderr]      Running unittests src/main.rs (/opt/rustwide/target/debug/deps/findr-1a0ca000c157b656)
[INFO] [stdout] 
[INFO] [stdout] running 0 tests
[INFO] [stdout] 
[INFO] [stdout] test result: ok. 0 passed; 0 failed; 0 ignored; 0 measured; 0 filtered out; finished in 0.00s
[INFO] [stdout] 
[INFO] [stderr]      Running tests/cli.rs (/opt/rustwide/target/debug/deps/cli-24e804cc87347d07)
[INFO] [stdout] 
[INFO] [stdout] running 28 tests
[INFO] [stdout] test name_txt_path_a_d ... ok
[INFO] [stdout] test type_d_path_a ... ok
[INFO] [stdout] test name_a ... ok
[INFO] [stdout] test path_d ... ok
[INFO] [stdout] test path_g ... ok
[INFO] [stdout] test name_csv ... ok
[INFO] [stdout] test type_d ... ok
[INFO] [stdout] test path1 ... ok
[INFO] [stdout] test name_csv_mp3 ... ok
[INFO] [stdout] test type_d_name_a ... ok
[INFO] [stdout] test path_a_b_d ... ok
[INFO] [stdout] test path_a ... ok
[INFO] [stdout] test dies_bad_name ... ok
[INFO] [stdout] test dies_bad_type ... ok
[INFO] [stdout] test path_a_b ... ok
[INFO] [stdout] test type_f_l ... ok
[INFO] [stdout] test type_d_path_a_b_d ... ok
[INFO] [stdout] test unreadable_dir ... FAILED
[INFO] [stdout] test type_d_path_a_b ... ok
[INFO] [stdout] test skips_bad_dir ... ok
[INFO] [stdout] test type_f_path_d ... ok
[INFO] [stdout] test type_f ... ok
[INFO] [stdout] test type_f_path_a_b ... ok
[INFO] [stdout] test type_l ... ok
[INFO] [stdout] test type_d_path_d ... ok
[INFO] [stdout] test type_f_path_a ... ok
[INFO] [stdout] test type_f_path_a_b_d ... ok
[INFO] [stdout] test type_f_name_a ... ok
[INFO] [stdout] 
[INFO] [stdout] failures:
[INFO] [stdout] 
[INFO] [stdout] ---- unreadable_dir stdout ----
[INFO] [stdout] Error: Os { code: 30, kind: ReadOnlyFilesystem, message: "Read-only file system" }
[INFO] [stdout] 
[INFO] [stdout] 
[INFO] [stdout] failures:
[INFO] [stdout]     unreadable_dir
[INFO] [stdout] 
[INFO] [stdout] test result: FAILED. 27 passed; 1 failed; 0 ignored; 0 measured; 0 filtered out; finished in 0.19s
[INFO] [stdout] 
[INFO] [stderr] error: test failed, to rerun pass `-p findr --test cli`
[INFO] running `Command { std: "docker" "inspect" "33784bad126178b15f382c5d4907f139a71f7e8ac23432906cc30294520f571e", kill_on_drop: false }`
[INFO] running `Command { std: "docker" "rm" "-f" "33784bad126178b15f382c5d4907f139a71f7e8ac23432906cc30294520f571e", kill_on_drop: false }`
[INFO] [stdout] 33784bad126178b15f382c5d4907f139a71f7e8ac23432906cc30294520f571e
