[INFO] cloning repository https://github.com/part-time-nerd/aoc-2023
[INFO] running `Command { std: "git" "-c" "credential.helper=" "-c" "credential.helper=/workspace/cargo-home/bin/git-credential-null" "clone" "--bare" "https://github.com/part-time-nerd/aoc-2023" "/workspace/cache/git-repos/https%3A%2F%2Fgithub.com%2Fpart-time-nerd%2Faoc-2023", kill_on_drop: false }`
[INFO] [stderr] Cloning into bare repository '/workspace/cache/git-repos/https%3A%2F%2Fgithub.com%2Fpart-time-nerd%2Faoc-2023'...
[INFO] running `Command { std: "git" "rev-parse" "HEAD", kill_on_drop: false }`
[INFO] [stdout] ce07a21732d39c1d2fdb02309db7c57ee1372fbf
[INFO] testing part-time-nerd/aoc-2023 against 1.75.0 for beta-1.76-1
[INFO] running `Command { std: "git" "clone" "/workspace/cache/git-repos/https%3A%2F%2Fgithub.com%2Fpart-time-nerd%2Faoc-2023" "/workspace/builds/worker-4-tc1/source", kill_on_drop: false }`
[INFO] [stderr] Cloning into '/workspace/builds/worker-4-tc1/source'...
[INFO] [stderr] done.
[INFO] validating manifest of git repo https://github.com/part-time-nerd/aoc-2023 on toolchain 1.75.0
[INFO] running `Command { std: CARGO_HOME="/workspace/cargo-home" RUSTUP_HOME="/workspace/rustup-home" "/workspace/cargo-home/bin/cargo" "+1.75.0" "metadata" "--manifest-path" "Cargo.toml" "--no-deps", kill_on_drop: false }`
[INFO] started tweaking git repo https://github.com/part-time-nerd/aoc-2023
[INFO] finished tweaking git repo https://github.com/part-time-nerd/aoc-2023
[INFO] tweaked toml for git repo https://github.com/part-time-nerd/aoc-2023 written to /workspace/builds/worker-4-tc1/source/Cargo.toml
[INFO] crate git repo https://github.com/part-time-nerd/aoc-2023 already has a lockfile, it will not be regenerated
[INFO] running `Command { std: CARGO_HOME="/workspace/cargo-home" RUSTUP_HOME="/workspace/rustup-home" "/workspace/cargo-home/bin/cargo" "+1.75.0" "fetch" "--manifest-path" "Cargo.toml", kill_on_drop: false }`
[INFO] running `Command { std: "docker" "create" "-v" "/var/lib/crater-agent-workspace/builds/worker-4-tc1/target:/opt/rustwide/target:rw,Z" "-v" "/var/lib/crater-agent-workspace/builds/worker-4-tc1/source:/opt/rustwide/workdir:ro,Z" "-v" "/var/lib/crater-agent-workspace/cargo-home:/opt/rustwide/cargo-home:ro,Z" "-v" "/var/lib/crater-agent-workspace/rustup-home:/opt/rustwide/rustup-home:ro,Z" "-e" "SOURCE_DIR=/opt/rustwide/workdir" "-e" "CARGO_TARGET_DIR=/opt/rustwide/target" "-e" "CARGO_HOME=/opt/rustwide/cargo-home" "-e" "RUSTUP_HOME=/opt/rustwide/rustup-home" "-w" "/opt/rustwide/workdir" "-m" "1610612736" "--user" "0:0" "--network" "none" "ghcr.io/rust-lang/crates-build-env/linux@sha256:2788e3201cd34a07e3172128adcd8b3090168a8e3bcc40d7c032b9dda1df7d1c" "/opt/rustwide/cargo-home/bin/cargo" "+1.75.0" "metadata" "--no-deps" "--format-version=1", kill_on_drop: false }`
[INFO] [stdout] e65d96279089ff89c0809d0805b9f6a285ddb1471c606431d4d3a8646b08aad7
[INFO] running `Command { std: "docker" "start" "-a" "e65d96279089ff89c0809d0805b9f6a285ddb1471c606431d4d3a8646b08aad7", kill_on_drop: false }`
[INFO] running `Command { std: "docker" "inspect" "e65d96279089ff89c0809d0805b9f6a285ddb1471c606431d4d3a8646b08aad7", kill_on_drop: false }`
[INFO] running `Command { std: "docker" "rm" "-f" "e65d96279089ff89c0809d0805b9f6a285ddb1471c606431d4d3a8646b08aad7", kill_on_drop: false }`
[INFO] [stdout] e65d96279089ff89c0809d0805b9f6a285ddb1471c606431d4d3a8646b08aad7
[INFO] running `Command { std: "docker" "create" "-v" "/var/lib/crater-agent-workspace/builds/worker-4-tc1/target:/opt/rustwide/target:rw,Z" "-v" "/var/lib/crater-agent-workspace/builds/worker-4-tc1/source:/opt/rustwide/workdir:ro,Z" "-v" "/var/lib/crater-agent-workspace/cargo-home:/opt/rustwide/cargo-home:ro,Z" "-v" "/var/lib/crater-agent-workspace/rustup-home:/opt/rustwide/rustup-home:ro,Z" "-e" "SOURCE_DIR=/opt/rustwide/workdir" "-e" "CARGO_TARGET_DIR=/opt/rustwide/target" "-e" "CARGO_INCREMENTAL=0" "-e" "RUST_BACKTRACE=full" "-e" "RUSTFLAGS=--cap-lints=warn" "-e" "RUSTDOCFLAGS=--cap-lints=warn" "-e" "CARGO_HOME=/opt/rustwide/cargo-home" "-e" "RUSTUP_HOME=/opt/rustwide/rustup-home" "-w" "/opt/rustwide/workdir" "-m" "1610612736" "--user" "0:0" "--network" "none" "ghcr.io/rust-lang/crates-build-env/linux@sha256:2788e3201cd34a07e3172128adcd8b3090168a8e3bcc40d7c032b9dda1df7d1c" "/opt/rustwide/cargo-home/bin/cargo" "+1.75.0" "build" "--frozen" "--message-format=json", kill_on_drop: false }`
[INFO] [stdout] 0d30b2c3cfbb7c508e53ab23eb2f72f9a8b53d9e2575a24cd55ff5bb1c977b77
[INFO] running `Command { std: "docker" "start" "-a" "0d30b2c3cfbb7c508e53ab23eb2f72f9a8b53d9e2575a24cd55ff5bb1c977b77", kill_on_drop: false }`
[INFO] [stderr]    Compiling autocfg v1.1.0
[INFO] [stderr]    Compiling proc-macro2 v1.0.70
[INFO] [stderr]    Compiling unicode-ident v1.0.12
[INFO] [stderr]    Compiling semver v1.0.20
[INFO] [stderr]    Compiling thiserror v1.0.50
[INFO] [stderr]    Compiling anyhow v1.0.75
[INFO] [stderr]    Compiling equivalent v1.0.1
[INFO] [stderr]    Compiling hashbrown v0.14.3
[INFO] [stderr]    Compiling rustc-hash v1.1.0
[INFO] [stderr]    Compiling fixedbitset v0.4.2
[INFO] [stderr]    Compiling num-traits v0.2.17
[INFO] [stderr]    Compiling num-integer v0.1.45
[INFO] [stderr]    Compiling num-bigint v0.4.4
[INFO] [stderr]    Compiling num-iter v0.1.43
[INFO] [stderr]    Compiling num-rational v0.4.1
[INFO] [stderr]    Compiling quote v1.0.33
[INFO] [stderr]    Compiling indexmap v2.1.0
[INFO] [stderr]    Compiling syn v2.0.39
[INFO] [stderr]    Compiling integer-sqrt v0.1.5
[INFO] [stderr]    Compiling num-complex v0.4.4
[INFO] [stderr]    Compiling thiserror-impl v1.0.50
[INFO] [stderr]    Compiling deprecate-until v0.1.1
[INFO] [stderr]    Compiling num v0.4.1
[INFO] [stderr]    Compiling pathfinding v4.4.0
[INFO] [stderr]    Compiling aoc-2023 v0.1.0 (/opt/rustwide/workdir)
[INFO] [stdout] warning: unused import: `collections::HashMap`
[INFO] [stdout]  --> src/day21.rs:2:11
[INFO] [stdout]   |
[INFO] [stdout] 2 | use std::{collections::HashMap, str::FromStr};
[INFO] [stdout]   |           ^^^^^^^^^^^^^^^^^^^^
[INFO] [stdout]   |
[INFO] [stdout]   = note: `#[warn(unused_imports)]` on by default
[INFO] [stdout] 
[INFO] [stdout] 
[INFO] [stdout] warning: unused import: `super::*`
[INFO] [stdout]   --> src/day23.rs:93:9
[INFO] [stdout]    |
[INFO] [stdout] 93 |     use super::*;
[INFO] [stdout]    |         ^^^^^^^^
[INFO] [stdout] 
[INFO] [stdout] 
[INFO] [stdout] warning: unused import: `collections::HashSet`
[INFO] [stdout]  --> src/day25.rs:5:11
[INFO] [stdout]   |
[INFO] [stdout] 5 | use std::{collections::HashSet, str::FromStr};
[INFO] [stdout]   |           ^^^^^^^^^^^^^^^^^^^^
[INFO] [stdout] 
[INFO] [stdout] 
[INFO] [stdout] warning: unused variable: `conditions`
[INFO] [stdout]   --> src/day12.rs:82:26
[INFO] [stdout]    |
[INFO] [stdout] 82 | fn possible_arrangements(conditions: &[(Condition, usize)], damaged: &[usize]) -> usize {
[INFO] [stdout]    |                          ^^^^^^^^^^ help: if this is intentional, prefix it with an underscore: `_conditions`
[INFO] [stdout]    |
[INFO] [stdout]    = note: `#[warn(unused_variables)]` on by default
[INFO] [stdout] 
[INFO] [stdout] 
[INFO] [stdout] warning: unused variable: `damaged`
[INFO] [stdout]   --> src/day12.rs:82:61
[INFO] [stdout]    |
[INFO] [stdout] 82 | fn possible_arrangements(conditions: &[(Condition, usize)], damaged: &[usize]) -> usize {
[INFO] [stdout]    |                                                             ^^^^^^^ help: if this is intentional, prefix it with an underscore: `_damaged`
[INFO] [stdout] 
[INFO] [stdout] 
[INFO] [stdout] warning: unused variable: `rxin`
[INFO] [stdout]    --> src/day20.rs:176:10
[INFO] [stdout]     |
[INFO] [stdout] 176 |     let [rxin] = modules.values().filter(|m| m.outputs.contains(&"rx")).map(|m| m.label).collect::<Vec<_>>()[..] else {
[INFO] [stdout]     |          ^^^^ help: if this is intentional, prefix it with an underscore: `_rxin`
[INFO] [stdout] 
[INFO] [stdout] 
[INFO] [stdout] warning: unused variable: `start`
[INFO] [stdout]   --> src/day23.rs:87:9
[INFO] [stdout]    |
[INFO] [stdout] 87 |     let start: Posn = (0, 1);
[INFO] [stdout]    |         ^^^^^ help: if this is intentional, prefix it with an underscore: `_start`
[INFO] [stdout] 
[INFO] [stdout] 
[INFO] [stdout] warning: unused variable: `target`
[INFO] [stdout]   --> src/day23.rs:88:9
[INFO] [stdout]    |
[INFO] [stdout] 88 |     let target: Posn = (map.0.len() - 1, map.0[map.0.len() - 1].len() - 2);
[INFO] [stdout]    |         ^^^^^^ help: if this is intentional, prefix it with an underscore: `_target`
[INFO] [stdout] 
[INFO] [stdout] 
[INFO] [stdout] warning: unused variable: `m`
[INFO] [stdout]   --> src/day24.rs:94:41
[INFO] [stdout]    |
[INFO] [stdout] 94 |                 LinearCollision::Line { m, b } => todo!(),
[INFO] [stdout]    |                                         ^ help: try ignoring the field: `m: _`
[INFO] [stdout] 
[INFO] [stdout] 
[INFO] [stdout] warning: unused variable: `b`
[INFO] [stdout]   --> src/day24.rs:94:44
[INFO] [stdout]    |
[INFO] [stdout] 94 |                 LinearCollision::Line { m, b } => todo!(),
[INFO] [stdout]    |                                            ^ help: try ignoring the field: `b: _`
[INFO] [stdout] 
[INFO] [stdout] 
[INFO] [stdout] warning: unused variable: `hailstones`
[INFO] [stdout]    --> src/day24.rs:107:9
[INFO] [stdout]     |
[INFO] [stdout] 107 |     let hailstones = parse_input(input)?;
[INFO] [stdout]     |         ^^^^^^^^^^ help: if this is intentional, prefix it with an underscore: `_hailstones`
[INFO] [stdout] 
[INFO] [stdout] 
[INFO] [stdout] warning: unused variable: `input`
[INFO] [stdout]   --> src/main.rs:71:9
[INFO] [stdout]    |
[INFO] [stdout] 71 |     let input = std::fs::read_to_string("inputs/day12.txt").unwrap();
[INFO] [stdout]    |         ^^^^^ help: if this is intentional, prefix it with an underscore: `_input`
[INFO] [stdout] 
[INFO] [stdout] 
[INFO] [stdout] warning: function `is_boundary_transition` is never used
[INFO] [stdout]    --> src/day10.rs:105:4
[INFO] [stdout]     |
[INFO] [stdout] 105 | fn is_boundary_transition(a: &Tile, b: &Tile) -> bool {
[INFO] [stdout]     |    ^^^^^^^^^^^^^^^^^^^^^^
[INFO] [stdout]     |
[INFO] [stdout]     = note: `#[warn(dead_code)]` on by default
[INFO] [stdout] 
[INFO] [stdout] 
[INFO] [stdout] warning: function `part2` is never used
[INFO] [stdout]    --> src/day10.rs:116:8
[INFO] [stdout]     |
[INFO] [stdout] 116 | pub fn part2(input: &str) -> Result<usize> {
[INFO] [stdout]     |        ^^^^^
[INFO] [stdout] 
[INFO] [stdout] 
[INFO] [stdout] warning: function `parse_spring_conditions` is never used
[INFO] [stdout]   --> src/day12.rs:22:4
[INFO] [stdout]    |
[INFO] [stdout] 22 | fn parse_spring_conditions(input: &str) -> Result<Vec<(Condition, usize)>> {
[INFO] [stdout]    |    ^^^^^^^^^^^^^^^^^^^^^^^
[INFO] [stdout] 
[INFO] [stdout] 
[INFO] [stdout] warning: function `parse_damaged_info` is never used
[INFO] [stdout]   --> src/day12.rs:47:4
[INFO] [stdout]    |
[INFO] [stdout] 47 | fn parse_damaged_info(input: &str) -> Result<Vec<usize>> {
[INFO] [stdout]    |    ^^^^^^^^^^^^^^^^^^
[INFO] [stdout] 
[INFO] [stdout] 
[INFO] [stdout] warning: function `parse_input` is never used
[INFO] [stdout]   --> src/day12.rs:55:4
[INFO] [stdout]    |
[INFO] [stdout] 55 | fn parse_input(input: &str) -> Result<Vec<(Vec<(Condition, usize)>, Vec<usize>)>> {
[INFO] [stdout]    |    ^^^^^^^^^^^
[INFO] [stdout] 
[INFO] [stdout] 
[INFO] [stdout] warning: function `is_valid_arrangment` is never used
[INFO] [stdout]   --> src/day12.rs:64:4
[INFO] [stdout]    |
[INFO] [stdout] 64 | fn is_valid_arrangment(conditions: &[(Condition, usize)], damaged: &[usize]) -> bool {
[INFO] [stdout]    |    ^^^^^^^^^^^^^^^^^^^
[INFO] [stdout] 
[INFO] [stdout] 
[INFO] [stdout] warning: function `possible_arrangements` is never used
[INFO] [stdout]   --> src/day12.rs:82:4
[INFO] [stdout]    |
[INFO] [stdout] 82 | fn possible_arrangements(conditions: &[(Condition, usize)], damaged: &[usize]) -> usize {
[INFO] [stdout]    |    ^^^^^^^^^^^^^^^^^^^^^
[INFO] [stdout] 
[INFO] [stdout] 
[INFO] [stdout] warning: function `part1` is never used
[INFO] [stdout]   --> src/day12.rs:86:8
[INFO] [stdout]    |
[INFO] [stdout] 86 | pub fn part1(input: &str) -> Result<usize> {
[INFO] [stdout]    |        ^^^^^
[INFO] [stdout] 
[INFO] [stdout] 
[INFO] [stdout] warning: function `part2` is never used
[INFO] [stdout]   --> src/day13.rs:88:8
[INFO] [stdout]    |
[INFO] [stdout] 88 | pub fn part2(input: &str) -> Result<usize> {
[INFO] [stdout]    |        ^^^^^
[INFO] [stdout] 
[INFO] [stdout] 
[INFO] [stdout] warning: function `part2` is never used
[INFO] [stdout]    --> src/day20.rs:174:8
[INFO] [stdout]     |
[INFO] [stdout] 174 | pub fn part2(input: &str) -> Result<usize> {
[INFO] [stdout]     |        ^^^^^
[INFO] [stdout] 
[INFO] [stdout] 
[INFO] [stdout] warning: enum `Wrapping` is never used
[INFO] [stdout]   --> src/day21.rs:16:6
[INFO] [stdout]    |
[INFO] [stdout] 16 | enum Wrapping {
[INFO] [stdout]    |      ^^^^^^^^
[INFO] [stdout] 
[INFO] [stdout] 
[INFO] [stdout] warning: method `successors_with_wrapping` is never used
[INFO] [stdout]   --> src/day21.rs:76:8
[INFO] [stdout]    |
[INFO] [stdout] 50 | impl Map {
[INFO] [stdout]    | -------- method in this implementation
[INFO] [stdout] ...
[INFO] [stdout] 76 |     fn successors_with_wrapping(&self, posn: &Posn) -> Vec<(Posn, Option<Wrapping>)> {
[INFO] [stdout]    |        ^^^^^^^^^^^^^^^^^^^^^^^^
[INFO] [stdout] 
[INFO] [stdout] 
[INFO] [stdout] warning: function `part2` is never used
[INFO] [stdout]    --> src/day21.rs:129:8
[INFO] [stdout]     |
[INFO] [stdout] 129 | pub fn part2(input: &str, steps: usize) -> Result<usize> {
[INFO] [stdout]     |        ^^^^^
[INFO] [stdout] 
[INFO] [stdout] 
[INFO] [stdout] warning: method `adjacent` is never used
[INFO] [stdout]   --> src/day23.rs:61:8
[INFO] [stdout]    |
[INFO] [stdout] 60 | impl Map {
[INFO] [stdout]    | -------- method in this implementation
[INFO] [stdout] 61 |     fn adjacent(&self, posn: Posn) -> Vec<Posn> {
[INFO] [stdout]    |        ^^^^^^^^
[INFO] [stdout] 
[INFO] [stdout] 
[INFO] [stdout] warning: constant `EXAMPLE` is never used
[INFO] [stdout]   --> src/day23.rs:95:11
[INFO] [stdout]    |
[INFO] [stdout] 95 |     const EXAMPLE: &str = "#.#####################
[INFO] [stdout]    |           ^^^^^^^
[INFO] [stdout] 
[INFO] [stdout] 
[INFO] [stdout] warning: function `part2` is never used
[INFO] [stdout]    --> src/day24.rs:106:8
[INFO] [stdout]     |
[INFO] [stdout] 106 | pub fn part2(input: &str) -> Result<usize> {
[INFO] [stdout]     |        ^^^^^
[INFO] [stdout] 
[INFO] [stdout] 
[INFO] [stdout] warning: 28 warnings emitted
[INFO] [stdout] 
[INFO] [stdout] 
[INFO] [stderr]     Finished dev [unoptimized + debuginfo] target(s) in 9.89s
[INFO] running `Command { std: "docker" "inspect" "0d30b2c3cfbb7c508e53ab23eb2f72f9a8b53d9e2575a24cd55ff5bb1c977b77", kill_on_drop: false }`
[INFO] running `Command { std: "docker" "rm" "-f" "0d30b2c3cfbb7c508e53ab23eb2f72f9a8b53d9e2575a24cd55ff5bb1c977b77", kill_on_drop: false }`
[INFO] [stdout] 0d30b2c3cfbb7c508e53ab23eb2f72f9a8b53d9e2575a24cd55ff5bb1c977b77
[INFO] running `Command { std: "docker" "create" "-v" "/var/lib/crater-agent-workspace/builds/worker-4-tc1/target:/opt/rustwide/target:rw,Z" "-v" "/var/lib/crater-agent-workspace/builds/worker-4-tc1/source:/opt/rustwide/workdir:ro,Z" "-v" "/var/lib/crater-agent-workspace/cargo-home:/opt/rustwide/cargo-home:ro,Z" "-v" "/var/lib/crater-agent-workspace/rustup-home:/opt/rustwide/rustup-home:ro,Z" "-e" "SOURCE_DIR=/opt/rustwide/workdir" "-e" "CARGO_TARGET_DIR=/opt/rustwide/target" "-e" "CARGO_INCREMENTAL=0" "-e" "RUST_BACKTRACE=full" "-e" "RUSTFLAGS=--cap-lints=warn" "-e" "RUSTDOCFLAGS=--cap-lints=warn" "-e" "CARGO_HOME=/opt/rustwide/cargo-home" "-e" "RUSTUP_HOME=/opt/rustwide/rustup-home" "-w" "/opt/rustwide/workdir" "-m" "1610612736" "--user" "0:0" "--network" "none" "ghcr.io/rust-lang/crates-build-env/linux@sha256:2788e3201cd34a07e3172128adcd8b3090168a8e3bcc40d7c032b9dda1df7d1c" "/opt/rustwide/cargo-home/bin/cargo" "+1.75.0" "test" "--frozen" "--no-run" "--message-format=json", kill_on_drop: false }`
[INFO] [stdout] c861cb22aa2910dc1bbae68370e6934595c0a2275ae49be68202f6832c378f6c
[INFO] running `Command { std: "docker" "start" "-a" "c861cb22aa2910dc1bbae68370e6934595c0a2275ae49be68202f6832c378f6c", kill_on_drop: false }`
[INFO] [stderr]    Compiling aoc-2023 v0.1.0 (/opt/rustwide/workdir)
[INFO] [stdout] warning: unused import: `super::*`
[INFO] [stdout]   --> src/day12.rs:92:9
[INFO] [stdout]    |
[INFO] [stdout] 92 |     use super::*;
[INFO] [stdout]    |         ^^^^^^^^
[INFO] [stdout]    |
[INFO] [stdout]    = note: `#[warn(unused_imports)]` on by default
[INFO] [stdout] 
[INFO] [stdout] 
[INFO] [stdout] warning: unused import: `collections::HashMap`
[INFO] [stdout]  --> src/day21.rs:2:11
[INFO] [stdout]   |
[INFO] [stdout] 2 | use std::{collections::HashMap, str::FromStr};
[INFO] [stdout]   |           ^^^^^^^^^^^^^^^^^^^^
[INFO] [stdout] 
[INFO] [stdout] 
[INFO] [stdout] warning: unused import: `collections::HashSet`
[INFO] [stdout]  --> src/day25.rs:5:11
[INFO] [stdout]   |
[INFO] [stdout] 5 | use std::{collections::HashSet, str::FromStr};
[INFO] [stdout]   |           ^^^^^^^^^^^^^^^^^^^^
[INFO] [stdout] 
[INFO] [stdout] 
[INFO] [stdout] warning: unused variable: `conditions`
[INFO] [stdout]   --> src/day12.rs:82:26
[INFO] [stdout]    |
[INFO] [stdout] 82 | fn possible_arrangements(conditions: &[(Condition, usize)], damaged: &[usize]) -> usize {
[INFO] [stdout]    |                          ^^^^^^^^^^ help: if this is intentional, prefix it with an underscore: `_conditions`
[INFO] [stdout]    |
[INFO] [stdout]    = note: `#[warn(unused_variables)]` on by default
[INFO] [stdout] 
[INFO] [stdout] 
[INFO] [stdout] warning: unused variable: `damaged`
[INFO] [stdout]   --> src/day12.rs:82:61
[INFO] [stdout]    |
[INFO] [stdout] 82 | fn possible_arrangements(conditions: &[(Condition, usize)], damaged: &[usize]) -> usize {
[INFO] [stdout]    |                                                             ^^^^^^^ help: if this is intentional, prefix it with an underscore: `_damaged`
[INFO] [stdout] 
[INFO] [stdout] 
[INFO] [stdout] warning: unused variable: `rxin`
[INFO] [stdout]    --> src/day20.rs:176:10
[INFO] [stdout]     |
[INFO] [stdout] 176 |     let [rxin] = modules.values().filter(|m| m.outputs.contains(&"rx")).map(|m| m.label).collect::<Vec<_>>()[..] else {
[INFO] [stdout]     |          ^^^^ help: if this is intentional, prefix it with an underscore: `_rxin`
[INFO] [stdout] 
[INFO] [stdout] 
[INFO] [stdout] warning: unused variable: `start`
[INFO] [stdout]   --> src/day23.rs:87:9
[INFO] [stdout]    |
[INFO] [stdout] 87 |     let start: Posn = (0, 1);
[INFO] [stdout]    |         ^^^^^ help: if this is intentional, prefix it with an underscore: `_start`
[INFO] [stdout] 
[INFO] [stdout] 
[INFO] [stdout] warning: unused variable: `target`
[INFO] [stdout]   --> src/day23.rs:88:9
[INFO] [stdout]    |
[INFO] [stdout] 88 |     let target: Posn = (map.0.len() - 1, map.0[map.0.len() - 1].len() - 2);
[INFO] [stdout]    |         ^^^^^^ help: if this is intentional, prefix it with an underscore: `_target`
[INFO] [stdout] 
[INFO] [stdout] 
[INFO] [stdout] warning: unused variable: `m`
[INFO] [stdout]   --> src/day24.rs:94:41
[INFO] [stdout]    |
[INFO] [stdout] 94 |                 LinearCollision::Line { m, b } => todo!(),
[INFO] [stdout]    |                                         ^ help: try ignoring the field: `m: _`
[INFO] [stdout] 
[INFO] [stdout] 
[INFO] [stdout] warning: unused variable: `b`
[INFO] [stdout]   --> src/day24.rs:94:44
[INFO] [stdout]    |
[INFO] [stdout] 94 |                 LinearCollision::Line { m, b } => todo!(),
[INFO] [stdout]    |                                            ^ help: try ignoring the field: `b: _`
[INFO] [stdout] 
[INFO] [stdout] 
[INFO] [stdout] warning: unused variable: `hailstones`
[INFO] [stdout]    --> src/day24.rs:107:9
[INFO] [stdout]     |
[INFO] [stdout] 107 |     let hailstones = parse_input(input)?;
[INFO] [stdout]     |         ^^^^^^^^^^ help: if this is intentional, prefix it with an underscore: `_hailstones`
[INFO] [stdout] 
[INFO] [stdout] 
[INFO] [stdout] warning: unused variable: `input`
[INFO] [stdout]   --> src/main.rs:71:9
[INFO] [stdout]    |
[INFO] [stdout] 71 |     let input = std::fs::read_to_string("inputs/day12.txt").unwrap();
[INFO] [stdout]    |         ^^^^^ help: if this is intentional, prefix it with an underscore: `_input`
[INFO] [stdout] 
[INFO] [stdout] 
[INFO] [stdout] warning: function `is_boundary_transition` is never used
[INFO] [stdout]    --> src/day10.rs:105:4
[INFO] [stdout]     |
[INFO] [stdout] 105 | fn is_boundary_transition(a: &Tile, b: &Tile) -> bool {
[INFO] [stdout]     |    ^^^^^^^^^^^^^^^^^^^^^^
[INFO] [stdout]     |
[INFO] [stdout]     = note: `#[warn(dead_code)]` on by default
[INFO] [stdout] 
[INFO] [stdout] 
[INFO] [stdout] warning: constant `LARGER_EXAMPLE` is never used
[INFO] [stdout]    --> src/day10.rs:225:11
[INFO] [stdout]     |
[INFO] [stdout] 225 |     const LARGER_EXAMPLE: &str = ".F----7F7F7F7F-7....
[INFO] [stdout]     |           ^^^^^^^^^^^^^^
[INFO] [stdout] 
[INFO] [stdout] 
[INFO] [stdout] warning: constant `LARGER_EXAMPLE_WITH_CRUD` is never used
[INFO] [stdout]    --> src/day10.rs:237:11
[INFO] [stdout]     |
[INFO] [stdout] 237 |     const LARGER_EXAMPLE_WITH_CRUD: &str = "FF7FSF7F7F7F7F7F---7
[INFO] [stdout]     |           ^^^^^^^^^^^^^^^^^^^^^^^^
[INFO] [stdout] 
[INFO] [stdout] 
[INFO] [stdout] warning: function `parse_spring_conditions` is never used
[INFO] [stdout]   --> src/day12.rs:22:4
[INFO] [stdout]    |
[INFO] [stdout] 22 | fn parse_spring_conditions(input: &str) -> Result<Vec<(Condition, usize)>> {
[INFO] [stdout]    |    ^^^^^^^^^^^^^^^^^^^^^^^
[INFO] [stdout] 
[INFO] [stdout] 
[INFO] [stdout] warning: function `parse_damaged_info` is never used
[INFO] [stdout]   --> src/day12.rs:47:4
[INFO] [stdout]    |
[INFO] [stdout] 47 | fn parse_damaged_info(input: &str) -> Result<Vec<usize>> {
[INFO] [stdout]    |    ^^^^^^^^^^^^^^^^^^
[INFO] [stdout] 
[INFO] [stdout] 
[INFO] [stdout] warning: function `parse_input` is never used
[INFO] [stdout]   --> src/day12.rs:55:4
[INFO] [stdout]    |
[INFO] [stdout] 55 | fn parse_input(input: &str) -> Result<Vec<(Vec<(Condition, usize)>, Vec<usize>)>> {
[INFO] [stdout]    |    ^^^^^^^^^^^
[INFO] [stdout] 
[INFO] [stdout] 
[INFO] [stdout] warning: function `is_valid_arrangment` is never used
[INFO] [stdout]   --> src/day12.rs:64:4
[INFO] [stdout]    |
[INFO] [stdout] 64 | fn is_valid_arrangment(conditions: &[(Condition, usize)], damaged: &[usize]) -> bool {
[INFO] [stdout]    |    ^^^^^^^^^^^^^^^^^^^
[INFO] [stdout] 
[INFO] [stdout] 
[INFO] [stdout] warning: function `possible_arrangements` is never used
[INFO] [stdout]   --> src/day12.rs:82:4
[INFO] [stdout]    |
[INFO] [stdout] 82 | fn possible_arrangements(conditions: &[(Condition, usize)], damaged: &[usize]) -> usize {
[INFO] [stdout]    |    ^^^^^^^^^^^^^^^^^^^^^
[INFO] [stdout] 
[INFO] [stdout] 
[INFO] [stdout] warning: function `part1` is never used
[INFO] [stdout]   --> src/day12.rs:86:8
[INFO] [stdout]    |
[INFO] [stdout] 86 | pub fn part1(input: &str) -> Result<usize> {
[INFO] [stdout]    |        ^^^^^
[INFO] [stdout] 
[INFO] [stdout] 
[INFO] [stdout] warning: constant `EXAMPLE` is never used
[INFO] [stdout]   --> src/day12.rs:94:11
[INFO] [stdout]    |
[INFO] [stdout] 94 |     const EXAMPLE: &str = "???.### 1,1,3
[INFO] [stdout]    |           ^^^^^^^
[INFO] [stdout] 
[INFO] [stdout] 
[INFO] [stdout] warning: method `adjacent` is never used
[INFO] [stdout]   --> src/day23.rs:61:8
[INFO] [stdout]    |
[INFO] [stdout] 60 | impl Map {
[INFO] [stdout]    | -------- method in this implementation
[INFO] [stdout] 61 |     fn adjacent(&self, posn: Posn) -> Vec<Posn> {
[INFO] [stdout]    |        ^^^^^^^^
[INFO] [stdout] 
[INFO] [stdout] 
[INFO] [stdout] warning: 23 warnings emitted
[INFO] [stdout] 
[INFO] [stdout] 
[INFO] [stderr]     Finished test [unoptimized + debuginfo] target(s) in 2.57s
[INFO] running `Command { std: "docker" "inspect" "c861cb22aa2910dc1bbae68370e6934595c0a2275ae49be68202f6832c378f6c", kill_on_drop: false }`
[INFO] running `Command { std: "docker" "rm" "-f" "c861cb22aa2910dc1bbae68370e6934595c0a2275ae49be68202f6832c378f6c", kill_on_drop: false }`
[INFO] [stdout] c861cb22aa2910dc1bbae68370e6934595c0a2275ae49be68202f6832c378f6c
[INFO] running `Command { std: "docker" "create" "-v" "/var/lib/crater-agent-workspace/builds/worker-4-tc1/target:/opt/rustwide/target:rw,Z" "-v" "/var/lib/crater-agent-workspace/builds/worker-4-tc1/source:/opt/rustwide/workdir:ro,Z" "-v" "/var/lib/crater-agent-workspace/cargo-home:/opt/rustwide/cargo-home:ro,Z" "-v" "/var/lib/crater-agent-workspace/rustup-home:/opt/rustwide/rustup-home:ro,Z" "-e" "SOURCE_DIR=/opt/rustwide/workdir" "-e" "CARGO_TARGET_DIR=/opt/rustwide/target" "-e" "CARGO_INCREMENTAL=0" "-e" "RUST_BACKTRACE=full" "-e" "RUSTFLAGS=--cap-lints=warn" "-e" "RUSTDOCFLAGS=--cap-lints=warn" "-e" "CARGO_HOME=/opt/rustwide/cargo-home" "-e" "RUSTUP_HOME=/opt/rustwide/rustup-home" "-w" "/opt/rustwide/workdir" "-m" "1610612736" "--user" "0:0" "--network" "none" "ghcr.io/rust-lang/crates-build-env/linux@sha256:2788e3201cd34a07e3172128adcd8b3090168a8e3bcc40d7c032b9dda1df7d1c" "/opt/rustwide/cargo-home/bin/cargo" "+1.75.0" "test" "--frozen", kill_on_drop: false }`
[INFO] [stdout] e739aed171ff9c5fcf835847a6d30d315a1a706117826b2f345860fd19535870
[INFO] running `Command { std: "docker" "start" "-a" "e739aed171ff9c5fcf835847a6d30d315a1a706117826b2f345860fd19535870", kill_on_drop: false }`
[INFO] [stderr] warning: unused import: `super::*`
[INFO] [stderr]   --> src/day12.rs:92:9
[INFO] [stderr]    |
[INFO] [stderr] 92 |     use super::*;
[INFO] [stderr]    |         ^^^^^^^^
[INFO] [stderr]    |
[INFO] [stderr]    = note: `#[warn(unused_imports)]` on by default
[INFO] [stderr] 
[INFO] [stderr] warning: unused import: `collections::HashMap`
[INFO] [stderr]  --> src/day21.rs:2:11
[INFO] [stderr]   |
[INFO] [stderr] 2 | use std::{collections::HashMap, str::FromStr};
[INFO] [stderr]   |           ^^^^^^^^^^^^^^^^^^^^
[INFO] [stderr] 
[INFO] [stderr] warning: unused import: `collections::HashSet`
[INFO] [stderr]  --> src/day25.rs:5:11
[INFO] [stderr]   |
[INFO] [stderr] 5 | use std::{collections::HashSet, str::FromStr};
[INFO] [stderr]   |           ^^^^^^^^^^^^^^^^^^^^
[INFO] [stderr] 
[INFO] [stderr] warning: unused variable: `conditions`
[INFO] [stderr]   --> src/day12.rs:82:26
[INFO] [stderr]    |
[INFO] [stderr] 82 | fn possible_arrangements(conditions: &[(Condition, usize)], damaged: &[usize]) -> usize {
[INFO] [stderr]    |                          ^^^^^^^^^^ help: if this is intentional, prefix it with an underscore: `_conditions`
[INFO] [stderr]    |
[INFO] [stderr]    = note: `#[warn(unused_variables)]` on by default
[INFO] [stderr] 
[INFO] [stderr] warning: unused variable: `damaged`
[INFO] [stderr]   --> src/day12.rs:82:61
[INFO] [stderr]    |
[INFO] [stderr] 82 | fn possible_arrangements(conditions: &[(Condition, usize)], damaged: &[usize]) -> usize {
[INFO] [stderr]    |                                                             ^^^^^^^ help: if this is intentional, prefix it with an underscore: `_damaged`
[INFO] [stderr] 
[INFO] [stderr] warning: unused variable: `rxin`
[INFO] [stderr]    --> src/day20.rs:176:10
[INFO] [stderr]     |
[INFO] [stderr] 176 |     let [rxin] = modules.values().filter(|m| m.outputs.contains(&"rx")).map(|m| m.label).collect::<Vec<_>>()[..] else {
[INFO] [stderr]     |          ^^^^ help: if this is intentional, prefix it with an underscore: `_rxin`
[INFO] [stderr] 
[INFO] [stderr] warning: unused variable: `start`
[INFO] [stderr]   --> src/day23.rs:87:9
[INFO] [stderr]    |
[INFO] [stderr] 87 |     let start: Posn = (0, 1);
[INFO] [stderr]    |         ^^^^^ help: if this is intentional, prefix it with an underscore: `_start`
[INFO] [stderr] 
[INFO] [stderr] warning: unused variable: `target`
[INFO] [stderr]   --> src/day23.rs:88:9
[INFO] [stderr]    |
[INFO] [stderr] 88 |     let target: Posn = (map.0.len() - 1, map.0[map.0.len() - 1].len() - 2);
[INFO] [stderr]    |         ^^^^^^ help: if this is intentional, prefix it with an underscore: `_target`
[INFO] [stderr] 
[INFO] [stderr] warning: unused variable: `m`
[INFO] [stderr]   --> src/day24.rs:94:41
[INFO] [stderr]    |
[INFO] [stderr] 94 |                 LinearCollision::Line { m, b } => todo!(),
[INFO] [stderr]    |                                         ^ help: try ignoring the field: `m: _`
[INFO] [stderr] 
[INFO] [stderr] warning: unused variable: `b`
[INFO] [stderr]   --> src/day24.rs:94:44
[INFO] [stderr]    |
[INFO] [stderr] 94 |                 LinearCollision::Line { m, b } => todo!(),
[INFO] [stderr]    |                                            ^ help: try ignoring the field: `b: _`
[INFO] [stderr] 
[INFO] [stderr] warning: unused variable: `hailstones`
[INFO] [stderr]    --> src/day24.rs:107:9
[INFO] [stderr]     |
[INFO] [stderr] 107 |     let hailstones = parse_input(input)?;
[INFO] [stderr]     |         ^^^^^^^^^^ help: if this is intentional, prefix it with an underscore: `_hailstones`
[INFO] [stderr] 
[INFO] [stderr] warning: unused variable: `input`
[INFO] [stderr]   --> src/main.rs:71:9
[INFO] [stderr]    |
[INFO] [stderr] 71 |     let input = std::fs::read_to_string("inputs/day12.txt").unwrap();
[INFO] [stderr]    |         ^^^^^ help: if this is intentional, prefix it with an underscore: `_input`
[INFO] [stderr] 
[INFO] [stderr] warning: function `is_boundary_transition` is never used
[INFO] [stderr]    --> src/day10.rs:105:4
[INFO] [stderr]     |
[INFO] [stderr] 105 | fn is_boundary_transition(a: &Tile, b: &Tile) -> bool {
[INFO] [stderr]     |    ^^^^^^^^^^^^^^^^^^^^^^
[INFO] [stderr]     |
[INFO] [stderr]     = note: `#[warn(dead_code)]` on by default
[INFO] [stderr] 
[INFO] [stderr] warning: constant `LARGER_EXAMPLE` is never used
[INFO] [stderr]    --> src/day10.rs:225:11
[INFO] [stderr]     |
[INFO] [stderr] 225 |     const LARGER_EXAMPLE: &str = ".F----7F7F7F7F-7....
[INFO] [stderr]     |           ^^^^^^^^^^^^^^
[INFO] [stderr] 
[INFO] [stderr] warning: constant `LARGER_EXAMPLE_WITH_CRUD` is never used
[INFO] [stderr]    --> src/day10.rs:237:11
[INFO] [stderr]     |
[INFO] [stderr] 237 |     const LARGER_EXAMPLE_WITH_CRUD: &str = "FF7FSF7F7F7F7F7F---7
[INFO] [stderr]     |           ^^^^^^^^^^^^^^^^^^^^^^^^
[INFO] [stderr] 
[INFO] [stderr] warning: function `parse_spring_conditions` is never used
[INFO] [stderr]   --> src/day12.rs:22:4
[INFO] [stderr]    |
[INFO] [stderr] 22 | fn parse_spring_conditions(input: &str) -> Result<Vec<(Condition, usize)>> {
[INFO] [stderr]    |    ^^^^^^^^^^^^^^^^^^^^^^^
[INFO] [stderr] 
[INFO] [stderr] warning: function `parse_damaged_info` is never used
[INFO] [stderr]   --> src/day12.rs:47:4
[INFO] [stderr]    |
[INFO] [stderr] 47 | fn parse_damaged_info(input: &str) -> Result<Vec<usize>> {
[INFO] [stderr]    |    ^^^^^^^^^^^^^^^^^^
[INFO] [stderr] 
[INFO] [stderr] warning: function `parse_input` is never used
[INFO] [stderr]   --> src/day12.rs:55:4
[INFO] [stderr]    |
[INFO] [stderr] 55 | fn parse_input(input: &str) -> Result<Vec<(Vec<(Condition, usize)>, Vec<usize>)>> {
[INFO] [stderr]    |    ^^^^^^^^^^^
[INFO] [stderr] 
[INFO] [stderr] warning: function `is_valid_arrangment` is never used
[INFO] [stderr]   --> src/day12.rs:64:4
[INFO] [stderr]    |
[INFO] [stderr] 64 | fn is_valid_arrangment(conditions: &[(Condition, usize)], damaged: &[usize]) -> bool {
[INFO] [stderr]    |    ^^^^^^^^^^^^^^^^^^^
[INFO] [stderr] 
[INFO] [stderr] warning: function `possible_arrangements` is never used
[INFO] [stderr]   --> src/day12.rs:82:4
[INFO] [stderr]    |
[INFO] [stderr] 82 | fn possible_arrangements(conditions: &[(Condition, usize)], damaged: &[usize]) -> usize {
[INFO] [stderr]    |    ^^^^^^^^^^^^^^^^^^^^^
[INFO] [stderr] 
[INFO] [stderr] warning: function `part1` is never used
[INFO] [stderr]   --> src/day12.rs:86:8
[INFO] [stderr]    |
[INFO] [stderr] 86 | pub fn part1(input: &str) -> Result<usize> {
[INFO] [stderr]    |        ^^^^^
[INFO] [stderr] 
[INFO] [stderr] warning: constant `EXAMPLE` is never used
[INFO] [stderr]   --> src/day12.rs:94:11
[INFO] [stderr]    |
[INFO] [stderr] 94 |     const EXAMPLE: &str = "???.### 1,1,3
[INFO] [stderr]    |           ^^^^^^^
[INFO] [stderr] 
[INFO] [stderr] warning: method `adjacent` is never used
[INFO] [stderr]   --> src/day23.rs:61:8
[INFO] [stderr]    |
[INFO] [stderr] 60 | impl Map {
[INFO] [stderr]    | -------- method in this implementation
[INFO] [stderr] 61 |     fn adjacent(&self, posn: Posn) -> Vec<Posn> {
[INFO] [stderr]    |        ^^^^^^^^
[INFO] [stderr] 
[INFO] [stderr] warning: `aoc-2023` (bin "aoc-2023" test) generated 23 warnings (run `cargo fix --bin "aoc-2023" --tests` to apply 12 suggestions)
[INFO] [stderr]     Finished test [unoptimized + debuginfo] target(s) in 0.04s
[INFO] [stderr]      Running unittests src/main.rs (/opt/rustwide/target/debug/deps/aoc_2023-d33d27398a973858)
[INFO] [stdout] 
[INFO] [stdout] running 79 tests
[INFO] [stdout] test day04::tests::test_example ... ok
[INFO] [stdout] test day01::tests::test_solution ... ok
[INFO] [stdout] test day01::tests::test_calibration_value ... ok
[INFO] [stdout] test day01::tests::test_example_p2 ... ok
[INFO] [stdout] test day02::tests::test_game_from_str ... ok
[INFO] [stdout] test day02::tests::test_cubes_from_str ... ok
[INFO] [stdout] test day01::tests::test_to_digit_sequence ... ok
[INFO] [stdout] test day01::tests::test_example ... ok
[INFO] [stdout] test day04::tests::test_parse_card ... ok
[INFO] [stdout] test day03::tests::test_example ... ok
[INFO] [stdout] test day05::tests::test_example ... ok
[INFO] [stdout] test day02::tests::test_solution ... ok
[INFO] [stdout] test day04::tests::test_card_points ... ok
[INFO] [stdout] test day01::tests::test_word_number_from_front ... ok
[INFO] [stdout] test day05::tests::test_seed_location ... ok
[INFO] [stdout] test day05::tests::test_parse_almanac ... ok
[INFO] [stdout] test day05::tests::test_seed_ranges ... ok
[INFO] [stdout] test day05::tests::test_seed_locations ... ok
[INFO] [stdout] test day02::tests::test_example ... ok
[INFO] [stdout] test day04::tests::test_solution ... ok
[INFO] [stdout] test day07::tests::test_hand_ordering ... ok
[INFO] [stdout] test day06::tests::test_distance_will_travel ... ok
[INFO] [stdout] test day07::tests::test_example_p1 ... ok
[INFO] [stdout] test day06::tests::test_example ... ok
[INFO] [stdout] test day06::tests::test_solution ... ok
[INFO] [stdout] test day06::tests::test_parse_input ... ok
[INFO] [stdout] test day07::tests::test_hand_type_ordering ... ok
[INFO] [stdout] test day07::tests::test_hand_p2_from_string ... ok
[INFO] [stdout] test day07::tests::test_hand_p1_from_string ... ok
[INFO] [stdout] test day07::tests::test_example_p2 ... ok
[INFO] [stdout] test day07::tests::test_solution ... ok
[INFO] [stdout] test day05::tests::test_solution ... ok
[INFO] [stdout] test day06::tests::test_brute_force_num_ways_to_win ... ok
[INFO] [stdout] test day09::tests::test_example ... ok
[INFO] [stdout] test day12::tests::test_example ... ok
[INFO] [stdout] test day08::tests::test_example_p2 ... ok
[INFO] [stdout] test day08::tests::test_example_p1 ... ok
[INFO] [stdout] test day09::tests::test_differences ... ok
[INFO] [stdout] test day11::tests::test_example ... ok
[INFO] [stdout] test day14::tests::test_tilt_cycle ... ok
[INFO] [stdout] test day14::tests::test_example ... ok
[INFO] [stdout] test day09::tests::test_previous_value ... ok
[INFO] [stdout] test day09::tests::test_next_value ... ok
[INFO] [stdout] test day10::tests::test_example_part1 ... ok
[INFO] [stdout] test day14::tests::test_tilt_example_north ... ok
[INFO] [stdout] test day03::tests::test_solution ... ok
[INFO] [stdout] test day15::tests::test_example ... ok
[INFO] [stdout] test day16::tests::test_example ... ok
[INFO] [stdout] test day09::tests::test_solution ... ok
[INFO] [stdout] test day13::tests::test_example ... ok
[INFO] [stdout] test day11::tests::test_galaxy_dist ... ok
[INFO] [stdout] test day15::tests::test_solution ... ok
[INFO] [stdout] test day18::tests::test_dig_map ... ok
[INFO] [stdout] test day19::tests::test_example ... ok
[INFO] [stdout] test day18::tests::test_solution ... ok
[INFO] [stdout] test day18::tests::test_example ... ok
[INFO] [stdout] test day13::tests::test_solution ... ok
[INFO] [stdout] test day21::tests::test_example_part1 ... ok
[INFO] [stdout] test day20::tests::test_example ... ok
[INFO] [stdout] test day10::tests::test_example_part2 ... FAILED
[INFO] [stdout] test day18::tests::test_dig_map_full ... ok
[INFO] [stdout] test day22::tests::test_example ... ok
[INFO] [stdout] test day24::tests::test_solution ... ok
[INFO] [stdout] test day17::tests::test_example ... ok
[INFO] [stdout] test day11::tests::test_solution ... ok
[INFO] [stdout] test day24::tests::test_example ... FAILED
[INFO] [stdout] test day25::tests::test_example ... ok
[INFO] [stdout] test day20::tests::test_solution ... FAILED
[INFO] [stdout] test day23::tests::test_example ... FAILED
[INFO] [stdout] test day10::tests::test_solution ... ok
[INFO] [stdout] test day19::tests::test_solution ... ok
[INFO] [stdout] test day21::tests::test_solution ... ok
[INFO] [stdout] test day08::tests::test_solution ... ok
[INFO] [stdout] test day14::tests::test_solution ... ok
[INFO] [stdout] test day21::tests::test_example_part2 ... ok
[INFO] [stdout] test day25::tests::test_solution ... ok
[INFO] [stdout] test day17::tests::test_solution ... ok
[INFO] [stdout] test day16::tests::test_solution ... ok
[INFO] [stdout] test day22::tests::test_solution ... ok
[INFO] [stdout] 
[INFO] [stdout] failures:
[INFO] [stdout] 
[INFO] [stdout] ---- day10::tests::test_example_part2 stdout ----
[INFO] [stdout] thread 'day10::tests::test_example_part2' panicked at src/day10.rs:259:9:
[INFO] [stdout] assertion `left == right` failed
[INFO] [stdout]   left: 9
[INFO] [stdout]  right: 4
[INFO] [stdout] stack backtrace:
[INFO] [stdout]    0:     0x55e88624325c - std::backtrace_rs::backtrace::libunwind::trace::ha637c64ce894333a
[INFO] [stdout]                                at /rustc/82e1608dfa6e0b5569232559e3d385fea5a93112/library/std/src/../../backtrace/src/backtrace/libunwind.rs:104:5
[INFO] [stdout]    1:     0x55e88624325c - std::backtrace_rs::backtrace::trace_unsynchronized::h47f62dea28e0c88d
[INFO] [stdout]                                at /rustc/82e1608dfa6e0b5569232559e3d385fea5a93112/library/std/src/../../backtrace/src/backtrace/mod.rs:66:5
[INFO] [stdout]    2:     0x55e88624325c - std::sys_common::backtrace::_print_fmt::h9eef0abe20ede486
[INFO] [stdout]                                at /rustc/82e1608dfa6e0b5569232559e3d385fea5a93112/library/std/src/sys_common/backtrace.rs:67:5
[INFO] [stdout]    3:     0x55e88624325c - <std::sys_common::backtrace::_print::DisplayBacktrace as core::fmt::Display>::fmt::hed7f999df88cc644
[INFO] [stdout]                                at /rustc/82e1608dfa6e0b5569232559e3d385fea5a93112/library/std/src/sys_common/backtrace.rs:44:22
[INFO] [stdout]    4:     0x55e88626df20 - core::fmt::rt::Argument::fmt::h1539a9308b8d058d
[INFO] [stdout]                                at /rustc/82e1608dfa6e0b5569232559e3d385fea5a93112/library/core/src/fmt/rt.rs:142:9
[INFO] [stdout]    5:     0x55e88626df20 - core::fmt::write::h3a39390d8560d9c9
[INFO] [stdout]                                at /rustc/82e1608dfa6e0b5569232559e3d385fea5a93112/library/core/src/fmt/mod.rs:1120:17
[INFO] [stdout]    6:     0x55e886240c0f - std::io::Write::write_fmt::h040b369f3a0f9cbc
[INFO] [stdout]                                at /rustc/82e1608dfa6e0b5569232559e3d385fea5a93112/library/std/src/io/mod.rs:1762:15
[INFO] [stdout]    7:     0x55e886243044 - std::sys_common::backtrace::_print::h894006fb5c6f3d45
[INFO] [stdout]                                at /rustc/82e1608dfa6e0b5569232559e3d385fea5a93112/library/std/src/sys_common/backtrace.rs:47:5
[INFO] [stdout]    8:     0x55e886243044 - std::sys_common::backtrace::print::h23a2d212c6fff936
[INFO] [stdout]                                at /rustc/82e1608dfa6e0b5569232559e3d385fea5a93112/library/std/src/sys_common/backtrace.rs:34:9
[INFO] [stdout]    9:     0x55e886244d07 - std::panicking::default_hook::{{closure}}::h8a1d2ee00185001a
[INFO] [stdout]   10:     0x55e8862449f3 - std::panicking::default_hook::h6038f2eba384e475
[INFO] [stdout]                                at /rustc/82e1608dfa6e0b5569232559e3d385fea5a93112/library/std/src/panicking.rs:289:9
[INFO] [stdout]   11:     0x55e886201a97 - <alloc::boxed::Box<F,A> as core::ops::function::Fn<Args>>::call::h0ad024c9bdc6d768
[INFO] [stdout]                                at /rustc/82e1608dfa6e0b5569232559e3d385fea5a93112/library/alloc/src/boxed.rs:2021:9
[INFO] [stdout]   12:     0x55e886201a97 - test::test_main::{{closure}}::h7500b54257359db6
[INFO] [stdout]                                at /rustc/82e1608dfa6e0b5569232559e3d385fea5a93112/library/test/src/lib.rs:138:21
[INFO] [stdout]   13:     0x55e886245318 - <alloc::boxed::Box<F,A> as core::ops::function::Fn<Args>>::call::h1f8f335eaa9cfaee
[INFO] [stdout]                                at /rustc/82e1608dfa6e0b5569232559e3d385fea5a93112/library/alloc/src/boxed.rs:2021:9
[INFO] [stdout]   14:     0x55e886245318 - std::panicking::rust_panic_with_hook::h2b5517d590cab22e
[INFO] [stdout]                                at /rustc/82e1608dfa6e0b5569232559e3d385fea5a93112/library/std/src/panicking.rs:783:13
[INFO] [stdout]   15:     0x55e88624506e - std::panicking::begin_panic_handler::{{closure}}::h233112c06e0ef43e
[INFO] [stdout]                                at /rustc/82e1608dfa6e0b5569232559e3d385fea5a93112/library/std/src/panicking.rs:657:13
[INFO] [stdout]   16:     0x55e886243726 - std::sys_common::backtrace::__rust_end_short_backtrace::h6e893f24d7ebbff8
[INFO] [stdout]                                at /rustc/82e1608dfa6e0b5569232559e3d385fea5a93112/library/std/src/sys_common/backtrace.rs:170:18
[INFO] [stdout]   17:     0x55e886244dd2 - rust_begin_unwind
[INFO] [stdout]                                at /rustc/82e1608dfa6e0b5569232559e3d385fea5a93112/library/std/src/panicking.rs:645:5
[INFO] [stdout]   18:     0x55e88609acf5 - core::panicking::panic_fmt::hbf0e066aabfa482c
[INFO] [stdout]                                at /rustc/82e1608dfa6e0b5569232559e3d385fea5a93112/library/core/src/panicking.rs:72:14
[INFO] [stdout]   19:     0x55e88609b16b - core::panicking::assert_failed_inner::h0bba8b7c26ee4492
[INFO] [stdout]   20:     0x55e88621585e - core::panicking::assert_failed::h2998e70385cbf4d6
[INFO] [stdout]                                at /rustc/82e1608dfa6e0b5569232559e3d385fea5a93112/library/core/src/panicking.rs:279:5
[INFO] [stdout]   21:     0x55e8861afc97 - aoc_2023::day10::tests::test_example_part2::ha5135ab47be4bb7f
[INFO] [stdout]                                at /opt/rustwide/workdir/src/day10.rs:259:9
[INFO] [stdout]   22:     0x55e8861afbd7 - aoc_2023::day10::tests::test_example_part2::{{closure}}::he719303d0fa59954
[INFO] [stdout]                                at /opt/rustwide/workdir/src/day10.rs:258:28
[INFO] [stdout]   23:     0x55e886169c96 - core::ops::function::FnOnce::call_once::hcdd69aa2ebbc205c
[INFO] [stdout]                                at /rustc/82e1608dfa6e0b5569232559e3d385fea5a93112/library/core/src/ops/function.rs:250:5
[INFO] [stdout]   24:     0x55e8862070ef - core::ops::function::FnOnce::call_once::h2b5d431d5046312d
[INFO] [stdout]                                at /rustc/82e1608dfa6e0b5569232559e3d385fea5a93112/library/core/src/ops/function.rs:250:5
[INFO] [stdout]   25:     0x55e8862070ef - test::__rust_begin_short_backtrace::h7714669af176e207
[INFO] [stdout]                                at /rustc/82e1608dfa6e0b5569232559e3d385fea5a93112/library/test/src/lib.rs:628:18
[INFO] [stdout]   26:     0x55e886206105 - test::run_test_in_process::{{closure}}::h85218797dcbcec12
[INFO] [stdout]                                at /rustc/82e1608dfa6e0b5569232559e3d385fea5a93112/library/test/src/lib.rs:651:60
[INFO] [stdout]   27:     0x55e886206105 - <core::panic::unwind_safe::AssertUnwindSafe<F> as core::ops::function::FnOnce<()>>::call_once::h76c106ea31c14d7b
[INFO] [stdout]                                at /rustc/82e1608dfa6e0b5569232559e3d385fea5a93112/library/core/src/panic/unwind_safe.rs:272:9
[INFO] [stdout]   28:     0x55e886206105 - std::panicking::try::do_call::h3bd5d0f6620ee946
[INFO] [stdout]                                at /rustc/82e1608dfa6e0b5569232559e3d385fea5a93112/library/std/src/panicking.rs:552:40
[INFO] [stdout]   29:     0x55e886206105 - std::panicking::try::h232e535e4744fe31
[INFO] [stdout]                                at /rustc/82e1608dfa6e0b5569232559e3d385fea5a93112/library/std/src/panicking.rs:516:19
[INFO] [stdout]   30:     0x55e886206105 - std::panic::catch_unwind::h3ce3bd6ca8dbac68
[INFO] [stdout]                                at /rustc/82e1608dfa6e0b5569232559e3d385fea5a93112/library/std/src/panic.rs:142:14
[INFO] [stdout]   31:     0x55e886206105 - test::run_test_in_process::hc97b257c9621286a
[INFO] [stdout]                                at /rustc/82e1608dfa6e0b5569232559e3d385fea5a93112/library/test/src/lib.rs:651:27
[INFO] [stdout]   32:     0x55e886206105 - test::run_test::{{closure}}::h2aa798823a438d38
[INFO] [stdout]                                at /rustc/82e1608dfa6e0b5569232559e3d385fea5a93112/library/test/src/lib.rs:574:43
[INFO] [stdout]   33:     0x55e8861ce3c6 - test::run_test::{{closure}}::h87d231c78fb59832
[INFO] [stdout]                                at /rustc/82e1608dfa6e0b5569232559e3d385fea5a93112/library/test/src/lib.rs:602:41
[INFO] [stdout]   34:     0x55e8861ce3c6 - std::sys_common::backtrace::__rust_begin_short_backtrace::he6df152596625789
[INFO] [stdout]                                at /rustc/82e1608dfa6e0b5569232559e3d385fea5a93112/library/std/src/sys_common/backtrace.rs:154:18
[INFO] [stdout]   35:     0x55e8861d3477 - std::thread::Builder::spawn_unchecked_::{{closure}}::{{closure}}::ha94be15d1e0acf36
[INFO] [stdout]                                at /rustc/82e1608dfa6e0b5569232559e3d385fea5a93112/library/std/src/thread/mod.rs:529:17
[INFO] [stdout]   36:     0x55e8861d3477 - <core::panic::unwind_safe::AssertUnwindSafe<F> as core::ops::function::FnOnce<()>>::call_once::h9dc6bd6372f16606
[INFO] [stdout]                                at /rustc/82e1608dfa6e0b5569232559e3d385fea5a93112/library/core/src/panic/unwind_safe.rs:272:9
[INFO] [stdout]   37:     0x55e8861d3477 - std::panicking::try::do_call::h9057517f80303cd4
[INFO] [stdout]                                at /rustc/82e1608dfa6e0b5569232559e3d385fea5a93112/library/std/src/panicking.rs:552:40
[INFO] [stdout]   38:     0x55e8861d3477 - std::panicking::try::he3a30b11ee45340c
[INFO] [stdout]                                at /rustc/82e1608dfa6e0b5569232559e3d385fea5a93112/library/std/src/panicking.rs:516:19
[INFO] [stdout]   39:     0x55e8861d3477 - std::panic::catch_unwind::h410458cfd3528b8b
[INFO] [stdout]                                at /rustc/82e1608dfa6e0b5569232559e3d385fea5a93112/library/std/src/panic.rs:142:14
[INFO] [stdout]   40:     0x55e8861d3477 - std::thread::Builder::spawn_unchecked_::{{closure}}::h72ac3bdb567b737b
[INFO] [stdout]                                at /rustc/82e1608dfa6e0b5569232559e3d385fea5a93112/library/std/src/thread/mod.rs:528:30
[INFO] [stdout]   41:     0x55e8861d3477 - core::ops::function::FnOnce::call_once{{vtable.shim}}::h38f34da3654a8344
[INFO] [stdout]                                at /rustc/82e1608dfa6e0b5569232559e3d385fea5a93112/library/core/src/ops/function.rs:250:5
[INFO] [stdout]   42:     0x55e886249da5 - <alloc::boxed::Box<F,A> as core::ops::function::FnOnce<Args>>::call_once::hc7eafaff61e32df9
[INFO] [stdout]                                at /rustc/82e1608dfa6e0b5569232559e3d385fea5a93112/library/alloc/src/boxed.rs:2007:9
[INFO] [stdout]   43:     0x55e886249da5 - <alloc::boxed::Box<F,A> as core::ops::function::FnOnce<Args>>::call_once::h6ba4a5de48dd2304
[INFO] [stdout]                                at /rustc/82e1608dfa6e0b5569232559e3d385fea5a93112/library/alloc/src/boxed.rs:2007:9
[INFO] [stdout]   44:     0x55e886249da5 - std::sys::unix::thread::Thread::new::thread_start::he469335aef763e45
[INFO] [stdout]                                at /rustc/82e1608dfa6e0b5569232559e3d385fea5a93112/library/std/src/sys/unix/thread.rs:108:17
[INFO] [stdout]   45:     0x7faed1934ac3 - <unknown>
[INFO] [stdout]   46:     0x7faed19c5bf4 - __clone
[INFO] [stdout]   47:                0x0 - <unknown>
[INFO] [stdout] 
[INFO] [stdout] ---- day24::tests::test_example stdout ----
[INFO] [stdout] thread 'day24::tests::test_example' panicked at src/day24.rs:125:9:
[INFO] [stdout] assertion `left == right` failed
[INFO] [stdout]   left: 0
[INFO] [stdout]  right: 47
[INFO] [stdout] stack backtrace:
[INFO] [stdout]    0:     0x55e88624325c - std::backtrace_rs::backtrace::libunwind::trace::ha637c64ce894333a
[INFO] [stdout]                                at /rustc/82e1608dfa6e0b5569232559e3d385fea5a93112/library/std/src/../../backtrace/src/backtrace/libunwind.rs:104:5
[INFO] [stdout]    1:     0x55e88624325c - std::backtrace_rs::backtrace::trace_unsynchronized::h47f62dea28e0c88d
[INFO] [stdout]                                at /rustc/82e1608dfa6e0b5569232559e3d385fea5a93112/library/std/src/../../backtrace/src/backtrace/mod.rs:66:5
[INFO] [stdout]    2:     0x55e88624325c - std::sys_common::backtrace::_print_fmt::h9eef0abe20ede486
[INFO] [stdout]                                at /rustc/82e1608dfa6e0b5569232559e3d385fea5a93112/library/std/src/sys_common/backtrace.rs:67:5
[INFO] [stdout]    3:     0x55e88624325c - <std::sys_common::backtrace::_print::DisplayBacktrace as core::fmt::Display>::fmt::hed7f999df88cc644
[INFO] [stdout]                                at /rustc/82e1608dfa6e0b5569232559e3d385fea5a93112/library/std/src/sys_common/backtrace.rs:44:22
[INFO] [stdout]    4:     0x55e88626df20 - core::fmt::rt::Argument::fmt::h1539a9308b8d058d
[INFO] [stdout]                                at /rustc/82e1608dfa6e0b5569232559e3d385fea5a93112/library/core/src/fmt/rt.rs:142:9
[INFO] [stdout]    5:     0x55e88626df20 - core::fmt::write::h3a39390d8560d9c9
[INFO] [stdout]                                at /rustc/82e1608dfa6e0b5569232559e3d385fea5a93112/library/core/src/fmt/mod.rs:1120:17
[INFO] [stdout]    6:     0x55e886240c0f - std::io::Write::write_fmt::h040b369f3a0f9cbc
[INFO] [stdout]                                at /rustc/82e1608dfa6e0b5569232559e3d385fea5a93112/library/std/src/io/mod.rs:1762:15
[INFO] [stdout]    7:     0x55e886243044 - std::sys_common::backtrace::_print::h894006fb5c6f3d45
[INFO] [stdout]                                at /rustc/82e1608dfa6e0b5569232559e3d385fea5a93112/library/std/src/sys_common/backtrace.rs:47:5
[INFO] [stdout]    8:     0x55e886243044 - std::sys_common::backtrace::print::h23a2d212c6fff936
[INFO] [stdout]                                at /rustc/82e1608dfa6e0b5569232559e3d385fea5a93112/library/std/src/sys_common/backtrace.rs:34:9
[INFO] [stdout]    9:     0x55e886244d07 - std::panicking::default_hook::{{closure}}::h8a1d2ee00185001a
[INFO] [stdout]   10:     0x55e8862449f3 - std::panicking::default_hook::h6038f2eba384e475
[INFO] [stdout]                                at /rustc/82e1608dfa6e0b5569232559e3d385fea5a93112/library/std/src/panicking.rs:289:9
[INFO] [stdout]   11:     0x55e886201a97 - <alloc::boxed::Box<F,A> as core::ops::function::Fn<Args>>::call::h0ad024c9bdc6d768
[INFO] [stdout]                                at /rustc/82e1608dfa6e0b5569232559e3d385fea5a93112/library/alloc/src/boxed.rs:2021:9
[INFO] [stdout]   12:     0x55e886201a97 - test::test_main::{{closure}}::h7500b54257359db6
[INFO] [stdout]                                at /rustc/82e1608dfa6e0b5569232559e3d385fea5a93112/library/test/src/lib.rs:138:21
[INFO] [stdout]   13:     0x55e886245318 - <alloc::boxed::Box<F,A> as core::ops::function::Fn<Args>>::call::h1f8f335eaa9cfaee
[INFO] [stdout]                                at /rustc/82e1608dfa6e0b5569232559e3d385fea5a93112/library/alloc/src/boxed.rs:2021:9
[INFO] [stdout]   14:     0x55e886245318 - std::panicking::rust_panic_with_hook::h2b5517d590cab22e
[INFO] [stdout]                                at /rustc/82e1608dfa6e0b5569232559e3d385fea5a93112/library/std/src/panicking.rs:783:13
[INFO] [stdout]   15:     0x55e88624506e - std::panicking::begin_panic_handler::{{closure}}::h233112c06e0ef43e
[INFO] [stdout]                                at /rustc/82e1608dfa6e0b5569232559e3d385fea5a93112/library/std/src/panicking.rs:657:13
[INFO] [stdout]   16:     0x55e886243726 - std::sys_common::backtrace::__rust_end_short_backtrace::h6e893f24d7ebbff8
[INFO] [stdout]                                at /rustc/82e1608dfa6e0b5569232559e3d385fea5a93112/library/std/src/sys_common/backtrace.rs:170:18
[INFO] [stdout]   17:     0x55e886244dd2 - rust_begin_unwind
[INFO] [stdout]                                at /rustc/82e1608dfa6e0b5569232559e3d385fea5a93112/library/std/src/panicking.rs:645:5
[INFO] [stdout]   18:     0x55e88609acf5 - core::panicking::panic_fmt::hbf0e066aabfa482c
[INFO] [stdout]                                at /rustc/82e1608dfa6e0b5569232559e3d385fea5a93112/library/core/src/panicking.rs:72:14
[INFO] [stdout]   19:     0x55e88609b16b - core::panicking::assert_failed_inner::h0bba8b7c26ee4492
[INFO] [stdout]   20:     0x55e88621585e - core::panicking::assert_failed::h2998e70385cbf4d6
[INFO] [stdout]                                at /rustc/82e1608dfa6e0b5569232559e3d385fea5a93112/library/core/src/panicking.rs:279:5
[INFO] [stdout]   21:     0x55e88616090a - aoc_2023::day24::tests::test_example::h6bd664e050e7bb03
[INFO] [stdout]                                at /opt/rustwide/workdir/src/day24.rs:125:9
[INFO] [stdout]   22:     0x55e886160767 - aoc_2023::day24::tests::test_example::{{closure}}::h3f4943fc07f8ce8d
[INFO] [stdout]                                at /opt/rustwide/workdir/src/day24.rs:123:22
[INFO] [stdout]   23:     0x55e886168d06 - core::ops::function::FnOnce::call_once::h6dd699d400879815
[INFO] [stdout]                                at /rustc/82e1608dfa6e0b5569232559e3d385fea5a93112/library/core/src/ops/function.rs:250:5
[INFO] [stdout]   24:     0x55e8862070ef - core::ops::function::FnOnce::call_once::h2b5d431d5046312d
[INFO] [stdout]                                at /rustc/82e1608dfa6e0b5569232559e3d385fea5a93112/library/core/src/ops/function.rs:250:5
[INFO] [stdout]   25:     0x55e8862070ef - test::__rust_begin_short_backtrace::h7714669af176e207
[INFO] [stdout]                                at /rustc/82e1608dfa6e0b5569232559e3d385fea5a93112/library/test/src/lib.rs:628:18
[INFO] [stdout]   26:     0x55e886206105 - test::run_test_in_process::{{closure}}::h85218797dcbcec12
[INFO] [stdout]                                at /rustc/82e1608dfa6e0b5569232559e3d385fea5a93112/library/test/src/lib.rs:651:60
[INFO] [stdout]   27:     0x55e886206105 - <core::panic::unwind_safe::AssertUnwindSafe<F> as core::ops::function::FnOnce<()>>::call_once::h76c106ea31c14d7b
[INFO] [stdout]                                at /rustc/82e1608dfa6e0b5569232559e3d385fea5a93112/library/core/src/panic/unwind_safe.rs:272:9
[INFO] [stdout]   28:     0x55e886206105 - std::panicking::try::do_call::h3bd5d0f6620ee946
[INFO] [stdout]                                at /rustc/82e1608dfa6e0b5569232559e3d385fea5a93112/library/std/src/panicking.rs:552:40
[INFO] [stdout]   29:     0x55e886206105 - std::panicking::try::h232e535e4744fe31
[INFO] [stdout]                                at /rustc/82e1608dfa6e0b5569232559e3d385fea5a93112/library/std/src/panicking.rs:516:19
[INFO] [stdout]   30:     0x55e886206105 - std::panic::catch_unwind::h3ce3bd6ca8dbac68
[INFO] [stdout]                                at /rustc/82e1608dfa6e0b5569232559e3d385fea5a93112/library/std/src/panic.rs:142:14
[INFO] [stdout]   31:     0x55e886206105 - test::run_test_in_process::hc97b257c9621286a
[INFO] [stdout]                                at /rustc/82e1608dfa6e0b5569232559e3d385fea5a93112/library/test/src/lib.rs:651:27
[INFO] [stdout]   32:     0x55e886206105 - test::run_test::{{closure}}::h2aa798823a438d38
[INFO] [stdout]                                at /rustc/82e1608dfa6e0b5569232559e3d385fea5a93112/library/test/src/lib.rs:574:43
[INFO] [stdout]   33:     0x55e8861ce3c6 - test::run_test::{{closure}}::h87d231c78fb59832
[INFO] [stdout]                                at /rustc/82e1608dfa6e0b5569232559e3d385fea5a93112/library/test/src/lib.rs:602:41
[INFO] [stdout]   34:     0x55e8861ce3c6 - std::sys_common::backtrace::__rust_begin_short_backtrace::he6df152596625789
[INFO] [stdout]                                at /rustc/82e1608dfa6e0b5569232559e3d385fea5a93112/library/std/src/sys_common/backtrace.rs:154:18
[INFO] [stdout]   35:     0x55e8861d3477 - std::thread::Builder::spawn_unchecked_::{{closure}}::{{closure}}::ha94be15d1e0acf36
[INFO] [stdout]                                at /rustc/82e1608dfa6e0b5569232559e3d385fea5a93112/library/std/src/thread/mod.rs:529:17
[INFO] [stdout]   36:     0x55e8861d3477 - <core::panic::unwind_safe::AssertUnwindSafe<F> as core::ops::function::FnOnce<()>>::call_once::h9dc6bd6372f16606
[INFO] [stdout]                                at /rustc/82e1608dfa6e0b5569232559e3d385fea5a93112/library/core/src/panic/unwind_safe.rs:272:9
[INFO] [stdout]   37:     0x55e8861d3477 - std::panicking::try::do_call::h9057517f80303cd4
[INFO] [stdout]                                at /rustc/82e1608dfa6e0b5569232559e3d385fea5a93112/library/std/src/panicking.rs:552:40
[INFO] [stdout]   38:     0x55e8861d3477 - std::panicking::try::he3a30b11ee45340c
[INFO] [stdout]                                at /rustc/82e1608dfa6e0b5569232559e3d385fea5a93112/library/std/src/panicking.rs:516:19
[INFO] [stdout]   39:     0x55e8861d3477 - std::panic::catch_unwind::h410458cfd3528b8b
[INFO] [stdout]                                at /rustc/82e1608dfa6e0b5569232559e3d385fea5a93112/library/std/src/panic.rs:142:14
[INFO] [stdout]   40:     0x55e8861d3477 - std::thread::Builder::spawn_unchecked_::{{closure}}::h72ac3bdb567b737b
[INFO] [stdout]                                at /rustc/82e1608dfa6e0b5569232559e3d385fea5a93112/library/std/src/thread/mod.rs:528:30
[INFO] [stdout]   41:     0x55e8861d3477 - core::ops::function::FnOnce::call_once{{vtable.shim}}::h38f34da3654a8344
[INFO] [stdout]                                at /rustc/82e1608dfa6e0b5569232559e3d385fea5a93112/library/core/src/ops/function.rs:250:5
[INFO] [stdout]   42:     0x55e886249da5 - <alloc::boxed::Box<F,A> as core::ops::function::FnOnce<Args>>::call_once::hc7eafaff61e32df9
[INFO] [stdout]                                at /rustc/82e1608dfa6e0b5569232559e3d385fea5a93112/library/alloc/src/boxed.rs:2007:9
[INFO] [stdout]   43:     0x55e886249da5 - <alloc::boxed::Box<F,A> as core::ops::function::FnOnce<Args>>::call_once::h6ba4a5de48dd2304
[INFO] [stdout]                                at /rustc/82e1608dfa6e0b5569232559e3d385fea5a93112/library/alloc/src/boxed.rs:2007:9
[INFO] [stdout]   44:     0x55e886249da5 - std::sys::unix::thread::Thread::new::thread_start::he469335aef763e45
[INFO] [stdout]                                at /rustc/82e1608dfa6e0b5569232559e3d385fea5a93112/library/std/src/sys/unix/thread.rs:108:17
[INFO] [stdout]   45:     0x7faed1934ac3 - <unknown>
[INFO] [stdout]   46:     0x7faed19c5bf4 - __clone
[INFO] [stdout]   47:                0x0 - <unknown>
[INFO] [stdout] 
[INFO] [stdout] ---- day20::tests::test_solution stdout ----
[INFO] [stdout] thread 'day20::tests::test_solution' panicked at src/day20.rs:179:5:
[INFO] [stdout] not yet implemented
[INFO] [stdout] stack backtrace:
[INFO] [stdout]    0:     0x55e88624325c - std::backtrace_rs::backtrace::libunwind::trace::ha637c64ce894333a
[INFO] [stdout]                                at /rustc/82e1608dfa6e0b5569232559e3d385fea5a93112/library/std/src/../../backtrace/src/backtrace/libunwind.rs:104:5
[INFO] [stdout]    1:     0x55e88624325c - std::backtrace_rs::backtrace::trace_unsynchronized::h47f62dea28e0c88d
[INFO] [stdout]                                at /rustc/82e1608dfa6e0b5569232559e3d385fea5a93112/library/std/src/../../backtrace/src/backtrace/mod.rs:66:5
[INFO] [stdout]    2:     0x55e88624325c - std::sys_common::backtrace::_print_fmt::h9eef0abe20ede486
[INFO] [stdout]                                at /rustc/82e1608dfa6e0b5569232559e3d385fea5a93112/library/std/src/sys_common/backtrace.rs:67:5
[INFO] [stdout]    3:     0x55e88624325c - <std::sys_common::backtrace::_print::DisplayBacktrace as core::fmt::Display>::fmt::hed7f999df88cc644
[INFO] [stdout]                                at /rustc/82e1608dfa6e0b5569232559e3d385fea5a93112/library/std/src/sys_common/backtrace.rs:44:22
[INFO] [stdout]    4:     0x55e88626df20 - core::fmt::rt::Argument::fmt::h1539a9308b8d058d
[INFO] [stdout]                                at /rustc/82e1608dfa6e0b5569232559e3d385fea5a93112/library/core/src/fmt/rt.rs:142:9
[INFO] [stdout]    5:     0x55e88626df20 - core::fmt::write::h3a39390d8560d9c9
[INFO] [stdout]                                at /rustc/82e1608dfa6e0b5569232559e3d385fea5a93112/library/core/src/fmt/mod.rs:1120:17
[INFO] [stdout]    6:     0x55e886240c0f - std::io::Write::write_fmt::h040b369f3a0f9cbc
[INFO] [stdout]                                at /rustc/82e1608dfa6e0b5569232559e3d385fea5a93112/library/std/src/io/mod.rs:1762:15
[INFO] [stdout]    7:     0x55e886243044 - std::sys_common::backtrace::_print::h894006fb5c6f3d45
[INFO] [stdout]                                at /rustc/82e1608dfa6e0b5569232559e3d385fea5a93112/library/std/src/sys_common/backtrace.rs:47:5
[INFO] [stdout]    8:     0x55e886243044 - std::sys_common::backtrace::print::h23a2d212c6fff936
[INFO] [stdout]                                at /rustc/82e1608dfa6e0b5569232559e3d385fea5a93112/library/std/src/sys_common/backtrace.rs:34:9
[INFO] [stdout]    9:     0x55e886244d07 - std::panicking::default_hook::{{closure}}::h8a1d2ee00185001a
[INFO] [stdout]   10:     0x55e8862449f3 - std::panicking::default_hook::h6038f2eba384e475
[INFO] [stdout]                                at /rustc/82e1608dfa6e0b5569232559e3d385fea5a93112/library/std/src/panicking.rs:289:9
[INFO] [stdout]   11:     0x55e886201a97 - <alloc::boxed::Box<F,A> as core::ops::function::Fn<Args>>::call::h0ad024c9bdc6d768
[INFO] [stdout]                                at /rustc/82e1608dfa6e0b5569232559e3d385fea5a93112/library/alloc/src/boxed.rs:2021:9
[INFO] [stdout]   12:     0x55e886201a97 - test::test_main::{{closure}}::h7500b54257359db6
[INFO] [stdout]                                at /rustc/82e1608dfa6e0b5569232559e3d385fea5a93112/library/test/src/lib.rs:138:21
[INFO] [stdout]   13:     0x55e886245318 - <alloc::boxed::Box<F,A> as core::ops::function::Fn<Args>>::call::h1f8f335eaa9cfaee
[INFO] [stdout]                                at /rustc/82e1608dfa6e0b5569232559e3d385fea5a93112/library/alloc/src/boxed.rs:2021:9
[INFO] [stdout]   14:     0x55e886245318 - std::panicking::rust_panic_with_hook::h2b5517d590cab22e
[INFO] [stdout]                                at /rustc/82e1608dfa6e0b5569232559e3d385fea5a93112/library/std/src/panicking.rs:783:13
[INFO] [stdout]   15:     0x55e886245039 - std::panicking::begin_panic_handler::{{closure}}::h233112c06e0ef43e
[INFO] [stdout]                                at /rustc/82e1608dfa6e0b5569232559e3d385fea5a93112/library/std/src/panicking.rs:649:13
[INFO] [stdout]   16:     0x55e886243726 - std::sys_common::backtrace::__rust_end_short_backtrace::h6e893f24d7ebbff8
[INFO] [stdout]                                at /rustc/82e1608dfa6e0b5569232559e3d385fea5a93112/library/std/src/sys_common/backtrace.rs:170:18
[INFO] [stdout]   17:     0x55e886244dd2 - rust_begin_unwind
[INFO] [stdout]                                at /rustc/82e1608dfa6e0b5569232559e3d385fea5a93112/library/std/src/panicking.rs:645:5
[INFO] [stdout]   18:     0x55e88609acf5 - core::panicking::panic_fmt::hbf0e066aabfa482c
[INFO] [stdout]                                at /rustc/82e1608dfa6e0b5569232559e3d385fea5a93112/library/core/src/panicking.rs:72:14
[INFO] [stdout]   19:     0x55e88609ad93 - core::panicking::panic::h195fc2a96298d4c3
[INFO] [stdout]                                at /rustc/82e1608dfa6e0b5569232559e3d385fea5a93112/library/core/src/panicking.rs:127:5
[INFO] [stdout]   20:     0x55e886183a9f - aoc_2023::day20::part2::h5f399c5c1332408f
[INFO] [stdout]                                at /opt/rustwide/workdir/src/day20.rs:179:5
[INFO] [stdout]   21:     0x55e88614fc00 - aoc_2023::day20::tests::test_solution::hf8acb32ec4878539
[INFO] [stdout]                                at /opt/rustwide/workdir/src/day20.rs:210:20
[INFO] [stdout]   22:     0x55e88614fa67 - aoc_2023::day20::tests::test_solution::{{closure}}::ha1d14d72132dd465
[INFO] [stdout]                                at /opt/rustwide/workdir/src/day20.rs:207:23
[INFO] [stdout]   23:     0x55e886168b66 - core::ops::function::FnOnce::call_once::h607622d39c8092af
[INFO] [stdout]                                at /rustc/82e1608dfa6e0b5569232559e3d385fea5a93112/library/core/src/ops/function.rs:250:5
[INFO] [stdout]   24:     0x55e8862070ef - core::ops::function::FnOnce::call_once::h2b5d431d5046312d
[INFO] [stdout]                                at /rustc/82e1608dfa6e0b5569232559e3d385fea5a93112/library/core/src/ops/function.rs:250:5
[INFO] [stdout]   25:     0x55e8862070ef - test::__rust_begin_short_backtrace::h7714669af176e207
[INFO] [stdout]                                at /rustc/82e1608dfa6e0b5569232559e3d385fea5a93112/library/test/src/lib.rs:628:18
[INFO] [stdout]   26:     0x55e886206105 - test::run_test_in_process::{{closure}}::h85218797dcbcec12
[INFO] [stdout]                                at /rustc/82e1608dfa6e0b5569232559e3d385fea5a93112/library/test/src/lib.rs:651:60
[INFO] [stdout]   27:     0x55e886206105 - <core::panic::unwind_safe::AssertUnwindSafe<F> as core::ops::function::FnOnce<()>>::call_once::h76c106ea31c14d7b
[INFO] [stdout]                                at /rustc/82e1608dfa6e0b5569232559e3d385fea5a93112/library/core/src/panic/unwind_safe.rs:272:9
[INFO] [stdout]   28:     0x55e886206105 - std::panicking::try::do_call::h3bd5d0f6620ee946
[INFO] [stdout]                                at /rustc/82e1608dfa6e0b5569232559e3d385fea5a93112/library/std/src/panicking.rs:552:40
[INFO] [stdout]   29:     0x55e886206105 - std::panicking::try::h232e535e4744fe31
[INFO] [stdout]                                at /rustc/82e1608dfa6e0b5569232559e3d385fea5a93112/library/std/src/panicking.rs:516:19
[INFO] [stdout]   30:     0x55e886206105 - std::panic::catch_unwind::h3ce3bd6ca8dbac68
[INFO] [stdout]                                at /rustc/82e1608dfa6e0b5569232559e3d385fea5a93112/library/std/src/panic.rs:142:14
[INFO] [stdout]   31:     0x55e886206105 - test::run_test_in_process::hc97b257c9621286a
[INFO] [stdout]                                at /rustc/82e1608dfa6e0b5569232559e3d385fea5a93112/library/test/src/lib.rs:651:27
[INFO] [stdout]   32:     0x55e886206105 - test::run_test::{{closure}}::h2aa798823a438d38
[INFO] [stdout]                                at /rustc/82e1608dfa6e0b5569232559e3d385fea5a93112/library/test/src/lib.rs:574:43
[INFO] [stdout]   33:     0x55e8861ce3c6 - test::run_test::{{closure}}::h87d231c78fb59832
[INFO] [stdout]                                at /rustc/82e1608dfa6e0b5569232559e3d385fea5a93112/library/test/src/lib.rs:602:41
[INFO] [stdout]   34:     0x55e8861ce3c6 - std::sys_common::backtrace::__rust_begin_short_backtrace::he6df152596625789
[INFO] [stdout]                                at /rustc/82e1608dfa6e0b5569232559e3d385fea5a93112/library/std/src/sys_common/backtrace.rs:154:18
[INFO] [stdout]   35:     0x55e8861d3477 - std::thread::Builder::spawn_unchecked_::{{closure}}::{{closure}}::ha94be15d1e0acf36
[INFO] [stdout]                                at /rustc/82e1608dfa6e0b5569232559e3d385fea5a93112/library/std/src/thread/mod.rs:529:17
[INFO] [stdout]   36:     0x55e8861d3477 - <core::panic::unwind_safe::AssertUnwindSafe<F> as core::ops::function::FnOnce<()>>::call_once::h9dc6bd6372f16606
[INFO] [stdout]                                at /rustc/82e1608dfa6e0b5569232559e3d385fea5a93112/library/core/src/panic/unwind_safe.rs:272:9
[INFO] [stdout]   37:     0x55e8861d3477 - std::panicking::try::do_call::h9057517f80303cd4
[INFO] [stdout]                                at /rustc/82e1608dfa6e0b5569232559e3d385fea5a93112/library/std/src/panicking.rs:552:40
[INFO] [stdout]   38:     0x55e8861d3477 - std::panicking::try::he3a30b11ee45340c
[INFO] [stdout]                                at /rustc/82e1608dfa6e0b5569232559e3d385fea5a93112/library/std/src/panicking.rs:516:19
[INFO] [stdout]   39:     0x55e8861d3477 - std::panic::catch_unwind::h410458cfd3528b8b
[INFO] [stdout]                                at /rustc/82e1608dfa6e0b5569232559e3d385fea5a93112/library/std/src/panic.rs:142:14
[INFO] [stdout]   40:     0x55e8861d3477 - std::thread::Builder::spawn_unchecked_::{{closure}}::h72ac3bdb567b737b
[INFO] [stdout]                                at /rustc/82e1608dfa6e0b5569232559e3d385fea5a93112/library/std/src/thread/mod.rs:528:30
[INFO] [stdout]   41:     0x55e8861d3477 - core::ops::function::FnOnce::call_once{{vtable.shim}}::h38f34da3654a8344
[INFO] [stdout]                                at /rustc/82e1608dfa6e0b5569232559e3d385fea5a93112/library/core/src/ops/function.rs:250:5
[INFO] [stdout]   42:     0x55e886249da5 - <alloc::boxed::Box<F,A> as core::ops::function::FnOnce<Args>>::call_once::hc7eafaff61e32df9
[INFO] [stdout]                                at /rustc/82e1608dfa6e0b5569232559e3d385fea5a93112/library/alloc/src/boxed.rs:2007:9
[INFO] [stdout]   43:     0x55e886249da5 - <alloc::boxed::Box<F,A> as core::ops::function::FnOnce<Args>>::call_once::h6ba4a5de48dd2304
[INFO] [stdout]                                at /rustc/82e1608dfa6e0b5569232559e3d385fea5a93112/library/alloc/src/boxed.rs:2007:9
[INFO] [stdout]   44:     0x55e886249da5 - std::sys::unix::thread::Thread::new::thread_start::he469335aef763e45
[INFO] [stdout]                                at /rustc/82e1608dfa6e0b5569232559e3d385fea5a93112/library/std/src/sys/unix/thread.rs:108:17
[INFO] [stdout]   45:     0x7faed1934ac3 - <unknown>
[INFO] [stdout]   46:     0x7faed19c5bf4 - __clone
[INFO] [stdout]   47:                0x0 - <unknown>
[INFO] [stdout] 
[INFO] [stdout] ---- day23::tests::test_example stdout ----
[INFO] [stdout] thread 'day23::tests::test_example' panicked at src/day23.rs:122:9:
[INFO] [stdout] assertion `left == right` failed
[INFO] [stdout]   left: 0
[INFO] [stdout]  right: 94
[INFO] [stdout] stack backtrace:
[INFO] [stdout]    0:     0x55e88624325c - std::backtrace_rs::backtrace::libunwind::trace::ha637c64ce894333a
[INFO] [stdout]                                at /rustc/82e1608dfa6e0b5569232559e3d385fea5a93112/library/std/src/../../backtrace/src/backtrace/libunwind.rs:104:5
[INFO] [stdout]    1:     0x55e88624325c - std::backtrace_rs::backtrace::trace_unsynchronized::h47f62dea28e0c88d
[INFO] [stdout]                                at /rustc/82e1608dfa6e0b5569232559e3d385fea5a93112/library/std/src/../../backtrace/src/backtrace/mod.rs:66:5
[INFO] [stdout]    2:     0x55e88624325c - std::sys_common::backtrace::_print_fmt::h9eef0abe20ede486
[INFO] [stdout]                                at /rustc/82e1608dfa6e0b5569232559e3d385fea5a93112/library/std/src/sys_common/backtrace.rs:67:5
[INFO] [stdout]    3:     0x55e88624325c - <std::sys_common::backtrace::_print::DisplayBacktrace as core::fmt::Display>::fmt::hed7f999df88cc644
[INFO] [stdout]                                at /rustc/82e1608dfa6e0b5569232559e3d385fea5a93112/library/std/src/sys_common/backtrace.rs:44:22
[INFO] [stdout]    4:     0x55e88626df20 - core::fmt::rt::Argument::fmt::h1539a9308b8d058d
[INFO] [stdout]                                at /rustc/82e1608dfa6e0b5569232559e3d385fea5a93112/library/core/src/fmt/rt.rs:142:9
[INFO] [stdout]    5:     0x55e88626df20 - core::fmt::write::h3a39390d8560d9c9
[INFO] [stdout]                                at /rustc/82e1608dfa6e0b5569232559e3d385fea5a93112/library/core/src/fmt/mod.rs:1120:17
[INFO] [stdout]    6:     0x55e886240c0f - std::io::Write::write_fmt::h040b369f3a0f9cbc
[INFO] [stdout]                                at /rustc/82e1608dfa6e0b5569232559e3d385fea5a93112/library/std/src/io/mod.rs:1762:15
[INFO] [stdout]    7:     0x55e886243044 - std::sys_common::backtrace::_print::h894006fb5c6f3d45
[INFO] [stdout]                                at /rustc/82e1608dfa6e0b5569232559e3d385fea5a93112/library/std/src/sys_common/backtrace.rs:47:5
[INFO] [stdout]    8:     0x55e886243044 - std::sys_common::backtrace::print::h23a2d212c6fff936
[INFO] [stdout]                                at /rustc/82e1608dfa6e0b5569232559e3d385fea5a93112/library/std/src/sys_common/backtrace.rs:34:9
[INFO] [stdout]    9:     0x55e886244d07 - std::panicking::default_hook::{{closure}}::h8a1d2ee00185001a
[INFO] [stdout]   10:     0x55e8862449f3 - std::panicking::default_hook::h6038f2eba384e475
[INFO] [stdout]                                at /rustc/82e1608dfa6e0b5569232559e3d385fea5a93112/library/std/src/panicking.rs:289:9
[INFO] [stdout]   11:     0x55e886201a97 - <alloc::boxed::Box<F,A> as core::ops::function::Fn<Args>>::call::h0ad024c9bdc6d768
[INFO] [stdout]                                at /rustc/82e1608dfa6e0b5569232559e3d385fea5a93112/library/alloc/src/boxed.rs:2021:9
[INFO] [stdout]   12:     0x55e886201a97 - test::test_main::{{closure}}::h7500b54257359db6
[INFO] [stdout]                                at /rustc/82e1608dfa6e0b5569232559e3d385fea5a93112/library/test/src/lib.rs:138:21
[INFO] [stdout]   13:     0x55e886245318 - <alloc::boxed::Box<F,A> as core::ops::function::Fn<Args>>::call::h1f8f335eaa9cfaee
[INFO] [stdout]                                at /rustc/82e1608dfa6e0b5569232559e3d385fea5a93112/library/alloc/src/boxed.rs:2021:9
[INFO] [stdout]   14:     0x55e886245318 - std::panicking::rust_panic_with_hook::h2b5517d590cab22e
[INFO] [stdout]                                at /rustc/82e1608dfa6e0b5569232559e3d385fea5a93112/library/std/src/panicking.rs:783:13
[INFO] [stdout]   15:     0x55e88624506e - std::panicking::begin_panic_handler::{{closure}}::h233112c06e0ef43e
[INFO] [stdout]                                at /rustc/82e1608dfa6e0b5569232559e3d385fea5a93112/library/std/src/panicking.rs:657:13
[INFO] [stdout]   16:     0x55e886243726 - std::sys_common::backtrace::__rust_end_short_backtrace::h6e893f24d7ebbff8
[INFO] [stdout]                                at /rustc/82e1608dfa6e0b5569232559e3d385fea5a93112/library/std/src/sys_common/backtrace.rs:170:18
[INFO] [stdout]   17:     0x55e886244dd2 - rust_begin_unwind
[INFO] [stdout]                                at /rustc/82e1608dfa6e0b5569232559e3d385fea5a93112/library/std/src/panicking.rs:645:5
[INFO] [stdout]   18:     0x55e88609acf5 - core::panicking::panic_fmt::hbf0e066aabfa482c
[INFO] [stdout]                                at /rustc/82e1608dfa6e0b5569232559e3d385fea5a93112/library/core/src/panicking.rs:72:14
[INFO] [stdout]   19:     0x55e88609b16b - core::panicking::assert_failed_inner::h0bba8b7c26ee4492
[INFO] [stdout]   20:     0x55e88621585e - core::panicking::assert_failed::h2998e70385cbf4d6
[INFO] [stdout]                                at /rustc/82e1608dfa6e0b5569232559e3d385fea5a93112/library/core/src/panicking.rs:279:5
[INFO] [stdout]   21:     0x55e886160744 - aoc_2023::day23::tests::test_example::h7697dba95eda206c
[INFO] [stdout]                                at /opt/rustwide/workdir/src/day23.rs:122:9
[INFO] [stdout]   22:     0x55e886160687 - aoc_2023::day23::tests::test_example::{{closure}}::h2945bea03d421d3f
[INFO] [stdout]                                at /opt/rustwide/workdir/src/day23.rs:121:22
[INFO] [stdout]   23:     0x55e8861694b6 - core::ops::function::FnOnce::call_once::ha383a309f7d26715
[INFO] [stdout]                                at /rustc/82e1608dfa6e0b5569232559e3d385fea5a93112/library/core/src/ops/function.rs:250:5
[INFO] [stdout]   24:     0x55e8862070ef - core::ops::function::FnOnce::call_once::h2b5d431d5046312d
[INFO] [stdout]                                at /rustc/82e1608dfa6e0b5569232559e3d385fea5a93112/library/core/src/ops/function.rs:250:5
[INFO] [stdout]   25:     0x55e8862070ef - test::__rust_begin_short_backtrace::h7714669af176e207
[INFO] [stdout]                                at /rustc/82e1608dfa6e0b5569232559e3d385fea5a93112/library/test/src/lib.rs:628:18
[INFO] [stdout]   26:     0x55e886206105 - test::run_test_in_process::{{closure}}::h85218797dcbcec12
[INFO] [stdout]                                at /rustc/82e1608dfa6e0b5569232559e3d385fea5a93112/library/test/src/lib.rs:651:60
[INFO] [stdout]   27:     0x55e886206105 - <core::panic::unwind_safe::AssertUnwindSafe<F> as core::ops::function::FnOnce<()>>::call_once::h76c106ea31c14d7b
[INFO] [stdout]                                at /rustc/82e1608dfa6e0b5569232559e3d385fea5a93112/library/core/src/panic/unwind_safe.rs:272:9
[INFO] [stdout]   28:     0x55e886206105 - std::panicking::try::do_call::h3bd5d0f6620ee946
[INFO] [stdout]                                at /rustc/82e1608dfa6e0b5569232559e3d385fea5a93112/library/std/src/panicking.rs:552:40
[INFO] [stdout]   29:     0x55e886206105 - std::panicking::try::h232e535e4744fe31
[INFO] [stdout]                                at /rustc/82e1608dfa6e0b5569232559e3d385fea5a93112/library/std/src/panicking.rs:516:19
[INFO] [stdout]   30:     0x55e886206105 - std::panic::catch_unwind::h3ce3bd6ca8dbac68
[INFO] [stdout]                                at /rustc/82e1608dfa6e0b5569232559e3d385fea5a93112/library/std/src/panic.rs:142:14
[INFO] [stdout]   31:     0x55e886206105 - test::run_test_in_process::hc97b257c9621286a
[INFO] [stdout]                                at /rustc/82e1608dfa6e0b5569232559e3d385fea5a93112/library/test/src/lib.rs:651:27
[INFO] [stdout]   32:     0x55e886206105 - test::run_test::{{closure}}::h2aa798823a438d38
[INFO] [stdout]                                at /rustc/82e1608dfa6e0b5569232559e3d385fea5a93112/library/test/src/lib.rs:574:43
[INFO] [stdout]   33:     0x55e8861ce3c6 - test::run_test::{{closure}}::h87d231c78fb59832
[INFO] [stdout]                                at /rustc/82e1608dfa6e0b5569232559e3d385fea5a93112/library/test/src/lib.rs:602:41
[INFO] [stdout]   34:     0x55e8861ce3c6 - std::sys_common::backtrace::__rust_begin_short_backtrace::he6df152596625789
[INFO] [stdout]                                at /rustc/82e1608dfa6e0b5569232559e3d385fea5a93112/library/std/src/sys_common/backtrace.rs:154:18
[INFO] [stdout]   35:     0x55e8861d3477 - std::thread::Builder::spawn_unchecked_::{{closure}}::{{closure}}::ha94be15d1e0acf36
[INFO] [stdout]                                at /rustc/82e1608dfa6e0b5569232559e3d385fea5a93112/library/std/src/thread/mod.rs:529:17
[INFO] [stdout]   36:     0x55e8861d3477 - <core::panic::unwind_safe::AssertUnwindSafe<F> as core::ops::function::FnOnce<()>>::call_once::h9dc6bd6372f16606
[INFO] [stdout]                                at /rustc/82e1608dfa6e0b5569232559e3d385fea5a93112/library/core/src/panic/unwind_safe.rs:272:9
[INFO] [stdout]   37:     0x55e8861d3477 - std::panicking::try::do_call::h9057517f80303cd4
[INFO] [stdout]                                at /rustc/82e1608dfa6e0b5569232559e3d385fea5a93112/library/std/src/panicking.rs:552:40
[INFO] [stdout]   38:     0x55e8861d3477 - std::panicking::try::he3a30b11ee45340c
[INFO] [stdout]                                at /rustc/82e1608dfa6e0b5569232559e3d385fea5a93112/library/std/src/panicking.rs:516:19
[INFO] [stdout]   39:     0x55e8861d3477 - std::panic::catch_unwind::h410458cfd3528b8b
[INFO] [stdout]                                at /rustc/82e1608dfa6e0b5569232559e3d385fea5a93112/library/std/src/panic.rs:142:14
[INFO] [stdout]   40:     0x55e8861d3477 - std::thread::Builder::spawn_unchecked_::{{closure}}::h72ac3bdb567b737b
[INFO] [stdout]                                at /rustc/82e1608dfa6e0b5569232559e3d385fea5a93112/library/std/src/thread/mod.rs:528:30
[INFO] [stdout]   41:     0x55e8861d3477 - core::ops::function::FnOnce::call_once{{vtable.shim}}::h38f34da3654a8344
[INFO] [stdout]                                at /rustc/82e1608dfa6e0b5569232559e3d385fea5a93112/library/core/src/ops/function.rs:250:5
[INFO] [stdout]   42:     0x55e886249da5 - <alloc::boxed::Box<F,A> as core::ops::function::FnOnce<Args>>::call_once::hc7eafaff61e32df9
[INFO] [stdout]                                at /rustc/82e1608dfa6e0b5569232559e3d385fea5a93112/library/alloc/src/boxed.rs:2007:9
[INFO] [stdout]   43:     0x55e886249da5 - <alloc::boxed::Box<F,A> as core::ops::function::FnOnce<Args>>::call_once::h6ba4a5de48dd2304
[INFO] [stdout]                                at /rustc/82e1608dfa6e0b5569232559e3d385fea5a93112/library/alloc/src/boxed.rs:2007:9
[INFO] [stdout]   44:     0x55e886249da5 - std::sys::unix::thread::Thread::new::thread_start::he469335aef763e45
[INFO] [stdout]                                at /rustc/82e1608dfa6e0b5569232559e3d385fea5a93112/library/std/src/sys/unix/thread.rs:108:17
[INFO] [stdout]   45:     0x7faed1934ac3 - <unknown>
[INFO] [stdout]   46:     0x7faed19c5bf4 - __clone
[INFO] [stdout]   47:                0x0 - <unknown>
[INFO] [stdout] 
[INFO] [stdout] 
[INFO] [stdout] failures:
[INFO] [stdout]     day10::tests::test_example_part2
[INFO] [stdout]     day20::tests::test_solution
[INFO] [stdout]     day23::tests::test_example
[INFO] [stdout]     day24::tests::test_example
[INFO] [stdout] 
[INFO] [stdout] test result: FAILED. 75 passed; 4 failed; 0 ignored; 0 measured; 0 filtered out; finished in 18.69s
[INFO] [stdout] 
[INFO] [stderr] error: test failed, to rerun pass `--bin aoc-2023`
[INFO] running `Command { std: "docker" "inspect" "e739aed171ff9c5fcf835847a6d30d315a1a706117826b2f345860fd19535870", kill_on_drop: false }`
[INFO] running `Command { std: "docker" "rm" "-f" "e739aed171ff9c5fcf835847a6d30d315a1a706117826b2f345860fd19535870", kill_on_drop: false }`
[INFO] [stdout] e739aed171ff9c5fcf835847a6d30d315a1a706117826b2f345860fd19535870
