[INFO] cloning repository https://github.com/palant/pfp-cli
[INFO] running `Command { std: "git" "-c" "credential.helper=" "-c" "credential.helper=/workspace/cargo-home/bin/git-credential-null" "clone" "--bare" "https://github.com/palant/pfp-cli" "/workspace/cache/git-repos/https%3A%2F%2Fgithub.com%2Fpalant%2Fpfp-cli", kill_on_drop: false }`
[INFO] [stderr] Cloning into bare repository '/workspace/cache/git-repos/https%3A%2F%2Fgithub.com%2Fpalant%2Fpfp-cli'...
[INFO] running `Command { std: "git" "rev-parse" "HEAD", kill_on_drop: false }`
[INFO] [stdout] 1b475c062a84aaf715d01c784c327c1830c438b3
[INFO] testing palant/pfp-cli against 1.75.0 for beta-1.76-1
[INFO] running `Command { std: "git" "clone" "/workspace/cache/git-repos/https%3A%2F%2Fgithub.com%2Fpalant%2Fpfp-cli" "/workspace/builds/worker-1-tc1/source", kill_on_drop: false }`
[INFO] [stderr] Cloning into '/workspace/builds/worker-1-tc1/source'...
[INFO] [stderr] done.
[INFO] validating manifest of git repo https://github.com/palant/pfp-cli on toolchain 1.75.0
[INFO] running `Command { std: CARGO_HOME="/workspace/cargo-home" RUSTUP_HOME="/workspace/rustup-home" "/workspace/cargo-home/bin/cargo" "+1.75.0" "metadata" "--manifest-path" "Cargo.toml" "--no-deps", kill_on_drop: false }`
[INFO] started tweaking git repo https://github.com/palant/pfp-cli
[INFO] finished tweaking git repo https://github.com/palant/pfp-cli
[INFO] tweaked toml for git repo https://github.com/palant/pfp-cli written to /workspace/builds/worker-1-tc1/source/Cargo.toml
[INFO] crate git repo https://github.com/palant/pfp-cli already has a lockfile, it will not be regenerated
[INFO] running `Command { std: CARGO_HOME="/workspace/cargo-home" RUSTUP_HOME="/workspace/rustup-home" "/workspace/cargo-home/bin/cargo" "+1.75.0" "fetch" "--manifest-path" "Cargo.toml", kill_on_drop: false }`
[INFO] [stderr] warning: virtual workspace defaulting to `resolver = "1"` despite one or more workspace members being on edition 2021 which implies `resolver = "2"`
[INFO] [stderr] note: to keep the current resolver, specify `workspace.resolver = "1"` in the workspace root's manifest
[INFO] [stderr] note: to use the edition 2021 resolver, specify `workspace.resolver = "2"` in the workspace root's manifest
[INFO] [stderr] note: for more details see https://doc.rust-lang.org/cargo/reference/resolver.html#resolver-versions
[INFO] [stderr]     Updating crates.io index
[INFO] [stderr]  Downloading crates ...
[INFO] [stderr]   Downloaded proc-maps v0.2.1
[INFO] [stderr]   Downloaded fs-set-times v0.17.1
[INFO] [stderr]   Downloaded system-interface v0.21.0
[INFO] [stderr]   Downloaded winx v0.33.0
[INFO] [stderr]   Downloaded os_pipe v1.0.1
[INFO] [stderr]   Downloaded app_dirs2 v2.4.0
[INFO] [stderr]   Downloaded libproc v0.10.0
[INFO] [stderr]   Downloaded io-extras v0.15.0
[INFO] [stderr]   Downloaded clap v3.2.11
[INFO] [stderr]   Downloaded cap-primitives v0.25.2
[INFO] [stderr]   Downloaded cap-std v0.25.2
[INFO] [stderr]   Downloaded read-process-memory v0.1.4
[INFO] [stderr]   Downloaded cap-fs-ext v0.25.2
[INFO] [stderr]   Downloaded duplex v0.13.0
[INFO] [stderr]   Downloaded socketpair v0.16.0
[INFO] [stderr]   Downloaded io-streams v0.12.0
[INFO] running `Command { std: "docker" "create" "-v" "/var/lib/crater-agent-workspace/builds/worker-1-tc1/target:/opt/rustwide/target:rw,Z" "-v" "/var/lib/crater-agent-workspace/builds/worker-1-tc1/source:/opt/rustwide/workdir:ro,Z" "-v" "/var/lib/crater-agent-workspace/cargo-home:/opt/rustwide/cargo-home:ro,Z" "-v" "/var/lib/crater-agent-workspace/rustup-home:/opt/rustwide/rustup-home:ro,Z" "-e" "SOURCE_DIR=/opt/rustwide/workdir" "-e" "CARGO_TARGET_DIR=/opt/rustwide/target" "-e" "CARGO_HOME=/opt/rustwide/cargo-home" "-e" "RUSTUP_HOME=/opt/rustwide/rustup-home" "-w" "/opt/rustwide/workdir" "-m" "1610612736" "--user" "0:0" "--network" "none" "ghcr.io/rust-lang/crates-build-env/linux@sha256:2788e3201cd34a07e3172128adcd8b3090168a8e3bcc40d7c032b9dda1df7d1c" "/opt/rustwide/cargo-home/bin/cargo" "+1.75.0" "metadata" "--no-deps" "--format-version=1", kill_on_drop: false }`
[INFO] [stdout] c8362252d830483569cf6851c80eff78d8c21dec8c19bbb0c90bb7da562c94f6
[INFO] running `Command { std: "docker" "start" "-a" "c8362252d830483569cf6851c80eff78d8c21dec8c19bbb0c90bb7da562c94f6", kill_on_drop: false }`
[INFO] running `Command { std: "docker" "inspect" "c8362252d830483569cf6851c80eff78d8c21dec8c19bbb0c90bb7da562c94f6", kill_on_drop: false }`
[INFO] running `Command { std: "docker" "rm" "-f" "c8362252d830483569cf6851c80eff78d8c21dec8c19bbb0c90bb7da562c94f6", kill_on_drop: false }`
[INFO] [stdout] c8362252d830483569cf6851c80eff78d8c21dec8c19bbb0c90bb7da562c94f6
[INFO] running `Command { std: "docker" "create" "-v" "/var/lib/crater-agent-workspace/builds/worker-1-tc1/target:/opt/rustwide/target:rw,Z" "-v" "/var/lib/crater-agent-workspace/builds/worker-1-tc1/source:/opt/rustwide/workdir:ro,Z" "-v" "/var/lib/crater-agent-workspace/cargo-home:/opt/rustwide/cargo-home:ro,Z" "-v" "/var/lib/crater-agent-workspace/rustup-home:/opt/rustwide/rustup-home:ro,Z" "-e" "SOURCE_DIR=/opt/rustwide/workdir" "-e" "CARGO_TARGET_DIR=/opt/rustwide/target" "-e" "CARGO_INCREMENTAL=0" "-e" "RUST_BACKTRACE=full" "-e" "RUSTFLAGS=--cap-lints=warn" "-e" "RUSTDOCFLAGS=--cap-lints=warn" "-e" "CARGO_HOME=/opt/rustwide/cargo-home" "-e" "RUSTUP_HOME=/opt/rustwide/rustup-home" "-w" "/opt/rustwide/workdir" "-m" "1610612736" "--user" "0:0" "--network" "none" "ghcr.io/rust-lang/crates-build-env/linux@sha256:2788e3201cd34a07e3172128adcd8b3090168a8e3bcc40d7c032b9dda1df7d1c" "/opt/rustwide/cargo-home/bin/cargo" "+1.75.0" "build" "--frozen" "--message-format=json", kill_on_drop: false }`
[INFO] [stdout] 7e53a64e12f97d36ed80c75ea3732d3e4ef22bf4743c1b4e8a271afe91af1f50
[INFO] running `Command { std: "docker" "start" "-a" "7e53a64e12f97d36ed80c75ea3732d3e4ef22bf4743c1b4e8a271afe91af1f50", kill_on_drop: false }`
[INFO] [stderr] warning: virtual workspace defaulting to `resolver = "1"` despite one or more workspace members being on edition 2021 which implies `resolver = "2"`
[INFO] [stderr] note: to keep the current resolver, specify `workspace.resolver = "1"` in the workspace root's manifest
[INFO] [stderr] note: to use the edition 2021 resolver, specify `workspace.resolver = "2"` in the workspace root's manifest
[INFO] [stderr] note: for more details see https://doc.rust-lang.org/cargo/reference/resolver.html#resolver-versions
[INFO] [stderr]    Compiling version_check v0.9.4
[INFO] [stderr]    Compiling libc v0.2.126
[INFO] [stderr]    Compiling typenum v1.15.0
[INFO] [stderr]    Compiling proc-macro2 v1.0.39
[INFO] [stderr]    Compiling unicode-ident v1.0.0
[INFO] [stderr]    Compiling cfg-if v1.0.0
[INFO] [stderr]    Compiling syn v1.0.95
[INFO] [stderr]    Compiling subtle v2.4.1
[INFO] [stderr]    Compiling itoa v1.0.1
[INFO] [stderr]    Compiling autocfg v1.1.0
[INFO] [stderr]    Compiling io-lifetimes v0.7.2
[INFO] [stderr]    Compiling memchr v2.4.1
[INFO] [stderr]    Compiling bitflags v1.3.2
[INFO] [stderr]    Compiling cpufeatures v0.2.2
[INFO] [stderr]    Compiling rustix v0.35.7
[INFO] [stderr]    Compiling once_cell v1.13.0
[INFO] [stderr]    Compiling linux-raw-sys v0.0.46
[INFO] [stderr]    Compiling fnv v1.0.7
[INFO] [stderr]    Compiling serde_derive v1.0.137
[INFO] [stderr]    Compiling ident_case v1.0.1
[INFO] [stderr]    Compiling io-extras v0.15.0
[INFO] [stderr]    Compiling opaque-debug v0.3.0
[INFO] [stderr]    Compiling serde v1.0.137
[INFO] [stderr]    Compiling socketpair v0.16.0
[INFO] [stderr]    Compiling serde_json v1.0.81
[INFO] [stderr]    Compiling system-interface v0.21.0
[INFO] [stderr]    Compiling generic-array v0.14.5
[INFO] [stderr]    Compiling proc-macro-error-attr v1.0.4
[INFO] [stderr]    Compiling memoffset v0.6.5
[INFO] [stderr]    Compiling proc-macro-error v1.0.4
[INFO] [stderr]    Compiling indexmap v1.8.1
[INFO] [stderr]    Compiling ryu v1.0.9
[INFO] [stderr]    Compiling ppv-lite86 v0.2.16
[INFO] [stderr]    Compiling log v0.4.16
[INFO] [stderr]    Compiling cc v1.0.73
[INFO] [stderr]    Compiling smallvec v1.9.0
[INFO] [stderr]    Compiling heck v0.4.0
[INFO] [stderr]    Compiling regex-syntax v0.6.27
[INFO] [stderr]    Compiling adler v1.0.2
[INFO] [stderr]    Compiling hashbrown v0.11.2
[INFO] [stderr]    Compiling nibble_vec v0.1.0
[INFO] [stderr]    Compiling aho-corasick v0.7.18
[INFO] [stderr]    Compiling io-streams v0.12.0
[INFO] [stderr]    Compiling endian-type v0.1.2
[INFO] [stderr]    Compiling quote v1.0.18
[INFO] [stderr]    Compiling gimli v0.26.1
[INFO] [stderr]    Compiling os_str_bytes v6.0.0
[INFO] [stderr]    Compiling zeroize v1.5.6
[INFO] [stderr]    Compiling radix_trie v0.2.1
[INFO] [stderr]    Compiling object v0.29.0
[INFO] [stderr]    Compiling clap_lex v0.2.4
[INFO] [stderr]    Compiling secrecy v0.8.0
[INFO] [stderr]    Compiling miniz_oxide v0.5.3
[INFO] [stderr]    Compiling unicode-width v0.1.9
[INFO] [stderr]    Compiling rustc-demangle v0.1.21
[INFO] [stderr]    Compiling textwrap v0.15.0
[INFO] [stderr]    Compiling os_pipe v1.0.1
[INFO] [stderr]    Compiling getrandom v0.2.6
[INFO] [stderr]    Compiling rand_core v0.6.3
[INFO] [stderr]    Compiling dirs-sys v0.3.7
[INFO] [stderr]    Compiling backtrace v0.3.66
[INFO] [stderr]    Compiling dirs v4.0.0
[INFO] [stderr]    Compiling rand_chacha v0.3.1
[INFO] [stderr]    Compiling dirs-sys-next v0.1.2
[INFO] [stderr]    Compiling crypto-common v0.1.3
[INFO] [stderr]    Compiling block-buffer v0.10.2
[INFO] [stderr]    Compiling cipher v0.3.0
[INFO] [stderr]    Compiling inout v0.1.3
[INFO] [stderr]    Compiling digest v0.10.3
[INFO] [stderr]    Compiling universal-hash v0.4.1
[INFO] [stderr]    Compiling cipher v0.4.3
[INFO] [stderr]    Compiling polyval v0.5.3
[INFO] [stderr]    Compiling aes v0.7.5
[INFO] [stderr]    Compiling sha2 v0.10.2
[INFO] [stderr]    Compiling salsa20 v0.10.2
[INFO] [stderr]    Compiling ghash v0.4.4
[INFO] [stderr]    Compiling hmac v0.12.1
[INFO] [stderr]    Compiling pbkdf2 v0.11.0
[INFO] [stderr]    Compiling ctr v0.8.0
[INFO] [stderr]    Compiling aead v0.4.3
[INFO] [stderr]    Compiling scrypt v0.10.0
[INFO] [stderr]    Compiling regex v1.6.0
[INFO] [stderr]    Compiling rand v0.8.5
[INFO] [stderr]    Compiling aes-gcm v0.9.4
[INFO] [stderr]    Compiling dirs-next v2.0.0
[INFO] [stderr]    Compiling xdg v2.4.1
[INFO] [stderr]    Compiling atty v0.2.14
[INFO] [stderr]    Compiling addr2line v0.17.0
[INFO] [stderr]    Compiling nix v0.23.1
[INFO] [stderr]    Compiling termcolor v1.1.3
[INFO] [stderr]    Compiling unicode-segmentation v1.9.0
[INFO] [stderr]    Compiling strsim v0.10.0
[INFO] [stderr]    Compiling utf8parse v0.2.0
[INFO] [stderr]    Compiling base64 v0.13.0
[INFO] [stderr]    Compiling parking v2.0.0
[INFO] [stderr]    Compiling wildmatch v2.1.0
[INFO] [stderr]    Compiling duplex v0.13.0
[INFO] [stderr]    Compiling fd-lock v3.0.6
[INFO] [stderr]    Compiling lazy_static v1.4.0
[INFO] [stderr]    Compiling shellwords v1.1.0
[INFO] [stderr]    Compiling darling_core v0.13.4
[INFO] [stderr]    Compiling app_dirs2 v2.4.0
[INFO] [stderr]    Compiling qrcodegen v1.8.0
[INFO] [stderr]    Compiling question v0.2.2
[INFO] [stderr]    Compiling rustyline v9.1.2
[INFO] [stderr]    Compiling clap_derive v3.2.7
[INFO] [stderr]    Compiling darling_macro v0.13.4
[INFO] [stderr]    Compiling darling v0.13.4
[INFO] [stderr]    Compiling enumset_derive v0.6.0
[INFO] [stderr]    Compiling enumset v1.0.11
[INFO] [stderr]    Compiling clap v3.2.11
[INFO] [stderr]    Compiling rpassword v6.0.1
[INFO] [stderr]    Compiling pfp v0.1.0 (/opt/rustwide/workdir/pfp)
[INFO] [stdout] warning: unused imports: `Value`, `json`
[INFO] [stdout]   --> pfp/src/json/mod.rs:10:44
[INFO] [stdout]    |
[INFO] [stdout] 10 | pub use serde_json::{from_slice, from_str, json, to_string, to_vec, Error, Value};
[INFO] [stdout]    |                                            ^^^^                            ^^^^^
[INFO] [stdout]    |
[INFO] [stdout]    = note: `#[warn(unused_imports)]` on by default
[INFO] [stdout] 
[INFO] [stdout] 
[INFO] [stdout] warning: 1 warning emitted
[INFO] [stdout] 
[INFO] [stdout] 
[INFO] [stderr]    Compiling pfp-cli v0.1.0 (/opt/rustwide/workdir/cli)
[INFO] [stderr]     Finished dev [optimized + debuginfo] target(s) in 25.47s
[INFO] running `Command { std: "docker" "inspect" "7e53a64e12f97d36ed80c75ea3732d3e4ef22bf4743c1b4e8a271afe91af1f50", kill_on_drop: false }`
[INFO] running `Command { std: "docker" "rm" "-f" "7e53a64e12f97d36ed80c75ea3732d3e4ef22bf4743c1b4e8a271afe91af1f50", kill_on_drop: false }`
[INFO] [stdout] 7e53a64e12f97d36ed80c75ea3732d3e4ef22bf4743c1b4e8a271afe91af1f50
[INFO] running `Command { std: "docker" "create" "-v" "/var/lib/crater-agent-workspace/builds/worker-1-tc1/target:/opt/rustwide/target:rw,Z" "-v" "/var/lib/crater-agent-workspace/builds/worker-1-tc1/source:/opt/rustwide/workdir:ro,Z" "-v" "/var/lib/crater-agent-workspace/cargo-home:/opt/rustwide/cargo-home:ro,Z" "-v" "/var/lib/crater-agent-workspace/rustup-home:/opt/rustwide/rustup-home:ro,Z" "-e" "SOURCE_DIR=/opt/rustwide/workdir" "-e" "CARGO_TARGET_DIR=/opt/rustwide/target" "-e" "CARGO_INCREMENTAL=0" "-e" "RUST_BACKTRACE=full" "-e" "RUSTFLAGS=--cap-lints=warn" "-e" "RUSTDOCFLAGS=--cap-lints=warn" "-e" "CARGO_HOME=/opt/rustwide/cargo-home" "-e" "RUSTUP_HOME=/opt/rustwide/rustup-home" "-w" "/opt/rustwide/workdir" "-m" "1610612736" "--user" "0:0" "--network" "none" "ghcr.io/rust-lang/crates-build-env/linux@sha256:2788e3201cd34a07e3172128adcd8b3090168a8e3bcc40d7c032b9dda1df7d1c" "/opt/rustwide/cargo-home/bin/cargo" "+1.75.0" "test" "--frozen" "--no-run" "--message-format=json", kill_on_drop: false }`
[INFO] [stdout] 7fac3e23d4da2b469726e835d69e21c1eb2275af46a0fccc0ca0ff55de324fb5
[INFO] running `Command { std: "docker" "start" "-a" "7fac3e23d4da2b469726e835d69e21c1eb2275af46a0fccc0ca0ff55de324fb5", kill_on_drop: false }`
[INFO] [stderr] warning: virtual workspace defaulting to `resolver = "1"` despite one or more workspace members being on edition 2021 which implies `resolver = "2"`
[INFO] [stderr] note: to keep the current resolver, specify `workspace.resolver = "1"` in the workspace root's manifest
[INFO] [stderr] note: to use the edition 2021 resolver, specify `workspace.resolver = "2"` in the workspace root's manifest
[INFO] [stderr] note: for more details see https://doc.rust-lang.org/cargo/reference/resolver.html#resolver-versions
[INFO] [stderr]    Compiling libc v0.2.126
[INFO] [stderr]    Compiling version_check v0.9.4
[INFO] [stderr]    Compiling typenum v1.15.0
[INFO] [stderr]    Compiling cfg-if v1.0.0
[INFO] [stderr]    Compiling proc-macro2 v1.0.39
[INFO] [stderr]    Compiling unicode-ident v1.0.0
[INFO] [stderr]    Compiling syn v1.0.95
[INFO] [stderr]    Compiling subtle v2.4.1
[INFO] [stderr]    Compiling itoa v1.0.1
[INFO] [stderr]    Compiling autocfg v1.1.0
[INFO] [stderr]    Compiling memchr v2.4.1
[INFO] [stderr]    Compiling cpufeatures v0.2.2
[INFO] [stderr]    Compiling io-lifetimes v0.7.2
[INFO] [stderr]    Compiling fnv v1.0.7
[INFO] [stderr]    Compiling bitflags v1.3.2
[INFO] [stderr]    Compiling ident_case v1.0.1
[INFO] [stderr]    Compiling serde_derive v1.0.137
[INFO] [stderr]    Compiling rustix v0.35.7
[INFO] [stderr]    Compiling serde v1.0.137
[INFO] [stderr]    Compiling opaque-debug v0.3.0
[INFO] [stderr]    Compiling once_cell v1.13.0
[INFO] [stderr]    Compiling linux-raw-sys v0.0.46
[INFO] [stderr]    Compiling serde_json v1.0.81
[INFO] [stderr]    Compiling ppv-lite86 v0.2.16
[INFO] [stderr]    Compiling ryu v1.0.9
[INFO] [stderr]    Compiling io-extras v0.15.0
[INFO] [stderr]    Compiling zeroize v1.5.6
[INFO] [stderr]    Compiling generic-array v0.14.5
[INFO] [stderr]    Compiling proc-macro-error-attr v1.0.4
[INFO] [stderr]    Compiling memoffset v0.6.5
[INFO] [stderr]    Compiling proc-macro-error v1.0.4
[INFO] [stderr]    Compiling log v0.4.16
[INFO] [stderr]    Compiling socketpair v0.16.0
[INFO] [stderr]    Compiling indexmap v1.8.1
[INFO] [stderr]    Compiling secrecy v0.8.0
[INFO] [stderr]    Compiling wildmatch v2.1.0
[INFO] [stderr]    Compiling base64 v0.13.0
[INFO] [stderr]    Compiling system-interface v0.21.0
[INFO] [stderr]    Compiling smallvec v1.9.0
[INFO] [stderr]    Compiling cc v1.0.73
[INFO] [stderr]    Compiling aho-corasick v0.7.18
[INFO] [stderr]    Compiling quote v1.0.18
[INFO] [stderr]    Compiling adler v1.0.2
[INFO] [stderr]    Compiling nibble_vec v0.1.0
[INFO] [stderr]    Compiling gimli v0.26.1
[INFO] [stderr]    Compiling heck v0.4.0
[INFO] [stderr]    Compiling os_str_bytes v6.0.0
[INFO] [stderr]    Compiling endian-type v0.1.2
[INFO] [stderr]    Compiling hashbrown v0.11.2
[INFO] [stderr]    Compiling io-streams v0.12.0
[INFO] [stderr]    Compiling regex-syntax v0.6.27
[INFO] [stderr]    Compiling radix_trie v0.2.1
[INFO] [stderr]    Compiling clap_lex v0.2.4
[INFO] [stderr]    Compiling miniz_oxide v0.5.3
[INFO] [stderr]    Compiling object v0.29.0
[INFO] [stderr]    Compiling termcolor v1.1.3
[INFO] [stderr]    Compiling proc-maps v0.2.1
[INFO] [stderr]    Compiling utf8parse v0.2.0
[INFO] [stderr]    Compiling os_pipe v1.0.1
[INFO] [stderr]    Compiling getrandom v0.2.6
[INFO] [stderr]    Compiling dirs-sys v0.3.7
[INFO] [stderr]    Compiling dirs-sys-next v0.1.2
[INFO] [stderr]    Compiling rand_core v0.6.3
[INFO] [stderr]    Compiling backtrace v0.3.66
[INFO] [stderr]    Compiling dirs v4.0.0
[INFO] [stderr]    Compiling rand_chacha v0.3.1
[INFO] [stderr]    Compiling xdg v2.4.1
[INFO] [stderr]    Compiling dirs-next v2.0.0
[INFO] [stderr]    Compiling nix v0.23.1
[INFO] [stderr]    Compiling crypto-common v0.1.3
[INFO] [stderr]    Compiling block-buffer v0.10.2
[INFO] [stderr]    Compiling cipher v0.3.0
[INFO] [stderr]    Compiling universal-hash v0.4.1
[INFO] [stderr]    Compiling inout v0.1.3
[INFO] [stderr]    Compiling digest v0.10.3
[INFO] [stderr]    Compiling polyval v0.5.3
[INFO] [stderr]    Compiling aes v0.7.5
[INFO] [stderr]    Compiling cipher v0.4.3
[INFO] [stderr]    Compiling ghash v0.4.4
[INFO] [stderr]    Compiling pbkdf2 v0.11.0
[INFO] [stderr]    Compiling hmac v0.12.1
[INFO] [stderr]    Compiling sha2 v0.10.2
[INFO] [stderr]    Compiling ctr v0.8.0
[INFO] [stderr]    Compiling salsa20 v0.10.2
[INFO] [stderr]    Compiling aead v0.4.3
[INFO] [stderr]    Compiling rand v0.8.5
[INFO] [stderr]    Compiling aes-gcm v0.9.4
[INFO] [stderr]    Compiling regex v1.6.0
[INFO] [stderr]    Compiling atty v0.2.14
[INFO] [stderr]    Compiling scrypt v0.10.0
[INFO] [stderr]    Compiling lazy_static v1.4.0
[INFO] [stderr]    Compiling parking v2.0.0
[INFO] [stderr]    Compiling rustc-demangle v0.1.21
[INFO] [stderr]    Compiling strsim v0.10.0
[INFO] [stderr]    Compiling unicode-width v0.1.9
[INFO] [stderr]    Compiling addr2line v0.17.0
[INFO] [stderr]    Compiling textwrap v0.15.0
[INFO] [stderr]    Compiling unicode-segmentation v1.9.0
[INFO] [stderr]    Compiling duplex v0.13.0
[INFO] [stderr]    Compiling app_dirs2 v2.4.0
[INFO] [stderr]    Compiling fastrand v1.7.0
[INFO] [stderr]    Compiling qrcodegen v1.8.0
[INFO] [stderr]    Compiling shellwords v1.1.0
[INFO] [stderr]    Compiling question v0.2.2
[INFO] [stderr]    Compiling fd-lock v3.0.6
[INFO] [stderr]    Compiling remove_dir_all v0.5.3
[INFO] [stderr]    Compiling subprocess v0.2.9
[INFO] [stderr]    Compiling read-process-memory v0.1.4
[INFO] [stderr]    Compiling memmem v0.1.1
[INFO] [stderr]    Compiling tempfile v3.3.0
[INFO] [stderr]    Compiling darling_core v0.13.4
[INFO] [stderr]    Compiling rustyline v9.1.2
[INFO] [stderr]    Compiling clap_derive v3.2.7
[INFO] [stderr]    Compiling darling_macro v0.13.4
[INFO] [stderr]    Compiling darling v0.13.4
[INFO] [stderr]    Compiling enumset_derive v0.6.0
[INFO] [stderr]    Compiling clap v3.2.11
[INFO] [stderr]    Compiling enumset v1.0.11
[INFO] [stderr]    Compiling rpassword v6.0.1
[INFO] [stderr]    Compiling pfp v0.1.0 (/opt/rustwide/workdir/pfp)
[INFO] [stdout] warning: unused imports: `Value`, `json`
[INFO] [stdout]   --> pfp/src/json/mod.rs:10:44
[INFO] [stdout]    |
[INFO] [stdout] 10 | pub use serde_json::{from_slice, from_str, json, to_string, to_vec, Error, Value};
[INFO] [stdout]    |                                            ^^^^                            ^^^^^
[INFO] [stdout]    |
[INFO] [stdout]    = note: `#[warn(unused_imports)]` on by default
[INFO] [stdout] 
[INFO] [stdout] 
[INFO] [stdout] warning: 1 warning emitted
[INFO] [stdout] 
[INFO] [stdout] 
[INFO] [stderr]    Compiling pfp-cli v0.1.0 (/opt/rustwide/workdir/cli)
[INFO] [stderr]     Finished test [optimized] target(s) in 17.38s
[INFO] running `Command { std: "docker" "inspect" "7fac3e23d4da2b469726e835d69e21c1eb2275af46a0fccc0ca0ff55de324fb5", kill_on_drop: false }`
[INFO] running `Command { std: "docker" "rm" "-f" "7fac3e23d4da2b469726e835d69e21c1eb2275af46a0fccc0ca0ff55de324fb5", kill_on_drop: false }`
[INFO] [stdout] 7fac3e23d4da2b469726e835d69e21c1eb2275af46a0fccc0ca0ff55de324fb5
[INFO] running `Command { std: "docker" "create" "-v" "/var/lib/crater-agent-workspace/builds/worker-1-tc1/target:/opt/rustwide/target:rw,Z" "-v" "/var/lib/crater-agent-workspace/builds/worker-1-tc1/source:/opt/rustwide/workdir:ro,Z" "-v" "/var/lib/crater-agent-workspace/cargo-home:/opt/rustwide/cargo-home:ro,Z" "-v" "/var/lib/crater-agent-workspace/rustup-home:/opt/rustwide/rustup-home:ro,Z" "-e" "SOURCE_DIR=/opt/rustwide/workdir" "-e" "CARGO_TARGET_DIR=/opt/rustwide/target" "-e" "CARGO_INCREMENTAL=0" "-e" "RUST_BACKTRACE=full" "-e" "RUSTFLAGS=--cap-lints=warn" "-e" "RUSTDOCFLAGS=--cap-lints=warn" "-e" "CARGO_HOME=/opt/rustwide/cargo-home" "-e" "RUSTUP_HOME=/opt/rustwide/rustup-home" "-w" "/opt/rustwide/workdir" "-m" "1610612736" "--user" "0:0" "--network" "none" "ghcr.io/rust-lang/crates-build-env/linux@sha256:2788e3201cd34a07e3172128adcd8b3090168a8e3bcc40d7c032b9dda1df7d1c" "/opt/rustwide/cargo-home/bin/cargo" "+1.75.0" "test" "--frozen", kill_on_drop: false }`
[INFO] [stdout] afdcf4632e93b0497a36447a9e37b3085caa31f340ed3b16171ec3720848e7de
[INFO] running `Command { std: "docker" "start" "-a" "afdcf4632e93b0497a36447a9e37b3085caa31f340ed3b16171ec3720848e7de", kill_on_drop: false }`
[INFO] [stderr] warning: virtual workspace defaulting to `resolver = "1"` despite one or more workspace members being on edition 2021 which implies `resolver = "2"`
[INFO] [stderr] note: to keep the current resolver, specify `workspace.resolver = "1"` in the workspace root's manifest
[INFO] [stderr] note: to use the edition 2021 resolver, specify `workspace.resolver = "2"` in the workspace root's manifest
[INFO] [stderr] note: for more details see https://doc.rust-lang.org/cargo/reference/resolver.html#resolver-versions
[INFO] [stderr] warning: unused imports: `Value`, `json`
[INFO] [stderr]   --> pfp/src/json/mod.rs:10:44
[INFO] [stderr]    |
[INFO] [stderr] 10 | pub use serde_json::{from_slice, from_str, json, to_string, to_vec, Error, Value};
[INFO] [stderr]    |                                            ^^^^                            ^^^^^
[INFO] [stderr]    |
[INFO] [stderr]    = note: `#[warn(unused_imports)]` on by default
[INFO] [stderr] 
[INFO] [stderr] warning: `pfp` (lib) generated 1 warning (run `cargo fix --lib -p pfp` to apply 1 suggestion)
[INFO] [stderr]     Finished test [optimized] target(s) in 0.08s
[INFO] [stderr]      Running unittests src/lib.rs (/opt/rustwide/target/debug/deps/pfp-3cc9ff4b10c58645)
[INFO] [stdout] 
[INFO] [stdout] running 30 tests
[INFO] [stdout] test crypto::tests::test_base32_encode ... ok
[INFO] [stdout] test crypto::tests::test_pearson_hash ... ok
[INFO] [stdout] test crypto::tests::test_base32_decode ... ok
[INFO] [stdout] test passwords::tests::initialization::read_success ... ok
[INFO] [stdout] test passwords::tests::initialization::read_empty_data ... ok
[INFO] [stdout] test recovery_codes::tests::formatting ... ok
[INFO] [stdout] test storage::tests::initialization::read_empty_data ... ok
[INFO] [stdout] test storage::tests::clear::clear_uninitialized ... ok
[INFO] [stdout] test storage::tests::clear::clear_initialized ... ok
[INFO] [stdout] test storage::tests::initialization::read_missing_hmac ... ok
[INFO] [stdout] test storage::tests::addition::add_passwords ... ok
[INFO] [stdout] test recovery_codes::tests::generation ... ok
[INFO] [stdout] test storage::tests::initialization::read_success ... ok
[INFO] [stdout] test storage::tests::initialization::read_missing_salt ... ok
[INFO] [stdout] test storage::tests::removal::remove_passwords ... ok
[INFO] [stdout] test storage::tests::retrieval::get_alias ... ok
[INFO] [stdout] test storage::tests::retrieval::list_empty ... ok
[INFO] [stdout] test storage::tests::retrieval::resolve_site ... ok
[INFO] [stdout] test storage::tests::retrieval::list_non_empty ... ok
[INFO] [stdout] test storage::tests::retrieval::get_password ... ok
[INFO] [stdout] test passwords::tests::retrieval::list_sites_wildcards ... ok
[INFO] [stdout] test passwords::tests::removal::remove_passwords ... ok
[INFO] [stdout] test passwords::tests::notes::notes ... ok
[INFO] [stdout] test passwords::tests::retrieval::list_passwords_wildcards ... ok
[INFO] [stdout] test passwords::tests::initialization::unlock ... ok
[INFO] [stdout] test passwords::tests::reset::reset_initialized ... ok
[INFO] [stdout] test passwords::tests::reset::reset_uninitialized ... ok
[INFO] [stdout] test recovery_codes::tests::recovery ... ok
[INFO] [stdout] test passwords::tests::addition::add_passwords ... ok
[INFO] [stdout] test passwords::tests::retrieval::query_passwords ... ok
[INFO] [stdout] 
[INFO] [stdout] test result: ok. 30 passed; 0 failed; 0 ignored; 0 measured; 0 filtered out; finished in 0.67s
[INFO] [stdout] 
[INFO] [stderr]      Running tests/cli/main.rs (/opt/rustwide/target/debug/deps/cli-6d4e725cc8b9d5f9)
[INFO] [stdout] 
[INFO] [stdout] running 38 tests
[INFO] [stdout] test initialization::short_password ... ok
[INFO] [stdout] test aliases::uninitialized ... ok
[INFO] [stdout] test invalid_data::empty_file ... ok
[INFO] [stdout] test invalid_data::complete_data ... ok
[INFO] [stdout] test invalid_data::empty_data ... ok
[INFO] [stdout] test invalid_data::empty_object ... ok
[INFO] [stdout] test invalid_data::extra_data ... ok
[INFO] [stdout] test invalid_data::extra_field ... ok
[INFO] [stdout] test invalid_data::missing_bracket ... ok
[INFO] [stdout] test invalid_data::missing_data ... ok
[INFO] [stdout] test invalid_data::missing_hmac_secret ... ok
[INFO] [stdout] test invalid_data::missing_salt ... ok
[INFO] [stdout] test invalid_data::null_data ... ok
[INFO] [stdout] test invalid_data::wrong_application ... ok
[INFO] [stdout] test invalid_data::wrong_format ... ok
[INFO] [stdout] test invalid_data::wrong_format_type ... ok
[INFO] [stdout] test initialization::mismatch ... ok
[INFO] [stdout] test invalid_data::wrong_type ... ok
[INFO] [stdout] test list::uninitialized ... ok
[INFO] [stdout] test initialization::reinitialization_aborted ... ok
[INFO] [stdout] test initialization::success ... ok
[INFO] [stdout] test passwords::uninitialized ... ok
[INFO] [stdout] test initialization::reinitialization_accepted ... ok
[INFO] [stdout] test initialization::reinitialization_noninteractive ... ok
[INFO] [stdout] test passwords::show_qrcode ... ok
[INFO] [stdout] test passwords::overwrite_aborted ... ok
[INFO] [stdout] test passwords::overwrite_noninteractive ... ok
[INFO] [stdout] test passwords::overwrite_accepted_stored ... ok
[INFO] [stdout] test passwords::overwrite_accepted ... ok
[INFO] [stdout] test passwords::overwrite_noninteractive_stored ... ok
[INFO] [stdout] test passwords::overwrite_aborted_stored ... ok
[INFO] [stdout] test shell::shell ... ok
[INFO] [stdout] test passwords::remove ... ok
[INFO] [stdout] test passwords::recovery_codes ... ok
[INFO] [stdout] test passwords::notes ... ok
[INFO] [stdout] test passwords::add ... FAILED
[INFO] [stdout] test aliases::add_remove ... FAILED
[INFO] [stdout] test list::list ... ok
[INFO] [stdout] 
[INFO] [stdout] failures:
[INFO] [stdout] 
[INFO] [stdout] ---- passwords::add stdout ----
[INFO] [stdout] Reading process memory failed: Bad address (os error 14)
[INFO] [stdout] Secret found in process 517 memory at address 00007FFFBA3D79A0
[INFO] [stdout] 00007FFFBA3D77A0  DF 78 3D BA FF 7F 00 00 80 86 DB E0 70 55 00 00 F1 87 2D E1 70 55 00 00 08 00 00 00 00 00 00 00  ·x=·········pU····-·pU··········
[INFO] [stdout] 00007FFFBA3D77C0  30 00 00 00 00 00 00 00 DF 78 3D BA FF 7F 00 00 80 86 DB E0 70 55 00 00 30 88 2D E1 70 55 00 00  0········x=·········pU··0·-·pU··
[INFO] [stdout] 00007FFFBA3D77E0  03 00 00 00 00 00 00 00 D6 5A B7 E0 70 55 00 00 0B 00 00 00 00 00 00 00 07 00 00 00 00 00 00 00  ·········Z··pU··················
[INFO] [stdout] 00007FFFBA3D7800  D0 AC 2C E1 70 55 00 00 00 3F F3 F5 26 D8 F9 00 90 7A 3D BA FF 7F 00 00 E8 FE FF FF FF FF FF FF  ··,·pU···?··&····z=·············
[INFO] [stdout] 00007FFFBA3D7820  00 00 00 00 00 00 00 00 60 87 2D E1 70 55 00 00 60 87 2D E1 70 55 00 00 0B 00 00 00 00 00 00 00  ········`·-·pU··`·-·pU··········
[INFO] [stdout] 00007FFFBA3D7840  08 00 00 00 00 00 00 00 53 B4 2D 79 F1 7F 00 00 00 00 00 00 00 00 00 00 60 87 2D E1 70 55 00 00  ········S·-y············`·-·pU··
[INFO] [stdout] 00007FFFBA3D7860  60 87 2D E1 70 55 00 00 00 00 00 00 00 00 00 00 16 00 00 00 00 00 00 00 DB E9 B6 E0 70 55 00 00  `·-·pU······················pU··
[INFO] [stdout] 00007FFFBA3D7880  60 85 2D E1 70 55 00 00 08 00 00 00 00 00 00 00 60 87 2D E1 70 55 00 00 60 87 2D E1 70 55 00 00  `·-·pU··········`·-·pU··`·-·pU··
[INFO] [stdout] 00007FFFBA3D78A0  0B 00 00 00 00 00 00 00 07 00 00 00 00 00 00 00 00 00 00 00 00 00 00 00 EF 9A C5 E0 70 55 00 00  ····························pU··
[INFO] [stdout] 00007FFFBA3D78C0  0D 00 75 FF FF FF FF FF F7 84 2D E1 70 55 00 00 00 00 00 00 00 00 00 00 00 00 00 00 00 00 00 00  ··u·······-·pU··················
[INFO] [stdout] 00007FFFBA3D78E0  00 75 FF FF FF FF FF F7 00 3F F3 F5 26 D8 F9 00 07 00 00 00 00 00 00 00 E8 FE FF FF FF FF FF FF  ·u·······?··&···················
[INFO] [stdout] 00007FFFBA3D7900  00 00 00 00 00 00 00 00 10 00 00 00 00 00 00 00 01 85 2D E1 70 55 00 00 0B 00 00 00 00 00 00 00  ··················-·pU··········
[INFO] [stdout] 00007FFFBA3D7920  60 85 2D E1 70 55 00 00 D0 AC 2C E1 70 55 00 00 10 00 00 00 00 00 00 00 01 85 2D E1 70 55 00 00  `·-·pU····,·pU············-·pU··
[INFO] [stdout] 00007FFFBA3D7940  0B 00 00 00 00 00 00 00 08 00 00 00 00 00 00 00 16 00 00 00 00 00 00 00 2F 26 B9 E0 70 55 00 00  ························/&··pU··
[INFO] [stdout] 00007FFFBA3D7960  61 60 15 1C 3C 8B BB 97 00 00 00 00 00 00 00 00 66 D4 78 89 F5 F1 47 16 7D E5 A3 E0 4B E5 F3 F4  a`··<···········f·x···G·}···K···
[INFO] [stdout] 00007FFFBA3D7980  70 87 2D E1 70 55 00 00 08 00 00 00 00 00 00 00 07 00 00 00 00 00 00 00 70 7D 3D BA FF 7F 00 00  p·-·pU··················p}=·····
[INFO] [stdout] 00007FFFBA3D79A0  66 6F 6F 62 61 72 00 00 00 00 00 00 00 00 00 00 00 00 00 00 00 00 00 00 00 00 00 00 00 00 00 00  foobar··························
[INFO] [stdout] 00007FFFBA3D79C0  00 00 00 00 00 00 00 00 00 00 00 00 00 00 00 00 00 00 00 00 00 00 00 00 00 00 00 00 00 00 00 00  ································
[INFO] [stdout] 00007FFFBA3D79E0  07 00 00 00 00 00 00 00 07 00 00 00 00 00 00 00 01 00 00 00 00 00 00 00 00 00 00 00 00 00 00 00  ································
[INFO] [stdout] 00007FFFBA3D7A00  00 00 00 00 00 00 00 00 00 0F BA 0B 0F 45 4F AA E3 15 57 8C 93 25 3F 9F 88 14 E4 F6 36 00 50 14  ·············EO···W··%?·····6·P·
[INFO] [stdout] 00007FFFBA3D7A20  10 00 00 00 00 00 00 00 70 7A 3D BA FF 7F 00 00 A0 89 2D E1 70 55 00 00 80 89 2D E1 70 55 00 00  ········pz=·······-·pU····-·pU··
[INFO] [stdout] 00007FFFBA3D7A40  00 04 00 00 00 00 00 00 B6 8C C5 E0 70 55 00 00 A0 89 2D E1 70 55 00 00 01 00 00 00 00 00 00 00  ············pU····-·pU··········
[INFO] [stdout] 00007FFFBA3D7A60  00 04 00 00 00 00 00 00 10 00 00 00 00 00 00 00 78 28 6C 1F 5A 0B 8C 8B 43 AF 6A FA A2 A6 60 1E  ················x(l·Z···C·j···`·
[INFO] [stdout] 00007FFFBA3D7A80  37 17 9B 79 ED C2 65 87 F2 92 EC 2B 5B 52 4A 12 11 00 00 00 00 00 00 00 1F 6C 28 78 8B 8C 0B 5A  7··y··e····+[RJ··········l(x···Z
[INFO] [stdout] 00007FFFBA3D7AA0  FA 6A AF 43 1E 60 A6 A2 79 9B 17 37 87 65 C2 ED 2B EC 92 F2 12 4A 52 5B 01 00 00 00 00 00 00 00  ·j·C·`··y··7·e··+····JR[········
[INFO] [stdout] 00007FFFBA3D7AC0  0E A0 7A 70 94 6B CB A6 75 C3 21 B0 B3 5D 7C 1B FE 6C C2 29 59 E0 F9 89 7C 32 2E 75 0D 21 FC CF  ··zp·k··u·!··]|··l·)Y···|2.u·!··
[INFO] [stdout] 00007FFFBA3D7AE0  80 00 00 00 00 00 00 00 00 00 00 00 00 00 00 00 00 00 00 00 00 00 00 00 00 00 00 00 00 00 03 00  ································
[INFO] [stdout] 00007FFFBA3D7B00  20 04 00 00 00 00 00 00 35 6F 68 FB 05 B6 A1 54 11 00 00 00 00 00 00 00 10 00 00 00 00 00 00 00   ·······5oh····T················
[INFO] [stdout] 00007FFFBA3D7B20  00 00 00 00 00 00 00 00 A0 8D 2D E1 70 55 00 00 01 00 00 00 00 00 00 00 01 00 00 00 00 00 00 00  ··········-·pU··················
[INFO] [stdout] 00007FFFBA3D7B40  C7 35 5E CC 9E 4B BD 27 98 26 D9 94 DB D6 5F 43 32 5C FB 7C A6 50 7C 5E 4C 20 E3 BA 8A 81 82 4B  ·5^··K·'·&····_C2\·|·P|^L ·····K
[INFO] [stdout] 00007FFFBA3D7B60  01 00 00 00 00 00 00 00 10 00 00 00 00 00 00 00 B0 91 2D E1 70 55 00 00 00 00 00 00 00 00 00 00  ··················-·pU··········
[INFO] [stdout] 00007FFFBA3D7B80  09 05 D1 84 00 00 00 00 59 C8 8E D8 56 9B A3 15 47 F2 C9 C1 50 31 08 59 B3 48 8F D3 86 93 1C D5  ········Y···V···G···P1·Y·H······
[INFO] [stdout] 
[INFO] [stdout] thread 'passwords::add' panicked at cli/tests/cli/common.rs:227:13:
[INFO] [stdout] assertion failed: !secret_found
[INFO] [stdout] stack backtrace:
[INFO] [stdout]    0:     0x55d7737e2eec - std::backtrace_rs::backtrace::libunwind::trace::ha637c64ce894333a
[INFO] [stdout]                                at /rustc/82e1608dfa6e0b5569232559e3d385fea5a93112/library/std/src/../../backtrace/src/backtrace/libunwind.rs:104:5
[INFO] [stdout]    1:     0x55d7737e2eec - std::backtrace_rs::backtrace::trace_unsynchronized::h47f62dea28e0c88d
[INFO] [stdout]                                at /rustc/82e1608dfa6e0b5569232559e3d385fea5a93112/library/std/src/../../backtrace/src/backtrace/mod.rs:66:5
[INFO] [stdout]    2:     0x55d7737e2eec - std::sys_common::backtrace::_print_fmt::h9eef0abe20ede486
[INFO] [stdout]                                at /rustc/82e1608dfa6e0b5569232559e3d385fea5a93112/library/std/src/sys_common/backtrace.rs:67:5
[INFO] [stdout]    3:     0x55d7737e2eec - <std::sys_common::backtrace::_print::DisplayBacktrace as core::fmt::Display>::fmt::hed7f999df88cc644
[INFO] [stdout]                                at /rustc/82e1608dfa6e0b5569232559e3d385fea5a93112/library/std/src/sys_common/backtrace.rs:44:22
[INFO] [stdout]    4:     0x55d77380cc90 - core::fmt::rt::Argument::fmt::h1539a9308b8d058d
[INFO] [stdout]                                at /rustc/82e1608dfa6e0b5569232559e3d385fea5a93112/library/core/src/fmt/rt.rs:142:9
[INFO] [stdout]    5:     0x55d77380cc90 - core::fmt::write::h3a39390d8560d9c9
[INFO] [stdout]                                at /rustc/82e1608dfa6e0b5569232559e3d385fea5a93112/library/core/src/fmt/mod.rs:1120:17
[INFO] [stdout]    6:     0x55d7737e070f - std::io::Write::write_fmt::h040b369f3a0f9cbc
[INFO] [stdout]                                at /rustc/82e1608dfa6e0b5569232559e3d385fea5a93112/library/std/src/io/mod.rs:1762:15
[INFO] [stdout]    7:     0x55d7737e2cd4 - std::sys_common::backtrace::_print::h894006fb5c6f3d45
[INFO] [stdout]                                at /rustc/82e1608dfa6e0b5569232559e3d385fea5a93112/library/std/src/sys_common/backtrace.rs:47:5
[INFO] [stdout]    8:     0x55d7737e2cd4 - std::sys_common::backtrace::print::h23a2d212c6fff936
[INFO] [stdout]                                at /rustc/82e1608dfa6e0b5569232559e3d385fea5a93112/library/std/src/sys_common/backtrace.rs:34:9
[INFO] [stdout]    9:     0x55d7737e4997 - std::panicking::default_hook::{{closure}}::h8a1d2ee00185001a
[INFO] [stdout]   10:     0x55d7737e4683 - std::panicking::default_hook::h6038f2eba384e475
[INFO] [stdout]                                at /rustc/82e1608dfa6e0b5569232559e3d385fea5a93112/library/std/src/panicking.rs:289:9
[INFO] [stdout]   11:     0x55d7737b4367 - <alloc::boxed::Box<F,A> as core::ops::function::Fn<Args>>::call::h0ad024c9bdc6d768
[INFO] [stdout]                                at /rustc/82e1608dfa6e0b5569232559e3d385fea5a93112/library/alloc/src/boxed.rs:2021:9
[INFO] [stdout]   12:     0x55d7737b4367 - test::test_main::{{closure}}::h7500b54257359db6
[INFO] [stdout]                                at /rustc/82e1608dfa6e0b5569232559e3d385fea5a93112/library/test/src/lib.rs:138:21
[INFO] [stdout]   13:     0x55d7737e4fa8 - <alloc::boxed::Box<F,A> as core::ops::function::Fn<Args>>::call::h1f8f335eaa9cfaee
[INFO] [stdout]                                at /rustc/82e1608dfa6e0b5569232559e3d385fea5a93112/library/alloc/src/boxed.rs:2021:9
[INFO] [stdout]   14:     0x55d7737e4fa8 - std::panicking::rust_panic_with_hook::h2b5517d590cab22e
[INFO] [stdout]                                at /rustc/82e1608dfa6e0b5569232559e3d385fea5a93112/library/std/src/panicking.rs:783:13
[INFO] [stdout]   15:     0x55d7737e4cc9 - std::panicking::begin_panic_handler::{{closure}}::h233112c06e0ef43e
[INFO] [stdout]                                at /rustc/82e1608dfa6e0b5569232559e3d385fea5a93112/library/std/src/panicking.rs:649:13
[INFO] [stdout]   16:     0x55d7737e33b6 - std::sys_common::backtrace::__rust_end_short_backtrace::h6e893f24d7ebbff8
[INFO] [stdout]                                at /rustc/82e1608dfa6e0b5569232559e3d385fea5a93112/library/std/src/sys_common/backtrace.rs:170:18
[INFO] [stdout]   17:     0x55d7737e4a62 - rust_begin_unwind
[INFO] [stdout]                                at /rustc/82e1608dfa6e0b5569232559e3d385fea5a93112/library/std/src/panicking.rs:645:5
[INFO] [stdout]   18:     0x55d77376bc95 - core::panicking::panic_fmt::hbf0e066aabfa482c
[INFO] [stdout]                                at /rustc/82e1608dfa6e0b5569232559e3d385fea5a93112/library/core/src/panicking.rs:72:14
[INFO] [stdout]   19:     0x55d77376bd33 - core::panicking::panic::h195fc2a96298d4c3
[INFO] [stdout]                                at /rustc/82e1608dfa6e0b5569232559e3d385fea5a93112/library/core/src/panicking.rs:127:5
[INFO] [stdout]   20:     0x55d77376eb5f - <cli::common::Session as core::ops::drop::Drop>::drop::hcff1b8ec8140ca47
[INFO] [stdout]   21:     0x55d77376ed70 - core::ptr::drop_in_place<cli::common::Session>::h84c5ba1a759507fb
[INFO] [stdout]   22:     0x55d77376f4ee - cli::passwords::add::h97ccd196d3936cb0
[INFO] [stdout]   23:     0x55d7737730b9 - core::ops::function::FnOnce::call_once::hc07929e182ba819c
[INFO] [stdout]   24:     0x55d7737b99bf - core::ops::function::FnOnce::call_once::h2b5d431d5046312d
[INFO] [stdout]                                at /rustc/82e1608dfa6e0b5569232559e3d385fea5a93112/library/core/src/ops/function.rs:250:5
[INFO] [stdout]   25:     0x55d7737b99bf - test::__rust_begin_short_backtrace::h7714669af176e207
[INFO] [stdout]                                at /rustc/82e1608dfa6e0b5569232559e3d385fea5a93112/library/test/src/lib.rs:628:18
[INFO] [stdout]   26:     0x55d7737b89d5 - test::run_test_in_process::{{closure}}::h85218797dcbcec12
[INFO] [stdout]                                at /rustc/82e1608dfa6e0b5569232559e3d385fea5a93112/library/test/src/lib.rs:651:60
[INFO] [stdout]   27:     0x55d7737b89d5 - <core::panic::unwind_safe::AssertUnwindSafe<F> as core::ops::function::FnOnce<()>>::call_once::h76c106ea31c14d7b
[INFO] [stdout]                                at /rustc/82e1608dfa6e0b5569232559e3d385fea5a93112/library/core/src/panic/unwind_safe.rs:272:9
[INFO] [stdout]   28:     0x55d7737b89d5 - std::panicking::try::do_call::h3bd5d0f6620ee946
[INFO] [stdout]                                at /rustc/82e1608dfa6e0b5569232559e3d385fea5a93112/library/std/src/panicking.rs:552:40
[INFO] [stdout]   29:     0x55d7737b89d5 - std::panicking::try::h232e535e4744fe31
[INFO] [stdout]                                at /rustc/82e1608dfa6e0b5569232559e3d385fea5a93112/library/std/src/panicking.rs:516:19
[INFO] [stdout]   30:     0x55d7737b89d5 - std::panic::catch_unwind::h3ce3bd6ca8dbac68
[INFO] [stdout]                                at /rustc/82e1608dfa6e0b5569232559e3d385fea5a93112/library/std/src/panic.rs:142:14
[INFO] [stdout]   31:     0x55d7737b89d5 - test::run_test_in_process::hc97b257c9621286a
[INFO] [stdout]                                at /rustc/82e1608dfa6e0b5569232559e3d385fea5a93112/library/test/src/lib.rs:651:27
[INFO] [stdout]   32:     0x55d7737b89d5 - test::run_test::{{closure}}::h2aa798823a438d38
[INFO] [stdout]                                at /rustc/82e1608dfa6e0b5569232559e3d385fea5a93112/library/test/src/lib.rs:574:43
[INFO] [stdout]   33:     0x55d773780c96 - test::run_test::{{closure}}::h87d231c78fb59832
[INFO] [stdout]                                at /rustc/82e1608dfa6e0b5569232559e3d385fea5a93112/library/test/src/lib.rs:602:41
[INFO] [stdout]   34:     0x55d773780c96 - std::sys_common::backtrace::__rust_begin_short_backtrace::he6df152596625789
[INFO] [stdout]                                at /rustc/82e1608dfa6e0b5569232559e3d385fea5a93112/library/std/src/sys_common/backtrace.rs:154:18
[INFO] [stdout]   35:     0x55d773785d47 - std::thread::Builder::spawn_unchecked_::{{closure}}::{{closure}}::ha94be15d1e0acf36
[INFO] [stdout]                                at /rustc/82e1608dfa6e0b5569232559e3d385fea5a93112/library/std/src/thread/mod.rs:529:17
[INFO] [stdout]   36:     0x55d773785d47 - <core::panic::unwind_safe::AssertUnwindSafe<F> as core::ops::function::FnOnce<()>>::call_once::h9dc6bd6372f16606
[INFO] [stdout]                                at /rustc/82e1608dfa6e0b5569232559e3d385fea5a93112/library/core/src/panic/unwind_safe.rs:272:9
[INFO] [stdout]   37:     0x55d773785d47 - std::panicking::try::do_call::h9057517f80303cd4
[INFO] [stdout]                                at /rustc/82e1608dfa6e0b5569232559e3d385fea5a93112/library/std/src/panicking.rs:552:40
[INFO] [stdout]   38:     0x55d773785d47 - std::panicking::try::he3a30b11ee45340c
[INFO] [stdout]                                at /rustc/82e1608dfa6e0b5569232559e3d385fea5a93112/library/std/src/panicking.rs:516:19
[INFO] [stdout]   39:     0x55d773785d47 - std::panic::catch_unwind::h410458cfd3528b8b
[INFO] [stdout]                                at /rustc/82e1608dfa6e0b5569232559e3d385fea5a93112/library/std/src/panic.rs:142:14
[INFO] [stdout]   40:     0x55d773785d47 - std::thread::Builder::spawn_unchecked_::{{closure}}::h72ac3bdb567b737b
[INFO] [stdout]                                at /rustc/82e1608dfa6e0b5569232559e3d385fea5a93112/library/std/src/thread/mod.rs:528:30
[INFO] [stdout]   41:     0x55d773785d47 - core::ops::function::FnOnce::call_once{{vtable.shim}}::h38f34da3654a8344
[INFO] [stdout]                                at /rustc/82e1608dfa6e0b5569232559e3d385fea5a93112/library/core/src/ops/function.rs:250:5
[INFO] [stdout]   42:     0x55d7737e9c75 - <alloc::boxed::Box<F,A> as core::ops::function::FnOnce<Args>>::call_once::hc7eafaff61e32df9
[INFO] [stdout]                                at /rustc/82e1608dfa6e0b5569232559e3d385fea5a93112/library/alloc/src/boxed.rs:2007:9
[INFO] [stdout]   43:     0x55d7737e9c75 - <alloc::boxed::Box<F,A> as core::ops::function::FnOnce<Args>>::call_once::h6ba4a5de48dd2304
[INFO] [stdout]                                at /rustc/82e1608dfa6e0b5569232559e3d385fea5a93112/library/alloc/src/boxed.rs:2007:9
[INFO] [stdout]   44:     0x55d7737e9c75 - std::sys::unix::thread::Thread::new::thread_start::he469335aef763e45
[INFO] [stdout]                                at /rustc/82e1608dfa6e0b5569232559e3d385fea5a93112/library/std/src/sys/unix/thread.rs:108:17
[INFO] [stdout]   45:     0x7f940e6ecac3 - <unknown>
[INFO] [stdout]   46:     0x7f940e77dbf4 - __clone
[INFO] [stdout]   47:                0x0 - <unknown>
[INFO] [stdout] 
[INFO] [stdout] ---- aliases::add_remove stdout ----
[INFO] [stdout] Reading process memory failed: Bad address (os error 14)
[INFO] [stdout] Secret found in process 536 memory at address 00007FFDB51529B0
[INFO] [stdout] 00007FFDB51527A0  0C 8D 99 70 82 55 00 00 30 28 15 B5 FD 7F 00 00 EF 28 15 B5 FD 7F 00 00 80 B6 36 70 82 55 00 00  ···p·U··0(·······(········6p·U··
[INFO] [stdout] 00007FFDB51527C0  41 C0 99 70 82 55 00 00 08 00 00 00 00 00 00 00 30 00 00 00 00 00 00 00 EF 28 15 B5 FD 7F 00 00  A··p·U··········0········(······
[INFO] [stdout] 00007FFDB51527E0  80 B6 36 70 82 55 00 00 80 C0 99 70 82 55 00 00 03 00 00 00 00 00 00 00 D6 8A 12 70 82 55 00 00  ··6p·U·····p·U·············p·U··
[INFO] [stdout] 00007FFDB5152800  0B 00 00 00 00 00 00 00 07 00 00 00 00 00 00 00 00 07 9A 70 82 55 00 00 00 26 88 BA 49 72 BE 5E  ···················p·U···&··Ir·^
[INFO] [stdout] 00007FFDB5152820  A0 2A 15 B5 FD 7F 00 00 E8 FE FF FF FF FF FF FF 00 00 00 00 00 00 00 00 40 93 99 70 82 55 00 00  ·*······················@··p·U··
[INFO] [stdout] 00007FFDB5152840  40 93 99 70 82 55 00 00 0B 00 00 00 00 00 00 00 08 00 00 00 00 00 00 00 53 E4 AF D2 93 7F 00 00  @··p·U··················S·······
[INFO] [stdout] 00007FFDB5152860  00 00 00 00 00 00 00 00 40 93 99 70 82 55 00 00 40 93 99 70 82 55 00 00 00 00 00 00 00 00 00 00  ········@··p·U··@··p·U··········
[INFO] [stdout] 00007FFDB5152880  16 00 00 00 00 00 00 00 DB 19 12 70 82 55 00 00 40 91 99 70 82 55 00 00 08 00 00 00 00 00 00 00  ···········p·U··@··p·U··········
[INFO] [stdout] 00007FFDB51528A0  40 93 99 70 82 55 00 00 40 93 99 70 82 55 00 00 0B 00 00 00 00 00 00 00 07 00 00 00 00 00 00 00  @··p·U··@··p·U··················
[INFO] [stdout] 00007FFDB51528C0  00 00 00 00 00 00 00 00 EF CA 20 70 82 55 00 00 0D 00 75 FF FF FF FF FF 17 8D 99 70 82 55 00 00  ·········· p·U····u········p·U··
[INFO] [stdout] 00007FFDB51528E0  00 00 00 00 00 00 00 00 00 00 00 00 00 00 00 00 00 75 FF FF FF FF FF 17 00 26 88 BA 49 72 BE 5E  ·················u·······&··Ir·^
[INFO] [stdout] 00007FFDB5152900  07 00 00 00 00 00 00 00 E8 FE FF FF FF FF FF FF 00 00 00 00 00 00 00 00 10 00 00 00 00 00 00 00  ································
[INFO] [stdout] 00007FFDB5152920  01 8D 99 70 82 55 00 00 0B 00 00 00 00 00 00 00 40 91 99 70 82 55 00 00 00 07 9A 70 82 55 00 00  ···p·U··········@··p·U·····p·U··
[INFO] [stdout] 00007FFDB5152940  10 00 00 00 00 00 00 00 01 8D 99 70 82 55 00 00 0B 00 00 00 00 00 00 00 08 00 00 00 00 00 00 00  ···········p·U··················
[INFO] [stdout] 00007FFDB5152960  16 00 00 00 00 00 00 00 2F 56 14 70 82 55 00 00 1B 18 7A 9C 97 BF 9C 14 00 00 00 00 00 00 00 00  ········/V·p·U····z·············
[INFO] [stdout] 00007FFDB5152980  61 B1 D6 32 8E 0F 7A C1 C5 D4 DC 29 8D 76 E9 37 C0 BF 99 70 82 55 00 00 08 00 00 00 00 00 00 00  a··2··z····)·v·7···p·U··········
[INFO] [stdout] 00007FFDB51529A0  07 00 00 00 00 00 00 00 80 2D 15 B5 FD 7F 00 00 66 6F 6F 62 61 72 00 00 00 00 00 00 00 00 00 00  ·········-······foobar··········
[INFO] [stdout] 00007FFDB51529C0  00 00 00 00 00 00 00 00 00 00 00 00 00 00 00 00 00 00 00 00 00 00 00 00 00 00 00 00 00 00 00 00  ································
[INFO] [stdout] 00007FFDB51529E0  00 00 00 00 00 00 00 00 00 00 00 00 00 00 00 00 07 00 00 00 00 00 00 00 07 00 00 00 00 00 00 00  ································
[INFO] [stdout] 00007FFDB5152A00  01 00 00 00 00 00 00 00 00 00 00 00 00 00 00 00 00 00 00 00 00 00 00 00 00 0F B5 0E D4 E9 82 78  ·······························x
[INFO] [stdout] 00007FFDB5152A20  DC D3 B4 98 EF BE AC F3 4B DB A6 E8 48 A2 35 1E 10 00 00 00 00 00 00 00 80 2A 15 B5 FD 7F 00 00  ········K···H·5··········*······
[INFO] [stdout] 00007FFDB5152A40  D0 C1 99 70 82 55 00 00 50 07 9A 70 82 55 00 00 00 04 00 00 00 00 00 00 B6 BC 20 70 82 55 00 00  ···p·U··P··p·U············ p·U··
[INFO] [stdout] 00007FFDB5152A60  D0 C1 99 70 82 55 00 00 01 00 00 00 00 00 00 00 00 04 00 00 00 00 00 00 10 00 00 00 00 00 00 00  ···p·U··························
[INFO] [stdout] 00007FFDB5152A80  78 28 6C 1F 5A 0B 8C 8B 43 AF 6A FA A2 A6 60 1E 37 17 9B 79 ED C2 65 87 F2 92 EC 2B 5B 52 4A 12  x(l·Z···C·j···`·7··y··e····+[RJ·
[INFO] [stdout] 00007FFDB5152AA0  11 00 00 00 00 00 00 00 1F 6C 28 78 8B 8C 0B 5A FA 6A AF 43 1E 60 A6 A2 79 9B 17 37 87 65 C2 ED  ·········l(x···Z·j·C·`··y··7·e··
[INFO] [stdout] 00007FFDB5152AC0  2B EC 92 F2 12 4A 52 5B 01 00 00 00 00 00 00 00 0E A0 7A 70 94 6B CB A6 75 C3 21 B0 B3 5D 7C 1B  +····JR[··········zp·k··u·!··]|·
[INFO] [stdout] 00007FFDB5152AE0  FE 6C C2 29 59 E0 F9 89 7C 32 2E 75 0D 21 FC CF 80 00 00 00 00 00 00 00 00 00 00 00 00 00 00 00  ·l·)Y···|2.u·!··················
[INFO] [stdout] 00007FFDB5152B00  00 00 00 00 00 00 00 00 00 00 00 00 00 00 03 00 20 04 00 00 00 00 00 00 35 6F 68 FB 05 B6 A1 54  ················ ·······5oh····T
[INFO] [stdout] 00007FFDB5152B20  11 00 00 00 00 00 00 00 10 00 00 00 00 00 00 00 00 00 00 00 00 00 00 00 D0 C5 99 70 82 55 00 00  ···························p·U··
[INFO] [stdout] 00007FFDB5152B40  01 00 00 00 00 00 00 00 01 00 00 00 00 00 00 00 C7 35 5E CC 9E 4B BD 27 98 26 D9 94 DB D6 5F 43  ·················5^··K·'·&····_C
[INFO] [stdout] 00007FFDB5152B60  32 5C FB 7C A6 50 7C 5E 4C 20 E3 BA 8A 81 82 4B 01 00 00 00 00 00 00 00 10 00 00 00 00 00 00 00  2\·|·P|^L ·····K················
[INFO] [stdout] 00007FFDB5152B80  E0 C9 99 70 82 55 00 00 00 00 00 00 00 00 00 00 09 05 D1 84 00 00 00 00 59 C8 8E D8 56 9B A3 15  ···p·U··················Y···V···
[INFO] [stdout] 
[INFO] [stdout] thread 'aliases::add_remove' panicked at cli/tests/cli/common.rs:227:13:
[INFO] [stdout] assertion failed: !secret_found
[INFO] [stdout] stack backtrace:
[INFO] [stdout]    0:     0x55d7737e2eec - std::backtrace_rs::backtrace::libunwind::trace::ha637c64ce894333a
[INFO] [stdout]                                at /rustc/82e1608dfa6e0b5569232559e3d385fea5a93112/library/std/src/../../backtrace/src/backtrace/libunwind.rs:104:5
[INFO] [stdout]    1:     0x55d7737e2eec - std::backtrace_rs::backtrace::trace_unsynchronized::h47f62dea28e0c88d
[INFO] [stdout]                                at /rustc/82e1608dfa6e0b5569232559e3d385fea5a93112/library/std/src/../../backtrace/src/backtrace/mod.rs:66:5
[INFO] [stdout]    2:     0x55d7737e2eec - std::sys_common::backtrace::_print_fmt::h9eef0abe20ede486
[INFO] [stdout]                                at /rustc/82e1608dfa6e0b5569232559e3d385fea5a93112/library/std/src/sys_common/backtrace.rs:67:5
[INFO] [stdout]    3:     0x55d7737e2eec - <std::sys_common::backtrace::_print::DisplayBacktrace as core::fmt::Display>::fmt::hed7f999df88cc644
[INFO] [stdout]                                at /rustc/82e1608dfa6e0b5569232559e3d385fea5a93112/library/std/src/sys_common/backtrace.rs:44:22
[INFO] [stdout]    4:     0x55d77380cc90 - core::fmt::rt::Argument::fmt::h1539a9308b8d058d
[INFO] [stdout]                                at /rustc/82e1608dfa6e0b5569232559e3d385fea5a93112/library/core/src/fmt/rt.rs:142:9
[INFO] [stdout]    5:     0x55d77380cc90 - core::fmt::write::h3a39390d8560d9c9
[INFO] [stdout]                                at /rustc/82e1608dfa6e0b5569232559e3d385fea5a93112/library/core/src/fmt/mod.rs:1120:17
[INFO] [stdout]    6:     0x55d7737e070f - std::io::Write::write_fmt::h040b369f3a0f9cbc
[INFO] [stdout]                                at /rustc/82e1608dfa6e0b5569232559e3d385fea5a93112/library/std/src/io/mod.rs:1762:15
[INFO] [stdout]    7:     0x55d7737e2cd4 - std::sys_common::backtrace::_print::h894006fb5c6f3d45
[INFO] [stdout]                                at /rustc/82e1608dfa6e0b5569232559e3d385fea5a93112/library/std/src/sys_common/backtrace.rs:47:5
[INFO] [stdout]    8:     0x55d7737e2cd4 - std::sys_common::backtrace::print::h23a2d212c6fff936
[INFO] [stdout]                                at /rustc/82e1608dfa6e0b5569232559e3d385fea5a93112/library/std/src/sys_common/backtrace.rs:34:9
[INFO] [stdout]    9:     0x55d7737e4997 - std::panicking::default_hook::{{closure}}::h8a1d2ee00185001a
[INFO] [stdout]   10:     0x55d7737e4683 - std::panicking::default_hook::h6038f2eba384e475
[INFO] [stdout]                                at /rustc/82e1608dfa6e0b5569232559e3d385fea5a93112/library/std/src/panicking.rs:289:9
[INFO] [stdout]   11:     0x55d7737b4367 - <alloc::boxed::Box<F,A> as core::ops::function::Fn<Args>>::call::h0ad024c9bdc6d768
[INFO] [stdout]                                at /rustc/82e1608dfa6e0b5569232559e3d385fea5a93112/library/alloc/src/boxed.rs:2021:9
[INFO] [stdout]   12:     0x55d7737b4367 - test::test_main::{{closure}}::h7500b54257359db6
[INFO] [stdout]                                at /rustc/82e1608dfa6e0b5569232559e3d385fea5a93112/library/test/src/lib.rs:138:21
[INFO] [stdout]   13:     0x55d7737e4fa8 - <alloc::boxed::Box<F,A> as core::ops::function::Fn<Args>>::call::h1f8f335eaa9cfaee
[INFO] [stdout]                                at /rustc/82e1608dfa6e0b5569232559e3d385fea5a93112/library/alloc/src/boxed.rs:2021:9
[INFO] [stdout]   14:     0x55d7737e4fa8 - std::panicking::rust_panic_with_hook::h2b5517d590cab22e
[INFO] [stdout]                                at /rustc/82e1608dfa6e0b5569232559e3d385fea5a93112/library/std/src/panicking.rs:783:13
[INFO] [stdout]   15:     0x55d7737e4cc9 - std::panicking::begin_panic_handler::{{closure}}::h233112c06e0ef43e
[INFO] [stdout]                                at /rustc/82e1608dfa6e0b5569232559e3d385fea5a93112/library/std/src/panicking.rs:649:13
[INFO] [stdout]   16:     0x55d7737e33b6 - std::sys_common::backtrace::__rust_end_short_backtrace::h6e893f24d7ebbff8
[INFO] [stdout]                                at /rustc/82e1608dfa6e0b5569232559e3d385fea5a93112/library/std/src/sys_common/backtrace.rs:170:18
[INFO] [stdout]   17:     0x55d7737e4a62 - rust_begin_unwind
[INFO] [stdout]                                at /rustc/82e1608dfa6e0b5569232559e3d385fea5a93112/library/std/src/panicking.rs:645:5
[INFO] [stdout]   18:     0x55d77376bc95 - core::panicking::panic_fmt::hbf0e066aabfa482c
[INFO] [stdout]                                at /rustc/82e1608dfa6e0b5569232559e3d385fea5a93112/library/core/src/panicking.rs:72:14
[INFO] [stdout]   19:     0x55d77376bd33 - core::panicking::panic::h195fc2a96298d4c3
[INFO] [stdout]                                at /rustc/82e1608dfa6e0b5569232559e3d385fea5a93112/library/core/src/panicking.rs:127:5
[INFO] [stdout]   20:     0x55d77376eb5f - <cli::common::Session as core::ops::drop::Drop>::drop::hcff1b8ec8140ca47
[INFO] [stdout]   21:     0x55d773774c00 - core::ptr::drop_in_place<cli::common::Session>::h84c5ba1a759507fb
[INFO] [stdout]   22:     0x55d77377516e - cli::aliases::add_remove::hb1fc8fb835fbb1f4
[INFO] [stdout]   23:     0x55d773773099 - core::ops::function::FnOnce::call_once::hbd53e02d16a7c338
[INFO] [stdout]   24:     0x55d7737b99bf - core::ops::function::FnOnce::call_once::h2b5d431d5046312d
[INFO] [stdout]                                at /rustc/82e1608dfa6e0b5569232559e3d385fea5a93112/library/core/src/ops/function.rs:250:5
[INFO] [stdout]   25:     0x55d7737b99bf - test::__rust_begin_short_backtrace::h7714669af176e207
[INFO] [stdout]                                at /rustc/82e1608dfa6e0b5569232559e3d385fea5a93112/library/test/src/lib.rs:628:18
[INFO] [stdout]   26:     0x55d7737b89d5 - test::run_test_in_process::{{closure}}::h85218797dcbcec12
[INFO] [stdout]                                at /rustc/82e1608dfa6e0b5569232559e3d385fea5a93112/library/test/src/lib.rs:651:60
[INFO] [stdout]   27:     0x55d7737b89d5 - <core::panic::unwind_safe::AssertUnwindSafe<F> as core::ops::function::FnOnce<()>>::call_once::h76c106ea31c14d7b
[INFO] [stdout]                                at /rustc/82e1608dfa6e0b5569232559e3d385fea5a93112/library/core/src/panic/unwind_safe.rs:272:9
[INFO] [stdout]   28:     0x55d7737b89d5 - std::panicking::try::do_call::h3bd5d0f6620ee946
[INFO] [stdout]                                at /rustc/82e1608dfa6e0b5569232559e3d385fea5a93112/library/std/src/panicking.rs:552:40
[INFO] [stdout]   29:     0x55d7737b89d5 - std::panicking::try::h232e535e4744fe31
[INFO] [stdout]                                at /rustc/82e1608dfa6e0b5569232559e3d385fea5a93112/library/std/src/panicking.rs:516:19
[INFO] [stdout]   30:     0x55d7737b89d5 - std::panic::catch_unwind::h3ce3bd6ca8dbac68
[INFO] [stdout]                                at /rustc/82e1608dfa6e0b5569232559e3d385fea5a93112/library/std/src/panic.rs:142:14
[INFO] [stdout]   31:     0x55d7737b89d5 - test::run_test_in_process::hc97b257c9621286a
[INFO] [stdout]                                at /rustc/82e1608dfa6e0b5569232559e3d385fea5a93112/library/test/src/lib.rs:651:27
[INFO] [stdout]   32:     0x55d7737b89d5 - test::run_test::{{closure}}::h2aa798823a438d38
[INFO] [stdout]                                at /rustc/82e1608dfa6e0b5569232559e3d385fea5a93112/library/test/src/lib.rs:574:43
[INFO] [stdout]   33:     0x55d773780c96 - test::run_test::{{closure}}::h87d231c78fb59832
[INFO] [stdout]                                at /rustc/82e1608dfa6e0b5569232559e3d385fea5a93112/library/test/src/lib.rs:602:41
[INFO] [stdout]   34:     0x55d773780c96 - std::sys_common::backtrace::__rust_begin_short_backtrace::he6df152596625789
[INFO] [stdout]                                at /rustc/82e1608dfa6e0b5569232559e3d385fea5a93112/library/std/src/sys_common/backtrace.rs:154:18
[INFO] [stdout]   35:     0x55d773785d47 - std::thread::Builder::spawn_unchecked_::{{closure}}::{{closure}}::ha94be15d1e0acf36
[INFO] [stdout]                                at /rustc/82e1608dfa6e0b5569232559e3d385fea5a93112/library/std/src/thread/mod.rs:529:17
[INFO] [stdout]   36:     0x55d773785d47 - <core::panic::unwind_safe::AssertUnwindSafe<F> as core::ops::function::FnOnce<()>>::call_once::h9dc6bd6372f16606
[INFO] [stdout]                                at /rustc/82e1608dfa6e0b5569232559e3d385fea5a93112/library/core/src/panic/unwind_safe.rs:272:9
[INFO] [stdout]   37:     0x55d773785d47 - std::panicking::try::do_call::h9057517f80303cd4
[INFO] [stdout]                                at /rustc/82e1608dfa6e0b5569232559e3d385fea5a93112/library/std/src/panicking.rs:552:40
[INFO] [stdout]   38:     0x55d773785d47 - std::panicking::try::he3a30b11ee45340c
[INFO] [stdout]                                at /rustc/82e1608dfa6e0b5569232559e3d385fea5a93112/library/std/src/panicking.rs:516:19
[INFO] [stdout]   39:     0x55d773785d47 - std::panic::catch_unwind::h410458cfd3528b8b
[INFO] [stdout]                                at /rustc/82e1608dfa6e0b5569232559e3d385fea5a93112/library/std/src/panic.rs:142:14
[INFO] [stdout]   40:     0x55d773785d47 - std::thread::Builder::spawn_unchecked_::{{closure}}::h72ac3bdb567b737b
[INFO] [stdout]                                at /rustc/82e1608dfa6e0b5569232559e3d385fea5a93112/library/std/src/thread/mod.rs:528:30
[INFO] [stdout]   41:     0x55d773785d47 - core::ops::function::FnOnce::call_once{{vtable.shim}}::h38f34da3654a8344
[INFO] [stdout]                                at /rustc/82e1608dfa6e0b5569232559e3d385fea5a93112/library/core/src/ops/function.rs:250:5
[INFO] [stdout]   42:     0x55d7737e9c75 - <alloc::boxed::Box<F,A> as core::ops::function::FnOnce<Args>>::call_once::hc7eafaff61e32df9
[INFO] [stdout]                                at /rustc/82e1608dfa6e0b5569232559e3d385fea5a93112/library/alloc/src/boxed.rs:2007:9
[INFO] [stdout]   43:     0x55d7737e9c75 - <alloc::boxed::Box<F,A> as core::ops::function::FnOnce<Args>>::call_once::h6ba4a5de48dd2304
[INFO] [stdout]                                at /rustc/82e1608dfa6e0b5569232559e3d385fea5a93112/library/alloc/src/boxed.rs:2007:9
[INFO] [stdout]   44:     0x55d7737e9c75 - std::sys::unix::thread::Thread::new::thread_start::he469335aef763e45
[INFO] [stdout]                                at /rustc/82e1608dfa6e0b5569232559e3d385fea5a93112/library/std/src/sys/unix/thread.rs:108:17
[INFO] [stdout]   45:     0x7f940e6ecac3 - <unknown>
[INFO] [stdout]   46:     0x7f940e77dbf4 - __clone
[INFO] [stdout]   47:                0x0 - <unknown>
[INFO] [stdout] 
[INFO] [stdout] 
[INFO] [stdout] failures:
[INFO] [stdout]     aliases::add_remove
[INFO] [stdout]     passwords::add
[INFO] [stdout] 
[INFO] [stdout] test result: FAILED. 36 passed; 2 failed; 0 ignored; 0 measured; 0 filtered out; finished in 1.93s
[INFO] [stdout] 
[INFO] [stderr] error: test failed, to rerun pass `-p pfp-cli --test cli`
[INFO] running `Command { std: "docker" "inspect" "afdcf4632e93b0497a36447a9e37b3085caa31f340ed3b16171ec3720848e7de", kill_on_drop: false }`
[INFO] running `Command { std: "docker" "rm" "-f" "afdcf4632e93b0497a36447a9e37b3085caa31f340ed3b16171ec3720848e7de", kill_on_drop: false }`
[INFO] [stdout] afdcf4632e93b0497a36447a9e37b3085caa31f340ed3b16171ec3720848e7de
[INFO] testing palant/pfp-cli against beta-2023-12-22 for beta-1.76-1
[INFO] running `Command { std: "git" "clone" "/workspace/cache/git-repos/https%3A%2F%2Fgithub.com%2Fpalant%2Fpfp-cli" "/workspace/builds/worker-1-tc2/source", kill_on_drop: false }`
[INFO] [stderr] Cloning into '/workspace/builds/worker-1-tc2/source'...
[INFO] [stderr] done.
[INFO] validating manifest of git repo https://github.com/palant/pfp-cli on toolchain beta-2023-12-22
[INFO] running `Command { std: CARGO_HOME="/workspace/cargo-home" RUSTUP_HOME="/workspace/rustup-home" "/workspace/cargo-home/bin/cargo" "+beta-2023-12-22" "metadata" "--manifest-path" "Cargo.toml" "--no-deps", kill_on_drop: false }`
[INFO] started tweaking git repo https://github.com/palant/pfp-cli
[INFO] finished tweaking git repo https://github.com/palant/pfp-cli
[INFO] tweaked toml for git repo https://github.com/palant/pfp-cli written to /workspace/builds/worker-1-tc2/source/Cargo.toml
[INFO] crate git repo https://github.com/palant/pfp-cli already has a lockfile, it will not be regenerated
[INFO] running `Command { std: CARGO_HOME="/workspace/cargo-home" RUSTUP_HOME="/workspace/rustup-home" "/workspace/cargo-home/bin/cargo" "+beta-2023-12-22" "fetch" "--manifest-path" "Cargo.toml", kill_on_drop: false }`
[INFO] [stderr] warning: virtual workspace defaulting to `resolver = "1"` despite one or more workspace members being on edition 2021 which implies `resolver = "2"`
[INFO] [stderr] note: to keep the current resolver, specify `workspace.resolver = "1"` in the workspace root's manifest
[INFO] [stderr] note: to use the edition 2021 resolver, specify `workspace.resolver = "2"` in the workspace root's manifest
[INFO] [stderr] note: for more details see https://doc.rust-lang.org/cargo/reference/resolver.html#resolver-versions
[INFO] running `Command { std: "docker" "create" "-v" "/var/lib/crater-agent-workspace/builds/worker-1-tc2/target:/opt/rustwide/target:rw,Z" "-v" "/var/lib/crater-agent-workspace/builds/worker-1-tc2/source:/opt/rustwide/workdir:ro,Z" "-v" "/var/lib/crater-agent-workspace/cargo-home:/opt/rustwide/cargo-home:ro,Z" "-v" "/var/lib/crater-agent-workspace/rustup-home:/opt/rustwide/rustup-home:ro,Z" "-e" "SOURCE_DIR=/opt/rustwide/workdir" "-e" "CARGO_TARGET_DIR=/opt/rustwide/target" "-e" "CARGO_HOME=/opt/rustwide/cargo-home" "-e" "RUSTUP_HOME=/opt/rustwide/rustup-home" "-w" "/opt/rustwide/workdir" "-m" "1610612736" "--user" "0:0" "--network" "none" "ghcr.io/rust-lang/crates-build-env/linux@sha256:2788e3201cd34a07e3172128adcd8b3090168a8e3bcc40d7c032b9dda1df7d1c" "/opt/rustwide/cargo-home/bin/cargo" "+beta-2023-12-22" "metadata" "--no-deps" "--format-version=1", kill_on_drop: false }`
[INFO] [stdout] 954056b1f1ec43598e22e4443e36246d884b41bb813423ade1b09d66ef26dcf1
[INFO] running `Command { std: "docker" "start" "-a" "954056b1f1ec43598e22e4443e36246d884b41bb813423ade1b09d66ef26dcf1", kill_on_drop: false }`
[INFO] running `Command { std: "docker" "inspect" "954056b1f1ec43598e22e4443e36246d884b41bb813423ade1b09d66ef26dcf1", kill_on_drop: false }`
[INFO] running `Command { std: "docker" "rm" "-f" "954056b1f1ec43598e22e4443e36246d884b41bb813423ade1b09d66ef26dcf1", kill_on_drop: false }`
[INFO] [stdout] 954056b1f1ec43598e22e4443e36246d884b41bb813423ade1b09d66ef26dcf1
[INFO] running `Command { std: "docker" "create" "-v" "/var/lib/crater-agent-workspace/builds/worker-1-tc2/target:/opt/rustwide/target:rw,Z" "-v" "/var/lib/crater-agent-workspace/builds/worker-1-tc2/source:/opt/rustwide/workdir:ro,Z" "-v" "/var/lib/crater-agent-workspace/cargo-home:/opt/rustwide/cargo-home:ro,Z" "-v" "/var/lib/crater-agent-workspace/rustup-home:/opt/rustwide/rustup-home:ro,Z" "-e" "SOURCE_DIR=/opt/rustwide/workdir" "-e" "CARGO_TARGET_DIR=/opt/rustwide/target" "-e" "CARGO_INCREMENTAL=0" "-e" "RUST_BACKTRACE=full" "-e" "RUSTFLAGS=--cap-lints=warn" "-e" "RUSTDOCFLAGS=--cap-lints=warn" "-e" "CARGO_HOME=/opt/rustwide/cargo-home" "-e" "RUSTUP_HOME=/opt/rustwide/rustup-home" "-w" "/opt/rustwide/workdir" "-m" "1610612736" "--user" "0:0" "--network" "none" "ghcr.io/rust-lang/crates-build-env/linux@sha256:2788e3201cd34a07e3172128adcd8b3090168a8e3bcc40d7c032b9dda1df7d1c" "/opt/rustwide/cargo-home/bin/cargo" "+beta-2023-12-22" "build" "--frozen" "--message-format=json", kill_on_drop: false }`
[INFO] [stdout] 91818ce114b610acfc2ee31db27965179e505e805317570f84d90910c71cadb7
[INFO] running `Command { std: "docker" "start" "-a" "91818ce114b610acfc2ee31db27965179e505e805317570f84d90910c71cadb7", kill_on_drop: false }`
[INFO] [stderr] warning: virtual workspace defaulting to `resolver = "1"` despite one or more workspace members being on edition 2021 which implies `resolver = "2"`
[INFO] [stderr] note: to keep the current resolver, specify `workspace.resolver = "1"` in the workspace root's manifest
[INFO] [stderr] note: to use the edition 2021 resolver, specify `workspace.resolver = "2"` in the workspace root's manifest
[INFO] [stderr] note: for more details see https://doc.rust-lang.org/cargo/reference/resolver.html#resolver-versions
[INFO] [stderr]    Compiling version_check v0.9.4
[INFO] [stderr]    Compiling libc v0.2.126
[INFO] [stderr]    Compiling typenum v1.15.0
[INFO] [stderr]    Compiling proc-macro2 v1.0.39
[INFO] [stderr]    Compiling cfg-if v1.0.0
[INFO] [stderr]    Compiling unicode-ident v1.0.0
[INFO] [stderr]    Compiling syn v1.0.95
[INFO] [stderr]    Compiling subtle v2.4.1
[INFO] [stderr]    Compiling memchr v2.4.1
[INFO] [stderr]    Compiling itoa v1.0.1
[INFO] [stderr]    Compiling autocfg v1.1.0
[INFO] [stderr]    Compiling io-lifetimes v0.7.2
[INFO] [stderr]    Compiling bitflags v1.3.2
[INFO] [stderr]    Compiling rustix v0.35.7
[INFO] [stderr]    Compiling once_cell v1.13.0
[INFO] [stderr]    Compiling cpufeatures v0.2.2
[INFO] [stderr]    Compiling linux-raw-sys v0.0.46
[INFO] [stderr]    Compiling ident_case v1.0.1
[INFO] [stderr]    Compiling serde_derive v1.0.137
[INFO] [stderr]    Compiling fnv v1.0.7
[INFO] [stderr]    Compiling opaque-debug v0.3.0
[INFO] [stderr]    Compiling io-extras v0.15.0
[INFO] [stderr]    Compiling serde v1.0.137
[INFO] [stderr]    Compiling serde_json v1.0.81
[INFO] [stderr]    Compiling socketpair v0.16.0
[INFO] [stderr]    Compiling cc v1.0.73
[INFO] [stderr]    Compiling generic-array v0.14.5
[INFO] [stderr]    Compiling proc-macro-error-attr v1.0.4
[INFO] [stderr]    Compiling memoffset v0.6.5
[INFO] [stderr]    Compiling proc-macro-error v1.0.4
[INFO] [stderr]    Compiling indexmap v1.8.1
[INFO] [stderr]    Compiling log v0.4.16
[INFO] [stderr]    Compiling ryu v1.0.9
[INFO] [stderr]    Compiling smallvec v1.9.0
[INFO] [stderr]    Compiling system-interface v0.21.0
[INFO] [stderr]    Compiling ppv-lite86 v0.2.16
[INFO] [stderr]    Compiling os_str_bytes v6.0.0
[INFO] [stderr]    Compiling regex-syntax v0.6.27
[INFO] [stderr]    Compiling nibble_vec v0.1.0
[INFO] [stderr]    Compiling heck v0.4.0
[INFO] [stderr]    Compiling zeroize v1.5.6
[INFO] [stderr]    Compiling adler v1.0.2
[INFO] [stderr]    Compiling gimli v0.26.1
[INFO] [stderr]    Compiling quote v1.0.18
[INFO] [stderr]    Compiling aho-corasick v0.7.18
[INFO] [stderr]    Compiling hashbrown v0.11.2
[INFO] [stderr]    Compiling endian-type v0.1.2
[INFO] [stderr]    Compiling io-streams v0.12.0
[INFO] [stderr]    Compiling secrecy v0.8.0
[INFO] [stderr]    Compiling miniz_oxide v0.5.3
[INFO] [stderr]    Compiling radix_trie v0.2.1
[INFO] [stderr]    Compiling object v0.29.0
[INFO] [stderr]    Compiling clap_lex v0.2.4
[INFO] [stderr]    Compiling backtrace v0.3.66
[INFO] [stderr]    Compiling parking v2.0.0
[INFO] [stderr]    Compiling os_pipe v1.0.1
[INFO] [stderr]    Compiling getrandom v0.2.6
[INFO] [stderr]    Compiling dirs-sys v0.3.7
[INFO] [stderr]    Compiling rand_core v0.6.3
[INFO] [stderr]    Compiling dirs-sys-next v0.1.2
[INFO] [stderr]    Compiling rand_chacha v0.3.1
[INFO] [stderr]    Compiling dirs v4.0.0
[INFO] [stderr]    Compiling dirs-next v2.0.0
[INFO] [stderr]    Compiling xdg v2.4.1
[INFO] [stderr]    Compiling atty v0.2.14
[INFO] [stderr]    Compiling rand v0.8.5
[INFO] [stderr]    Compiling nix v0.23.1
[INFO] [stderr]    Compiling crypto-common v0.1.3
[INFO] [stderr]    Compiling block-buffer v0.10.2
[INFO] [stderr]    Compiling universal-hash v0.4.1
[INFO] [stderr]    Compiling digest v0.10.3
[INFO] [stderr]    Compiling cipher v0.3.0
[INFO] [stderr]    Compiling inout v0.1.3
[INFO] [stderr]    Compiling polyval v0.5.3
[INFO] [stderr]    Compiling cipher v0.4.3
[INFO] [stderr]    Compiling ghash v0.4.4
[INFO] [stderr]    Compiling sha2 v0.10.2
[INFO] [stderr]    Compiling salsa20 v0.10.2
[INFO] [stderr]    Compiling hmac v0.12.1
[INFO] [stderr]    Compiling pbkdf2 v0.11.0
[INFO] [stderr]    Compiling aes v0.7.5
[INFO] [stderr]    Compiling ctr v0.8.0
[INFO] [stderr]    Compiling aead v0.4.3
[INFO] [stderr]    Compiling regex v1.6.0
[INFO] [stderr]    Compiling scrypt v0.10.0
[INFO] [stderr]    Compiling base64 v0.13.0
[INFO] [stderr]    Compiling aes-gcm v0.9.4
[INFO] [stderr]    Compiling addr2line v0.17.0
[INFO] [stderr]    Compiling unicode-segmentation v1.9.0
[INFO] [stderr]    Compiling textwrap v0.15.0
[INFO] [stderr]    Compiling termcolor v1.1.3
[INFO] [stderr]    Compiling strsim v0.10.0
[INFO] [stderr]    Compiling rustc-demangle v0.1.21
[INFO] [stderr]    Compiling wildmatch v2.1.0
[INFO] [stderr]    Compiling unicode-width v0.1.9
[INFO] [stderr]    Compiling duplex v0.13.0
[INFO] [stderr]    Compiling lazy_static v1.4.0
[INFO] [stderr]    Compiling utf8parse v0.2.0
[INFO] [stderr]    Compiling fd-lock v3.0.6
[INFO] [stderr]    Compiling shellwords v1.1.0
[INFO] [stderr]    Compiling app_dirs2 v2.4.0
[INFO] [stderr]    Compiling darling_core v0.13.4
[INFO] [stderr]    Compiling qrcodegen v1.8.0
[INFO] [stderr]    Compiling question v0.2.2
[INFO] [stderr]    Compiling rustyline v9.1.2
[INFO] [stderr]    Compiling darling_macro v0.13.4
[INFO] [stderr]    Compiling clap_derive v3.2.7
[INFO] [stderr]    Compiling darling v0.13.4
[INFO] [stderr]    Compiling enumset_derive v0.6.0
[INFO] [stderr]    Compiling enumset v1.0.11
[INFO] [stderr]    Compiling clap v3.2.11
[INFO] [stderr]    Compiling rpassword v6.0.1
[INFO] [stderr]    Compiling pfp v0.1.0 (/opt/rustwide/workdir/pfp)
[INFO] [stdout] warning: unused imports: `Value`, `json`
[INFO] [stdout]   --> pfp/src/json/mod.rs:10:44
[INFO] [stdout]    |
[INFO] [stdout] 10 | pub use serde_json::{from_slice, from_str, json, to_string, to_vec, Error, Value};
[INFO] [stdout]    |                                            ^^^^                            ^^^^^
[INFO] [stdout]    |
[INFO] [stdout]    = note: `#[warn(unused_imports)]` on by default
[INFO] [stdout] 
[INFO] [stdout] 
[INFO] [stdout] warning: 1 warning emitted
[INFO] [stdout] 
[INFO] [stdout] 
[INFO] [stderr]    Compiling pfp-cli v0.1.0 (/opt/rustwide/workdir/cli)
[INFO] [stderr]     Finished dev [optimized + debuginfo] target(s) in 19.42s
[INFO] running `Command { std: "docker" "inspect" "91818ce114b610acfc2ee31db27965179e505e805317570f84d90910c71cadb7", kill_on_drop: false }`
[INFO] running `Command { std: "docker" "rm" "-f" "91818ce114b610acfc2ee31db27965179e505e805317570f84d90910c71cadb7", kill_on_drop: false }`
[INFO] [stdout] 91818ce114b610acfc2ee31db27965179e505e805317570f84d90910c71cadb7
[INFO] running `Command { std: "docker" "create" "-v" "/var/lib/crater-agent-workspace/builds/worker-1-tc2/target:/opt/rustwide/target:rw,Z" "-v" "/var/lib/crater-agent-workspace/builds/worker-1-tc2/source:/opt/rustwide/workdir:ro,Z" "-v" "/var/lib/crater-agent-workspace/cargo-home:/opt/rustwide/cargo-home:ro,Z" "-v" "/var/lib/crater-agent-workspace/rustup-home:/opt/rustwide/rustup-home:ro,Z" "-e" "SOURCE_DIR=/opt/rustwide/workdir" "-e" "CARGO_TARGET_DIR=/opt/rustwide/target" "-e" "CARGO_INCREMENTAL=0" "-e" "RUST_BACKTRACE=full" "-e" "RUSTFLAGS=--cap-lints=warn" "-e" "RUSTDOCFLAGS=--cap-lints=warn" "-e" "CARGO_HOME=/opt/rustwide/cargo-home" "-e" "RUSTUP_HOME=/opt/rustwide/rustup-home" "-w" "/opt/rustwide/workdir" "-m" "1610612736" "--user" "0:0" "--network" "none" "ghcr.io/rust-lang/crates-build-env/linux@sha256:2788e3201cd34a07e3172128adcd8b3090168a8e3bcc40d7c032b9dda1df7d1c" "/opt/rustwide/cargo-home/bin/cargo" "+beta-2023-12-22" "test" "--frozen" "--no-run" "--message-format=json", kill_on_drop: false }`
[INFO] [stdout] 664dcd8b2763259eb529f2a8645d143d57dda3a23be555c6ebe8fa518892a804
[INFO] running `Command { std: "docker" "start" "-a" "664dcd8b2763259eb529f2a8645d143d57dda3a23be555c6ebe8fa518892a804", kill_on_drop: false }`
[INFO] [stderr] warning: virtual workspace defaulting to `resolver = "1"` despite one or more workspace members being on edition 2021 which implies `resolver = "2"`
[INFO] [stderr] note: to keep the current resolver, specify `workspace.resolver = "1"` in the workspace root's manifest
[INFO] [stderr] note: to use the edition 2021 resolver, specify `workspace.resolver = "2"` in the workspace root's manifest
[INFO] [stderr] note: for more details see https://doc.rust-lang.org/cargo/reference/resolver.html#resolver-versions
[INFO] [stderr]    Compiling libc v0.2.126
[INFO] [stderr]    Compiling version_check v0.9.4
[INFO] [stderr]    Compiling typenum v1.15.0
[INFO] [stderr]    Compiling cfg-if v1.0.0
[INFO] [stderr]    Compiling proc-macro2 v1.0.39
[INFO] [stderr]    Compiling unicode-ident v1.0.0
[INFO] [stderr]    Compiling syn v1.0.95
[INFO] [stderr]    Compiling subtle v2.4.1
[INFO] [stderr]    Compiling itoa v1.0.1
[INFO] [stderr]    Compiling io-lifetimes v0.7.2
[INFO] [stderr]    Compiling memchr v2.4.1
[INFO] [stderr]    Compiling cpufeatures v0.2.2
[INFO] [stderr]    Compiling autocfg v1.1.0
[INFO] [stderr]    Compiling fnv v1.0.7
[INFO] [stderr]    Compiling ident_case v1.0.1
[INFO] [stderr]    Compiling bitflags v1.3.2
[INFO] [stderr]    Compiling serde_derive v1.0.137
[INFO] [stderr]    Compiling opaque-debug v0.3.0
[INFO] [stderr]    Compiling once_cell v1.13.0
[INFO] [stderr]    Compiling rustix v0.35.7
[INFO] [stderr]    Compiling serde v1.0.137
[INFO] [stderr]    Compiling linux-raw-sys v0.0.46
[INFO] [stderr]    Compiling serde_json v1.0.81
[INFO] [stderr]    Compiling io-extras v0.15.0
[INFO] [stderr]    Compiling ryu v1.0.9
[INFO] [stderr]    Compiling ppv-lite86 v0.2.16
[INFO] [stderr]    Compiling generic-array v0.14.5
[INFO] [stderr]    Compiling proc-macro-error-attr v1.0.4
[INFO] [stderr]    Compiling memoffset v0.6.5
[INFO] [stderr]    Compiling proc-macro-error v1.0.4
[INFO] [stderr]    Compiling log v0.4.16
[INFO] [stderr]    Compiling zeroize v1.5.6
[INFO] [stderr]    Compiling socketpair v0.16.0
[INFO] [stderr]    Compiling indexmap v1.8.1
[INFO] [stderr]    Compiling wildmatch v2.1.0
[INFO] [stderr]    Compiling secrecy v0.8.0
[INFO] [stderr]    Compiling base64 v0.13.0
[INFO] [stderr]    Compiling cc v1.0.73
[INFO] [stderr]    Compiling system-interface v0.21.0
[INFO] [stderr]    Compiling smallvec v1.9.0
[INFO] [stderr]    Compiling gimli v0.26.1
[INFO] [stderr]    Compiling regex-syntax v0.6.27
[INFO] [stderr]    Compiling heck v0.4.0
[INFO] [stderr]    Compiling aho-corasick v0.7.18
[INFO] [stderr]    Compiling quote v1.0.18
[INFO] [stderr]    Compiling nibble_vec v0.1.0
[INFO] [stderr]    Compiling io-streams v0.12.0
[INFO] [stderr]    Compiling endian-type v0.1.2
[INFO] [stderr]    Compiling hashbrown v0.11.2
[INFO] [stderr]    Compiling adler v1.0.2
[INFO] [stderr]    Compiling os_str_bytes v6.0.0
[INFO] [stderr]    Compiling radix_trie v0.2.1
[INFO] [stderr]    Compiling miniz_oxide v0.5.3
[INFO] [stderr]    Compiling object v0.29.0
[INFO] [stderr]    Compiling clap_lex v0.2.4
[INFO] [stderr]    Compiling parking v2.0.0
[INFO] [stderr]    Compiling rustc-demangle v0.1.21
[INFO] [stderr]    Compiling textwrap v0.15.0
[INFO] [stderr]    Compiling termcolor v1.1.3
[INFO] [stderr]    Compiling lazy_static v1.4.0
[INFO] [stderr]    Compiling unicode-width v0.1.9
[INFO] [stderr]    Compiling os_pipe v1.0.1
[INFO] [stderr]    Compiling getrandom v0.2.6
[INFO] [stderr]    Compiling dirs-sys v0.3.7
[INFO] [stderr]    Compiling backtrace v0.3.66
[INFO] [stderr]    Compiling rand_core v0.6.3
[INFO] [stderr]    Compiling rand_chacha v0.3.1
[INFO] [stderr]    Compiling dirs v4.0.0
[INFO] [stderr]    Compiling dirs-sys-next v0.1.2
[INFO] [stderr]    Compiling crypto-common v0.1.3
[INFO] [stderr]    Compiling block-buffer v0.10.2
[INFO] [stderr]    Compiling cipher v0.3.0
[INFO] [stderr]    Compiling inout v0.1.3
[INFO] [stderr]    Compiling universal-hash v0.4.1
[INFO] [stderr]    Compiling digest v0.10.3
[INFO] [stderr]    Compiling aes v0.7.5
[INFO] [stderr]    Compiling polyval v0.5.3
[INFO] [stderr]    Compiling cipher v0.4.3
[INFO] [stderr]    Compiling sha2 v0.10.2
[INFO] [stderr]    Compiling hmac v0.12.1
[INFO] [stderr]    Compiling pbkdf2 v0.11.0
[INFO] [stderr]    Compiling ghash v0.4.4
[INFO] [stderr]    Compiling salsa20 v0.10.2
[INFO] [stderr]    Compiling ctr v0.8.0
[INFO] [stderr]    Compiling aead v0.4.3
[INFO] [stderr]    Compiling rand v0.8.5
[INFO] [stderr]    Compiling regex v1.6.0
[INFO] [stderr]    Compiling dirs-next v2.0.0
[INFO] [stderr]    Compiling scrypt v0.10.0
[INFO] [stderr]    Compiling aes-gcm v0.9.4
[INFO] [stderr]    Compiling xdg v2.4.1
[INFO] [stderr]    Compiling atty v0.2.14
[INFO] [stderr]    Compiling nix v0.23.1
[INFO] [stderr]    Compiling proc-maps v0.2.1
[INFO] [stderr]    Compiling strsim v0.10.0
[INFO] [stderr]    Compiling duplex v0.13.0
[INFO] [stderr]    Compiling unicode-segmentation v1.9.0
[INFO] [stderr]    Compiling addr2line v0.17.0
[INFO] [stderr]    Compiling utf8parse v0.2.0
[INFO] [stderr]    Compiling app_dirs2 v2.4.0
[INFO] [stderr]    Compiling qrcodegen v1.8.0
[INFO] [stderr]    Compiling remove_dir_all v0.5.3
[INFO] [stderr]    Compiling question v0.2.2
[INFO] [stderr]    Compiling fastrand v1.7.0
[INFO] [stderr]    Compiling shellwords v1.1.0
[INFO] [stderr]    Compiling read-process-memory v0.1.4
[INFO] [stderr]    Compiling tempfile v3.3.0
[INFO] [stderr]    Compiling subprocess v0.2.9
[INFO] [stderr]    Compiling memmem v0.1.1
[INFO] [stderr]    Compiling fd-lock v3.0.6
[INFO] [stderr]    Compiling darling_core v0.13.4
[INFO] [stderr]    Compiling clap_derive v3.2.7
[INFO] [stderr]    Compiling darling_macro v0.13.4
[INFO] [stderr]    Compiling rustyline v9.1.2
[INFO] [stderr]    Compiling darling v0.13.4
[INFO] [stderr]    Compiling enumset_derive v0.6.0
[INFO] [stderr]    Compiling clap v3.2.11
[INFO] [stderr]    Compiling enumset v1.0.11
[INFO] [stderr]    Compiling rpassword v6.0.1
[INFO] [stderr]    Compiling pfp v0.1.0 (/opt/rustwide/workdir/pfp)
[INFO] [stdout] warning: unused imports: `Value`, `json`
[INFO] [stdout]   --> pfp/src/json/mod.rs:10:44
[INFO] [stdout]    |
[INFO] [stdout] 10 | pub use serde_json::{from_slice, from_str, json, to_string, to_vec, Error, Value};
[INFO] [stdout]    |                                            ^^^^                            ^^^^^
[INFO] [stdout]    |
[INFO] [stdout]    = note: `#[warn(unused_imports)]` on by default
[INFO] [stdout] 
[INFO] [stdout] 
[INFO] [stdout] warning: 1 warning emitted
[INFO] [stdout] 
[INFO] [stdout] 
[INFO] [stderr]    Compiling pfp-cli v0.1.0 (/opt/rustwide/workdir/cli)
[INFO] [stderr]     Finished test [optimized] target(s) in 15.15s
[INFO] running `Command { std: "docker" "inspect" "664dcd8b2763259eb529f2a8645d143d57dda3a23be555c6ebe8fa518892a804", kill_on_drop: false }`
[INFO] running `Command { std: "docker" "rm" "-f" "664dcd8b2763259eb529f2a8645d143d57dda3a23be555c6ebe8fa518892a804", kill_on_drop: false }`
[INFO] [stdout] 664dcd8b2763259eb529f2a8645d143d57dda3a23be555c6ebe8fa518892a804
[INFO] running `Command { std: "docker" "create" "-v" "/var/lib/crater-agent-workspace/builds/worker-1-tc2/target:/opt/rustwide/target:rw,Z" "-v" "/var/lib/crater-agent-workspace/builds/worker-1-tc2/source:/opt/rustwide/workdir:ro,Z" "-v" "/var/lib/crater-agent-workspace/cargo-home:/opt/rustwide/cargo-home:ro,Z" "-v" "/var/lib/crater-agent-workspace/rustup-home:/opt/rustwide/rustup-home:ro,Z" "-e" "SOURCE_DIR=/opt/rustwide/workdir" "-e" "CARGO_TARGET_DIR=/opt/rustwide/target" "-e" "CARGO_INCREMENTAL=0" "-e" "RUST_BACKTRACE=full" "-e" "RUSTFLAGS=--cap-lints=warn" "-e" "RUSTDOCFLAGS=--cap-lints=warn" "-e" "CARGO_HOME=/opt/rustwide/cargo-home" "-e" "RUSTUP_HOME=/opt/rustwide/rustup-home" "-w" "/opt/rustwide/workdir" "-m" "1610612736" "--user" "0:0" "--network" "none" "ghcr.io/rust-lang/crates-build-env/linux@sha256:2788e3201cd34a07e3172128adcd8b3090168a8e3bcc40d7c032b9dda1df7d1c" "/opt/rustwide/cargo-home/bin/cargo" "+beta-2023-12-22" "test" "--frozen", kill_on_drop: false }`
[INFO] [stdout] a826f657b74c379a43e10ec49e83c7f17c7b5d418df92f51d9b53c05f1590e21
[INFO] running `Command { std: "docker" "start" "-a" "a826f657b74c379a43e10ec49e83c7f17c7b5d418df92f51d9b53c05f1590e21", kill_on_drop: false }`
[INFO] [stderr] warning: virtual workspace defaulting to `resolver = "1"` despite one or more workspace members being on edition 2021 which implies `resolver = "2"`
[INFO] [stderr] note: to keep the current resolver, specify `workspace.resolver = "1"` in the workspace root's manifest
[INFO] [stderr] note: to use the edition 2021 resolver, specify `workspace.resolver = "2"` in the workspace root's manifest
[INFO] [stderr] note: for more details see https://doc.rust-lang.org/cargo/reference/resolver.html#resolver-versions
[INFO] [stderr] warning: unused imports: `Value`, `json`
[INFO] [stderr]   --> pfp/src/json/mod.rs:10:44
[INFO] [stderr]    |
[INFO] [stderr] 10 | pub use serde_json::{from_slice, from_str, json, to_string, to_vec, Error, Value};
[INFO] [stderr]    |                                            ^^^^                            ^^^^^
[INFO] [stderr]    |
[INFO] [stderr]    = note: `#[warn(unused_imports)]` on by default
[INFO] [stderr] 
[INFO] [stderr] warning: `pfp` (lib) generated 1 warning (run `cargo fix --lib -p pfp` to apply 1 suggestion)
[INFO] [stderr]     Finished test [optimized] target(s) in 0.08s
[INFO] [stderr]      Running unittests src/lib.rs (/opt/rustwide/target/debug/deps/pfp-4bc87390bb1bd357)
[INFO] [stdout] 
[INFO] [stdout] running 30 tests
[INFO] [stdout] test crypto::tests::test_pearson_hash ... ok
[INFO] [stdout] test crypto::tests::test_base32_encode ... ok
[INFO] [stdout] test crypto::tests::test_base32_decode ... ok
[INFO] [stdout] test passwords::tests::initialization::read_empty_data ... ok
[INFO] [stdout] test passwords::tests::initialization::read_success ... ok
[INFO] [stdout] test recovery_codes::tests::formatting ... ok
[INFO] [stdout] test storage::tests::initialization::read_empty_data ... ok
[INFO] [stdout] test storage::tests::initialization::read_missing_hmac ... ok
[INFO] [stdout] test storage::tests::clear::clear_initialized ... ok
[INFO] [stdout] test recovery_codes::tests::generation ... ok
[INFO] [stdout] test storage::tests::clear::clear_uninitialized ... ok
[INFO] [stdout] test storage::tests::initialization::read_missing_salt ... ok
[INFO] [stdout] test storage::tests::retrieval::get_alias ... ok
[INFO] [stdout] test storage::tests::initialization::read_success ... ok
[INFO] [stdout] test storage::tests::retrieval::get_password ... ok
[INFO] [stdout] test storage::tests::removal::remove_passwords ... ok
[INFO] [stdout] test storage::tests::addition::add_passwords ... ok
[INFO] [stdout] test storage::tests::retrieval::resolve_site ... ok
[INFO] [stdout] test storage::tests::retrieval::list_non_empty ... ok
[INFO] [stdout] test storage::tests::retrieval::list_empty ... ok
[INFO] [stdout] test passwords::tests::retrieval::list_sites_wildcards ... ok
[INFO] [stdout] test passwords::tests::retrieval::list_passwords_wildcards ... ok
[INFO] [stdout] test passwords::tests::notes::notes ... ok
[INFO] [stdout] test passwords::tests::removal::remove_passwords ... ok
[INFO] [stdout] test passwords::tests::reset::reset_initialized ... ok
[INFO] [stdout] test passwords::tests::initialization::unlock ... ok
[INFO] [stdout] test passwords::tests::reset::reset_uninitialized ... ok
[INFO] [stdout] test recovery_codes::tests::recovery ... ok
[INFO] [stdout] test passwords::tests::addition::add_passwords ... ok
[INFO] [stdout] test passwords::tests::retrieval::query_passwords ... ok
[INFO] [stdout] 
[INFO] [stdout] test result: ok. 30 passed; 0 failed; 0 ignored; 0 measured; 0 filtered out; finished in 0.63s
[INFO] [stdout] 
[INFO] [stderr]      Running tests/cli/main.rs (/opt/rustwide/target/debug/deps/cli-d47be70ec90a3045)
[INFO] [stdout] 
[INFO] [stdout] running 38 tests
[INFO] [stdout] test initialization::short_password ... ok
[INFO] [stdout] test invalid_data::empty_file ... ok
[INFO] [stdout] test invalid_data::empty_object ... ok
[INFO] [stdout] test invalid_data::complete_data ... ok
[INFO] [stdout] test invalid_data::empty_data ... ok
[INFO] [stdout] test invalid_data::extra_data ... ok
[INFO] [stdout] test invalid_data::extra_field ... ok
[INFO] [stdout] test aliases::uninitialized ... ok
[INFO] [stdout] test invalid_data::missing_data ... ok
[INFO] [stdout] test invalid_data::missing_bracket ... ok
[INFO] [stdout] test invalid_data::missing_hmac_secret ... ok
[INFO] [stdout] test invalid_data::null_data ... ok
[INFO] [stdout] test invalid_data::wrong_application ... ok
[INFO] [stdout] test invalid_data::wrong_format_type ... ok
[INFO] [stdout] test invalid_data::wrong_format ... ok
[INFO] [stdout] test invalid_data::missing_salt ... ok
[INFO] [stdout] test invalid_data::wrong_type ... ok
[INFO] [stdout] test list::uninitialized ... ok
[INFO] [stdout] test initialization::mismatch ... ok
[INFO] [stdout] test initialization::reinitialization_aborted ... ok
[INFO] [stdout] test initialization::success ... ok
[INFO] [stdout] test passwords::uninitialized ... ok
[INFO] [stdout] test initialization::reinitialization_accepted ... ok
[INFO] [stdout] test initialization::reinitialization_noninteractive ... ok
[INFO] [stdout] test passwords::show_qrcode ... ok
[INFO] [stdout] test passwords::overwrite_noninteractive_stored ... ok
[INFO] [stdout] test passwords::overwrite_aborted_stored ... ok
[INFO] [stdout] test passwords::overwrite_accepted ... ok
[INFO] [stdout] test passwords::overwrite_aborted ... ok
[INFO] [stdout] test passwords::overwrite_noninteractive ... ok
[INFO] [stdout] test passwords::overwrite_accepted_stored ... ok
[INFO] [stdout] test shell::shell ... ok
[INFO] [stdout] test passwords::remove ... ok
[INFO] [stdout] test passwords::notes ... ok
[INFO] [stdout] test passwords::recovery_codes ... ok
[INFO] [stdout] test passwords::add ... FAILED
[INFO] [stdout] test aliases::add_remove ... FAILED
[INFO] [stdout] test list::list ... ok
[INFO] [stdout] 
[INFO] [stdout] failures:
[INFO] [stdout] 
[INFO] [stdout] ---- passwords::add stdout ----
[INFO] [stdout] Secret found in process 513 memory at address 00007FFF72002C20
[INFO] [stdout] 00007FFF72002A20  6E 00 00 00 5B 00 00 00 A8 93 83 75 93 ED 0E E5 C2 9A 2A 9E 7D 8B 05 96 20 FF FF FF FF FF FF FF  n···[······u······*·}··· ·······
[INFO] [stdout] 00007FFF72002A40  07 00 00 00 00 00 00 00 80 FC 5C 14 3B 7F 00 00 EF 2B 00 72 FF 7F 00 00 D0 2B 00 72 FF 7F 00 00  ··········\·;····+·r·····+·r····
[INFO] [stdout] 00007FFF72002A60  01 00 00 00 00 00 00 00 40 2B 00 72 FF 7F 00 00 37 75 16 75 A4 55 00 00 01 00 00 00 00 00 00 00  ········@+·r····7u·u·U··········
[INFO] [stdout] 00007FFF72002A80  D0 2B 00 72 FF 7F 00 00 00 00 00 00 00 00 00 00 30 00 00 00 00 00 00 00 C8 70 75 73 A4 55 00 00  ·+·r············0········pus·U··
[INFO] [stdout] 00007FFF72002AA0  2C 75 16 75 A4 55 00 00 40 2B 00 72 FF 7F 00 00 0B 00 00 00 00 00 00 00 EF 2B 00 72 FF 7F 00 00  ,u·u·U··@+·r·············+·r····
[INFO] [stdout] 00007FFF72002AC0  D8 50 99 73 A4 55 00 00 07 00 00 00 00 00 00 00 00 00 00 00 00 00 00 80 00 3C 9F 91 AD 1A B7 3E  ·P·s·U···················<·····>
[INFO] [stdout] 00007FFF72002AE0  EF 2B 00 72 FF 7F 00 00 E8 FE FF FF FF FF FF FF 00 00 00 00 00 00 00 00 A0 77 16 75 A4 55 00 00  ·+·r·····················w·u·U··
[INFO] [stdout] 00007FFF72002B00  A0 77 16 75 A4 55 00 00 50 A2 15 75 A4 55 00 00 01 2D 00 72 FF 7F 00 00 53 B4 45 14 3B 7F 00 00  ·w·u·U··P··u·U···-·r····S·E·;···
[INFO] [stdout] 00007FFF72002B20  00 00 00 00 00 00 00 00 A0 77 16 75 A4 55 00 00 A0 77 16 75 A4 55 00 00 AF C3 83 73 A4 55 00 00  ·········w·u·U···w·u·U·····s·U··
[INFO] [stdout] 00007FFF72002B40  0B 00 00 00 00 00 00 00 9B 37 75 73 A4 55 00 00 A0 75 16 75 A4 55 00 00 08 00 00 00 00 00 00 00  ·········7us·U···u·u·U··········
[INFO] [stdout] 00007FFF72002B60  A0 77 16 75 A4 55 00 00 A0 77 16 75 A4 55 00 00 16 00 75 FF FF FF FF FF 37 75 16 75 A4 55 00 00  ·w·u·U···w·u·U····u·····7u·u·U··
[INFO] [stdout] 00007FFF72002B80  00 00 00 00 00 00 00 00 00 00 00 00 00 00 00 00 70 79 16 75 A4 55 00 00 70 79 16 75 A4 55 00 00  ················py·u·U··py·u·U··
[INFO] [stdout] 00007FFF72002BA0  D8 50 99 73 A4 55 00 00 03 00 00 00 00 00 00 00 0B 00 00 00 00 00 00 00 07 00 00 00 00 00 00 00  ·P·s·U··························
[INFO] [stdout] 00007FFF72002BC0  00 00 00 00 00 00 00 00 03 00 00 00 00 00 00 00 0D 00 75 FF FF FF FF FF 37 75 16 75 A4 55 00 00  ··················u·····7u·u·U··
[INFO] [stdout] 00007FFF72002BE0  00 00 00 00 00 00 00 00 00 00 00 00 00 00 00 00 00 75 FF FF FF FF FF 37 C0 2C 00 72 FF 7F 00 00  ·················u·····7·,·r····
[INFO] [stdout] 00007FFF72002C00  00 30 00 72 FF 7F 00 00 00 00 00 00 00 00 00 80 50 A2 15 75 A4 55 00 00 01 2D 00 72 FF 7F 00 00  ·0·r············P··u·U···-·r····
[INFO] [stdout] 00007FFF72002C20  66 6F 6F 62 61 72 00 00 00 00 00 00 00 00 00 00 00 00 00 00 00 00 00 00 00 00 00 00 00 00 00 00  foobar··························
[INFO] [stdout] 00007FFF72002C40  00 00 00 00 00 00 00 00 00 00 00 00 00 00 00 00 00 00 00 00 00 00 00 00 00 00 00 00 00 00 00 00  ································
[INFO] [stdout] 00007FFF72002C60  50 A2 15 75 A4 55 00 00 1F 9C 75 73 A4 55 00 00 C7 DF 93 81 6E 51 ED BC 00 30 00 72 FF 7F 00 00  P··u·U····us·U······nQ···0·r····
[INFO] [stdout] 00007FFF72002C80  00 00 00 00 00 00 00 80 69 88 80 01 DD 78 0E 03 7A 74 E8 40 14 25 05 FC B8 12 87 89 71 66 FB B9  ········i····x··zt·@·%······qf··
[INFO] [stdout] 00007FFF72002CA0  10 00 00 00 00 00 00 00 F0 2C 00 72 FF 7F 00 00 00 7A 16 75 A4 55 00 00 E0 79 16 75 A4 55 00 00  ·········,·r·····z·u·U···y·u·U··
[INFO] [stdout] 00007FFF72002CC0  00 04 00 00 00 00 00 00 96 B5 83 73 A4 55 00 00 00 7A 16 75 A4 55 00 00 01 00 00 00 00 00 00 00  ···········s·U···z·u·U··········
[INFO] [stdout] 00007FFF72002CE0  00 04 00 00 00 00 00 00 10 00 00 00 00 00 00 00 78 28 6C 1F 5A 0B 8C 8B 43 AF 6A FA A2 A6 60 1E  ················x(l·Z···C·j···`·
[INFO] [stdout] 00007FFF72002D00  37 17 9B 79 ED C2 65 87 F2 92 EC 2B 5B 52 4A 12 11 00 00 00 00 00 00 00 1F 6C 28 78 8B 8C 0B 5A  7··y··e····+[RJ··········l(x···Z
[INFO] [stdout] 00007FFF72002D20  FA 6A AF 43 1E 60 A6 A2 79 9B 17 37 87 65 C2 ED 2B EC 92 F2 12 4A 52 5B 01 00 00 00 00 00 00 00  ·j·C·`··y··7·e··+····JR[········
[INFO] [stdout] 00007FFF72002D40  0E A0 7A 70 94 6B CB A6 75 C3 21 B0 B3 5D 7C 1B FE 6C C2 29 59 E0 F9 89 7C 32 2E 75 0D 21 FC CF  ··zp·k··u·!··]|··l·)Y···|2.u·!··
[INFO] [stdout] 00007FFF72002D60  80 00 00 00 00 00 00 00 00 00 00 00 00 00 00 00 00 00 00 00 00 00 00 00 00 00 00 00 00 00 03 00  ································
[INFO] [stdout] 00007FFF72002D80  20 04 00 00 00 00 00 00 35 6F 68 FB 05 B6 A1 54 11 00 00 00 00 00 00 00 10 00 00 00 00 00 00 00   ·······5oh····T················
[INFO] [stdout] 00007FFF72002DA0  00 00 00 00 00 00 00 00 00 7E 16 75 A4 55 00 00 01 00 00 00 00 00 00 00 01 00 00 00 00 00 00 00  ·········~·u·U··················
[INFO] [stdout] 00007FFF72002DC0  C7 35 5E CC 9E 4B BD 27 98 26 D9 94 DB D6 5F 43 32 5C FB 7C A6 50 7C 5E 4C 20 E3 BA 8A 81 82 4B  ·5^··K·'·&····_C2\·|·P|^L ·····K
[INFO] [stdout] 00007FFF72002DE0  01 00 00 00 00 00 00 00 10 00 00 00 00 00 00 00 10 82 16 75 A4 55 00 00 00 00 00 00 00 00 00 00  ···················u·U··········
[INFO] [stdout] 00007FFF72002E00  09 05 D1 84 00 00 00 00 59 C8 8E D8 56 9B A3 15 47 F2 C9 C1 50 31 08 59 B3 48 8F D3 86 93 1C D5  ········Y···V···G···P1·Y·H······
[INFO] [stdout] 
[INFO] [stdout] thread 'passwords::add' panicked at cli/tests/cli/common.rs:227:13:
[INFO] [stdout] assertion failed: !secret_found
[INFO] [stdout] stack backtrace:
[INFO] [stdout]    0:     0x562d7056a786 - std::backtrace_rs::backtrace::libunwind::trace::h261606ad26a499c1
[INFO] [stdout]                                at /rustc/0e09125c6c3c2fd70d7de961bcf0e51575235fad/library/std/src/../../backtrace/src/backtrace/libunwind.rs:104:5
[INFO] [stdout]    1:     0x562d7056a786 - std::backtrace_rs::backtrace::trace_unsynchronized::hd183f0625477fb28
[INFO] [stdout]                                at /rustc/0e09125c6c3c2fd70d7de961bcf0e51575235fad/library/std/src/../../backtrace/src/backtrace/mod.rs:66:5
[INFO] [stdout]    2:     0x562d7056a786 - std::sys_common::backtrace::_print_fmt::hd7f8fef21b4eda67
[INFO] [stdout]                                at /rustc/0e09125c6c3c2fd70d7de961bcf0e51575235fad/library/std/src/sys_common/backtrace.rs:68:5
[INFO] [stdout]    3:     0x562d7056a786 - <std::sys_common::backtrace::_print::DisplayBacktrace as core::fmt::Display>::fmt::h623d9b51f2f453f1
[INFO] [stdout]                                at /rustc/0e09125c6c3c2fd70d7de961bcf0e51575235fad/library/std/src/sys_common/backtrace.rs:44:22
[INFO] [stdout]    4:     0x562d70593830 - core::fmt::rt::Argument::fmt::h9f417ac76a86f368
[INFO] [stdout]                                at /rustc/0e09125c6c3c2fd70d7de961bcf0e51575235fad/library/core/src/fmt/rt.rs:142:9
[INFO] [stdout]    5:     0x562d70593830 - core::fmt::write::hc9b6faf4ac2aeff7
[INFO] [stdout]                                at /rustc/0e09125c6c3c2fd70d7de961bcf0e51575235fad/library/core/src/fmt/mod.rs:1120:17
[INFO] [stdout]    6:     0x562d7056805f - std::io::Write::write_fmt::he04625a3a989fec3
[INFO] [stdout]                                at /rustc/0e09125c6c3c2fd70d7de961bcf0e51575235fad/library/std/src/io/mod.rs:1810:15
[INFO] [stdout]    7:     0x562d7056a564 - std::sys_common::backtrace::_print::hd5d66399c7df88a2
[INFO] [stdout]                                at /rustc/0e09125c6c3c2fd70d7de961bcf0e51575235fad/library/std/src/sys_common/backtrace.rs:47:5
[INFO] [stdout]    8:     0x562d7056a564 - std::sys_common::backtrace::print::he81ed2da642d37e5
[INFO] [stdout]                                at /rustc/0e09125c6c3c2fd70d7de961bcf0e51575235fad/library/std/src/sys_common/backtrace.rs:34:9
[INFO] [stdout]    9:     0x562d7056c2d7 - std::panicking::default_hook::{{closure}}::h85773f4fa117163d
[INFO] [stdout]   10:     0x562d7056bfbd - std::panicking::default_hook::h6a1694a91d09b278
[INFO] [stdout]                                at /rustc/0e09125c6c3c2fd70d7de961bcf0e51575235fad/library/std/src/panicking.rs:289:9
[INFO] [stdout]   11:     0x562d7053b477 - <alloc::boxed::Box<F,A> as core::ops::function::Fn<Args>>::call::h616ac37fa3cd6c8f
[INFO] [stdout]                                at /rustc/0e09125c6c3c2fd70d7de961bcf0e51575235fad/library/alloc/src/boxed.rs:2029:9
[INFO] [stdout]   12:     0x562d7053b477 - test::test_main::{{closure}}::h00d84697cefdcbb6
[INFO] [stdout]                                at /rustc/0e09125c6c3c2fd70d7de961bcf0e51575235fad/library/test/src/lib.rs:138:21
[INFO] [stdout]   13:     0x562d7056c8f6 - <alloc::boxed::Box<F,A> as core::ops::function::Fn<Args>>::call::hcb3fe3b9bb537ba8
[INFO] [stdout]                                at /rustc/0e09125c6c3c2fd70d7de961bcf0e51575235fad/library/alloc/src/boxed.rs:2029:9
[INFO] [stdout]   14:     0x562d7056c8f6 - std::panicking::rust_panic_with_hook::h0a7ad96e90f7145b
[INFO] [stdout]                                at /rustc/0e09125c6c3c2fd70d7de961bcf0e51575235fad/library/std/src/panicking.rs:783:13
[INFO] [stdout]   15:     0x562d7056c609 - std::panicking::begin_panic_handler::{{closure}}::h7919090525c6485e
[INFO] [stdout]                                at /rustc/0e09125c6c3c2fd70d7de961bcf0e51575235fad/library/std/src/panicking.rs:649:13
[INFO] [stdout]   16:     0x562d7056ac86 - std::sys_common::backtrace::__rust_end_short_backtrace::hf3289479464f7dfe
[INFO] [stdout]                                at /rustc/0e09125c6c3c2fd70d7de961bcf0e51575235fad/library/std/src/sys_common/backtrace.rs:171:18
[INFO] [stdout]   17:     0x562d7056c3a0 - rust_begin_unwind
[INFO] [stdout]                                at /rustc/0e09125c6c3c2fd70d7de961bcf0e51575235fad/library/std/src/panicking.rs:645:5
[INFO] [stdout]   18:     0x562d704f1c65 - core::panicking::panic_fmt::hcc9f77c5c132af55
[INFO] [stdout]                                at /rustc/0e09125c6c3c2fd70d7de961bcf0e51575235fad/library/core/src/panicking.rs:72:14
[INFO] [stdout]   19:     0x562d704f1d23 - core::panicking::panic::h5a1259c1164bd480
[INFO] [stdout]                                at /rustc/0e09125c6c3c2fd70d7de961bcf0e51575235fad/library/core/src/panicking.rs:144:5
[INFO] [stdout]   20:     0x562d704f4ac9 - <cli::common::Session as core::ops::drop::Drop>::drop::h3792affac74b6c4d
[INFO] [stdout]   21:     0x562d704f4cc0 - core::ptr::drop_in_place<cli::common::Session>::h7a6cb41e2116b4be
[INFO] [stdout]   22:     0x562d704f544e - cli::passwords::add::h152f8779b74eebba
[INFO] [stdout]   23:     0x562d704f8979 - core::ops::function::FnOnce::call_once::h56cd3b658b9fd918
[INFO] [stdout]   24:     0x562d70540d4f - core::ops::function::FnOnce::call_once::hd64d26f405258157
[INFO] [stdout]                                at /rustc/0e09125c6c3c2fd70d7de961bcf0e51575235fad/library/core/src/ops/function.rs:250:5
[INFO] [stdout]   25:     0x562d70540d4f - test::__rust_begin_short_backtrace::he21b0b7a6d731bf9
[INFO] [stdout]                                at /rustc/0e09125c6c3c2fd70d7de961bcf0e51575235fad/library/test/src/lib.rs:627:18
[INFO] [stdout]   26:     0x562d7053fad1 - test::run_test_in_process::{{closure}}::hf5c73986d7bdfde2
[INFO] [stdout]                                at /rustc/0e09125c6c3c2fd70d7de961bcf0e51575235fad/library/test/src/lib.rs:650:60
[INFO] [stdout]   27:     0x562d7053fad1 - <core::panic::unwind_safe::AssertUnwindSafe<F> as core::ops::function::FnOnce<()>>::call_once::h330011ad032aadc0
[INFO] [stdout]                                at /rustc/0e09125c6c3c2fd70d7de961bcf0e51575235fad/library/core/src/panic/unwind_safe.rs:272:9
[INFO] [stdout]   28:     0x562d7053fad1 - std::panicking::try::do_call::he61b0a958b795a41
[INFO] [stdout]                                at /rustc/0e09125c6c3c2fd70d7de961bcf0e51575235fad/library/std/src/panicking.rs:552:40
[INFO] [stdout]   29:     0x562d7053fad1 - std::panicking::try::h7309da130f906eb7
[INFO] [stdout]                                at /rustc/0e09125c6c3c2fd70d7de961bcf0e51575235fad/library/std/src/panicking.rs:516:19
[INFO] [stdout]   30:     0x562d7053fad1 - std::panic::catch_unwind::hc5c3a06fdaf0a92a
[INFO] [stdout]                                at /rustc/0e09125c6c3c2fd70d7de961bcf0e51575235fad/library/std/src/panic.rs:142:14
[INFO] [stdout]   31:     0x562d7053fad1 - test::run_test_in_process::h7e7b7c71c3324e0f
[INFO] [stdout]                                at /rustc/0e09125c6c3c2fd70d7de961bcf0e51575235fad/library/test/src/lib.rs:650:27
[INFO] [stdout]   32:     0x562d7053fad1 - test::run_test::{{closure}}::h1f509f28f5cf20b1
[INFO] [stdout]                                at /rustc/0e09125c6c3c2fd70d7de961bcf0e51575235fad/library/test/src/lib.rs:573:43
[INFO] [stdout]   33:     0x562d70506e06 - test::run_test::{{closure}}::h1754218abf443f6d
[INFO] [stdout]                                at /rustc/0e09125c6c3c2fd70d7de961bcf0e51575235fad/library/test/src/lib.rs:601:41
[INFO] [stdout]   34:     0x562d70506e06 - std::sys_common::backtrace::__rust_begin_short_backtrace::h2ee174b9d5954948
[INFO] [stdout]                                at /rustc/0e09125c6c3c2fd70d7de961bcf0e51575235fad/library/std/src/sys_common/backtrace.rs:155:18
[INFO] [stdout]   35:     0x562d7050be67 - std::thread::Builder::spawn_unchecked_::{{closure}}::{{closure}}::hf60bee9c1a17ef09
[INFO] [stdout]                                at /rustc/0e09125c6c3c2fd70d7de961bcf0e51575235fad/library/std/src/thread/mod.rs:529:17
[INFO] [stdout]   36:     0x562d7050be67 - <core::panic::unwind_safe::AssertUnwindSafe<F> as core::ops::function::FnOnce<()>>::call_once::h33d0dddec5216160
[INFO] [stdout]                                at /rustc/0e09125c6c3c2fd70d7de961bcf0e51575235fad/library/core/src/panic/unwind_safe.rs:272:9
[INFO] [stdout]   37:     0x562d7050be67 - std::panicking::try::do_call::h144b3048b546f835
[INFO] [stdout]                                at /rustc/0e09125c6c3c2fd70d7de961bcf0e51575235fad/library/std/src/panicking.rs:552:40
[INFO] [stdout]   38:     0x562d7050be67 - std::panicking::try::h978244d04646189f
[INFO] [stdout]                                at /rustc/0e09125c6c3c2fd70d7de961bcf0e51575235fad/library/std/src/panicking.rs:516:19
[INFO] [stdout]   39:     0x562d7050be67 - std::panic::catch_unwind::hdf436369d188fe86
[INFO] [stdout]                                at /rustc/0e09125c6c3c2fd70d7de961bcf0e51575235fad/library/std/src/panic.rs:142:14
[INFO] [stdout]   40:     0x562d7050be67 - std::thread::Builder::spawn_unchecked_::{{closure}}::h87329cbdd33c79ec
[INFO] [stdout]                                at /rustc/0e09125c6c3c2fd70d7de961bcf0e51575235fad/library/std/src/thread/mod.rs:528:30
[INFO] [stdout]   41:     0x562d7050be67 - core::ops::function::FnOnce::call_once{{vtable.shim}}::h401abbe67897d450
[INFO] [stdout]                                at /rustc/0e09125c6c3c2fd70d7de961bcf0e51575235fad/library/core/src/ops/function.rs:250:5
[INFO] [stdout]   42:     0x562d705715e5 - <alloc::boxed::Box<F,A> as core::ops::function::FnOnce<Args>>::call_once::h5d7c8f150ab9c84c
[INFO] [stdout]                                at /rustc/0e09125c6c3c2fd70d7de961bcf0e51575235fad/library/alloc/src/boxed.rs:2015:9
[INFO] [stdout]   43:     0x562d705715e5 - <alloc::boxed::Box<F,A> as core::ops::function::FnOnce<Args>>::call_once::h570d5b005c242c15
[INFO] [stdout]                                at /rustc/0e09125c6c3c2fd70d7de961bcf0e51575235fad/library/alloc/src/boxed.rs:2015:9
[INFO] [stdout]   44:     0x562d705715e5 - std::sys::unix::thread::Thread::new::thread_start::h36b0a20c0b2361ad
[INFO] [stdout]                                at /rustc/0e09125c6c3c2fd70d7de961bcf0e51575235fad/library/std/src/sys/unix/thread.rs:108:17
[INFO] [stdout]   45:     0x7f6174df5ac3 - <unknown>
[INFO] [stdout]   46:     0x7f6174e86bf4 - __clone
[INFO] [stdout]   47:                0x0 - <unknown>
[INFO] [stdout] 
[INFO] [stdout] ---- aliases::add_remove stdout ----
[INFO] [stdout] Secret found in process 538 memory at address 00007FFE699B5820
[INFO] [stdout] 00007FFE699B5620  6E 00 00 00 5B 00 00 00 61 DB 39 D7 1A 51 6D 15 3A 8C E0 0C 80 16 F5 C6 20 FF FF FF FF FF FF FF  n···[···a·9··Qm·:······· ·······
[INFO] [stdout] 00007FFE699B5640  07 00 00 00 00 00 00 00 80 2C BC C6 04 7F 00 00 EF 57 9B 69 FE 7F 00 00 D0 57 9B 69 FE 7F 00 00  ·········,·······W·i·····W·i····
[INFO] [stdout] 00007FFE699B5660  01 00 00 00 00 00 00 00 40 57 9B 69 FE 7F 00 00 37 B5 F9 64 42 56 00 00 01 00 00 00 00 00 00 00  ········@W·i····7··dBV··········
[INFO] [stdout] 00007FFE699B5680  D0 57 9B 69 FE 7F 00 00 00 00 00 00 00 00 00 00 30 00 00 00 00 00 00 00 C8 00 1C 63 42 56 00 00  ·W·i············0··········cBV··
[INFO] [stdout] 00007FFE699B56A0  2C B5 F9 64 42 56 00 00 40 57 9B 69 FE 7F 00 00 0B 00 00 00 00 00 00 00 EF 57 9B 69 FE 7F 00 00  ,··dBV··@W·i·············W·i····
[INFO] [stdout] 00007FFE699B56C0  D8 E0 3F 63 42 56 00 00 07 00 00 00 00 00 00 00 00 00 00 00 00 00 00 80 00 98 60 0E 10 67 F5 BD  ··?cBV····················`··g··
[INFO] [stdout] 00007FFE699B56E0  EF 57 9B 69 FE 7F 00 00 E8 FE FF FF FF FF FF FF 00 00 00 00 00 00 00 00 E0 B2 F9 64 42 56 00 00  ·W·i·······················dBV··
[INFO] [stdout] 00007FFE699B5700  E0 B2 F9 64 42 56 00 00 F0 AE F9 64 42 56 00 00 01 59 9B 69 FE 7F 00 00 53 E4 A4 C6 04 7F 00 00  ···dBV·····dBV···Y·i····S·······
[INFO] [stdout] 00007FFE699B5720  00 00 00 00 00 00 00 00 E0 B2 F9 64 42 56 00 00 E0 B2 F9 64 42 56 00 00 AF 53 2A 63 42 56 00 00  ···········dBV·····dBV···S*cBV··
[INFO] [stdout] 00007FFE699B5740  0B 00 00 00 00 00 00 00 9B C7 1B 63 42 56 00 00 E0 B0 F9 64 42 56 00 00 08 00 00 00 00 00 00 00  ···········cBV·····dBV··········
[INFO] [stdout] 00007FFE699B5760  E0 B2 F9 64 42 56 00 00 E0 B2 F9 64 42 56 00 00 16 00 75 FF FF FF FF FF 37 B5 F9 64 42 56 00 00  ···dBV·····dBV····u·····7··dBV··
[INFO] [stdout] 00007FFE699B5780  00 00 00 00 00 00 00 00 00 00 00 00 00 00 00 00 80 E1 F9 64 42 56 00 00 80 E1 F9 64 42 56 00 00  ···················dBV·····dBV··
[INFO] [stdout] 00007FFE699B57A0  D8 E0 3F 63 42 56 00 00 03 00 00 00 00 00 00 00 0B 00 00 00 00 00 00 00 07 00 00 00 00 00 00 00  ··?cBV··························
[INFO] [stdout] 00007FFE699B57C0  00 00 00 00 00 00 00 00 03 00 00 00 00 00 00 00 0D 00 75 FF FF FF FF FF 37 B5 F9 64 42 56 00 00  ··················u·····7··dBV··
[INFO] [stdout] 00007FFE699B57E0  00 00 00 00 00 00 00 00 00 00 00 00 00 00 00 00 00 75 FF FF FF FF FF 37 C0 58 9B 69 FE 7F 00 00  ·················u·····7·X·i····
[INFO] [stdout] 00007FFE699B5800  00 5C 9B 69 FE 7F 00 00 00 00 00 00 00 00 00 80 F0 AE F9 64 42 56 00 00 01 59 9B 69 FE 7F 00 00  ·\·i···············dBV···Y·i····
[INFO] [stdout] 00007FFE699B5820  66 6F 6F 62 61 72 00 00 00 00 00 00 00 00 00 00 00 00 00 00 00 00 00 00 00 00 00 00 00 00 00 00  foobar··························
[INFO] [stdout] 00007FFE699B5840  00 00 00 00 00 00 00 00 00 00 00 00 00 00 00 00 00 00 00 00 00 00 00 00 00 00 00 00 00 00 00 00  ································
[INFO] [stdout] 00007FFE699B5860  F0 AE F9 64 42 56 00 00 1F 2C 1C 63 42 56 00 00 6B 86 47 CE C5 11 82 75 00 5C 9B 69 FE 7F 00 00  ···dBV···,·cBV··k·G····u·\·i····
[INFO] [stdout] 00007FFE699B5880  00 00 00 00 00 00 00 80 C0 21 AA 37 36 F7 66 95 02 B5 6D CB C7 A4 EF BE 10 CB A4 2E C4 63 14 03  ·········!·76·f···m········.·c··
[INFO] [stdout] 00007FFE699B58A0  10 00 00 00 00 00 00 00 F0 58 9B 69 FE 7F 00 00 F0 E1 F9 64 42 56 00 00 90 15 F9 64 42 56 00 00  ·········X·i·······dBV·····dBV··
[INFO] [stdout] 00007FFE699B58C0  00 04 00 00 00 00 00 00 96 45 2A 63 42 56 00 00 F0 E1 F9 64 42 56 00 00 01 00 00 00 00 00 00 00  ·········E*cBV·····dBV··········
[INFO] [stdout] 00007FFE699B58E0  00 04 00 00 00 00 00 00 10 00 00 00 00 00 00 00 78 28 6C 1F 5A 0B 8C 8B 43 AF 6A FA A2 A6 60 1E  ················x(l·Z···C·j···`·
[INFO] [stdout] 00007FFE699B5900  37 17 9B 79 ED C2 65 87 F2 92 EC 2B 5B 52 4A 12 11 00 00 00 00 00 00 00 1F 6C 28 78 8B 8C 0B 5A  7··y··e····+[RJ··········l(x···Z
[INFO] [stdout] 00007FFE699B5920  FA 6A AF 43 1E 60 A6 A2 79 9B 17 37 87 65 C2 ED 2B EC 92 F2 12 4A 52 5B 01 00 00 00 00 00 00 00  ·j·C·`··y··7·e··+····JR[········
[INFO] [stdout] 00007FFE699B5940  0E A0 7A 70 94 6B CB A6 75 C3 21 B0 B3 5D 7C 1B FE 6C C2 29 59 E0 F9 89 7C 32 2E 75 0D 21 FC CF  ··zp·k··u·!··]|··l·)Y···|2.u·!··
[INFO] [stdout] 00007FFE699B5960  80 00 00 00 00 00 00 00 00 00 00 00 00 00 00 00 00 00 00 00 00 00 00 00 00 00 00 00 00 00 03 00  ································
[INFO] [stdout] 00007FFE699B5980  20 04 00 00 00 00 00 00 35 6F 68 FB 05 B6 A1 54 11 00 00 00 00 00 00 00 10 00 00 00 00 00 00 00   ·······5oh····T················
[INFO] [stdout] 00007FFE699B59A0  00 00 00 00 00 00 00 00 F0 E5 F9 64 42 56 00 00 01 00 00 00 00 00 00 00 01 00 00 00 00 00 00 00  ···········dBV··················
[INFO] [stdout] 00007FFE699B59C0  C7 35 5E CC 9E 4B BD 27 98 26 D9 94 DB D6 5F 43 32 5C FB 7C A6 50 7C 5E 4C 20 E3 BA 8A 81 82 4B  ·5^··K·'·&····_C2\·|·P|^L ·····K
[INFO] [stdout] 00007FFE699B59E0  01 00 00 00 00 00 00 00 10 00 00 00 00 00 00 00 00 EA F9 64 42 56 00 00 00 00 00 00 00 00 00 00  ···················dBV··········
[INFO] [stdout] 00007FFE699B5A00  09 05 D1 84 00 00 00 00 59 C8 8E D8 56 9B A3 15 47 F2 C9 C1 50 31 08 59 B3 48 8F D3 86 93 1C D5  ········Y···V···G···P1·Y·H······
[INFO] [stdout] 
[INFO] [stdout] thread 'aliases::add_remove' panicked at cli/tests/cli/common.rs:227:13:
[INFO] [stdout] assertion failed: !secret_found
[INFO] [stdout] stack backtrace:
[INFO] [stdout]    0:     0x562d7056a786 - std::backtrace_rs::backtrace::libunwind::trace::h261606ad26a499c1
[INFO] [stdout]                                at /rustc/0e09125c6c3c2fd70d7de961bcf0e51575235fad/library/std/src/../../backtrace/src/backtrace/libunwind.rs:104:5
[INFO] [stdout]    1:     0x562d7056a786 - std::backtrace_rs::backtrace::trace_unsynchronized::hd183f0625477fb28
[INFO] [stdout]                                at /rustc/0e09125c6c3c2fd70d7de961bcf0e51575235fad/library/std/src/../../backtrace/src/backtrace/mod.rs:66:5
[INFO] [stdout]    2:     0x562d7056a786 - std::sys_common::backtrace::_print_fmt::hd7f8fef21b4eda67
[INFO] [stdout]                                at /rustc/0e09125c6c3c2fd70d7de961bcf0e51575235fad/library/std/src/sys_common/backtrace.rs:68:5
[INFO] [stdout]    3:     0x562d7056a786 - <std::sys_common::backtrace::_print::DisplayBacktrace as core::fmt::Display>::fmt::h623d9b51f2f453f1
[INFO] [stdout]                                at /rustc/0e09125c6c3c2fd70d7de961bcf0e51575235fad/library/std/src/sys_common/backtrace.rs:44:22
[INFO] [stdout]    4:     0x562d70593830 - core::fmt::rt::Argument::fmt::h9f417ac76a86f368
[INFO] [stdout]                                at /rustc/0e09125c6c3c2fd70d7de961bcf0e51575235fad/library/core/src/fmt/rt.rs:142:9
[INFO] [stdout]    5:     0x562d70593830 - core::fmt::write::hc9b6faf4ac2aeff7
[INFO] [stdout]                                at /rustc/0e09125c6c3c2fd70d7de961bcf0e51575235fad/library/core/src/fmt/mod.rs:1120:17
[INFO] [stdout]    6:     0x562d7056805f - std::io::Write::write_fmt::he04625a3a989fec3
[INFO] [stdout]                                at /rustc/0e09125c6c3c2fd70d7de961bcf0e51575235fad/library/std/src/io/mod.rs:1810:15
[INFO] [stdout]    7:     0x562d7056a564 - std::sys_common::backtrace::_print::hd5d66399c7df88a2
[INFO] [stdout]                                at /rustc/0e09125c6c3c2fd70d7de961bcf0e51575235fad/library/std/src/sys_common/backtrace.rs:47:5
[INFO] [stdout]    8:     0x562d7056a564 - std::sys_common::backtrace::print::he81ed2da642d37e5
[INFO] [stdout]                                at /rustc/0e09125c6c3c2fd70d7de961bcf0e51575235fad/library/std/src/sys_common/backtrace.rs:34:9
[INFO] [stdout]    9:     0x562d7056c2d7 - std::panicking::default_hook::{{closure}}::h85773f4fa117163d
[INFO] [stdout]   10:     0x562d7056bfbd - std::panicking::default_hook::h6a1694a91d09b278
[INFO] [stdout]                                at /rustc/0e09125c6c3c2fd70d7de961bcf0e51575235fad/library/std/src/panicking.rs:289:9
[INFO] [stdout]   11:     0x562d7053b477 - <alloc::boxed::Box<F,A> as core::ops::function::Fn<Args>>::call::h616ac37fa3cd6c8f
[INFO] [stdout]                                at /rustc/0e09125c6c3c2fd70d7de961bcf0e51575235fad/library/alloc/src/boxed.rs:2029:9
[INFO] [stdout]   12:     0x562d7053b477 - test::test_main::{{closure}}::h00d84697cefdcbb6
[INFO] [stdout]                                at /rustc/0e09125c6c3c2fd70d7de961bcf0e51575235fad/library/test/src/lib.rs:138:21
[INFO] [stdout]   13:     0x562d7056c8f6 - <alloc::boxed::Box<F,A> as core::ops::function::Fn<Args>>::call::hcb3fe3b9bb537ba8
[INFO] [stdout]                                at /rustc/0e09125c6c3c2fd70d7de961bcf0e51575235fad/library/alloc/src/boxed.rs:2029:9
[INFO] [stdout]   14:     0x562d7056c8f6 - std::panicking::rust_panic_with_hook::h0a7ad96e90f7145b
[INFO] [stdout]                                at /rustc/0e09125c6c3c2fd70d7de961bcf0e51575235fad/library/std/src/panicking.rs:783:13
[INFO] [stdout]   15:     0x562d7056c609 - std::panicking::begin_panic_handler::{{closure}}::h7919090525c6485e
[INFO] [stdout]                                at /rustc/0e09125c6c3c2fd70d7de961bcf0e51575235fad/library/std/src/panicking.rs:649:13
[INFO] [stdout]   16:     0x562d7056ac86 - std::sys_common::backtrace::__rust_end_short_backtrace::hf3289479464f7dfe
[INFO] [stdout]                                at /rustc/0e09125c6c3c2fd70d7de961bcf0e51575235fad/library/std/src/sys_common/backtrace.rs:171:18
[INFO] [stdout]   17:     0x562d7056c3a0 - rust_begin_unwind
[INFO] [stdout]                                at /rustc/0e09125c6c3c2fd70d7de961bcf0e51575235fad/library/std/src/panicking.rs:645:5
[INFO] [stdout]   18:     0x562d704f1c65 - core::panicking::panic_fmt::hcc9f77c5c132af55
[INFO] [stdout]                                at /rustc/0e09125c6c3c2fd70d7de961bcf0e51575235fad/library/core/src/panicking.rs:72:14
[INFO] [stdout]   19:     0x562d704f1d23 - core::panicking::panic::h5a1259c1164bd480
[INFO] [stdout]                                at /rustc/0e09125c6c3c2fd70d7de961bcf0e51575235fad/library/core/src/panicking.rs:144:5
[INFO] [stdout]   20:     0x562d704f4ac9 - <cli::common::Session as core::ops::drop::Drop>::drop::h3792affac74b6c4d
[INFO] [stdout]   21:     0x562d704f93f0 - core::ptr::drop_in_place<cli::common::Session>::h7a6cb41e2116b4be
[INFO] [stdout]   22:     0x562d704f8d79 - core::ops::function::FnOnce::call_once::h7d98cb88d3b11698
[INFO] [stdout]   23:     0x562d70540d4f - core::ops::function::FnOnce::call_once::hd64d26f405258157
[INFO] [stdout]                                at /rustc/0e09125c6c3c2fd70d7de961bcf0e51575235fad/library/core/src/ops/function.rs:250:5
[INFO] [stdout]   24:     0x562d70540d4f - test::__rust_begin_short_backtrace::he21b0b7a6d731bf9
[INFO] [stdout]                                at /rustc/0e09125c6c3c2fd70d7de961bcf0e51575235fad/library/test/src/lib.rs:627:18
[INFO] [stdout]   25:     0x562d7053fad1 - test::run_test_in_process::{{closure}}::hf5c73986d7bdfde2
[INFO] [stdout]                                at /rustc/0e09125c6c3c2fd70d7de961bcf0e51575235fad/library/test/src/lib.rs:650:60
[INFO] [stdout]   26:     0x562d7053fad1 - <core::panic::unwind_safe::AssertUnwindSafe<F> as core::ops::function::FnOnce<()>>::call_once::h330011ad032aadc0
[INFO] [stdout]                                at /rustc/0e09125c6c3c2fd70d7de961bcf0e51575235fad/library/core/src/panic/unwind_safe.rs:272:9
[INFO] [stdout]   27:     0x562d7053fad1 - std::panicking::try::do_call::he61b0a958b795a41
[INFO] [stdout]                                at /rustc/0e09125c6c3c2fd70d7de961bcf0e51575235fad/library/std/src/panicking.rs:552:40
[INFO] [stdout]   28:     0x562d7053fad1 - std::panicking::try::h7309da130f906eb7
[INFO] [stdout]                                at /rustc/0e09125c6c3c2fd70d7de961bcf0e51575235fad/library/std/src/panicking.rs:516:19
[INFO] [stdout]   29:     0x562d7053fad1 - std::panic::catch_unwind::hc5c3a06fdaf0a92a
[INFO] [stdout]                                at /rustc/0e09125c6c3c2fd70d7de961bcf0e51575235fad/library/std/src/panic.rs:142:14
[INFO] [stdout]   30:     0x562d7053fad1 - test::run_test_in_process::h7e7b7c71c3324e0f
[INFO] [stdout]                                at /rustc/0e09125c6c3c2fd70d7de961bcf0e51575235fad/library/test/src/lib.rs:650:27
[INFO] [stdout]   31:     0x562d7053fad1 - test::run_test::{{closure}}::h1f509f28f5cf20b1
[INFO] [stdout]                                at /rustc/0e09125c6c3c2fd70d7de961bcf0e51575235fad/library/test/src/lib.rs:573:43
[INFO] [stdout]   32:     0x562d70506e06 - test::run_test::{{closure}}::h1754218abf443f6d
[INFO] [stdout]                                at /rustc/0e09125c6c3c2fd70d7de961bcf0e51575235fad/library/test/src/lib.rs:601:41
[INFO] [stdout]   33:     0x562d70506e06 - std::sys_common::backtrace::__rust_begin_short_backtrace::h2ee174b9d5954948
[INFO] [stdout]                                at /rustc/0e09125c6c3c2fd70d7de961bcf0e51575235fad/library/std/src/sys_common/backtrace.rs:155:18
[INFO] [stdout]   34:     0x562d7050be67 - std::thread::Builder::spawn_unchecked_::{{closure}}::{{closure}}::hf60bee9c1a17ef09
[INFO] [stdout]                                at /rustc/0e09125c6c3c2fd70d7de961bcf0e51575235fad/library/std/src/thread/mod.rs:529:17
[INFO] [stdout]   35:     0x562d7050be67 - <core::panic::unwind_safe::AssertUnwindSafe<F> as core::ops::function::FnOnce<()>>::call_once::h33d0dddec5216160
[INFO] [stdout]                                at /rustc/0e09125c6c3c2fd70d7de961bcf0e51575235fad/library/core/src/panic/unwind_safe.rs:272:9
[INFO] [stdout]   36:     0x562d7050be67 - std::panicking::try::do_call::h144b3048b546f835
[INFO] [stdout]                                at /rustc/0e09125c6c3c2fd70d7de961bcf0e51575235fad/library/std/src/panicking.rs:552:40
[INFO] [stdout]   37:     0x562d7050be67 - std::panicking::try::h978244d04646189f
[INFO] [stdout]                                at /rustc/0e09125c6c3c2fd70d7de961bcf0e51575235fad/library/std/src/panicking.rs:516:19
[INFO] [stdout]   38:     0x562d7050be67 - std::panic::catch_unwind::hdf436369d188fe86
[INFO] [stdout]                                at /rustc/0e09125c6c3c2fd70d7de961bcf0e51575235fad/library/std/src/panic.rs:142:14
[INFO] [stdout]   39:     0x562d7050be67 - std::thread::Builder::spawn_unchecked_::{{closure}}::h87329cbdd33c79ec
[INFO] [stdout]                                at /rustc/0e09125c6c3c2fd70d7de961bcf0e51575235fad/library/std/src/thread/mod.rs:528:30
[INFO] [stdout]   40:     0x562d7050be67 - core::ops::function::FnOnce::call_once{{vtable.shim}}::h401abbe67897d450
[INFO] [stdout]                                at /rustc/0e09125c6c3c2fd70d7de961bcf0e51575235fad/library/core/src/ops/function.rs:250:5
[INFO] [stdout]   41:     0x562d705715e5 - <alloc::boxed::Box<F,A> as core::ops::function::FnOnce<Args>>::call_once::h5d7c8f150ab9c84c
[INFO] [stdout]                                at /rustc/0e09125c6c3c2fd70d7de961bcf0e51575235fad/library/alloc/src/boxed.rs:2015:9
[INFO] [stdout]   42:     0x562d705715e5 - <alloc::boxed::Box<F,A> as core::ops::function::FnOnce<Args>>::call_once::h570d5b005c242c15
[INFO] [stdout]                                at /rustc/0e09125c6c3c2fd70d7de961bcf0e51575235fad/library/alloc/src/boxed.rs:2015:9
[INFO] [stdout]   43:     0x562d705715e5 - std::sys::unix::thread::Thread::new::thread_start::h36b0a20c0b2361ad
[INFO] [stdout]                                at /rustc/0e09125c6c3c2fd70d7de961bcf0e51575235fad/library/std/src/sys/unix/thread.rs:108:17
[INFO] [stdout]   44:     0x7f6174df5ac3 - <unknown>
[INFO] [stdout]   45:     0x7f6174e86bf4 - __clone
[INFO] [stdout]   46:                0x0 - <unknown>
[INFO] [stdout] 
[INFO] [stdout] 
[INFO] [stdout] failures:
[INFO] [stdout]     aliases::add_remove
[INFO] [stdout]     passwords::add
[INFO] [stdout] 
[INFO] [stdout] test result: FAILED. 36 passed; 2 failed; 0 ignored; 0 measured; 0 filtered out; finished in 1.91s
[INFO] [stdout] 
[INFO] [stderr] error: test failed, to rerun pass `-p pfp-cli --test cli`
[INFO] running `Command { std: "docker" "inspect" "a826f657b74c379a43e10ec49e83c7f17c7b5d418df92f51d9b53c05f1590e21", kill_on_drop: false }`
[INFO] running `Command { std: "docker" "rm" "-f" "a826f657b74c379a43e10ec49e83c7f17c7b5d418df92f51d9b53c05f1590e21", kill_on_drop: false }`
[INFO] [stdout] a826f657b74c379a43e10ec49e83c7f17c7b5d418df92f51d9b53c05f1590e21
