[INFO] cloning repository https://github.com/p4npk1n/ds1000zcmdrs
[INFO] running `Command { std: "git" "-c" "credential.helper=" "-c" "credential.helper=/workspace/cargo-home/bin/git-credential-null" "clone" "--bare" "https://github.com/p4npk1n/ds1000zcmdrs" "/workspace/cache/git-repos/https%3A%2F%2Fgithub.com%2Fp4npk1n%2Fds1000zcmdrs", kill_on_drop: false }`
[INFO] [stderr] Cloning into bare repository '/workspace/cache/git-repos/https%3A%2F%2Fgithub.com%2Fp4npk1n%2Fds1000zcmdrs'...
[INFO] running `Command { std: "git" "rev-parse" "HEAD", kill_on_drop: false }`
[INFO] [stdout] 842288ae4fdf9c84e1258f85b781c8d37129520d
[INFO] testing p4npk1n/ds1000zcmdrs against 1.75.0 for beta-1.76-1
[INFO] running `Command { std: "git" "clone" "/workspace/cache/git-repos/https%3A%2F%2Fgithub.com%2Fp4npk1n%2Fds1000zcmdrs" "/workspace/builds/worker-4-tc1/source", kill_on_drop: false }`
[INFO] [stderr] Cloning into '/workspace/builds/worker-4-tc1/source'...
[INFO] [stderr] done.
[INFO] validating manifest of git repo https://github.com/p4npk1n/ds1000zcmdrs on toolchain 1.75.0
[INFO] running `Command { std: CARGO_HOME="/workspace/cargo-home" RUSTUP_HOME="/workspace/rustup-home" "/workspace/cargo-home/bin/cargo" "+1.75.0" "metadata" "--manifest-path" "Cargo.toml" "--no-deps", kill_on_drop: false }`
[INFO] started tweaking git repo https://github.com/p4npk1n/ds1000zcmdrs
[INFO] finished tweaking git repo https://github.com/p4npk1n/ds1000zcmdrs
[INFO] tweaked toml for git repo https://github.com/p4npk1n/ds1000zcmdrs written to /workspace/builds/worker-4-tc1/source/Cargo.toml
[INFO] crate git repo https://github.com/p4npk1n/ds1000zcmdrs already has a lockfile, it will not be regenerated
[INFO] running `Command { std: CARGO_HOME="/workspace/cargo-home" RUSTUP_HOME="/workspace/rustup-home" "/workspace/cargo-home/bin/cargo" "+1.75.0" "fetch" "--manifest-path" "Cargo.toml", kill_on_drop: false }`
[INFO] running `Command { std: "docker" "create" "-v" "/var/lib/crater-agent-workspace/builds/worker-4-tc1/target:/opt/rustwide/target:rw,Z" "-v" "/var/lib/crater-agent-workspace/builds/worker-4-tc1/source:/opt/rustwide/workdir:ro,Z" "-v" "/var/lib/crater-agent-workspace/cargo-home:/opt/rustwide/cargo-home:ro,Z" "-v" "/var/lib/crater-agent-workspace/rustup-home:/opt/rustwide/rustup-home:ro,Z" "-e" "SOURCE_DIR=/opt/rustwide/workdir" "-e" "CARGO_TARGET_DIR=/opt/rustwide/target" "-e" "CARGO_HOME=/opt/rustwide/cargo-home" "-e" "RUSTUP_HOME=/opt/rustwide/rustup-home" "-w" "/opt/rustwide/workdir" "-m" "1610612736" "--user" "0:0" "--network" "none" "ghcr.io/rust-lang/crates-build-env/linux@sha256:2788e3201cd34a07e3172128adcd8b3090168a8e3bcc40d7c032b9dda1df7d1c" "/opt/rustwide/cargo-home/bin/cargo" "+1.75.0" "metadata" "--no-deps" "--format-version=1", kill_on_drop: false }`
[INFO] [stdout] 52a456365554d9de772f2a6c9ef345a36e846bb9d3bdf2185aabea850d326d5e
[INFO] running `Command { std: "docker" "start" "-a" "52a456365554d9de772f2a6c9ef345a36e846bb9d3bdf2185aabea850d326d5e", kill_on_drop: false }`
[INFO] running `Command { std: "docker" "inspect" "52a456365554d9de772f2a6c9ef345a36e846bb9d3bdf2185aabea850d326d5e", kill_on_drop: false }`
[INFO] running `Command { std: "docker" "rm" "-f" "52a456365554d9de772f2a6c9ef345a36e846bb9d3bdf2185aabea850d326d5e", kill_on_drop: false }`
[INFO] [stdout] 52a456365554d9de772f2a6c9ef345a36e846bb9d3bdf2185aabea850d326d5e
[INFO] running `Command { std: "docker" "create" "-v" "/var/lib/crater-agent-workspace/builds/worker-4-tc1/target:/opt/rustwide/target:rw,Z" "-v" "/var/lib/crater-agent-workspace/builds/worker-4-tc1/source:/opt/rustwide/workdir:ro,Z" "-v" "/var/lib/crater-agent-workspace/cargo-home:/opt/rustwide/cargo-home:ro,Z" "-v" "/var/lib/crater-agent-workspace/rustup-home:/opt/rustwide/rustup-home:ro,Z" "-e" "SOURCE_DIR=/opt/rustwide/workdir" "-e" "CARGO_TARGET_DIR=/opt/rustwide/target" "-e" "CARGO_INCREMENTAL=0" "-e" "RUST_BACKTRACE=full" "-e" "RUSTFLAGS=--cap-lints=warn" "-e" "RUSTDOCFLAGS=--cap-lints=warn" "-e" "CARGO_HOME=/opt/rustwide/cargo-home" "-e" "RUSTUP_HOME=/opt/rustwide/rustup-home" "-w" "/opt/rustwide/workdir" "-m" "1610612736" "--user" "0:0" "--network" "none" "ghcr.io/rust-lang/crates-build-env/linux@sha256:2788e3201cd34a07e3172128adcd8b3090168a8e3bcc40d7c032b9dda1df7d1c" "/opt/rustwide/cargo-home/bin/cargo" "+1.75.0" "build" "--frozen" "--message-format=json", kill_on_drop: false }`
[INFO] [stdout] 80b62df2073878812b557cfa0ab57c60aaa88379645f49b40302ae69e979b81b
[INFO] running `Command { std: "docker" "start" "-a" "80b62df2073878812b557cfa0ab57c60aaa88379645f49b40302ae69e979b81b", kill_on_drop: false }`
[INFO] [stderr]    Compiling ds1000zcmdrs v0.1.0 (/opt/rustwide/workdir)
[INFO] [stdout] warning: variant `DS1102Z_E` should have an upper camel case name
[INFO] [stdout]   --> src/command/WAVeformCommand.rs:83:5
[INFO] [stdout]    |
[INFO] [stdout] 83 |     DS1102Z_E = 24000000, // 24Mpts
[INFO] [stdout]    |     ^^^^^^^^^ help: convert the identifier to upper camel case: `Ds1102zE`
[INFO] [stdout]    |
[INFO] [stdout]    = note: `#[warn(non_camel_case_types)]` on by default
[INFO] [stdout] 
[INFO] [stdout] 
[INFO] [stdout] warning: unnecessary parentheses around `if` condition
[INFO] [stdout]    --> src/command/WAVeformCommand.rs:564:12
[INFO] [stdout]     |
[INFO] [stdout] 564 |         if (stop_point < self.start_point) {
[INFO] [stdout]     |            ^                             ^
[INFO] [stdout]     |
[INFO] [stdout]     = note: `#[warn(unused_parens)]` on by default
[INFO] [stdout] help: remove these parentheses
[INFO] [stdout]     |
[INFO] [stdout] 564 -         if (stop_point < self.start_point) {
[INFO] [stdout] 564 +         if stop_point < self.start_point {
[INFO] [stdout]     |
[INFO] [stdout] 
[INFO] [stdout] 
[INFO] [stdout] warning: unused import: `crate::command::TRIGgerCommand`
[INFO] [stdout]  --> src/device.rs:2:5
[INFO] [stdout]   |
[INFO] [stdout] 2 | use crate::command::TRIGgerCommand;
[INFO] [stdout]   |     ^^^^^^^^^^^^^^^^^^^^^^^^^^^^^^
[INFO] [stdout]   |
[INFO] [stdout]   = note: `#[warn(unused_imports)]` on by default
[INFO] [stdout] 
[INFO] [stdout] 
[INFO] [stdout] warning: unreachable pattern
[INFO] [stdout]    --> src/command/WAVeformCommand.rs:356:13
[INFO] [stdout]     |
[INFO] [stdout] 356 |             _ => {
[INFO] [stdout]     |             ^
[INFO] [stdout]     |
[INFO] [stdout]     = note: `#[warn(unreachable_patterns)]` on by default
[INFO] [stdout] 
[INFO] [stdout] 
[INFO] [stdout] warning: unused variable: `recv`
[INFO] [stdout]    --> src/command/WAVeformCommand.rs:322:30
[INFO] [stdout]     |
[INFO] [stdout] 322 |             RecieveData::ASC(recv) => {
[INFO] [stdout]     |                              ^^^^ help: if this is intentional, prefix it with an underscore: `_recv`
[INFO] [stdout]     |
[INFO] [stdout]     = note: `#[warn(unused_variables)]` on by default
[INFO] [stdout] 
[INFO] [stdout] 
[INFO] [stdout] warning: unused variable: `recv`
[INFO] [stdout]    --> src/command/WAVeformCommand.rs:353:31
[INFO] [stdout]     |
[INFO] [stdout] 353 |             RecieveData::WORD(recv) => {
[INFO] [stdout]     |                               ^^^^ help: if this is intentional, prefix it with an underscore: `_recv`
[INFO] [stdout] 
[INFO] [stdout] 
[INFO] [stdout] warning: unused variable: `timeout_s`
[INFO] [stdout]   --> src/device.rs:37:33
[INFO] [stdout]    |
[INFO] [stdout] 37 |     fn read_bytes_u8(&mut self, timeout_s: u64, data: &mut RecieveData) -> std::result::Result<(),Box<dyn std::error::Error>>{
[INFO] [stdout]    |                                 ^^^^^^^^^ help: if this is intentional, prefix it with an underscore: `_timeout_s`
[INFO] [stdout] 
[INFO] [stdout] 
[INFO] [stdout] warning: module `WAVeformCommand` should have a snake case name
[INFO] [stdout]  --> src/command/mod.rs:1:9
[INFO] [stdout]   |
[INFO] [stdout] 1 | pub mod WAVeformCommand;
[INFO] [stdout]   |         ^^^^^^^^^^^^^^^ help: convert the identifier to snake case: `waveform_command`
[INFO] [stdout]   |
[INFO] [stdout]   = note: `#[warn(non_snake_case)]` on by default
[INFO] [stdout] 
[INFO] [stdout] 
[INFO] [stdout] warning: module `TRIGgerCommand` should have a snake case name
[INFO] [stdout]  --> src/command/mod.rs:2:9
[INFO] [stdout]   |
[INFO] [stdout] 2 | pub mod TRIGgerCommand;
[INFO] [stdout]   |         ^^^^^^^^^^^^^^ help: convert the identifier to snake case: `trigger_command`
[INFO] [stdout] 
[INFO] [stdout] 
[INFO] [stdout] warning: 9 warnings emitted
[INFO] [stdout] 
[INFO] [stdout] 
[INFO] [stderr]     Finished dev [unoptimized + debuginfo] target(s) in 0.30s
[INFO] running `Command { std: "docker" "inspect" "80b62df2073878812b557cfa0ab57c60aaa88379645f49b40302ae69e979b81b", kill_on_drop: false }`
[INFO] running `Command { std: "docker" "rm" "-f" "80b62df2073878812b557cfa0ab57c60aaa88379645f49b40302ae69e979b81b", kill_on_drop: false }`
[INFO] [stdout] 80b62df2073878812b557cfa0ab57c60aaa88379645f49b40302ae69e979b81b
[INFO] running `Command { std: "docker" "create" "-v" "/var/lib/crater-agent-workspace/builds/worker-4-tc1/target:/opt/rustwide/target:rw,Z" "-v" "/var/lib/crater-agent-workspace/builds/worker-4-tc1/source:/opt/rustwide/workdir:ro,Z" "-v" "/var/lib/crater-agent-workspace/cargo-home:/opt/rustwide/cargo-home:ro,Z" "-v" "/var/lib/crater-agent-workspace/rustup-home:/opt/rustwide/rustup-home:ro,Z" "-e" "SOURCE_DIR=/opt/rustwide/workdir" "-e" "CARGO_TARGET_DIR=/opt/rustwide/target" "-e" "CARGO_INCREMENTAL=0" "-e" "RUST_BACKTRACE=full" "-e" "RUSTFLAGS=--cap-lints=warn" "-e" "RUSTDOCFLAGS=--cap-lints=warn" "-e" "CARGO_HOME=/opt/rustwide/cargo-home" "-e" "RUSTUP_HOME=/opt/rustwide/rustup-home" "-w" "/opt/rustwide/workdir" "-m" "1610612736" "--user" "0:0" "--network" "none" "ghcr.io/rust-lang/crates-build-env/linux@sha256:2788e3201cd34a07e3172128adcd8b3090168a8e3bcc40d7c032b9dda1df7d1c" "/opt/rustwide/cargo-home/bin/cargo" "+1.75.0" "test" "--frozen" "--no-run" "--message-format=json", kill_on_drop: false }`
[INFO] [stdout] a63b685654c358d440b40ce3616f27d4d77ec54733893b86df8f48ea8cbe43ba
[INFO] running `Command { std: "docker" "start" "-a" "a63b685654c358d440b40ce3616f27d4d77ec54733893b86df8f48ea8cbe43ba", kill_on_drop: false }`
[INFO] [stdout] warning: variant `DS1102Z_E` should have an upper camel case name
[INFO] [stdout]   --> src/command/WAVeformCommand.rs:83:5
[INFO] [stdout]    |
[INFO] [stdout] 83 |     DS1102Z_E = 24000000, // 24Mpts
[INFO] [stdout]    |     ^^^^^^^^^ help: convert the identifier to upper camel case: `Ds1102zE`
[INFO] [stdout]    |
[INFO] [stdout]    = note: `#[warn(non_camel_case_types)]` on by default
[INFO] [stdout] 
[INFO] [stdout] 
[INFO] [stdout] warning: unnecessary parentheses around `if` condition
[INFO] [stdout]    --> src/command/WAVeformCommand.rs:564:12
[INFO] [stdout]     |
[INFO] [stdout] 564 |         if (stop_point < self.start_point) {
[INFO] [stdout]     |            ^                             ^
[INFO] [stdout]     |
[INFO] [stdout]     = note: `#[warn(unused_parens)]` on by default
[INFO] [stdout] help: remove these parentheses
[INFO] [stdout]     |
[INFO] [stdout] 564 -         if (stop_point < self.start_point) {
[INFO] [stdout] 564 +         if stop_point < self.start_point {
[INFO] [stdout]     |
[INFO] [stdout] 
[INFO] [stdout] 
[INFO] [stdout] warning: unused import: `crate::command::TRIGgerCommand`
[INFO] [stdout]  --> src/device.rs:2:5
[INFO] [stdout]   |
[INFO] [stdout] 2 | use crate::command::TRIGgerCommand;
[INFO] [stdout]   |     ^^^^^^^^^^^^^^^^^^^^^^^^^^^^^^
[INFO] [stdout]   |
[INFO] [stdout]   = note: `#[warn(unused_imports)]` on by default
[INFO] [stdout] 
[INFO] [stdout] 
[INFO] [stdout] warning: unreachable pattern
[INFO] [stdout]    --> src/command/WAVeformCommand.rs:356:13
[INFO] [stdout]     |
[INFO] [stdout] 356 |             _ => {
[INFO] [stdout]     |             ^
[INFO] [stdout]     |
[INFO] [stdout]     = note: `#[warn(unreachable_patterns)]` on by default
[INFO] [stdout] 
[INFO] [stdout] 
[INFO] [stdout] warning: unused variable: `recv`
[INFO] [stdout]    --> src/command/WAVeformCommand.rs:322:30
[INFO] [stdout]     |
[INFO] [stdout] 322 |             RecieveData::ASC(recv) => {
[INFO] [stdout]     |                              ^^^^ help: if this is intentional, prefix it with an underscore: `_recv`
[INFO] [stdout]     |
[INFO] [stdout]     = note: `#[warn(unused_variables)]` on by default
[INFO] [stdout] 
[INFO] [stdout] 
[INFO] [stderr]    Compiling ds1000zcmdrs v0.1.0 (/opt/rustwide/workdir)
[INFO] [stdout] warning: unused variable: `recv`
[INFO] [stdout]    --> src/command/WAVeformCommand.rs:353:31
[INFO] [stdout]     |
[INFO] [stdout] 353 |             RecieveData::WORD(recv) => {
[INFO] [stdout]     |                               ^^^^ help: if this is intentional, prefix it with an underscore: `_recv`
[INFO] [stdout] 
[INFO] [stdout] 
[INFO] [stdout] warning: unused variable: `timeout_s`
[INFO] [stdout]   --> src/device.rs:37:33
[INFO] [stdout]    |
[INFO] [stdout] 37 |     fn read_bytes_u8(&mut self, timeout_s: u64, data: &mut RecieveData) -> std::result::Result<(),Box<dyn std::error::Error>>{
[INFO] [stdout]    |                                 ^^^^^^^^^ help: if this is intentional, prefix it with an underscore: `_timeout_s`
[INFO] [stdout] 
[INFO] [stdout] 
[INFO] [stdout] warning: module `WAVeformCommand` should have a snake case name
[INFO] [stdout]  --> src/command/mod.rs:1:9
[INFO] [stdout]   |
[INFO] [stdout] 1 | pub mod WAVeformCommand;
[INFO] [stdout]   |         ^^^^^^^^^^^^^^^ help: convert the identifier to snake case: `waveform_command`
[INFO] [stdout]   |
[INFO] [stdout]   = note: `#[warn(non_snake_case)]` on by default
[INFO] [stdout] 
[INFO] [stdout] 
[INFO] [stdout] warning: module `TRIGgerCommand` should have a snake case name
[INFO] [stdout]  --> src/command/mod.rs:2:9
[INFO] [stdout]   |
[INFO] [stdout] 2 | pub mod TRIGgerCommand;
[INFO] [stdout]   |         ^^^^^^^^^^^^^^ help: convert the identifier to snake case: `trigger_command`
[INFO] [stdout] 
[INFO] [stdout] 
[INFO] [stdout] warning: 9 warnings emitted
[INFO] [stdout] 
[INFO] [stdout] 
[INFO] [stdout] warning: variant `DS1102Z_E` should have an upper camel case name
[INFO] [stdout]   --> src/command/WAVeformCommand.rs:83:5
[INFO] [stdout]    |
[INFO] [stdout] 83 |     DS1102Z_E = 24000000, // 24Mpts
[INFO] [stdout]    |     ^^^^^^^^^ help: convert the identifier to upper camel case: `Ds1102zE`
[INFO] [stdout]    |
[INFO] [stdout]    = note: `#[warn(non_camel_case_types)]` on by default
[INFO] [stdout] 
[INFO] [stdout] 
[INFO] [stdout] warning: unnecessary parentheses around `if` condition
[INFO] [stdout]    --> src/command/WAVeformCommand.rs:564:12
[INFO] [stdout]     |
[INFO] [stdout] 564 |         if (stop_point < self.start_point) {
[INFO] [stdout]     |            ^                             ^
[INFO] [stdout]     |
[INFO] [stdout]     = note: `#[warn(unused_parens)]` on by default
[INFO] [stdout] help: remove these parentheses
[INFO] [stdout]     |
[INFO] [stdout] 564 -         if (stop_point < self.start_point) {
[INFO] [stdout] 564 +         if stop_point < self.start_point {
[INFO] [stdout]     |
[INFO] [stdout] 
[INFO] [stdout] 
[INFO] [stdout] warning: unused import: `crate::command::TRIGgerCommand`
[INFO] [stdout]  --> src/device.rs:2:5
[INFO] [stdout]   |
[INFO] [stdout] 2 | use crate::command::TRIGgerCommand;
[INFO] [stdout]   |     ^^^^^^^^^^^^^^^^^^^^^^^^^^^^^^
[INFO] [stdout]   |
[INFO] [stdout]   = note: `#[warn(unused_imports)]` on by default
[INFO] [stdout] 
[INFO] [stdout] 
[INFO] [stdout] warning: unreachable pattern
[INFO] [stdout]    --> src/command/WAVeformCommand.rs:356:13
[INFO] [stdout]     |
[INFO] [stdout] 356 |             _ => {
[INFO] [stdout]     |             ^
[INFO] [stdout]     |
[INFO] [stdout]     = note: `#[warn(unreachable_patterns)]` on by default
[INFO] [stdout] 
[INFO] [stdout] 
[INFO] [stdout] warning: unused variable: `recv`
[INFO] [stdout]    --> src/command/WAVeformCommand.rs:322:30
[INFO] [stdout]     |
[INFO] [stdout] 322 |             RecieveData::ASC(recv) => {
[INFO] [stdout]     |                              ^^^^ help: if this is intentional, prefix it with an underscore: `_recv`
[INFO] [stdout]     |
[INFO] [stdout]     = note: `#[warn(unused_variables)]` on by default
[INFO] [stdout] 
[INFO] [stdout] 
[INFO] [stdout] warning: unused variable: `recv`
[INFO] [stdout]    --> src/command/WAVeformCommand.rs:353:31
[INFO] [stdout]     |
[INFO] [stdout] 353 |             RecieveData::WORD(recv) => {
[INFO] [stdout]     |                               ^^^^ help: if this is intentional, prefix it with an underscore: `_recv`
[INFO] [stdout] 
[INFO] [stdout] 
[INFO] [stdout] warning: unused variable: `timeout_s`
[INFO] [stdout]   --> src/device.rs:37:33
[INFO] [stdout]    |
[INFO] [stdout] 37 |     fn read_bytes_u8(&mut self, timeout_s: u64, data: &mut RecieveData) -> std::result::Result<(),Box<dyn std::error::Error>>{
[INFO] [stdout]    |                                 ^^^^^^^^^ help: if this is intentional, prefix it with an underscore: `_timeout_s`
[INFO] [stdout] 
[INFO] [stdout] 
[INFO] [stdout] warning: module `WAVeformCommand` should have a snake case name
[INFO] [stdout]  --> src/command/mod.rs:1:9
[INFO] [stdout]   |
[INFO] [stdout] 1 | pub mod WAVeformCommand;
[INFO] [stdout]   |         ^^^^^^^^^^^^^^^ help: convert the identifier to snake case: `waveform_command`
[INFO] [stdout]   |
[INFO] [stdout]   = note: `#[warn(non_snake_case)]` on by default
[INFO] [stdout] 
[INFO] [stdout] 
[INFO] [stdout] warning: module `TRIGgerCommand` should have a snake case name
[INFO] [stdout]  --> src/command/mod.rs:2:9
[INFO] [stdout]   |
[INFO] [stdout] 2 | pub mod TRIGgerCommand;
[INFO] [stdout]   |         ^^^^^^^^^^^^^^ help: convert the identifier to snake case: `trigger_command`
[INFO] [stdout] 
[INFO] [stdout] 
[INFO] [stdout] warning: unused `std::result::Result` that must be used
[INFO] [stdout]    --> src/command/WAVeformCommand.rs:644:13
[INFO] [stdout]     |
[INFO] [stdout] 644 |             waveform_commands.format(Format::BYTE);
[INFO] [stdout]     |             ^^^^^^^^^^^^^^^^^^^^^^^^^^^^^^^^^^^^^^
[INFO] [stdout]     |
[INFO] [stdout]     = note: this `Result` may be an `Err` variant, which should be handled
[INFO] [stdout]     = note: `#[warn(unused_must_use)]` on by default
[INFO] [stdout] help: use `let _ = ...` to ignore the resulting value
[INFO] [stdout]     |
[INFO] [stdout] 644 |             let _ = waveform_commands.format(Format::BYTE);
[INFO] [stdout]     |             +++++++
[INFO] [stdout] 
[INFO] [stdout] 
[INFO] [stdout] warning: unused `std::result::Result` that must be used
[INFO] [stdout]    --> src/command/WAVeformCommand.rs:645:13
[INFO] [stdout]     |
[INFO] [stdout] 645 |             waveform_commands.mode(Mode::RAW, &trigger_command);
[INFO] [stdout]     |             ^^^^^^^^^^^^^^^^^^^^^^^^^^^^^^^^^^^^^^^^^^^^^^^^^^^
[INFO] [stdout]     |
[INFO] [stdout]     = note: this `Result` may be an `Err` variant, which should be handled
[INFO] [stdout] help: use `let _ = ...` to ignore the resulting value
[INFO] [stdout]     |
[INFO] [stdout] 645 |             let _ = waveform_commands.mode(Mode::RAW, &trigger_command);
[INFO] [stdout]     |             +++++++
[INFO] [stdout] 
[INFO] [stdout] 
[INFO] [stdout] warning: 11 warnings emitted
[INFO] [stdout] 
[INFO] [stdout] 
[INFO] [stderr]     Finished test [unoptimized + debuginfo] target(s) in 0.39s
[INFO] running `Command { std: "docker" "inspect" "a63b685654c358d440b40ce3616f27d4d77ec54733893b86df8f48ea8cbe43ba", kill_on_drop: false }`
[INFO] running `Command { std: "docker" "rm" "-f" "a63b685654c358d440b40ce3616f27d4d77ec54733893b86df8f48ea8cbe43ba", kill_on_drop: false }`
[INFO] [stdout] a63b685654c358d440b40ce3616f27d4d77ec54733893b86df8f48ea8cbe43ba
[INFO] running `Command { std: "docker" "create" "-v" "/var/lib/crater-agent-workspace/builds/worker-4-tc1/target:/opt/rustwide/target:rw,Z" "-v" "/var/lib/crater-agent-workspace/builds/worker-4-tc1/source:/opt/rustwide/workdir:ro,Z" "-v" "/var/lib/crater-agent-workspace/cargo-home:/opt/rustwide/cargo-home:ro,Z" "-v" "/var/lib/crater-agent-workspace/rustup-home:/opt/rustwide/rustup-home:ro,Z" "-e" "SOURCE_DIR=/opt/rustwide/workdir" "-e" "CARGO_TARGET_DIR=/opt/rustwide/target" "-e" "CARGO_INCREMENTAL=0" "-e" "RUST_BACKTRACE=full" "-e" "RUSTFLAGS=--cap-lints=warn" "-e" "RUSTDOCFLAGS=--cap-lints=warn" "-e" "CARGO_HOME=/opt/rustwide/cargo-home" "-e" "RUSTUP_HOME=/opt/rustwide/rustup-home" "-w" "/opt/rustwide/workdir" "-m" "1610612736" "--user" "0:0" "--network" "none" "ghcr.io/rust-lang/crates-build-env/linux@sha256:2788e3201cd34a07e3172128adcd8b3090168a8e3bcc40d7c032b9dda1df7d1c" "/opt/rustwide/cargo-home/bin/cargo" "+1.75.0" "test" "--frozen", kill_on_drop: false }`
[INFO] [stdout] e85e04baef1d6207ef64f7ddeee02cff007a360c8798a183ddc01207cf00b05d
[INFO] running `Command { std: "docker" "start" "-a" "e85e04baef1d6207ef64f7ddeee02cff007a360c8798a183ddc01207cf00b05d", kill_on_drop: false }`
[INFO] [stderr] warning: variant `DS1102Z_E` should have an upper camel case name
[INFO] [stderr]   --> src/command/WAVeformCommand.rs:83:5
[INFO] [stderr]    |
[INFO] [stderr] 83 |     DS1102Z_E = 24000000, // 24Mpts
[INFO] [stderr]    |     ^^^^^^^^^ help: convert the identifier to upper camel case: `Ds1102zE`
[INFO] [stderr]    |
[INFO] [stderr]    = note: `#[warn(non_camel_case_types)]` on by default
[INFO] [stderr] 
[INFO] [stderr] warning: unnecessary parentheses around `if` condition
[INFO] [stderr]    --> src/command/WAVeformCommand.rs:564:12
[INFO] [stderr]     |
[INFO] [stderr] 564 |         if (stop_point < self.start_point) {
[INFO] [stderr]     |            ^                             ^
[INFO] [stderr]     |
[INFO] [stderr]     = note: `#[warn(unused_parens)]` on by default
[INFO] [stderr] help: remove these parentheses
[INFO] [stderr]     |
[INFO] [stderr] 564 -         if (stop_point < self.start_point) {
[INFO] [stderr] 564 +         if stop_point < self.start_point {
[INFO] [stderr]     |
[INFO] [stderr] 
[INFO] [stderr] warning: unused import: `crate::command::TRIGgerCommand`
[INFO] [stderr]  --> src/device.rs:2:5
[INFO] [stderr]   |
[INFO] [stderr] 2 | use crate::command::TRIGgerCommand;
[INFO] [stderr]   |     ^^^^^^^^^^^^^^^^^^^^^^^^^^^^^^
[INFO] [stderr]   |
[INFO] [stderr]   = note: `#[warn(unused_imports)]` on by default
[INFO] [stderr] 
[INFO] [stderr] warning: unreachable pattern
[INFO] [stderr]    --> src/command/WAVeformCommand.rs:356:13
[INFO] [stderr]     |
[INFO] [stderr] 356 |             _ => {
[INFO] [stderr]     |             ^
[INFO] [stderr]     |
[INFO] [stderr]     = note: `#[warn(unreachable_patterns)]` on by default
[INFO] [stderr] 
[INFO] [stderr] warning: unused variable: `recv`
[INFO] [stderr]    --> src/command/WAVeformCommand.rs:322:30
[INFO] [stderr]     |
[INFO] [stderr] 322 |             RecieveData::ASC(recv) => {
[INFO] [stderr]     |                              ^^^^ help: if this is intentional, prefix it with an underscore: `_recv`
[INFO] [stderr]     |
[INFO] [stderr]     = note: `#[warn(unused_variables)]` on by default
[INFO] [stderr] 
[INFO] [stderr] warning: unused variable: `recv`
[INFO] [stderr]    --> src/command/WAVeformCommand.rs:353:31
[INFO] [stderr]     |
[INFO] [stderr] 353 |             RecieveData::WORD(recv) => {
[INFO] [stderr]     |                               ^^^^ help: if this is intentional, prefix it with an underscore: `_recv`
[INFO] [stderr] 
[INFO] [stderr] warning: unused variable: `timeout_s`
[INFO] [stderr]   --> src/device.rs:37:33
[INFO] [stderr]    |
[INFO] [stderr] 37 |     fn read_bytes_u8(&mut self, timeout_s: u64, data: &mut RecieveData) -> std::result::Result<(),Box<dyn std::error::Error>>{
[INFO] [stderr]    |                                 ^^^^^^^^^ help: if this is intentional, prefix it with an underscore: `_timeout_s`
[INFO] [stderr] 
[INFO] [stderr] warning: module `WAVeformCommand` should have a snake case name
[INFO] [stderr]  --> src/command/mod.rs:1:9
[INFO] [stderr]   |
[INFO] [stderr] 1 | pub mod WAVeformCommand;
[INFO] [stderr]   |         ^^^^^^^^^^^^^^^ help: convert the identifier to snake case: `waveform_command`
[INFO] [stderr]   |
[INFO] [stderr]   = note: `#[warn(non_snake_case)]` on by default
[INFO] [stderr] 
[INFO] [stderr] warning: module `TRIGgerCommand` should have a snake case name
[INFO] [stderr]  --> src/command/mod.rs:2:9
[INFO] [stderr]   |
[INFO] [stderr] 2 | pub mod TRIGgerCommand;
[INFO] [stderr]   |         ^^^^^^^^^^^^^^ help: convert the identifier to snake case: `trigger_command`
[INFO] [stderr] 
[INFO] [stderr] warning: `ds1000zcmdrs` (lib) generated 9 warnings (run `cargo fix --lib -p ds1000zcmdrs` to apply 5 suggestions)
[INFO] [stderr] warning: unused `std::result::Result` that must be used
[INFO] [stderr]    --> src/command/WAVeformCommand.rs:644:13
[INFO] [stderr]     |
[INFO] [stderr] 644 |             waveform_commands.format(Format::BYTE);
[INFO] [stderr]     |             ^^^^^^^^^^^^^^^^^^^^^^^^^^^^^^^^^^^^^^
[INFO] [stderr]     |
[INFO] [stderr]     = note: this `Result` may be an `Err` variant, which should be handled
[INFO] [stderr]     = note: `#[warn(unused_must_use)]` on by default
[INFO] [stderr] help: use `let _ = ...` to ignore the resulting value
[INFO] [stderr]     |
[INFO] [stderr] 644 |             let _ = waveform_commands.format(Format::BYTE);
[INFO] [stderr]     |             +++++++
[INFO] [stderr] 
[INFO] [stderr] warning: unused `std::result::Result` that must be used
[INFO] [stderr]    --> src/command/WAVeformCommand.rs:645:13
[INFO] [stderr]     |
[INFO] [stderr] 645 |             waveform_commands.mode(Mode::RAW, &trigger_command);
[INFO] [stderr]     |             ^^^^^^^^^^^^^^^^^^^^^^^^^^^^^^^^^^^^^^^^^^^^^^^^^^^
[INFO] [stderr]     |
[INFO] [stderr]     = note: this `Result` may be an `Err` variant, which should be handled
[INFO] [stderr] help: use `let _ = ...` to ignore the resulting value
[INFO] [stderr]     |
[INFO] [stderr] 645 |             let _ = waveform_commands.mode(Mode::RAW, &trigger_command);
[INFO] [stderr]     |             +++++++
[INFO] [stderr] 
[INFO] [stderr] warning: `ds1000zcmdrs` (lib test) generated 11 warnings (9 duplicates)
[INFO] [stderr]     Finished test [unoptimized + debuginfo] target(s) in 0.00s
[INFO] [stderr]      Running unittests src/lib.rs (/opt/rustwide/target/debug/deps/ds1000z-4ac4159be39fba59)
[INFO] [stdout] 
[INFO] [stdout] running 1 test
[INFO] [stdout] test command::WAVeformCommand::tests::test_set_mode ... FAILED
[INFO] [stdout] 
[INFO] [stdout] failures:
[INFO] [stdout] 
[INFO] [stdout] ---- command::WAVeformCommand::tests::test_set_mode stdout ----
[INFO] [stdout] thread 'command::WAVeformCommand::tests::test_set_mode' panicked at src/command/WAVeformCommand.rs:636:17:
[INFO] [stdout] Failed to connect to device: Network is unreachable (os error 101)
[INFO] [stdout] stack backtrace:
[INFO] [stdout]    0:     0x556d3ba279dc - std::backtrace_rs::backtrace::libunwind::trace::ha637c64ce894333a
[INFO] [stdout]                                at /rustc/82e1608dfa6e0b5569232559e3d385fea5a93112/library/std/src/../../backtrace/src/backtrace/libunwind.rs:104:5
[INFO] [stdout]    1:     0x556d3ba279dc - std::backtrace_rs::backtrace::trace_unsynchronized::h47f62dea28e0c88d
[INFO] [stdout]                                at /rustc/82e1608dfa6e0b5569232559e3d385fea5a93112/library/std/src/../../backtrace/src/backtrace/mod.rs:66:5
[INFO] [stdout]    2:     0x556d3ba279dc - std::sys_common::backtrace::_print_fmt::h9eef0abe20ede486
[INFO] [stdout]                                at /rustc/82e1608dfa6e0b5569232559e3d385fea5a93112/library/std/src/sys_common/backtrace.rs:67:5
[INFO] [stdout]    3:     0x556d3ba279dc - <std::sys_common::backtrace::_print::DisplayBacktrace as core::fmt::Display>::fmt::hed7f999df88cc644
[INFO] [stdout]                                at /rustc/82e1608dfa6e0b5569232559e3d385fea5a93112/library/std/src/sys_common/backtrace.rs:44:22
[INFO] [stdout]    4:     0x556d3ba54170 - core::fmt::rt::Argument::fmt::h1539a9308b8d058d
[INFO] [stdout]                                at /rustc/82e1608dfa6e0b5569232559e3d385fea5a93112/library/core/src/fmt/rt.rs:142:9
[INFO] [stdout]    5:     0x556d3ba54170 - core::fmt::write::h3a39390d8560d9c9
[INFO] [stdout]                                at /rustc/82e1608dfa6e0b5569232559e3d385fea5a93112/library/core/src/fmt/mod.rs:1120:17
[INFO] [stdout]    6:     0x556d3ba24d9f - std::io::Write::write_fmt::h040b369f3a0f9cbc
[INFO] [stdout]                                at /rustc/82e1608dfa6e0b5569232559e3d385fea5a93112/library/std/src/io/mod.rs:1762:15
[INFO] [stdout]    7:     0x556d3ba277c4 - std::sys_common::backtrace::_print::h894006fb5c6f3d45
[INFO] [stdout]                                at /rustc/82e1608dfa6e0b5569232559e3d385fea5a93112/library/std/src/sys_common/backtrace.rs:47:5
[INFO] [stdout]    8:     0x556d3ba277c4 - std::sys_common::backtrace::print::h23a2d212c6fff936
[INFO] [stdout]                                at /rustc/82e1608dfa6e0b5569232559e3d385fea5a93112/library/std/src/sys_common/backtrace.rs:34:9
[INFO] [stdout]    9:     0x556d3ba29487 - std::panicking::default_hook::{{closure}}::h8a1d2ee00185001a
[INFO] [stdout]   10:     0x556d3ba29173 - std::panicking::default_hook::h6038f2eba384e475
[INFO] [stdout]                                at /rustc/82e1608dfa6e0b5569232559e3d385fea5a93112/library/std/src/panicking.rs:289:9
[INFO] [stdout]   11:     0x556d3b9f9167 - <alloc::boxed::Box<F,A> as core::ops::function::Fn<Args>>::call::h0ad024c9bdc6d768
[INFO] [stdout]                                at /rustc/82e1608dfa6e0b5569232559e3d385fea5a93112/library/alloc/src/boxed.rs:2021:9
[INFO] [stdout]   12:     0x556d3b9f9167 - test::test_main::{{closure}}::h7500b54257359db6
[INFO] [stdout]                                at /rustc/82e1608dfa6e0b5569232559e3d385fea5a93112/library/test/src/lib.rs:138:21
[INFO] [stdout]   13:     0x556d3ba29a98 - <alloc::boxed::Box<F,A> as core::ops::function::Fn<Args>>::call::h1f8f335eaa9cfaee
[INFO] [stdout]                                at /rustc/82e1608dfa6e0b5569232559e3d385fea5a93112/library/alloc/src/boxed.rs:2021:9
[INFO] [stdout]   14:     0x556d3ba29a98 - std::panicking::rust_panic_with_hook::h2b5517d590cab22e
[INFO] [stdout]                                at /rustc/82e1608dfa6e0b5569232559e3d385fea5a93112/library/std/src/panicking.rs:783:13
[INFO] [stdout]   15:     0x556d3ba297ee - std::panicking::begin_panic_handler::{{closure}}::h233112c06e0ef43e
[INFO] [stdout]                                at /rustc/82e1608dfa6e0b5569232559e3d385fea5a93112/library/std/src/panicking.rs:657:13
[INFO] [stdout]   16:     0x556d3ba27ea6 - std::sys_common::backtrace::__rust_end_short_backtrace::h6e893f24d7ebbff8
[INFO] [stdout]                                at /rustc/82e1608dfa6e0b5569232559e3d385fea5a93112/library/std/src/sys_common/backtrace.rs:170:18
[INFO] [stdout]   17:     0x556d3ba29552 - rust_begin_unwind
[INFO] [stdout]                                at /rustc/82e1608dfa6e0b5569232559e3d385fea5a93112/library/std/src/panicking.rs:645:5
[INFO] [stdout]   18:     0x556d3b9ade85 - core::panicking::panic_fmt::hbf0e066aabfa482c
[INFO] [stdout]                                at /rustc/82e1608dfa6e0b5569232559e3d385fea5a93112/library/core/src/panicking.rs:72:14
[INFO] [stdout]   19:     0x556d3b9ba84b - ds1000z::command::WAVeformCommand::tests::test_set_mode::hbf9d7de686e4175e
[INFO] [stdout]                                at /opt/rustwide/workdir/src/command/WAVeformCommand.rs:636:17
[INFO] [stdout]   20:     0x556d3b9b9fb7 - ds1000z::command::WAVeformCommand::tests::test_set_mode::{{closure}}::hac34e9aa0e222e09
[INFO] [stdout]                                at /opt/rustwide/workdir/src/command/WAVeformCommand.rs:630:23
[INFO] [stdout]   21:     0x556d3b9bfb86 - core::ops::function::FnOnce::call_once::h1786dcbf075a2745
[INFO] [stdout]                                at /rustc/82e1608dfa6e0b5569232559e3d385fea5a93112/library/core/src/ops/function.rs:250:5
[INFO] [stdout]   22:     0x556d3b9fe7bf - core::ops::function::FnOnce::call_once::h2b5d431d5046312d
[INFO] [stdout]                                at /rustc/82e1608dfa6e0b5569232559e3d385fea5a93112/library/core/src/ops/function.rs:250:5
[INFO] [stdout]   23:     0x556d3b9fe7bf - test::__rust_begin_short_backtrace::h7714669af176e207
[INFO] [stdout]                                at /rustc/82e1608dfa6e0b5569232559e3d385fea5a93112/library/test/src/lib.rs:628:18
[INFO] [stdout]   24:     0x556d3b9fd7d5 - test::run_test_in_process::{{closure}}::h85218797dcbcec12
[INFO] [stdout]                                at /rustc/82e1608dfa6e0b5569232559e3d385fea5a93112/library/test/src/lib.rs:651:60
[INFO] [stdout]   25:     0x556d3b9fd7d5 - <core::panic::unwind_safe::AssertUnwindSafe<F> as core::ops::function::FnOnce<()>>::call_once::h76c106ea31c14d7b
[INFO] [stdout]                                at /rustc/82e1608dfa6e0b5569232559e3d385fea5a93112/library/core/src/panic/unwind_safe.rs:272:9
[INFO] [stdout]   26:     0x556d3b9fd7d5 - std::panicking::try::do_call::h3bd5d0f6620ee946
[INFO] [stdout]                                at /rustc/82e1608dfa6e0b5569232559e3d385fea5a93112/library/std/src/panicking.rs:552:40
[INFO] [stdout]   27:     0x556d3b9fd7d5 - std::panicking::try::h232e535e4744fe31
[INFO] [stdout]                                at /rustc/82e1608dfa6e0b5569232559e3d385fea5a93112/library/std/src/panicking.rs:516:19
[INFO] [stdout]   28:     0x556d3b9fd7d5 - std::panic::catch_unwind::h3ce3bd6ca8dbac68
[INFO] [stdout]                                at /rustc/82e1608dfa6e0b5569232559e3d385fea5a93112/library/std/src/panic.rs:142:14
[INFO] [stdout]   29:     0x556d3b9fd7d5 - test::run_test_in_process::hc97b257c9621286a
[INFO] [stdout]                                at /rustc/82e1608dfa6e0b5569232559e3d385fea5a93112/library/test/src/lib.rs:651:27
[INFO] [stdout]   30:     0x556d3b9fd7d5 - test::run_test::{{closure}}::h2aa798823a438d38
[INFO] [stdout]                                at /rustc/82e1608dfa6e0b5569232559e3d385fea5a93112/library/test/src/lib.rs:574:43
[INFO] [stdout]   31:     0x556d3b9c5a96 - test::run_test::{{closure}}::h87d231c78fb59832
[INFO] [stdout]                                at /rustc/82e1608dfa6e0b5569232559e3d385fea5a93112/library/test/src/lib.rs:602:41
[INFO] [stdout]   32:     0x556d3b9c5a96 - std::sys_common::backtrace::__rust_begin_short_backtrace::he6df152596625789
[INFO] [stdout]                                at /rustc/82e1608dfa6e0b5569232559e3d385fea5a93112/library/std/src/sys_common/backtrace.rs:154:18
[INFO] [stdout]   33:     0x556d3b9cab47 - std::thread::Builder::spawn_unchecked_::{{closure}}::{{closure}}::ha94be15d1e0acf36
[INFO] [stdout]                                at /rustc/82e1608dfa6e0b5569232559e3d385fea5a93112/library/std/src/thread/mod.rs:529:17
[INFO] [stdout]   34:     0x556d3b9cab47 - <core::panic::unwind_safe::AssertUnwindSafe<F> as core::ops::function::FnOnce<()>>::call_once::h9dc6bd6372f16606
[INFO] [stdout]                                at /rustc/82e1608dfa6e0b5569232559e3d385fea5a93112/library/core/src/panic/unwind_safe.rs:272:9
[INFO] [stdout]   35:     0x556d3b9cab47 - std::panicking::try::do_call::h9057517f80303cd4
[INFO] [stdout]                                at /rustc/82e1608dfa6e0b5569232559e3d385fea5a93112/library/std/src/panicking.rs:552:40
[INFO] [stdout]   36:     0x556d3b9cab47 - std::panicking::try::he3a30b11ee45340c
[INFO] [stdout]                                at /rustc/82e1608dfa6e0b5569232559e3d385fea5a93112/library/std/src/panicking.rs:516:19
[INFO] [stdout]   37:     0x556d3b9cab47 - std::panic::catch_unwind::h410458cfd3528b8b
[INFO] [stdout]                                at /rustc/82e1608dfa6e0b5569232559e3d385fea5a93112/library/std/src/panic.rs:142:14
[INFO] [stdout]   38:     0x556d3b9cab47 - std::thread::Builder::spawn_unchecked_::{{closure}}::h72ac3bdb567b737b
[INFO] [stdout]                                at /rustc/82e1608dfa6e0b5569232559e3d385fea5a93112/library/std/src/thread/mod.rs:528:30
[INFO] [stdout]   39:     0x556d3b9cab47 - core::ops::function::FnOnce::call_once{{vtable.shim}}::h38f34da3654a8344
[INFO] [stdout]                                at /rustc/82e1608dfa6e0b5569232559e3d385fea5a93112/library/core/src/ops/function.rs:250:5
[INFO] [stdout]   40:     0x556d3ba2e525 - <alloc::boxed::Box<F,A> as core::ops::function::FnOnce<Args>>::call_once::hc7eafaff61e32df9
[INFO] [stdout]                                at /rustc/82e1608dfa6e0b5569232559e3d385fea5a93112/library/alloc/src/boxed.rs:2007:9
[INFO] [stdout]   41:     0x556d3ba2e525 - <alloc::boxed::Box<F,A> as core::ops::function::FnOnce<Args>>::call_once::h6ba4a5de48dd2304
[INFO] [stdout]                                at /rustc/82e1608dfa6e0b5569232559e3d385fea5a93112/library/alloc/src/boxed.rs:2007:9
[INFO] [stdout]   42:     0x556d3ba2e525 - std::sys::unix::thread::Thread::new::thread_start::he469335aef763e45
[INFO] [stdout]                                at /rustc/82e1608dfa6e0b5569232559e3d385fea5a93112/library/std/src/sys/unix/thread.rs:108:17
[INFO] [stdout]   43:     0x7f04b2bdcac3 - <unknown>
[INFO] [stdout]   44:     0x7f04b2c6dbf4 - __clone
[INFO] [stdout]   45:                0x0 - <unknown>
[INFO] [stdout] 
[INFO] [stdout] 
[INFO] [stdout] failures:
[INFO] [stdout]     command::WAVeformCommand::tests::test_set_mode
[INFO] [stdout] 
[INFO] [stdout] test result: FAILED. 0 passed; 1 failed; 0 ignored; 0 measured; 0 filtered out; finished in 0.01s
[INFO] [stdout] 
[INFO] [stderr] error: test failed, to rerun pass `--lib`
[INFO] running `Command { std: "docker" "inspect" "e85e04baef1d6207ef64f7ddeee02cff007a360c8798a183ddc01207cf00b05d", kill_on_drop: false }`
[INFO] running `Command { std: "docker" "rm" "-f" "e85e04baef1d6207ef64f7ddeee02cff007a360c8798a183ddc01207cf00b05d", kill_on_drop: false }`
[INFO] [stdout] e85e04baef1d6207ef64f7ddeee02cff007a360c8798a183ddc01207cf00b05d
