[INFO] cloning repository https://github.com/oxc-project/oxc_resolver
[INFO] running `Command { std: "git" "-c" "credential.helper=" "-c" "credential.helper=/workspace/cargo-home/bin/git-credential-null" "clone" "--bare" "https://github.com/oxc-project/oxc_resolver" "/workspace/cache/git-repos/https%3A%2F%2Fgithub.com%2Foxc-project%2Foxc_resolver", kill_on_drop: false }`
[INFO] [stderr] Cloning into bare repository '/workspace/cache/git-repos/https%3A%2F%2Fgithub.com%2Foxc-project%2Foxc_resolver'...
[INFO] running `Command { std: "git" "rev-parse" "HEAD", kill_on_drop: false }`
[INFO] [stdout] 7a1fe8a0ba32fabed51891840374b0b2519db9c8
[INFO] testing oxc-project/oxc_resolver against 1.75.0 for beta-1.76-1
[INFO] running `Command { std: "git" "clone" "/workspace/cache/git-repos/https%3A%2F%2Fgithub.com%2Foxc-project%2Foxc_resolver" "/workspace/builds/worker-4-tc1/source", kill_on_drop: false }`
[INFO] [stderr] Cloning into '/workspace/builds/worker-4-tc1/source'...
[INFO] [stderr] done.
[INFO] validating manifest of git repo https://github.com/oxc-project/oxc_resolver on toolchain 1.75.0
[INFO] running `Command { std: CARGO_HOME="/workspace/cargo-home" RUSTUP_HOME="/workspace/rustup-home" "/workspace/cargo-home/bin/cargo" "+1.75.0" "metadata" "--manifest-path" "Cargo.toml" "--no-deps", kill_on_drop: false }`
[INFO] removed /workspace/builds/worker-4-tc1/source/rust-toolchain.toml
[INFO] started tweaking git repo https://github.com/oxc-project/oxc_resolver
[INFO] removed 0 missing examples
[INFO] finished tweaking git repo https://github.com/oxc-project/oxc_resolver
[INFO] tweaked toml for git repo https://github.com/oxc-project/oxc_resolver written to /workspace/builds/worker-4-tc1/source/Cargo.toml
[INFO] crate git repo https://github.com/oxc-project/oxc_resolver already has a lockfile, it will not be regenerated
[INFO] running `Command { std: CARGO_HOME="/workspace/cargo-home" RUSTUP_HOME="/workspace/rustup-home" "/workspace/cargo-home/bin/cargo" "+1.75.0" "fetch" "--manifest-path" "Cargo.toml", kill_on_drop: false }`
[INFO] [stderr]     Updating crates.io index
[INFO] [stderr]  Downloading crates ...
[INFO] [stderr]   Downloaded codspeed-criterion-compat v2.3.3
[INFO] [stderr]   Downloaded codspeed v2.3.3
[INFO] running `Command { std: "docker" "create" "-v" "/var/lib/crater-agent-workspace/builds/worker-4-tc1/target:/opt/rustwide/target:rw,Z" "-v" "/var/lib/crater-agent-workspace/builds/worker-4-tc1/source:/opt/rustwide/workdir:ro,Z" "-v" "/var/lib/crater-agent-workspace/cargo-home:/opt/rustwide/cargo-home:ro,Z" "-v" "/var/lib/crater-agent-workspace/rustup-home:/opt/rustwide/rustup-home:ro,Z" "-e" "SOURCE_DIR=/opt/rustwide/workdir" "-e" "CARGO_TARGET_DIR=/opt/rustwide/target" "-e" "CARGO_HOME=/opt/rustwide/cargo-home" "-e" "RUSTUP_HOME=/opt/rustwide/rustup-home" "-w" "/opt/rustwide/workdir" "-m" "1610612736" "--user" "0:0" "--network" "none" "ghcr.io/rust-lang/crates-build-env/linux@sha256:2788e3201cd34a07e3172128adcd8b3090168a8e3bcc40d7c032b9dda1df7d1c" "/opt/rustwide/cargo-home/bin/cargo" "+1.75.0" "metadata" "--no-deps" "--format-version=1", kill_on_drop: false }`
[INFO] [stdout] 712ec49a40c04c5fb7914b143fdf7d8d931c061eaa2a7392176d4f35c88f2c6f
[INFO] running `Command { std: "docker" "start" "-a" "712ec49a40c04c5fb7914b143fdf7d8d931c061eaa2a7392176d4f35c88f2c6f", kill_on_drop: false }`
[INFO] running `Command { std: "docker" "inspect" "712ec49a40c04c5fb7914b143fdf7d8d931c061eaa2a7392176d4f35c88f2c6f", kill_on_drop: false }`
[INFO] running `Command { std: "docker" "rm" "-f" "712ec49a40c04c5fb7914b143fdf7d8d931c061eaa2a7392176d4f35c88f2c6f", kill_on_drop: false }`
[INFO] [stdout] 712ec49a40c04c5fb7914b143fdf7d8d931c061eaa2a7392176d4f35c88f2c6f
[INFO] running `Command { std: "docker" "create" "-v" "/var/lib/crater-agent-workspace/builds/worker-4-tc1/target:/opt/rustwide/target:rw,Z" "-v" "/var/lib/crater-agent-workspace/builds/worker-4-tc1/source:/opt/rustwide/workdir:ro,Z" "-v" "/var/lib/crater-agent-workspace/cargo-home:/opt/rustwide/cargo-home:ro,Z" "-v" "/var/lib/crater-agent-workspace/rustup-home:/opt/rustwide/rustup-home:ro,Z" "-e" "SOURCE_DIR=/opt/rustwide/workdir" "-e" "CARGO_TARGET_DIR=/opt/rustwide/target" "-e" "CARGO_INCREMENTAL=0" "-e" "RUST_BACKTRACE=full" "-e" "RUSTFLAGS=--cap-lints=warn" "-e" "RUSTDOCFLAGS=--cap-lints=warn" "-e" "CARGO_HOME=/opt/rustwide/cargo-home" "-e" "RUSTUP_HOME=/opt/rustwide/rustup-home" "-w" "/opt/rustwide/workdir" "-m" "1610612736" "--user" "0:0" "--network" "none" "ghcr.io/rust-lang/crates-build-env/linux@sha256:2788e3201cd34a07e3172128adcd8b3090168a8e3bcc40d7c032b9dda1df7d1c" "/opt/rustwide/cargo-home/bin/cargo" "+1.75.0" "build" "--frozen" "--message-format=json", kill_on_drop: false }`
[INFO] [stdout] ca9b477eebab3de8ecd6e21e649babf712dd9f92cb6d31f381165430a4ed9e60
[INFO] running `Command { std: "docker" "start" "-a" "ca9b477eebab3de8ecd6e21e649babf712dd9f92cb6d31f381165430a4ed9e60", kill_on_drop: false }`
[INFO] [stderr]    Compiling proc-macro2 v1.0.74
[INFO] [stderr]    Compiling unicode-ident v1.0.12
[INFO] [stderr]    Compiling autocfg v1.1.0
[INFO] [stderr]    Compiling serde v1.0.195
[INFO] [stderr]    Compiling libc v0.2.151
[INFO] [stderr]    Compiling hashbrown v0.14.3
[INFO] [stderr]    Compiling parking_lot_core v0.9.9
[INFO] [stderr]    Compiling once_cell v1.19.0
[INFO] [stderr]    Compiling serde_json v1.0.111
[INFO] [stderr]    Compiling cfg-if v1.0.0
[INFO] [stderr]    Compiling smallvec v1.11.2
[INFO] [stderr]    Compiling scopeguard v1.2.0
[INFO] [stderr]    Compiling thiserror v1.0.56
[INFO] [stderr]    Compiling equivalent v1.0.1
[INFO] [stderr]    Compiling tracing-core v0.1.32
[INFO] [stderr]    Compiling ryu v1.0.16
[INFO] [stderr]    Compiling lock_api v0.4.11
[INFO] [stderr]    Compiling pin-project-lite v0.2.13
[INFO] [stderr]    Compiling itoa v1.0.10
[INFO] [stderr]    Compiling dunce v1.0.4
[INFO] [stderr]    Compiling rustc-hash v1.1.0
[INFO] [stderr]    Compiling quote v1.0.35
[INFO] [stderr]    Compiling syn v2.0.46
[INFO] [stderr]    Compiling dashmap v5.5.3
[INFO] [stderr]    Compiling serde_derive v1.0.195
[INFO] [stderr]    Compiling tracing-attributes v0.1.27
[INFO] [stderr]    Compiling thiserror-impl v1.0.56
[INFO] [stderr]    Compiling tracing v0.1.40
[INFO] [stderr]    Compiling indexmap v2.1.0
[INFO] [stderr]    Compiling oxc_resolver v1.2.0 (/opt/rustwide/workdir)
[INFO] [stderr]     Finished dev [unoptimized + debuginfo] target(s) in 12.63s
[INFO] running `Command { std: "docker" "inspect" "ca9b477eebab3de8ecd6e21e649babf712dd9f92cb6d31f381165430a4ed9e60", kill_on_drop: false }`
[INFO] running `Command { std: "docker" "rm" "-f" "ca9b477eebab3de8ecd6e21e649babf712dd9f92cb6d31f381165430a4ed9e60", kill_on_drop: false }`
[INFO] [stdout] ca9b477eebab3de8ecd6e21e649babf712dd9f92cb6d31f381165430a4ed9e60
[INFO] running `Command { std: "docker" "create" "-v" "/var/lib/crater-agent-workspace/builds/worker-4-tc1/target:/opt/rustwide/target:rw,Z" "-v" "/var/lib/crater-agent-workspace/builds/worker-4-tc1/source:/opt/rustwide/workdir:ro,Z" "-v" "/var/lib/crater-agent-workspace/cargo-home:/opt/rustwide/cargo-home:ro,Z" "-v" "/var/lib/crater-agent-workspace/rustup-home:/opt/rustwide/rustup-home:ro,Z" "-e" "SOURCE_DIR=/opt/rustwide/workdir" "-e" "CARGO_TARGET_DIR=/opt/rustwide/target" "-e" "CARGO_INCREMENTAL=0" "-e" "RUST_BACKTRACE=full" "-e" "RUSTFLAGS=--cap-lints=warn" "-e" "RUSTDOCFLAGS=--cap-lints=warn" "-e" "CARGO_HOME=/opt/rustwide/cargo-home" "-e" "RUSTUP_HOME=/opt/rustwide/rustup-home" "-w" "/opt/rustwide/workdir" "-m" "1610612736" "--user" "0:0" "--network" "none" "ghcr.io/rust-lang/crates-build-env/linux@sha256:2788e3201cd34a07e3172128adcd8b3090168a8e3bcc40d7c032b9dda1df7d1c" "/opt/rustwide/cargo-home/bin/cargo" "+1.75.0" "test" "--frozen" "--no-run" "--message-format=json", kill_on_drop: false }`
[INFO] [stdout] 02417f1e9e4808b91e9367e69f7e380a466d8117b9d69d7df0ebf3416b035f73
[INFO] running `Command { std: "docker" "start" "-a" "02417f1e9e4808b91e9367e69f7e380a466d8117b9d69d7df0ebf3416b035f73", kill_on_drop: false }`
[INFO] [stderr]    Compiling serde v1.0.195
[INFO] [stderr]    Compiling crossbeam-utils v0.8.18
[INFO] [stderr]    Compiling either v1.9.0
[INFO] [stderr]    Compiling rustix v0.38.28
[INFO] [stderr]    Compiling num-traits v0.2.17
[INFO] [stderr]    Compiling regex-syntax v0.8.2
[INFO] [stderr]    Compiling bitflags v2.4.1
[INFO] [stderr]    Compiling ciborium-io v0.2.1
[INFO] [stderr]    Compiling anstyle v1.0.4
[INFO] [stderr]    Compiling linux-raw-sys v0.4.12
[INFO] [stderr]    Compiling half v1.8.2
[INFO] [stderr]    Compiling clap_lex v0.6.0
[INFO] [stderr]    Compiling rayon-core v1.12.0
[INFO] [stderr]    Compiling clap_builder v4.4.12
[INFO] [stderr]    Compiling ciborium-ll v0.2.1
[INFO] [stderr]    Compiling itertools v0.10.5
[INFO] [stderr]    Compiling cast v0.3.0
[INFO] [stderr]    Compiling crossbeam-epoch v0.9.17
[INFO] [stderr]    Compiling same-file v1.0.6
[INFO] [stderr]    Compiling walkdir v2.4.0
[INFO] [stderr]    Compiling regex-automata v0.4.3
[INFO] [stderr]    Compiling crossbeam-deque v0.8.4
[INFO] [stderr]    Compiling is-terminal v0.4.10
[INFO] [stderr]    Compiling anes v0.1.6
[INFO] [stderr]    Compiling oorandom v11.1.3
[INFO] [stderr]    Compiling vfs v0.10.0
[INFO] [stderr]    Compiling criterion-plot v0.5.0
[INFO] [stderr]    Compiling clap v4.4.12
[INFO] [stderr]    Compiling rayon v1.8.0
[INFO] [stderr]    Compiling regex v1.10.2
[INFO] [stderr]    Compiling indexmap v2.1.0
[INFO] [stderr]    Compiling ciborium v0.2.1
[INFO] [stderr]    Compiling serde_json v1.0.111
[INFO] [stderr]    Compiling tinytemplate v1.2.1
[INFO] [stderr]    Compiling oxc_resolver v1.2.0 (/opt/rustwide/workdir)
[INFO] [stderr]    Compiling criterion v0.5.1
[INFO] [stderr]     Finished test [unoptimized + debuginfo] target(s) in 19.79s
[INFO] running `Command { std: "docker" "inspect" "02417f1e9e4808b91e9367e69f7e380a466d8117b9d69d7df0ebf3416b035f73", kill_on_drop: false }`
[INFO] running `Command { std: "docker" "rm" "-f" "02417f1e9e4808b91e9367e69f7e380a466d8117b9d69d7df0ebf3416b035f73", kill_on_drop: false }`
[INFO] [stdout] 02417f1e9e4808b91e9367e69f7e380a466d8117b9d69d7df0ebf3416b035f73
[INFO] running `Command { std: "docker" "create" "-v" "/var/lib/crater-agent-workspace/builds/worker-4-tc1/target:/opt/rustwide/target:rw,Z" "-v" "/var/lib/crater-agent-workspace/builds/worker-4-tc1/source:/opt/rustwide/workdir:ro,Z" "-v" "/var/lib/crater-agent-workspace/cargo-home:/opt/rustwide/cargo-home:ro,Z" "-v" "/var/lib/crater-agent-workspace/rustup-home:/opt/rustwide/rustup-home:ro,Z" "-e" "SOURCE_DIR=/opt/rustwide/workdir" "-e" "CARGO_TARGET_DIR=/opt/rustwide/target" "-e" "CARGO_INCREMENTAL=0" "-e" "RUST_BACKTRACE=full" "-e" "RUSTFLAGS=--cap-lints=warn" "-e" "RUSTDOCFLAGS=--cap-lints=warn" "-e" "CARGO_HOME=/opt/rustwide/cargo-home" "-e" "RUSTUP_HOME=/opt/rustwide/rustup-home" "-w" "/opt/rustwide/workdir" "-m" "1610612736" "--user" "0:0" "--network" "none" "ghcr.io/rust-lang/crates-build-env/linux@sha256:2788e3201cd34a07e3172128adcd8b3090168a8e3bcc40d7c032b9dda1df7d1c" "/opt/rustwide/cargo-home/bin/cargo" "+1.75.0" "test" "--frozen", kill_on_drop: false }`
[INFO] [stdout] 97bd9b1871dc7643819bc016bd1a50434fd8d7d5c6136d1348b95c43277c343f
[INFO] running `Command { std: "docker" "start" "-a" "97bd9b1871dc7643819bc016bd1a50434fd8d7d5c6136d1348b95c43277c343f", kill_on_drop: false }`
[INFO] [stderr]     Finished test [unoptimized + debuginfo] target(s) in 0.06s
[INFO] [stderr]      Running unittests src/lib.rs (/opt/rustwide/target/debug/deps/oxc_resolver-58d0e6c864a7f7fa)
[INFO] [stdout] 
[INFO] [stdout] running 86 tests
[INFO] [stdout] test json_comments::tests::block_comments_with_possible_end ... ok
[INFO] [stdout] test json_comments::tests::incomplete_comment ... ok
[INFO] [stdout] test json_comments::tests::block_comments ... ok
[INFO] [stdout] test json_comments::tests::incomplete_string ... ok
[INFO] [stdout] test json_comments::tests::incomplete_comment2 ... ok
[INFO] [stdout] test json_comments::tests::line_comments ... ok
[INFO] [stdout] test json_comments::tests::no_block_comments ... ok
[INFO] [stdout] test json_comments::tests::trailing_comma ... ok
[INFO] [stdout] test options::test::display ... ok
[INFO] [stdout] test json_comments::tests::strip_in_place ... ok
[INFO] [stdout] test resolution::test ... ok
[INFO] [stdout] test specifier::tests::empty ... ok
[INFO] [stdout] test json_comments::tests::no_slash_line_comments ... ok
[INFO] [stdout] test options::test::enforce_extension ... ok
[INFO] [stdout] test path::is_invalid_exports_target ... ok
[INFO] [stdout] test specifier::tests::absolute ... ok
[INFO] [stdout] test json_comments::tests::no_hash_comments ... ok
[INFO] [stdout] test specifier::tests::enhanced_resolve_edge_cases ... ok
[INFO] [stdout] test specifier::tests::enhanced_resolve_windows_like ... ok
[INFO] [stdout] test specifier::tests::hash ... ok
[INFO] [stdout] test specifier::tests::module ... ok
[INFO] [stdout] test specifier::tests::query_fragment ... ok
[INFO] [stdout] test tests::alias::system_path ... ok
[INFO] [stdout] test tests::alias::absolute_path ... ok
[INFO] [stdout] test tests::browser_field::broken ... ok
[INFO] [stdout] test tests::browser_field::crypto_js ... ok
[INFO] [stdout] test tests::browser_field::recurse_fail ... ok
[INFO] [stdout] test tests::builtins::builtins ... ok
[INFO] [stdout] test tests::browser_field::replace_file ... ok
[INFO] [stdout] test tests::browser_field::ignore ... ok
[INFO] [stdout] test tests::browser_field::recursive ... ok
[INFO] [stdout] test specifier::tests::relative ... ok
[INFO] [stdout] test tests::alias::alias ... ok
[INFO] [stdout] test tests::alias::infinite_recursion ... ok
[INFO] [stdout] test tests::builtins::builtins_off ... ok
[INFO] [stdout] test tests::exports_field::extension_alias_3 ... ok
[INFO] [stdout] test tests::exports_field::exports_not_browser_field1 ... ok
[INFO] [stdout] test tests::exports_field::exports_not_browser_field2 ... ok
[INFO] [stdout] test tests::exports_field::extension_without_fully_specified ... ok
[INFO] [stdout] test tests::exports_field::extension_alias_throw_error ... ok
[INFO] [stdout] test tests::dependencies::test ... ok
[INFO] [stdout] test tests::exports_field::extension_alias_1_2 ... ok
[INFO] [stdout] test tests::extension_alias::not_apply_to_extension_nor_main_files ... ok
[INFO] [stdout] test tests::exports_field::field_name_path ... ok
[INFO] [stdout] test tests::extension_alias::extension_alias ... ok
[INFO] [stdout] test tests::exports_field::test ... ok
[INFO] [stdout] test tests::fallback::fallback ... ok
[INFO] [stdout] test tests::extensions::respect_enforce_extension ... ok
[INFO] [stdout] test tests::extensions::default_enforce_extension ... ok
[INFO] [stdout] test tests::imports_field::test_cases ... ok
[INFO] [stdout] test tests::extensions::extensions ... ok
[INFO] [stdout] test tests::imports_field::test_into_io_error ... ok
[INFO] [stdout] test tests::exports_field::test_cases ... ok
[INFO] [stdout] test tests::full_specified::resolve_to_context ... ok
[INFO] [stdout] test tests::extensions::multi_dot_extension ... ok
[INFO] [stdout] test tests::imports_field::test ... ok
[INFO] [stdout] test tests::incorrect_description_file::incorrect_description_file_1 ... ok
[INFO] [stdout] test tests::main_field::test ... ok
[INFO] [stdout] test tests::incorrect_description_file::no_description_file ... ok
[INFO] [stdout] test tests::incorrect_description_file::incorrect_description_file_2 ... ok
[INFO] [stdout] test tests::incorrect_description_file::incorrect_description_file_3 ... ok
[INFO] [stdout] test tests::full_specified::test ... ok
[INFO] [stdout] test tests::resolve::resolve_to_context ... ok
[INFO] [stdout] test tests::restrictions::restriction1 ... ok
[INFO] [stdout] test tests::missing::test ... ok
[INFO] [stdout] test tests::resolve::issue238_resolve ... ok
[INFO] [stdout] test tests::resolve::resolve_hash_as_module ... ok
[INFO] [stdout] test tests::resolve::prefer_relative ... ok
[INFO] [stdout] test tests::roots::roots ... ok
[INFO] [stdout] test tests::resolve::resolve ... ok
[INFO] [stdout] test tests::scoped_packages::scoped_packages ... ok
[INFO] [stdout] test tests::roots::prefer_absolute ... ok
[INFO] [stdout] test tests::roots::resolve_to_context ... ok
[INFO] [stdout] test tests::tsconfig_paths::json_with_comments ... ok
[INFO] [stdout] test tests::tsconfig_paths::match_path ... ok
[INFO] [stdout] test tests::simple::simple ... ok
[INFO] [stdout] test tests::simple::dashed_name ... ok
[INFO] [stdout] test tests::tsconfig_paths::test_paths ... ok
[INFO] [stdout] test tests::tsconfig_paths::test_base_url ... ok
[INFO] [stdout] test tests::symlink::test ... ok
[INFO] [stdout] test tests::tsconfig_paths::test_paths_and_base_url ... ok
[INFO] [stdout] test tests::threaded_environment ... ok
[INFO] [stdout] test tests::tsconfig_project_references::disabled ... ok
[INFO] [stdout] test tests::tsconfig_project_references::manual ... ok
[INFO] [stdout] test tests::tsconfig_project_references::auto ... ok
[INFO] [stdout] test tests::tsconfig_paths::tsconfig ... ok
[INFO] [stdout] 
[INFO] [stdout] test result: ok. 86 passed; 0 failed; 0 ignored; 0 measured; 0 filtered out; finished in 0.17s
[INFO] [stdout] 
[INFO] [stderr]      Running tests/integration_test.rs (/opt/rustwide/target/debug/deps/integration_test-6d0f9ca093e0a183)
[INFO] [stdout] 
[INFO] [stdout] running 8 tests
[INFO] [stdout] test debug_resolver ... ok
[INFO] [stdout] test eq ... ok
[INFO] [stdout] test clear_cache ... ok
[INFO] [stdout] test clone ... ok
[INFO] [stdout] test options ... ok
[INFO] [stdout] test package_json ... ok
[INFO] [stdout] test debug ... ok
[INFO] [stdout] test dependencies ... ok
[INFO] [stdout] 
[INFO] [stdout] test result: ok. 8 passed; 0 failed; 0 ignored; 0 measured; 0 filtered out; finished in 0.01s
[INFO] [stdout] 
[INFO] [stderr]      Running tests/resolve_test.rs (/opt/rustwide/target/debug/deps/resolve_test-bcd3d66be35ccdfc)
[INFO] [stdout] 
[INFO] [stdout] running 3 tests
[INFO] [stdout] test chinese ... ok
[INFO] [stdout] test axios ... FAILED
[INFO] [stdout] test styled_components ... FAILED
[INFO] [stdout] 
[INFO] [stdout] failures:
[INFO] [stdout] 
[INFO] [stdout] ---- axios stdout ----
[INFO] [stdout] thread 'axios' panicked at tests/resolve_test.rs:56:5:
[INFO] [stdout] assertion `left == right` failed
[INFO] [stdout]   left: Err(NotFound("axios"))
[INFO] [stdout]  right: Ok("/opt/rustwide/workdir/fixtures/pnpm8/node_modules/.pnpm/axios@1.6.2/node_modules/axios/index.js")
[INFO] [stdout] stack backtrace:
[INFO] [stdout]    0:     0x562e1e0905ec - std::backtrace_rs::backtrace::libunwind::trace::ha637c64ce894333a
[INFO] [stdout]                                at /rustc/82e1608dfa6e0b5569232559e3d385fea5a93112/library/std/src/../../backtrace/src/backtrace/libunwind.rs:104:5
[INFO] [stdout]    1:     0x562e1e0905ec - std::backtrace_rs::backtrace::trace_unsynchronized::h47f62dea28e0c88d
[INFO] [stdout]                                at /rustc/82e1608dfa6e0b5569232559e3d385fea5a93112/library/std/src/../../backtrace/src/backtrace/mod.rs:66:5
[INFO] [stdout]    2:     0x562e1e0905ec - std::sys_common::backtrace::_print_fmt::h9eef0abe20ede486
[INFO] [stdout]                                at /rustc/82e1608dfa6e0b5569232559e3d385fea5a93112/library/std/src/sys_common/backtrace.rs:67:5
[INFO] [stdout]    3:     0x562e1e0905ec - <std::sys_common::backtrace::_print::DisplayBacktrace as core::fmt::Display>::fmt::hed7f999df88cc644
[INFO] [stdout]                                at /rustc/82e1608dfa6e0b5569232559e3d385fea5a93112/library/std/src/sys_common/backtrace.rs:44:22
[INFO] [stdout]    4:     0x562e1e0ba7d0 - core::fmt::rt::Argument::fmt::h1539a9308b8d058d
[INFO] [stdout]                                at /rustc/82e1608dfa6e0b5569232559e3d385fea5a93112/library/core/src/fmt/rt.rs:142:9
[INFO] [stdout]    5:     0x562e1e0ba7d0 - core::fmt::write::h3a39390d8560d9c9
[INFO] [stdout]                                at /rustc/82e1608dfa6e0b5569232559e3d385fea5a93112/library/core/src/fmt/mod.rs:1120:17
[INFO] [stdout]    6:     0x562e1e08d9ff - std::io::Write::write_fmt::h040b369f3a0f9cbc
[INFO] [stdout]                                at /rustc/82e1608dfa6e0b5569232559e3d385fea5a93112/library/std/src/io/mod.rs:1762:15
[INFO] [stdout]    7:     0x562e1e0903d4 - std::sys_common::backtrace::_print::h894006fb5c6f3d45
[INFO] [stdout]                                at /rustc/82e1608dfa6e0b5569232559e3d385fea5a93112/library/std/src/sys_common/backtrace.rs:47:5
[INFO] [stdout]    8:     0x562e1e0903d4 - std::sys_common::backtrace::print::h23a2d212c6fff936
[INFO] [stdout]                                at /rustc/82e1608dfa6e0b5569232559e3d385fea5a93112/library/std/src/sys_common/backtrace.rs:34:9
[INFO] [stdout]    9:     0x562e1e092097 - std::panicking::default_hook::{{closure}}::h8a1d2ee00185001a
[INFO] [stdout]   10:     0x562e1e091d83 - std::panicking::default_hook::h6038f2eba384e475
[INFO] [stdout]                                at /rustc/82e1608dfa6e0b5569232559e3d385fea5a93112/library/std/src/panicking.rs:289:9
[INFO] [stdout]   11:     0x562e1dfbc747 - <alloc::boxed::Box<F,A> as core::ops::function::Fn<Args>>::call::h0ad024c9bdc6d768
[INFO] [stdout]                                at /rustc/82e1608dfa6e0b5569232559e3d385fea5a93112/library/alloc/src/boxed.rs:2021:9
[INFO] [stdout]   12:     0x562e1dfbc747 - test::test_main::{{closure}}::h7500b54257359db6
[INFO] [stdout]                                at /rustc/82e1608dfa6e0b5569232559e3d385fea5a93112/library/test/src/lib.rs:138:21
[INFO] [stdout]   13:     0x562e1e0926a8 - <alloc::boxed::Box<F,A> as core::ops::function::Fn<Args>>::call::h1f8f335eaa9cfaee
[INFO] [stdout]                                at /rustc/82e1608dfa6e0b5569232559e3d385fea5a93112/library/alloc/src/boxed.rs:2021:9
[INFO] [stdout]   14:     0x562e1e0926a8 - std::panicking::rust_panic_with_hook::h2b5517d590cab22e
[INFO] [stdout]                                at /rustc/82e1608dfa6e0b5569232559e3d385fea5a93112/library/std/src/panicking.rs:783:13
[INFO] [stdout]   15:     0x562e1e0923fe - std::panicking::begin_panic_handler::{{closure}}::h233112c06e0ef43e
[INFO] [stdout]                                at /rustc/82e1608dfa6e0b5569232559e3d385fea5a93112/library/std/src/panicking.rs:657:13
[INFO] [stdout]   16:     0x562e1e090ab6 - std::sys_common::backtrace::__rust_end_short_backtrace::h6e893f24d7ebbff8
[INFO] [stdout]                                at /rustc/82e1608dfa6e0b5569232559e3d385fea5a93112/library/std/src/sys_common/backtrace.rs:170:18
[INFO] [stdout]   17:     0x562e1e092162 - rust_begin_unwind
[INFO] [stdout]                                at /rustc/82e1608dfa6e0b5569232559e3d385fea5a93112/library/std/src/panicking.rs:645:5
[INFO] [stdout]   18:     0x562e1df50f55 - core::panicking::panic_fmt::hbf0e066aabfa482c
[INFO] [stdout]                                at /rustc/82e1608dfa6e0b5569232559e3d385fea5a93112/library/core/src/panicking.rs:72:14
[INFO] [stdout]   19:     0x562e1df513ab - core::panicking::assert_failed_inner::h0bba8b7c26ee4492
[INFO] [stdout]   20:     0x562e1df55bce - core::panicking::assert_failed::hfac80a0629785baf
[INFO] [stdout]                                at /rustc/82e1608dfa6e0b5569232559e3d385fea5a93112/library/core/src/panicking.rs:279:5
[INFO] [stdout]   21:     0x562e1df842b0 - resolve_test::axios::h7c4e98238fd43239
[INFO] [stdout]                                at /opt/rustwide/workdir/tests/resolve_test.rs:56:5
[INFO] [stdout]   22:     0x562e1df83e57 - resolve_test::axios::{{closure}}::h9abe5824e87afa08
[INFO] [stdout]                                at /opt/rustwide/workdir/tests/resolve_test.rs:47:11
[INFO] [stdout]   23:     0x562e1df85ab6 - core::ops::function::FnOnce::call_once::h5b2a9fbf5a0189ea
[INFO] [stdout]                                at /rustc/82e1608dfa6e0b5569232559e3d385fea5a93112/library/core/src/ops/function.rs:250:5
[INFO] [stdout]   24:     0x562e1dfc1d9f - core::ops::function::FnOnce::call_once::h2b5d431d5046312d
[INFO] [stdout]                                at /rustc/82e1608dfa6e0b5569232559e3d385fea5a93112/library/core/src/ops/function.rs:250:5
[INFO] [stdout]   25:     0x562e1dfc1d9f - test::__rust_begin_short_backtrace::h7714669af176e207
[INFO] [stdout]                                at /rustc/82e1608dfa6e0b5569232559e3d385fea5a93112/library/test/src/lib.rs:628:18
[INFO] [stdout]   26:     0x562e1dfc0db5 - test::run_test_in_process::{{closure}}::h85218797dcbcec12
[INFO] [stdout]                                at /rustc/82e1608dfa6e0b5569232559e3d385fea5a93112/library/test/src/lib.rs:651:60
[INFO] [stdout]   27:     0x562e1dfc0db5 - <core::panic::unwind_safe::AssertUnwindSafe<F> as core::ops::function::FnOnce<()>>::call_once::h76c106ea31c14d7b
[INFO] [stdout]                                at /rustc/82e1608dfa6e0b5569232559e3d385fea5a93112/library/core/src/panic/unwind_safe.rs:272:9
[INFO] [stdout]   28:     0x562e1dfc0db5 - std::panicking::try::do_call::h3bd5d0f6620ee946
[INFO] [stdout]                                at /rustc/82e1608dfa6e0b5569232559e3d385fea5a93112/library/std/src/panicking.rs:552:40
[INFO] [stdout]   29:     0x562e1dfc0db5 - std::panicking::try::h232e535e4744fe31
[INFO] [stdout]                                at /rustc/82e1608dfa6e0b5569232559e3d385fea5a93112/library/std/src/panicking.rs:516:19
[INFO] [stdout]   30:     0x562e1dfc0db5 - std::panic::catch_unwind::h3ce3bd6ca8dbac68
[INFO] [stdout]                                at /rustc/82e1608dfa6e0b5569232559e3d385fea5a93112/library/std/src/panic.rs:142:14
[INFO] [stdout]   31:     0x562e1dfc0db5 - test::run_test_in_process::hc97b257c9621286a
[INFO] [stdout]                                at /rustc/82e1608dfa6e0b5569232559e3d385fea5a93112/library/test/src/lib.rs:651:27
[INFO] [stdout]   32:     0x562e1dfc0db5 - test::run_test::{{closure}}::h2aa798823a438d38
[INFO] [stdout]                                at /rustc/82e1608dfa6e0b5569232559e3d385fea5a93112/library/test/src/lib.rs:574:43
[INFO] [stdout]   33:     0x562e1df89076 - test::run_test::{{closure}}::h87d231c78fb59832
[INFO] [stdout]                                at /rustc/82e1608dfa6e0b5569232559e3d385fea5a93112/library/test/src/lib.rs:602:41
[INFO] [stdout]   34:     0x562e1df89076 - std::sys_common::backtrace::__rust_begin_short_backtrace::he6df152596625789
[INFO] [stdout]                                at /rustc/82e1608dfa6e0b5569232559e3d385fea5a93112/library/std/src/sys_common/backtrace.rs:154:18
[INFO] [stdout]   35:     0x562e1df8e127 - std::thread::Builder::spawn_unchecked_::{{closure}}::{{closure}}::ha94be15d1e0acf36
[INFO] [stdout]                                at /rustc/82e1608dfa6e0b5569232559e3d385fea5a93112/library/std/src/thread/mod.rs:529:17
[INFO] [stdout]   36:     0x562e1df8e127 - <core::panic::unwind_safe::AssertUnwindSafe<F> as core::ops::function::FnOnce<()>>::call_once::h9dc6bd6372f16606
[INFO] [stdout]                                at /rustc/82e1608dfa6e0b5569232559e3d385fea5a93112/library/core/src/panic/unwind_safe.rs:272:9
[INFO] [stdout]   37:     0x562e1df8e127 - std::panicking::try::do_call::h9057517f80303cd4
[INFO] [stdout]                                at /rustc/82e1608dfa6e0b5569232559e3d385fea5a93112/library/std/src/panicking.rs:552:40
[INFO] [stdout]   38:     0x562e1df8e127 - std::panicking::try::he3a30b11ee45340c
[INFO] [stdout]                                at /rustc/82e1608dfa6e0b5569232559e3d385fea5a93112/library/std/src/panicking.rs:516:19
[INFO] [stdout]   39:     0x562e1df8e127 - std::panic::catch_unwind::h410458cfd3528b8b
[INFO] [stdout]                                at /rustc/82e1608dfa6e0b5569232559e3d385fea5a93112/library/std/src/panic.rs:142:14
[INFO] [stdout]   40:     0x562e1df8e127 - std::thread::Builder::spawn_unchecked_::{{closure}}::h72ac3bdb567b737b
[INFO] [stdout]                                at /rustc/82e1608dfa6e0b5569232559e3d385fea5a93112/library/std/src/thread/mod.rs:528:30
[INFO] [stdout]   41:     0x562e1df8e127 - core::ops::function::FnOnce::call_once{{vtable.shim}}::h38f34da3654a8344
[INFO] [stdout]                                at /rustc/82e1608dfa6e0b5569232559e3d385fea5a93112/library/core/src/ops/function.rs:250:5
[INFO] [stdout]   42:     0x562e1e097365 - <alloc::boxed::Box<F,A> as core::ops::function::FnOnce<Args>>::call_once::hc7eafaff61e32df9
[INFO] [stdout]                                at /rustc/82e1608dfa6e0b5569232559e3d385fea5a93112/library/alloc/src/boxed.rs:2007:9
[INFO] [stdout]   43:     0x562e1e097365 - <alloc::boxed::Box<F,A> as core::ops::function::FnOnce<Args>>::call_once::h6ba4a5de48dd2304
[INFO] [stdout]                                at /rustc/82e1608dfa6e0b5569232559e3d385fea5a93112/library/alloc/src/boxed.rs:2007:9
[INFO] [stdout]   44:     0x562e1e097365 - std::sys::unix::thread::Thread::new::thread_start::he469335aef763e45
[INFO] [stdout]                                at /rustc/82e1608dfa6e0b5569232559e3d385fea5a93112/library/std/src/sys/unix/thread.rs:108:17
[INFO] [stdout]   45:     0x7f4c52885ac3 - <unknown>
[INFO] [stdout]   46:     0x7f4c52916bf4 - __clone
[INFO] [stdout]   47:                0x0 - <unknown>
[INFO] [stdout] 
[INFO] [stdout] ---- styled_components stdout ----
[INFO] [stdout] thread 'styled_components' panicked at tests/resolve_test.rs:28:5:
[INFO] [stdout] assertion `left == right` failed
[INFO] [stdout]   left: Err(NotFound("styled-components"))
[INFO] [stdout]  right: Ok("/opt/rustwide/workdir/fixtures/pnpm8/node_modules/.pnpm/styled-components@6.1.1_react-dom@18.2.0_react@18.2.0/node_modules/styled-components/dist/styled-components.browser.cjs.js")
[INFO] [stdout] stack backtrace:
[INFO] [stdout]    0:     0x562e1e0905ec - std::backtrace_rs::backtrace::libunwind::trace::ha637c64ce894333a
[INFO] [stdout]                                at /rustc/82e1608dfa6e0b5569232559e3d385fea5a93112/library/std/src/../../backtrace/src/backtrace/libunwind.rs:104:5
[INFO] [stdout]    1:     0x562e1e0905ec - std::backtrace_rs::backtrace::trace_unsynchronized::h47f62dea28e0c88d
[INFO] [stdout]                                at /rustc/82e1608dfa6e0b5569232559e3d385fea5a93112/library/std/src/../../backtrace/src/backtrace/mod.rs:66:5
[INFO] [stdout]    2:     0x562e1e0905ec - std::sys_common::backtrace::_print_fmt::h9eef0abe20ede486
[INFO] [stdout]                                at /rustc/82e1608dfa6e0b5569232559e3d385fea5a93112/library/std/src/sys_common/backtrace.rs:67:5
[INFO] [stdout]    3:     0x562e1e0905ec - <std::sys_common::backtrace::_print::DisplayBacktrace as core::fmt::Display>::fmt::hed7f999df88cc644
[INFO] [stdout]                                at /rustc/82e1608dfa6e0b5569232559e3d385fea5a93112/library/std/src/sys_common/backtrace.rs:44:22
[INFO] [stdout]    4:     0x562e1e0ba7d0 - core::fmt::rt::Argument::fmt::h1539a9308b8d058d
[INFO] [stdout]                                at /rustc/82e1608dfa6e0b5569232559e3d385fea5a93112/library/core/src/fmt/rt.rs:142:9
[INFO] [stdout]    5:     0x562e1e0ba7d0 - core::fmt::write::h3a39390d8560d9c9
[INFO] [stdout]                                at /rustc/82e1608dfa6e0b5569232559e3d385fea5a93112/library/core/src/fmt/mod.rs:1120:17
[INFO] [stdout]    6:     0x562e1e08d9ff - std::io::Write::write_fmt::h040b369f3a0f9cbc
[INFO] [stdout]                                at /rustc/82e1608dfa6e0b5569232559e3d385fea5a93112/library/std/src/io/mod.rs:1762:15
[INFO] [stdout]    7:     0x562e1e0903d4 - std::sys_common::backtrace::_print::h894006fb5c6f3d45
[INFO] [stdout]                                at /rustc/82e1608dfa6e0b5569232559e3d385fea5a93112/library/std/src/sys_common/backtrace.rs:47:5
[INFO] [stdout]    8:     0x562e1e0903d4 - std::sys_common::backtrace::print::h23a2d212c6fff936
[INFO] [stdout]                                at /rustc/82e1608dfa6e0b5569232559e3d385fea5a93112/library/std/src/sys_common/backtrace.rs:34:9
[INFO] [stdout]    9:     0x562e1e092097 - std::panicking::default_hook::{{closure}}::h8a1d2ee00185001a
[INFO] [stdout]   10:     0x562e1e091d83 - std::panicking::default_hook::h6038f2eba384e475
[INFO] [stdout]                                at /rustc/82e1608dfa6e0b5569232559e3d385fea5a93112/library/std/src/panicking.rs:289:9
[INFO] [stdout]   11:     0x562e1dfbc747 - <alloc::boxed::Box<F,A> as core::ops::function::Fn<Args>>::call::h0ad024c9bdc6d768
[INFO] [stdout]                                at /rustc/82e1608dfa6e0b5569232559e3d385fea5a93112/library/alloc/src/boxed.rs:2021:9
[INFO] [stdout]   12:     0x562e1dfbc747 - test::test_main::{{closure}}::h7500b54257359db6
[INFO] [stdout]                                at /rustc/82e1608dfa6e0b5569232559e3d385fea5a93112/library/test/src/lib.rs:138:21
[INFO] [stdout]   13:     0x562e1e0926a8 - <alloc::boxed::Box<F,A> as core::ops::function::Fn<Args>>::call::h1f8f335eaa9cfaee
[INFO] [stdout]                                at /rustc/82e1608dfa6e0b5569232559e3d385fea5a93112/library/alloc/src/boxed.rs:2021:9
[INFO] [stdout]   14:     0x562e1e0926a8 - std::panicking::rust_panic_with_hook::h2b5517d590cab22e
[INFO] [stdout]                                at /rustc/82e1608dfa6e0b5569232559e3d385fea5a93112/library/std/src/panicking.rs:783:13
[INFO] [stdout]   15:     0x562e1e0923fe - std::panicking::begin_panic_handler::{{closure}}::h233112c06e0ef43e
[INFO] [stdout]                                at /rustc/82e1608dfa6e0b5569232559e3d385fea5a93112/library/std/src/panicking.rs:657:13
[INFO] [stdout]   16:     0x562e1e090ab6 - std::sys_common::backtrace::__rust_end_short_backtrace::h6e893f24d7ebbff8
[INFO] [stdout]                                at /rustc/82e1608dfa6e0b5569232559e3d385fea5a93112/library/std/src/sys_common/backtrace.rs:170:18
[INFO] [stdout]   17:     0x562e1e092162 - rust_begin_unwind
[INFO] [stdout]                                at /rustc/82e1608dfa6e0b5569232559e3d385fea5a93112/library/std/src/panicking.rs:645:5
[INFO] [stdout]   18:     0x562e1df50f55 - core::panicking::panic_fmt::hbf0e066aabfa482c
[INFO] [stdout]                                at /rustc/82e1608dfa6e0b5569232559e3d385fea5a93112/library/core/src/panicking.rs:72:14
[INFO] [stdout]   19:     0x562e1df513ab - core::panicking::assert_failed_inner::h0bba8b7c26ee4492
[INFO] [stdout]   20:     0x562e1df55bce - core::panicking::assert_failed::hfac80a0629785baf
[INFO] [stdout]                                at /rustc/82e1608dfa6e0b5569232559e3d385fea5a93112/library/core/src/panicking.rs:279:5
[INFO] [stdout]   21:     0x562e1df8347a - resolve_test::styled_components::h43ee98ce120b7b81
[INFO] [stdout]                                at /opt/rustwide/workdir/tests/resolve_test.rs:28:5
[INFO] [stdout]   22:     0x562e1df82b97 - resolve_test::styled_components::{{closure}}::h74fd7433c0dfd6e3
[INFO] [stdout]                                at /opt/rustwide/workdir/tests/resolve_test.rs:18:23
[INFO] [stdout]   23:     0x562e1df85c86 - core::ops::function::FnOnce::call_once::hc33c4492b6ba0926
[INFO] [stdout]                                at /rustc/82e1608dfa6e0b5569232559e3d385fea5a93112/library/core/src/ops/function.rs:250:5
[INFO] [stdout]   24:     0x562e1dfc1d9f - core::ops::function::FnOnce::call_once::h2b5d431d5046312d
[INFO] [stdout]                                at /rustc/82e1608dfa6e0b5569232559e3d385fea5a93112/library/core/src/ops/function.rs:250:5
[INFO] [stdout]   25:     0x562e1dfc1d9f - test::__rust_begin_short_backtrace::h7714669af176e207
[INFO] [stdout]                                at /rustc/82e1608dfa6e0b5569232559e3d385fea5a93112/library/test/src/lib.rs:628:18
[INFO] [stdout]   26:     0x562e1dfc0db5 - test::run_test_in_process::{{closure}}::h85218797dcbcec12
[INFO] [stdout]                                at /rustc/82e1608dfa6e0b5569232559e3d385fea5a93112/library/test/src/lib.rs:651:60
[INFO] [stdout]   27:     0x562e1dfc0db5 - <core::panic::unwind_safe::AssertUnwindSafe<F> as core::ops::function::FnOnce<()>>::call_once::h76c106ea31c14d7b
[INFO] [stdout]                                at /rustc/82e1608dfa6e0b5569232559e3d385fea5a93112/library/core/src/panic/unwind_safe.rs:272:9
[INFO] [stdout]   28:     0x562e1dfc0db5 - std::panicking::try::do_call::h3bd5d0f6620ee946
[INFO] [stdout]                                at /rustc/82e1608dfa6e0b5569232559e3d385fea5a93112/library/std/src/panicking.rs:552:40
[INFO] [stdout]   29:     0x562e1dfc0db5 - std::panicking::try::h232e535e4744fe31
[INFO] [stdout]                                at /rustc/82e1608dfa6e0b5569232559e3d385fea5a93112/library/std/src/panicking.rs:516:19
[INFO] [stdout]   30:     0x562e1dfc0db5 - std::panic::catch_unwind::h3ce3bd6ca8dbac68
[INFO] [stdout]                                at /rustc/82e1608dfa6e0b5569232559e3d385fea5a93112/library/std/src/panic.rs:142:14
[INFO] [stdout]   31:     0x562e1dfc0db5 - test::run_test_in_process::hc97b257c9621286a
[INFO] [stdout]                                at /rustc/82e1608dfa6e0b5569232559e3d385fea5a93112/library/test/src/lib.rs:651:27
[INFO] [stdout]   32:     0x562e1dfc0db5 - test::run_test::{{closure}}::h2aa798823a438d38
[INFO] [stdout]                                at /rustc/82e1608dfa6e0b5569232559e3d385fea5a93112/library/test/src/lib.rs:574:43
[INFO] [stdout]   33:     0x562e1df89076 - test::run_test::{{closure}}::h87d231c78fb59832
[INFO] [stdout]                                at /rustc/82e1608dfa6e0b5569232559e3d385fea5a93112/library/test/src/lib.rs:602:41
[INFO] [stdout]   34:     0x562e1df89076 - std::sys_common::backtrace::__rust_begin_short_backtrace::he6df152596625789
[INFO] [stdout]                                at /rustc/82e1608dfa6e0b5569232559e3d385fea5a93112/library/std/src/sys_common/backtrace.rs:154:18
[INFO] [stdout]   35:     0x562e1df8e127 - std::thread::Builder::spawn_unchecked_::{{closure}}::{{closure}}::ha94be15d1e0acf36
[INFO] [stdout]                                at /rustc/82e1608dfa6e0b5569232559e3d385fea5a93112/library/std/src/thread/mod.rs:529:17
[INFO] [stdout]   36:     0x562e1df8e127 - <core::panic::unwind_safe::AssertUnwindSafe<F> as core::ops::function::FnOnce<()>>::call_once::h9dc6bd6372f16606
[INFO] [stdout]                                at /rustc/82e1608dfa6e0b5569232559e3d385fea5a93112/library/core/src/panic/unwind_safe.rs:272:9
[INFO] [stdout]   37:     0x562e1df8e127 - std::panicking::try::do_call::h9057517f80303cd4
[INFO] [stdout]                                at /rustc/82e1608dfa6e0b5569232559e3d385fea5a93112/library/std/src/panicking.rs:552:40
[INFO] [stdout]   38:     0x562e1df8e127 - std::panicking::try::he3a30b11ee45340c
[INFO] [stdout]                                at /rustc/82e1608dfa6e0b5569232559e3d385fea5a93112/library/std/src/panicking.rs:516:19
[INFO] [stdout]   39:     0x562e1df8e127 - std::panic::catch_unwind::h410458cfd3528b8b
[INFO] [stdout]                                at /rustc/82e1608dfa6e0b5569232559e3d385fea5a93112/library/std/src/panic.rs:142:14
[INFO] [stdout]   40:     0x562e1df8e127 - std::thread::Builder::spawn_unchecked_::{{closure}}::h72ac3bdb567b737b
[INFO] [stdout]                                at /rustc/82e1608dfa6e0b5569232559e3d385fea5a93112/library/std/src/thread/mod.rs:528:30
[INFO] [stdout]   41:     0x562e1df8e127 - core::ops::function::FnOnce::call_once{{vtable.shim}}::h38f34da3654a8344
[INFO] [stdout]                                at /rustc/82e1608dfa6e0b5569232559e3d385fea5a93112/library/core/src/ops/function.rs:250:5
[INFO] [stdout]   42:     0x562e1e097365 - <alloc::boxed::Box<F,A> as core::ops::function::FnOnce<Args>>::call_once::hc7eafaff61e32df9
[INFO] [stdout]                                at /rustc/82e1608dfa6e0b5569232559e3d385fea5a93112/library/alloc/src/boxed.rs:2007:9
[INFO] [stdout]   43:     0x562e1e097365 - <alloc::boxed::Box<F,A> as core::ops::function::FnOnce<Args>>::call_once::h6ba4a5de48dd2304
[INFO] [stdout]                                at /rustc/82e1608dfa6e0b5569232559e3d385fea5a93112/library/alloc/src/boxed.rs:2007:9
[INFO] [stdout]   44:     0x562e1e097365 - std::sys::unix::thread::Thread::new::thread_start::he469335aef763e45
[INFO] [stdout]                                at /rustc/82e1608dfa6e0b5569232559e3d385fea5a93112/library/std/src/sys/unix/thread.rs:108:17
[INFO] [stdout]   45:     0x7f4c52885ac3 - <unknown>
[INFO] [stdout]   46:     0x7f4c52916bf4 - __clone
[INFO] [stdout]   47:                0x0 - <unknown>
[INFO] [stdout] 
[INFO] [stdout] 
[INFO] [stdout] failures:
[INFO] [stdout]     axios
[INFO] [stdout]     styled_components
[INFO] [stdout] 
[INFO] [stdout] test result: FAILED. 1 passed; 2 failed; 0 ignored; 0 measured; 0 filtered out; finished in 0.03s
[INFO] [stdout] 
[INFO] [stderr] error: test failed, to rerun pass `--test resolve_test`
[INFO] running `Command { std: "docker" "inspect" "97bd9b1871dc7643819bc016bd1a50434fd8d7d5c6136d1348b95c43277c343f", kill_on_drop: false }`
[INFO] running `Command { std: "docker" "rm" "-f" "97bd9b1871dc7643819bc016bd1a50434fd8d7d5c6136d1348b95c43277c343f", kill_on_drop: false }`
[INFO] [stdout] 97bd9b1871dc7643819bc016bd1a50434fd8d7d5c6136d1348b95c43277c343f
