[INFO] cloning repository https://github.com/oxabz/yew-html-attributes
[INFO] running `Command { std: "git" "-c" "credential.helper=" "-c" "credential.helper=/workspace/cargo-home/bin/git-credential-null" "clone" "--bare" "https://github.com/oxabz/yew-html-attributes" "/workspace/cache/git-repos/https%3A%2F%2Fgithub.com%2Foxabz%2Fyew-html-attributes", kill_on_drop: false }`
[INFO] [stderr] Cloning into bare repository '/workspace/cache/git-repos/https%3A%2F%2Fgithub.com%2Foxabz%2Fyew-html-attributes'...
[INFO] running `Command { std: "git" "rev-parse" "HEAD", kill_on_drop: false }`
[INFO] [stdout] 760594de83537f7771aa67adb1235941340647d3
[INFO] testing oxabz/yew-html-attributes against 1.75.0 for beta-1.76-1
[INFO] running `Command { std: "git" "clone" "/workspace/cache/git-repos/https%3A%2F%2Fgithub.com%2Foxabz%2Fyew-html-attributes" "/workspace/builds/worker-6-tc1/source", kill_on_drop: false }`
[INFO] [stderr] Cloning into '/workspace/builds/worker-6-tc1/source'...
[INFO] [stderr] done.
[INFO] validating manifest of git repo https://github.com/oxabz/yew-html-attributes on toolchain 1.75.0
[INFO] running `Command { std: CARGO_HOME="/workspace/cargo-home" RUSTUP_HOME="/workspace/rustup-home" "/workspace/cargo-home/bin/cargo" "+1.75.0" "metadata" "--manifest-path" "Cargo.toml" "--no-deps", kill_on_drop: false }`
[INFO] started tweaking git repo https://github.com/oxabz/yew-html-attributes
[INFO] finished tweaking git repo https://github.com/oxabz/yew-html-attributes
[INFO] tweaked toml for git repo https://github.com/oxabz/yew-html-attributes written to /workspace/builds/worker-6-tc1/source/Cargo.toml
[INFO] crate git repo https://github.com/oxabz/yew-html-attributes already has a lockfile, it will not be regenerated
[INFO] running `Command { std: CARGO_HOME="/workspace/cargo-home" RUSTUP_HOME="/workspace/rustup-home" "/workspace/cargo-home/bin/cargo" "+1.75.0" "fetch" "--manifest-path" "Cargo.toml", kill_on_drop: false }`
[INFO] [stderr] warning: virtual workspace defaulting to `resolver = "1"` despite one or more workspace members being on edition 2021 which implies `resolver = "2"`
[INFO] [stderr] note: to keep the current resolver, specify `workspace.resolver = "1"` in the workspace root's manifest
[INFO] [stderr] note: to use the edition 2021 resolver, specify `workspace.resolver = "2"` in the workspace root's manifest
[INFO] [stderr] note: for more details see https://doc.rust-lang.org/cargo/reference/resolver.html#resolver-versions
[INFO] running `Command { std: "docker" "create" "-v" "/var/lib/crater-agent-workspace/builds/worker-6-tc1/target:/opt/rustwide/target:rw,Z" "-v" "/var/lib/crater-agent-workspace/builds/worker-6-tc1/source:/opt/rustwide/workdir:ro,Z" "-v" "/var/lib/crater-agent-workspace/cargo-home:/opt/rustwide/cargo-home:ro,Z" "-v" "/var/lib/crater-agent-workspace/rustup-home:/opt/rustwide/rustup-home:ro,Z" "-e" "SOURCE_DIR=/opt/rustwide/workdir" "-e" "CARGO_TARGET_DIR=/opt/rustwide/target" "-e" "CARGO_HOME=/opt/rustwide/cargo-home" "-e" "RUSTUP_HOME=/opt/rustwide/rustup-home" "-w" "/opt/rustwide/workdir" "-m" "1610612736" "--user" "0:0" "--network" "none" "ghcr.io/rust-lang/crates-build-env/linux@sha256:2788e3201cd34a07e3172128adcd8b3090168a8e3bcc40d7c032b9dda1df7d1c" "/opt/rustwide/cargo-home/bin/cargo" "+1.75.0" "metadata" "--no-deps" "--format-version=1", kill_on_drop: false }`
[INFO] [stdout] d823541b5a04fb64b599001d59873a8c9a787ce6fedba4d2f7fc53bedb6d04d2
[INFO] running `Command { std: "docker" "start" "-a" "d823541b5a04fb64b599001d59873a8c9a787ce6fedba4d2f7fc53bedb6d04d2", kill_on_drop: false }`
[INFO] running `Command { std: "docker" "inspect" "d823541b5a04fb64b599001d59873a8c9a787ce6fedba4d2f7fc53bedb6d04d2", kill_on_drop: false }`
[INFO] running `Command { std: "docker" "rm" "-f" "d823541b5a04fb64b599001d59873a8c9a787ce6fedba4d2f7fc53bedb6d04d2", kill_on_drop: false }`
[INFO] [stdout] d823541b5a04fb64b599001d59873a8c9a787ce6fedba4d2f7fc53bedb6d04d2
[INFO] running `Command { std: "docker" "create" "-v" "/var/lib/crater-agent-workspace/builds/worker-6-tc1/target:/opt/rustwide/target:rw,Z" "-v" "/var/lib/crater-agent-workspace/builds/worker-6-tc1/source:/opt/rustwide/workdir:ro,Z" "-v" "/var/lib/crater-agent-workspace/cargo-home:/opt/rustwide/cargo-home:ro,Z" "-v" "/var/lib/crater-agent-workspace/rustup-home:/opt/rustwide/rustup-home:ro,Z" "-e" "SOURCE_DIR=/opt/rustwide/workdir" "-e" "CARGO_TARGET_DIR=/opt/rustwide/target" "-e" "CARGO_INCREMENTAL=0" "-e" "RUST_BACKTRACE=full" "-e" "RUSTFLAGS=--cap-lints=warn" "-e" "RUSTDOCFLAGS=--cap-lints=warn" "-e" "CARGO_HOME=/opt/rustwide/cargo-home" "-e" "RUSTUP_HOME=/opt/rustwide/rustup-home" "-w" "/opt/rustwide/workdir" "-m" "1610612736" "--user" "0:0" "--network" "none" "ghcr.io/rust-lang/crates-build-env/linux@sha256:2788e3201cd34a07e3172128adcd8b3090168a8e3bcc40d7c032b9dda1df7d1c" "/opt/rustwide/cargo-home/bin/cargo" "+1.75.0" "build" "--frozen" "--message-format=json", kill_on_drop: false }`
[INFO] [stdout] 70637e46057167fb648163656eebebbd0506b5e4d09402e682a5951af97a6785
[INFO] running `Command { std: "docker" "start" "-a" "70637e46057167fb648163656eebebbd0506b5e4d09402e682a5951af97a6785", kill_on_drop: false }`
[INFO] [stderr] warning: virtual workspace defaulting to `resolver = "1"` despite one or more workspace members being on edition 2021 which implies `resolver = "2"`
[INFO] [stderr] note: to keep the current resolver, specify `workspace.resolver = "1"` in the workspace root's manifest
[INFO] [stderr] note: to use the edition 2021 resolver, specify `workspace.resolver = "2"` in the workspace root's manifest
[INFO] [stderr] note: for more details see https://doc.rust-lang.org/cargo/reference/resolver.html#resolver-versions
[INFO] [stderr]    Compiling proc-macro2 v1.0.51
[INFO] [stderr]    Compiling quote v1.0.23
[INFO] [stderr]    Compiling unicode-ident v1.0.6
[INFO] [stderr]    Compiling syn v1.0.107
[INFO] [stderr]    Compiling once_cell v1.17.1
[INFO] [stderr]    Compiling log v0.4.17
[INFO] [stderr]    Compiling wasm-bindgen-shared v0.2.84
[INFO] [stderr]    Compiling cfg-if v1.0.0
[INFO] [stderr]    Compiling bumpalo v3.12.0
[INFO] [stderr]    Compiling wasm-bindgen v0.2.84
[INFO] [stderr]    Compiling serde_derive v1.0.152
[INFO] [stderr]    Compiling serde v1.0.152
[INFO] [stderr]    Compiling autocfg v1.1.0
[INFO] [stderr]    Compiling ryu v1.0.12
[INFO] [stderr]    Compiling memchr v2.5.0
[INFO] [stderr]    Compiling itoa v1.0.5
[INFO] [stderr]    Compiling futures-core v0.3.26
[INFO] [stderr]    Compiling serde_json v1.0.93
[INFO] [stderr]    Compiling futures-channel v0.3.26
[INFO] [stderr]    Compiling thiserror v1.0.38
[INFO] [stderr]    Compiling pin-project-lite v0.2.9
[INFO] [stderr]    Compiling futures-sink v0.3.26
[INFO] [stderr]    Compiling version_check v0.9.4
[INFO] [stderr]    Compiling futures-task v0.3.26
[INFO] [stderr]    Compiling futures-util v0.3.26
[INFO] [stderr]    Compiling libc v0.2.139
[INFO] [stderr]    Compiling rustversion v1.0.11
[INFO] [stderr]    Compiling slab v0.4.7
[INFO] [stderr]    Compiling tokio v1.25.0
[INFO] [stderr]    Compiling percent-encoding v2.2.0
[INFO] [stderr]    Compiling pin-utils v0.1.0
[INFO] [stderr]    Compiling futures-io v0.3.26
[INFO] [stderr]    Compiling indexmap v1.9.2
[INFO] [stderr]    Compiling prettyplease v0.1.23
[INFO] [stderr]    Compiling anymap2 v0.13.0
[INFO] [stderr]    Compiling form_urlencoded v1.1.0
[INFO] [stderr]    Compiling hashbrown v0.12.3
[INFO] [stderr]    Compiling proc-macro-error-attr v1.0.4
[INFO] [stderr]    Compiling proc-macro-error v1.0.4
[INFO] [stderr]    Compiling tracing-core v0.1.30
[INFO] [stderr]    Compiling regex-syntax v0.6.28
[INFO] [stderr]    Compiling boolinator v2.4.0
[INFO] [stderr]    Compiling lazy_static v1.4.0
[INFO] [stderr]    Compiling aho-corasick v0.7.20
[INFO] [stderr]    Compiling csv-core v0.1.10
[INFO] [stderr]    Compiling num_cpus v1.15.0
[INFO] [stderr]    Compiling implicit-clone v0.3.5
[INFO] [stderr]    Compiling regex v1.7.1
[INFO] [stderr]    Compiling tokio-stream v0.1.11
[INFO] [stderr]    Compiling wasm-bindgen-backend v0.2.84
[INFO] [stderr]    Compiling wasm-bindgen-macro-support v0.2.84
[INFO] [stderr]    Compiling thiserror-impl v1.0.38
[INFO] [stderr]    Compiling futures-macro v0.3.26
[INFO] [stderr]    Compiling pin-project-internal v1.0.12
[INFO] [stderr]    Compiling tracing-attributes v0.1.23
[INFO] [stderr]    Compiling yew-macro v0.20.0
[INFO] [stderr]    Compiling wasm-bindgen-macro v0.2.84
[INFO] [stderr]    Compiling pin-project v1.0.12
[INFO] [stderr]    Compiling tracing v0.1.37
[INFO] [stderr]    Compiling js-sys v0.3.61
[INFO] [stderr]    Compiling console_error_panic_hook v0.1.7
[INFO] [stderr]    Compiling web-sys v0.3.61
[INFO] [stderr]    Compiling wasm-bindgen-futures v0.4.34
[INFO] [stderr]    Compiling gloo-timers v0.2.6
[INFO] [stderr]    Compiling futures v0.3.26
[INFO] [stderr]    Compiling pinned v0.1.0
[INFO] [stderr]    Compiling prokio v0.1.0
[INFO] [stderr]    Compiling bincode v1.3.3
[INFO] [stderr]    Compiling serde_urlencoded v0.7.1
[INFO] [stderr]    Compiling serde-wasm-bindgen v0.4.5
[INFO] [stderr]    Compiling csv v1.2.0
[INFO] [stderr]    Compiling yew-html-attributes-macro-derive v0.1.0 (/opt/rustwide/workdir/yew-html-attributes-macro-derive)
[INFO] [stderr]    Compiling gloo-utils v0.1.6
[INFO] [stderr]    Compiling gloo-events v0.1.2
[INFO] [stderr]    Compiling gloo-render v0.1.1
[INFO] [stderr]    Compiling gloo-dialogs v0.1.1
[INFO] [stderr]    Compiling gloo-console v0.2.3
[INFO] [stderr]    Compiling gloo-net v0.2.6
[INFO] [stderr]    Compiling gloo-storage v0.2.2
[INFO] [stderr]    Compiling gloo-history v0.1.3
[INFO] [stderr]    Compiling gloo-file v0.2.3
[INFO] [stderr]    Compiling gloo-worker v0.2.1
[INFO] [stderr]    Compiling gloo v0.8.0
[INFO] [stderr]    Compiling yew v0.20.0
[INFO] [stderr]    Compiling yew-html-attributes v0.1.0 (/opt/rustwide/workdir/yew-html-attributes)
[INFO] [stderr]    Compiling yew-html-attributes-demo-input v0.1.0 (/opt/rustwide/workdir/yew-html-attributes-demo-input)
[INFO] [stderr]    Compiling yew-html-attributes-demo v0.1.0 (/opt/rustwide/workdir/yew-html-attributes-demo)
[INFO] [stderr]     Finished dev [unoptimized + debuginfo] target(s) in 13.22s
[INFO] running `Command { std: "docker" "inspect" "70637e46057167fb648163656eebebbd0506b5e4d09402e682a5951af97a6785", kill_on_drop: false }`
[INFO] running `Command { std: "docker" "rm" "-f" "70637e46057167fb648163656eebebbd0506b5e4d09402e682a5951af97a6785", kill_on_drop: false }`
[INFO] [stdout] 70637e46057167fb648163656eebebbd0506b5e4d09402e682a5951af97a6785
[INFO] running `Command { std: "docker" "create" "-v" "/var/lib/crater-agent-workspace/builds/worker-6-tc1/target:/opt/rustwide/target:rw,Z" "-v" "/var/lib/crater-agent-workspace/builds/worker-6-tc1/source:/opt/rustwide/workdir:ro,Z" "-v" "/var/lib/crater-agent-workspace/cargo-home:/opt/rustwide/cargo-home:ro,Z" "-v" "/var/lib/crater-agent-workspace/rustup-home:/opt/rustwide/rustup-home:ro,Z" "-e" "SOURCE_DIR=/opt/rustwide/workdir" "-e" "CARGO_TARGET_DIR=/opt/rustwide/target" "-e" "CARGO_INCREMENTAL=0" "-e" "RUST_BACKTRACE=full" "-e" "RUSTFLAGS=--cap-lints=warn" "-e" "RUSTDOCFLAGS=--cap-lints=warn" "-e" "CARGO_HOME=/opt/rustwide/cargo-home" "-e" "RUSTUP_HOME=/opt/rustwide/rustup-home" "-w" "/opt/rustwide/workdir" "-m" "1610612736" "--user" "0:0" "--network" "none" "ghcr.io/rust-lang/crates-build-env/linux@sha256:2788e3201cd34a07e3172128adcd8b3090168a8e3bcc40d7c032b9dda1df7d1c" "/opt/rustwide/cargo-home/bin/cargo" "+1.75.0" "test" "--frozen" "--no-run" "--message-format=json", kill_on_drop: false }`
[INFO] [stdout] 92f469d3fb0ba9af451fd7d100c27929713abb1f2e7728d6f44c9745725a4b57
[INFO] running `Command { std: "docker" "start" "-a" "92f469d3fb0ba9af451fd7d100c27929713abb1f2e7728d6f44c9745725a4b57", kill_on_drop: false }`
[INFO] [stderr] warning: virtual workspace defaulting to `resolver = "1"` despite one or more workspace members being on edition 2021 which implies `resolver = "2"`
[INFO] [stderr] note: to keep the current resolver, specify `workspace.resolver = "1"` in the workspace root's manifest
[INFO] [stderr] note: to use the edition 2021 resolver, specify `workspace.resolver = "2"` in the workspace root's manifest
[INFO] [stderr] note: for more details see https://doc.rust-lang.org/cargo/reference/resolver.html#resolver-versions
[INFO] [stderr]    Compiling yew-html-attributes-macro-derive v0.1.0 (/opt/rustwide/workdir/yew-html-attributes-macro-derive)
[INFO] [stderr]    Compiling yew-html-attributes v0.1.0 (/opt/rustwide/workdir/yew-html-attributes)
[INFO] [stderr]    Compiling yew-html-attributes-demo-input v0.1.0 (/opt/rustwide/workdir/yew-html-attributes-demo-input)
[INFO] [stderr]    Compiling yew-html-attributes-demo v0.1.0 (/opt/rustwide/workdir/yew-html-attributes-demo)
[INFO] [stderr]     Finished test [unoptimized + debuginfo] target(s) in 1.26s
[INFO] running `Command { std: "docker" "inspect" "92f469d3fb0ba9af451fd7d100c27929713abb1f2e7728d6f44c9745725a4b57", kill_on_drop: false }`
[INFO] running `Command { std: "docker" "rm" "-f" "92f469d3fb0ba9af451fd7d100c27929713abb1f2e7728d6f44c9745725a4b57", kill_on_drop: false }`
[INFO] [stdout] 92f469d3fb0ba9af451fd7d100c27929713abb1f2e7728d6f44c9745725a4b57
[INFO] running `Command { std: "docker" "create" "-v" "/var/lib/crater-agent-workspace/builds/worker-6-tc1/target:/opt/rustwide/target:rw,Z" "-v" "/var/lib/crater-agent-workspace/builds/worker-6-tc1/source:/opt/rustwide/workdir:ro,Z" "-v" "/var/lib/crater-agent-workspace/cargo-home:/opt/rustwide/cargo-home:ro,Z" "-v" "/var/lib/crater-agent-workspace/rustup-home:/opt/rustwide/rustup-home:ro,Z" "-e" "SOURCE_DIR=/opt/rustwide/workdir" "-e" "CARGO_TARGET_DIR=/opt/rustwide/target" "-e" "CARGO_INCREMENTAL=0" "-e" "RUST_BACKTRACE=full" "-e" "RUSTFLAGS=--cap-lints=warn" "-e" "RUSTDOCFLAGS=--cap-lints=warn" "-e" "CARGO_HOME=/opt/rustwide/cargo-home" "-e" "RUSTUP_HOME=/opt/rustwide/rustup-home" "-w" "/opt/rustwide/workdir" "-m" "1610612736" "--user" "0:0" "--network" "none" "ghcr.io/rust-lang/crates-build-env/linux@sha256:2788e3201cd34a07e3172128adcd8b3090168a8e3bcc40d7c032b9dda1df7d1c" "/opt/rustwide/cargo-home/bin/cargo" "+1.75.0" "test" "--frozen", kill_on_drop: false }`
[INFO] [stdout] fe158320365d8063af7d7d18e322ff8611f8e2dc16c5cfea56114779d6a7edf5
[INFO] running `Command { std: "docker" "start" "-a" "fe158320365d8063af7d7d18e322ff8611f8e2dc16c5cfea56114779d6a7edf5", kill_on_drop: false }`
[INFO] [stderr] warning: virtual workspace defaulting to `resolver = "1"` despite one or more workspace members being on edition 2021 which implies `resolver = "2"`
[INFO] [stderr] note: to keep the current resolver, specify `workspace.resolver = "1"` in the workspace root's manifest
[INFO] [stderr] note: to use the edition 2021 resolver, specify `workspace.resolver = "2"` in the workspace root's manifest
[INFO] [stderr] note: for more details see https://doc.rust-lang.org/cargo/reference/resolver.html#resolver-versions
[INFO] [stderr]     Finished test [unoptimized + debuginfo] target(s) in 0.06s
[INFO] [stderr]      Running unittests src/lib.rs (/opt/rustwide/target/debug/deps/yew_html_attributes-04c84e09f7e3ca2b)
[INFO] [stdout] 
[INFO] [stdout] running 0 tests
[INFO] [stdout] 
[INFO] [stdout] test result: ok. 0 passed; 0 failed; 0 ignored; 0 measured; 0 filtered out; finished in 0.00s
[INFO] [stdout] 
[INFO] [stderr]      Running unittests src/main.rs (/opt/rustwide/target/debug/deps/yew_html_attributes_demo-e9220e78b1297abc)
[INFO] [stdout] 
[INFO] [stdout] running 0 tests
[INFO] [stdout] 
[INFO] [stdout] test result: ok. 0 passed; 0 failed; 0 ignored; 0 measured; 0 filtered out; finished in 0.00s
[INFO] [stdout] 
[INFO] [stderr]      Running unittests src/lib.rs (/opt/rustwide/target/debug/deps/yew_html_attributes_demo_input-419138956cffed92)
[INFO] [stdout] 
[INFO] [stdout] running 0 tests
[INFO] [stdout] 
[INFO] [stdout] test result: ok. 0 passed; 0 failed; 0 ignored; 0 measured; 0 filtered out; finished in 0.00s
[INFO] [stdout] 
[INFO] [stderr]      Running unittests src/lib.rs (/opt/rustwide/target/debug/deps/yew_html_attributes_macro_derive-cf9a8c8b9d0add23)
[INFO] [stdout] 
[INFO] [stdout] running 0 tests
[INFO] [stdout] 
[INFO] [stdout] test result: ok. 0 passed; 0 failed; 0 ignored; 0 measured; 0 filtered out; finished in 0.00s
[INFO] [stdout] 
[INFO] [stderr]    Doc-tests yew-html-attributes
[INFO] [stdout] 
[INFO] [stdout] running 4 tests
[INFO] [stdout] test yew-html-attributes/src/lib.rs - (line 67) ... FAILED
[INFO] [stdout] test yew-html-attributes/src/lib.rs - (line 94) ... FAILED
[INFO] [stdout] test yew-html-attributes/src/lib.rs - (line 11) ... FAILED
[INFO] [stdout] test yew-html-attributes/src/lib.rs - (line 39) - compile ... FAILED
[INFO] [stdout] 
[INFO] [stdout] failures:
[INFO] [stdout] 
[INFO] [stdout] ---- yew-html-attributes/src/lib.rs - (line 67) stdout ----
[INFO] [stdout] error: expected one of `(`, `,`, `::`, or `=`, found `Finished`
[INFO] [stdout]  --> yew-html-attributes/src/lib.rs:72:69
[INFO] [stdout]   |
[INFO] [stdout] 7 | #[derive(Debug, Clone, PartialEq, Default, Properties, HasHtmlAt    Finished dev [unoptimized + debuginfo] target(s) in 1.76stributes)]
[INFO] [stdout]   |                                                                     ^^^^^^^^ expected one of `(`, `,`, `::`, or `=`
[INFO] [stdout] 
[INFO] [stdout] error[E0433]: failed to resolve: use of undeclared crate or module `yew_attributes_macro`
[INFO] [stdout]  --> yew-html-attributes/src/lib.rs:69:5
[INFO] [stdout]   |
[INFO] [stdout] 4 | use yew_attributes_macro::prelude::*;
[INFO] [stdout]   |     ^^^^^^^^^^^^^^^^^^^^ use of undeclared crate or module `yew_attributes_macro`
[INFO] [stdout] 
[INFO] [stdout] error: cannot find attribute `has_html_attributes` in this scope
[INFO] [stdout]  --> yew-html-attributes/src/lib.rs:71:3
[INFO] [stdout]   |
[INFO] [stdout] 6 | #[has_html_attributes(exclude="oninput,onclick")]
[INFO] [stdout]   |   ^^^^^^^^^^^^^^^^^^^
[INFO] [stdout]   |
[INFO] [stdout] help: consider importing one of these items
[INFO] [stdout]   |
[INFO] [stdout] 2 + use yew_html_attributes::has_html_attributes;
[INFO] [stdout]   |
[INFO] [stdout] 2 + use yew_html_attributes_macro_derive::has_html_attributes;
[INFO] [stdout]   |
[INFO] [stdout] 
[INFO] [stdout] error: cannot find macro `use_attributes` in this scope
[INFO] [stdout]   --> yew-html-attributes/src/lib.rs:79:3
[INFO] [stdout]    |
[INFO] [stdout] 14 |   use_attributes!(node_ref, props);
[INFO] [stdout]    |   ^^^^^^^^^^^^^^
[INFO] [stdout]    |
[INFO] [stdout] help: consider importing one of these items
[INFO] [stdout]    |
[INFO] [stdout] 2  + use yew_html_attributes::use_attributes;
[INFO] [stdout]    |
[INFO] [stdout] 2  + use yew_html_attributes_macro_derive::use_attributes;
[INFO] [stdout]    |
[INFO] [stdout] 
[INFO] [stdout] error[E0412]: cannot find type `InputProps` in this scope
[INFO] [stdout]   --> yew-html-attributes/src/lib.rs:76:21
[INFO] [stdout]    |
[INFO] [stdout] 11 | pub fn input(props:&InputProps) -> Html {
[INFO] [stdout]    |                     ^^^^^^^^^^ not found in this scope
[INFO] [stdout] 
[INFO] [stdout] error: aborting due to 5 previous errors
[INFO] [stdout] 
[INFO] [stdout] Some errors have detailed explanations: E0412, E0433.
[INFO] [stdout] For more information about an error, try `rustc --explain E0412`.
[INFO] [stdout] Couldn't compile the test.
[INFO] [stdout] ---- yew-html-attributes/src/lib.rs - (line 94) stdout ----
[INFO] [stdout] error[E0433]: failed to resolve: use of undeclared crate or module `yew_attributes_macro`
[INFO] [stdout]  --> yew-html-attributes/src/lib.rs:96:5
[INFO] [stdout]   |
[INFO] [stdout] 4 | use yew_attributes_macro::prelude::*;
[INFO] [stdout]   |     ^^^^^^^^^^^^^^^^^^^^ use of undeclared crate or module `yew_attributes_macro`
[INFO] [stdout] 
[INFO] [stdout] error: cannot find derive macro `HasHtmlAttributes` in this scope
[INFO] [stdout]  --> yew-html-attributes/src/lib.rs:99:56
[INFO] [stdout]   |
[INFO] [stdout] 7 | #[derive(Debug, Clone, PartialEq, Default, Properties, HasHtmlAttributes)]
[INFO] [stdout]   |                                                        ^^^^^^^^^^^^^^^^^
[INFO] [stdout]   |
[INFO] [stdout] help: consider importing one of these items
[INFO] [stdout]   |
[INFO] [stdout] 2 + use yew_html_attributes::HasHtmlAttributes;
[INFO] [stdout]   |
[INFO] [stdout] 2 + use yew_html_attributes_macro_derive::HasHtmlAttributes;
[INFO] [stdout]   |
[INFO] [stdout] 
[INFO] [stdout] error: cannot find attribute `has_html_attributes` in this scope
[INFO] [stdout]  --> yew-html-attributes/src/lib.rs:98:3
[INFO] [stdout]   |
[INFO] [stdout] 6 | #[has_html_attributes(invisible=false)]
[INFO] [stdout]   |   ^^^^^^^^^^^^^^^^^^^
[INFO] [stdout]   |
[INFO] [stdout] help: consider importing one of these items
[INFO] [stdout]   |
[INFO] [stdout] 2 + use yew_html_attributes::has_html_attributes;
[INFO] [stdout]   |
[INFO] [stdout] 2 + use yew_html_attributes_macro_derive::has_html_attributes;
[INFO] [stdout]   |
[INFO] [stdout] 
[INFO] [stdout] error: cannot find macro `use_attributes` in this scope
[INFO] [stdout]   --> yew-html-attributes/src/lib.rs:106:3
[INFO] [stdout]    |
[INFO] [stdout] 14 |   use_attributes!(node_ref, props);
[INFO] [stdout]    |   ^^^^^^^^^^^^^^
[INFO] [stdout]    |
[INFO] [stdout] help: consider importing one of these items
[INFO] [stdout]    |
[INFO] [stdout] 2  + use yew_html_attributes::use_attributes;
[INFO] [stdout]    |
[INFO] [stdout] 2  + use yew_html_attributes_macro_derive::use_attributes;
[INFO] [stdout]    |
[INFO] [stdout] 
[INFO] [stdout] error: aborting due to 4 previous errors
[INFO] [stdout] 
[INFO] [stdout] For more information about this error, try `rustc --explain E0433`.
[INFO] [stdout] Couldn't compile the test.
[INFO] [stdout] ---- yew-html-attributes/src/lib.rs - (line 11) stdout ----
[INFO] [stdout] error[E0433]: failed to resolve: use of undeclared crate or module `yew_attributes_macro`
[INFO] [stdout]  --> yew-html-attributes/src/lib.rs:13:5
[INFO] [stdout]   |
[INFO] [stdout] 4 | use yew_attributes_macro::prelude::*;
[INFO] [stdout]   |     ^^^^^^^^^^^^^^^^^^^^ use of undeclared crate or module `yew_attributes_macro`
[INFO] [stdout] 
[INFO] [stdout] error: cannot find derive macro `HasHtmlAttributes` in this scope
[INFO] [stdout]  --> yew-html-attributes/src/lib.rs:16:56
[INFO] [stdout]   |
[INFO] [stdout] 7 | #[derive(Debug, Clone, PartialEq, Default, Properties, HasHtmlAttributes)]
[INFO] [stdout]   |                                                        ^^^^^^^^^^^^^^^^^
[INFO] [stdout]   |
[INFO] [stdout] help: consider importing one of these items
[INFO] [stdout]   |
[INFO] [stdout] 2 + use yew_html_attributes::HasHtmlAttributes;
[INFO] [stdout]   |
[INFO] [stdout] 2 + use yew_html_attributes_macro_derive::HasHtmlAttributes;
[INFO] [stdout]   |
[INFO] [stdout] 
[INFO] [stdout] error: cannot find attribute `has_html_attributes` in this scope
[INFO] [stdout]  --> yew-html-attributes/src/lib.rs:15:3
[INFO] [stdout]   |
[INFO] [stdout] 6 | #[has_html_attributes]
[INFO] [stdout]   |   ^^^^^^^^^^^^^^^^^^^
[INFO] [stdout]   |
[INFO] [stdout] help: consider importing one of these items
[INFO] [stdout]   |
[INFO] [stdout] 2 + use yew_html_attributes::has_html_attributes;
[INFO] [stdout]   |
[INFO] [stdout] 2 + use yew_html_attributes_macro_derive::has_html_attributes;
[INFO] [stdout]   |
[INFO] [stdout] 
[INFO] [stdout] error: cannot find macro `use_attributes` in this scope
[INFO] [stdout]   --> yew-html-attributes/src/lib.rs:23:3
[INFO] [stdout]    |
[INFO] [stdout] 14 |   use_attributes!(node_ref, props);
[INFO] [stdout]    |   ^^^^^^^^^^^^^^
[INFO] [stdout]    |
[INFO] [stdout] help: consider importing one of these items
[INFO] [stdout]    |
[INFO] [stdout] 2  + use yew_html_attributes::use_attributes;
[INFO] [stdout]    |
[INFO] [stdout] 2  + use yew_html_attributes_macro_derive::use_attributes;
[INFO] [stdout]    |
[INFO] [stdout] 
[INFO] [stdout] error: aborting due to 4 previous errors
[INFO] [stdout] 
[INFO] [stdout] For more information about this error, try `rustc --explain E0433`.
[INFO] [stdout] Couldn't compile the test.
[INFO] [stdout] ---- yew-html-attributes/src/lib.rs - (line 39) stdout ----
[INFO] [stdout] error[E0433]: failed to resolve: use of undeclared crate or module `yew_attributes_macro`
[INFO] [stdout]  --> yew-html-attributes/src/lib.rs:41:5
[INFO] [stdout]   |
[INFO] [stdout] 4 | use yew_attributes_macro::prelude::*;
[INFO] [stdout]   |     ^^^^^^^^^^^^^^^^^^^^ use of undeclared crate or module `yew_attributes_macro`
[INFO] [stdout] 
[INFO] [stdout] error: cannot find derive macro `HasHtmlAttributes` in this scope
[INFO] [stdout]  --> yew-html-attributes/src/lib.rs:44:56
[INFO] [stdout]   |
[INFO] [stdout] 7 | #[derive(Debug, Clone, PartialEq, Default, Properties, HasHtmlAttributes)]
[INFO] [stdout]   |                                                        ^^^^^^^^^^^^^^^^^
[INFO] [stdout]   |
[INFO] [stdout] help: consider importing one of these items
[INFO] [stdout]   |
[INFO] [stdout] 2 + use yew_html_attributes::HasHtmlAttributes;
[INFO] [stdout]   |
[INFO] [stdout] 2 + use yew_html_attributes_macro_derive::HasHtmlAttributes;
[INFO] [stdout]   |
[INFO] [stdout] 
[INFO] [stdout] error: cannot find attribute `has_html_attributes` in this scope
[INFO] [stdout]  --> yew-html-attributes/src/lib.rs:43:3
[INFO] [stdout]   |
[INFO] [stdout] 6 | #[has_html_attributes(element=input)]
[INFO] [stdout]   |   ^^^^^^^^^^^^^^^^^^^
[INFO] [stdout]   |
[INFO] [stdout] help: consider importing one of these items
[INFO] [stdout]   |
[INFO] [stdout] 2 + use yew_html_attributes::has_html_attributes;
[INFO] [stdout]   |
[INFO] [stdout] 2 + use yew_html_attributes_macro_derive::has_html_attributes;
[INFO] [stdout]   |
[INFO] [stdout] 
[INFO] [stdout] error: cannot find macro `use_attributes` in this scope
[INFO] [stdout]   --> yew-html-attributes/src/lib.rs:51:3
[INFO] [stdout]    |
[INFO] [stdout] 14 |   use_attributes!(node_ref, props);
[INFO] [stdout]    |   ^^^^^^^^^^^^^^
[INFO] [stdout]    |
[INFO] [stdout] help: consider importing one of these items
[INFO] [stdout]    |
[INFO] [stdout] 2  + use yew_html_attributes::use_attributes;
[INFO] [stdout]    |
[INFO] [stdout] 2  + use yew_html_attributes_macro_derive::use_attributes;
[INFO] [stdout]    |
[INFO] [stdout] 
[INFO] [stdout] error: aborting due to 4 previous errors
[INFO] [stdout] 
[INFO] [stdout] For more information about this error, try `rustc --explain E0433`.
[INFO] [stdout] Couldn't compile the test.
[INFO] [stdout] 
[INFO] [stdout] failures:
[INFO] [stdout]     yew-html-attributes/src/lib.rs - (line 11)
[INFO] [stdout]     yew-html-attributes/src/lib.rs - (line 39)
[INFO] [stdout]     yew-html-attributes/src/lib.rs - (line 67)
[INFO] [stdout]     yew-html-attributes/src/lib.rs - (line 94)
[INFO] [stdout] 
[INFO] [stdout] test result: FAILED. 0 passed; 4 failed; 0 ignored; 0 measured; 0 filtered out; finished in 0.07s
[INFO] [stdout] 
[INFO] [stderr] error: doctest failed, to rerun pass `-p yew-html-attributes --doc`
[INFO] running `Command { std: "docker" "inspect" "fe158320365d8063af7d7d18e322ff8611f8e2dc16c5cfea56114779d6a7edf5", kill_on_drop: false }`
[INFO] running `Command { std: "docker" "rm" "-f" "fe158320365d8063af7d7d18e322ff8611f8e2dc16c5cfea56114779d6a7edf5", kill_on_drop: false }`
[INFO] [stdout] fe158320365d8063af7d7d18e322ff8611f8e2dc16c5cfea56114779d6a7edf5
