[INFO] cloning repository https://github.com/orhun/systeroid
[INFO] running `Command { std: "git" "-c" "credential.helper=" "-c" "credential.helper=/workspace/cargo-home/bin/git-credential-null" "clone" "--bare" "https://github.com/orhun/systeroid" "/workspace/cache/git-repos/https%3A%2F%2Fgithub.com%2Forhun%2Fsysteroid", kill_on_drop: false }`
[INFO] [stderr] Cloning into bare repository '/workspace/cache/git-repos/https%3A%2F%2Fgithub.com%2Forhun%2Fsysteroid'...
[INFO] running `Command { std: "git" "rev-parse" "HEAD", kill_on_drop: false }`
[INFO] [stdout] 48e5ad6cc62fe498a73f8a7ece9580d0b68aeee2
[INFO] testing orhun/systeroid against 1.75.0 for beta-1.76-1
[INFO] running `Command { std: "git" "clone" "/workspace/cache/git-repos/https%3A%2F%2Fgithub.com%2Forhun%2Fsysteroid" "/workspace/builds/worker-1-tc1/source", kill_on_drop: false }`
[INFO] [stderr] Cloning into '/workspace/builds/worker-1-tc1/source'...
[INFO] [stderr] done.
[INFO] validating manifest of git repo https://github.com/orhun/systeroid on toolchain 1.75.0
[INFO] running `Command { std: CARGO_HOME="/workspace/cargo-home" RUSTUP_HOME="/workspace/rustup-home" "/workspace/cargo-home/bin/cargo" "+1.75.0" "metadata" "--manifest-path" "Cargo.toml" "--no-deps", kill_on_drop: false }`
[INFO] started tweaking git repo https://github.com/orhun/systeroid
[INFO] finished tweaking git repo https://github.com/orhun/systeroid
[INFO] tweaked toml for git repo https://github.com/orhun/systeroid written to /workspace/builds/worker-1-tc1/source/Cargo.toml
[INFO] crate git repo https://github.com/orhun/systeroid already has a lockfile, it will not be regenerated
[INFO] running `Command { std: CARGO_HOME="/workspace/cargo-home" RUSTUP_HOME="/workspace/rustup-home" "/workspace/cargo-home/bin/cargo" "+1.75.0" "fetch" "--manifest-path" "Cargo.toml", kill_on_drop: false }`
[INFO] [stderr] warning: virtual workspace defaulting to `resolver = "1"` despite one or more workspace members being on edition 2021 which implies `resolver = "2"`
[INFO] [stderr] note: to keep the current resolver, specify `workspace.resolver = "1"` in the workspace root's manifest
[INFO] [stderr] note: to use the edition 2021 resolver, specify `workspace.resolver = "2"` in the workspace root's manifest
[INFO] [stderr] note: for more details see https://doc.rust-lang.org/cargo/reference/resolver.html#resolver-versions
[INFO] [stderr]     Updating crates.io index
[INFO] [stderr]  Downloading crates ...
[INFO] [stderr]   Downloaded copypasta-ext v0.4.4
[INFO] [stderr]   Downloaded sysctl v0.5.4
[INFO] [stderr]   Downloaded dlv-list v0.5.0
[INFO] [stderr]   Downloaded tui-logger v0.9.6
[INFO] [stderr]   Downloaded parseit v0.1.2
[INFO] running `Command { std: "docker" "create" "-v" "/var/lib/crater-agent-workspace/builds/worker-1-tc1/target:/opt/rustwide/target:rw,Z" "-v" "/var/lib/crater-agent-workspace/builds/worker-1-tc1/source:/opt/rustwide/workdir:ro,Z" "-v" "/var/lib/crater-agent-workspace/cargo-home:/opt/rustwide/cargo-home:ro,Z" "-v" "/var/lib/crater-agent-workspace/rustup-home:/opt/rustwide/rustup-home:ro,Z" "-e" "SOURCE_DIR=/opt/rustwide/workdir" "-e" "CARGO_TARGET_DIR=/opt/rustwide/target" "-e" "CARGO_HOME=/opt/rustwide/cargo-home" "-e" "RUSTUP_HOME=/opt/rustwide/rustup-home" "-w" "/opt/rustwide/workdir" "-m" "1610612736" "--user" "0:0" "--network" "none" "ghcr.io/rust-lang/crates-build-env/linux@sha256:2788e3201cd34a07e3172128adcd8b3090168a8e3bcc40d7c032b9dda1df7d1c" "/opt/rustwide/cargo-home/bin/cargo" "+1.75.0" "metadata" "--no-deps" "--format-version=1", kill_on_drop: false }`
[INFO] [stdout] 009c185fc8e2891e52cd6cf3d2766481b91c3b453e03407aa35399299fe18954
[INFO] running `Command { std: "docker" "start" "-a" "009c185fc8e2891e52cd6cf3d2766481b91c3b453e03407aa35399299fe18954", kill_on_drop: false }`
[INFO] running `Command { std: "docker" "inspect" "009c185fc8e2891e52cd6cf3d2766481b91c3b453e03407aa35399299fe18954", kill_on_drop: false }`
[INFO] running `Command { std: "docker" "rm" "-f" "009c185fc8e2891e52cd6cf3d2766481b91c3b453e03407aa35399299fe18954", kill_on_drop: false }`
[INFO] [stdout] 009c185fc8e2891e52cd6cf3d2766481b91c3b453e03407aa35399299fe18954
[INFO] running `Command { std: "docker" "create" "-v" "/var/lib/crater-agent-workspace/builds/worker-1-tc1/target:/opt/rustwide/target:rw,Z" "-v" "/var/lib/crater-agent-workspace/builds/worker-1-tc1/source:/opt/rustwide/workdir:ro,Z" "-v" "/var/lib/crater-agent-workspace/cargo-home:/opt/rustwide/cargo-home:ro,Z" "-v" "/var/lib/crater-agent-workspace/rustup-home:/opt/rustwide/rustup-home:ro,Z" "-e" "SOURCE_DIR=/opt/rustwide/workdir" "-e" "CARGO_TARGET_DIR=/opt/rustwide/target" "-e" "CARGO_INCREMENTAL=0" "-e" "RUST_BACKTRACE=full" "-e" "RUSTFLAGS=--cap-lints=warn" "-e" "RUSTDOCFLAGS=--cap-lints=warn" "-e" "CARGO_HOME=/opt/rustwide/cargo-home" "-e" "RUSTUP_HOME=/opt/rustwide/rustup-home" "-w" "/opt/rustwide/workdir" "-m" "1610612736" "--user" "0:0" "--network" "none" "ghcr.io/rust-lang/crates-build-env/linux@sha256:2788e3201cd34a07e3172128adcd8b3090168a8e3bcc40d7c032b9dda1df7d1c" "/opt/rustwide/cargo-home/bin/cargo" "+1.75.0" "build" "--frozen" "--message-format=json", kill_on_drop: false }`
[INFO] [stdout] 09885dba366ecf5bb3628b522d583b72e87cccf8f9a6670906e9cdd964e65d7c
[INFO] running `Command { std: "docker" "start" "-a" "09885dba366ecf5bb3628b522d583b72e87cccf8f9a6670906e9cdd964e65d7c", kill_on_drop: false }`
[INFO] [stderr] warning: virtual workspace defaulting to `resolver = "1"` despite one or more workspace members being on edition 2021 which implies `resolver = "2"`
[INFO] [stderr] note: to keep the current resolver, specify `workspace.resolver = "1"` in the workspace root's manifest
[INFO] [stderr] note: to use the edition 2021 resolver, specify `workspace.resolver = "2"` in the workspace root's manifest
[INFO] [stderr] note: for more details see https://doc.rust-lang.org/cargo/reference/resolver.html#resolver-versions
[INFO] [stderr]    Compiling libc v0.2.146
[INFO] [stderr]    Compiling autocfg v1.1.0
[INFO] [stderr]    Compiling cfg-if v1.0.0
[INFO] [stderr]    Compiling proc-macro2 v1.0.63
[INFO] [stderr]    Compiling unicode-ident v1.0.9
[INFO] [stderr]    Compiling quote v1.0.29
[INFO] [stderr]    Compiling memchr v2.5.0
[INFO] [stderr]    Compiling bitflags v1.3.2
[INFO] [stderr]    Compiling lazy_static v1.4.0
[INFO] [stderr]    Compiling once_cell v1.18.0
[INFO] [stderr]    Compiling log v0.4.20
[INFO] [stderr]    Compiling pkg-config v0.3.27
[INFO] [stderr]    Compiling xml-rs v0.8.14
[INFO] [stderr]    Compiling smallvec v1.10.0
[INFO] [stderr]    Compiling crunchy v0.2.2
[INFO] [stderr]    Compiling proc-macro-hack v0.5.20+deprecated
[INFO] [stderr]    Compiling scopeguard v1.1.0
[INFO] [stderr]    Compiling tiny-keccak v2.0.2
[INFO] [stderr]    Compiling libloading v0.8.0
[INFO] [stderr]    Compiling either v1.8.1
[INFO] [stderr]    Compiling regex-syntax v0.7.2
[INFO] [stderr]    Compiling crossbeam-utils v0.8.16
[INFO] [stderr]    Compiling dlib v0.5.2
[INFO] [stderr]    Compiling heck v0.4.1
[INFO] [stderr]    Compiling same-file v1.0.6
[INFO] [stderr]    Compiling scoped-tls v1.0.1
[INFO] [stderr]    Compiling thiserror v1.0.49
[INFO] [stderr]    Compiling fnv v1.0.7
[INFO] [stderr]    Compiling memoffset v0.6.5
[INFO] [stderr]    Compiling memoffset v0.9.0
[INFO] [stderr]    Compiling crossbeam-epoch v0.9.15
[INFO] [stderr]    Compiling walkdir v2.3.3
[INFO] [stderr]    Compiling minimal-lexical v0.2.1
[INFO] [stderr]    Compiling downcast-rs v1.2.0
[INFO] [stderr]    Compiling crc32fast v1.3.2
[INFO] [stderr]    Compiling wayland-sys v0.29.5
[INFO] [stderr]    Compiling syn v1.0.109
[INFO] [stderr]    Compiling thread_local v1.1.7
[INFO] [stderr]    Compiling rayon-core v1.12.0
[INFO] [stderr]    Compiling byteorder v1.4.3
[INFO] [stderr]    Compiling rustversion v1.0.14
[INFO] [stderr]    Compiling aho-corasick v1.0.2
[INFO] [stderr]    Compiling bstr v1.5.0
[INFO] [stderr]    Compiling syn v2.0.28
[INFO] [stderr]    Compiling wayland-scanner v0.29.5
[INFO] [stderr]    Compiling aho-corasick v0.7.20
[INFO] [stderr]    Compiling nom v7.1.3
[INFO] [stderr]    Compiling serde v1.0.189
[INFO] [stderr]    Compiling adler v1.0.2
[INFO] [stderr]    Compiling miniz_oxide v0.7.1
[INFO] [stderr]    Compiling crossbeam-deque v0.8.3
[INFO] [stderr]    Compiling smithay-client-toolkit v0.16.0
[INFO] [stderr]    Compiling is_ci v1.1.1
[INFO] [stderr]    Compiling hashbrown v0.13.2
[INFO] [stderr]    Compiling io-lifetimes v1.0.11
[INFO] [stderr]    Compiling unicode-width v0.1.11
[INFO] [stderr]    Compiling serde_json v1.0.107
[INFO] [stderr]    Compiling nix v0.24.3
[INFO] [stderr]    Compiling atty v0.2.14
[INFO] [stderr]    Compiling gethostname v0.2.3
[INFO] [stderr]    Compiling supports-color v1.3.1
[INFO] [stderr]    Compiling flate2 v1.0.26
[INFO] [stderr]    Compiling memmap2 v0.5.10
[INFO] [stderr]    Compiling dirs-sys-next v0.1.2
[INFO] [stderr]    Compiling getrandom v0.2.10
[INFO] [stderr]    Compiling lock_api v0.4.10
[INFO] [stderr]    Compiling const-random-macro v0.1.15
[INFO] [stderr]    Compiling num-traits v0.2.15
[INFO] [stderr]    Compiling ryu v1.0.13
[INFO] [stderr]    Compiling paste v1.0.14
[INFO] [stderr]    Compiling rustix v0.37.20
[INFO] [stderr]    Compiling parking_lot_core v0.9.8
[INFO] [stderr]    Compiling itoa v1.0.6
[INFO] [stderr]    Compiling rayon v1.8.0
[INFO] [stderr]    Compiling const-random v0.1.15
[INFO] [stderr]    Compiling wayland-client v0.29.5
[INFO] [stderr]    Compiling regex v1.8.4
[INFO] [stderr]    Compiling wayland-protocols v0.29.5
[INFO] [stderr]    Compiling dlv-list v0.5.0
[INFO] [stderr]    Compiling dirs-next v2.0.0
[INFO] [stderr]    Compiling owo-colors v3.5.0
[INFO] [stderr]    Compiling numtoa v0.1.0
[INFO] [stderr]    Compiling ordered-multimap v0.6.0
[INFO] [stderr]    Compiling linux-raw-sys v0.3.8
[INFO] [stderr]    Compiling termion v2.0.1
[INFO] [stderr]    Compiling rust-ini v0.19.0
[INFO] [stderr]    Compiling xcursor v0.3.4
[INFO] [stderr]    Compiling globset v0.4.10
[INFO] [stderr]    Compiling getopts v0.2.21
[INFO] [stderr]    Compiling itertools v0.11.0
[INFO] [stderr]    Compiling unicode-segmentation v1.10.1
[INFO] [stderr]    Compiling cassowary v0.3.0
[INFO] [stderr]    Compiling bitflags v2.3.3
[INFO] [stderr]    Compiling ignore v0.4.20
[INFO] [stderr]    Compiling copypasta-ext v0.4.4
[INFO] [stderr]    Compiling indoc v2.0.3
[INFO] [stderr]    Compiling enum-as-inner v0.5.1
[INFO] [stderr]    Compiling iana-time-zone v0.1.57
[INFO] [stderr]    Compiling parking_lot v0.12.1
[INFO] [stderr]    Compiling which v4.4.0
[INFO] [stderr]    Compiling is-terminal v0.4.7
[INFO] [stderr]    Compiling globwalk v0.8.1
[INFO] [stderr]    Compiling chrono v0.4.26
[INFO] [stderr]    Compiling fxhash v0.2.1
[INFO] [stderr]    Compiling termcolor v1.2.0
[INFO] [stderr]    Compiling humantime v2.1.0
[INFO] [stderr]    Compiling env_logger v0.10.0
[INFO] [stderr]    Compiling wayland-commons v0.29.5
[INFO] [stderr]    Compiling x11rb-protocol v0.10.0
[INFO] [stderr]    Compiling thiserror-impl v1.0.49
[INFO] [stderr]    Compiling serde_derive v1.0.189
[INFO] [stderr]    Compiling strum_macros v0.25.2
[INFO] [stderr]    Compiling wayland-cursor v0.29.5
[INFO] [stderr]    Compiling sysctl v0.5.4
[INFO] [stderr]    Compiling parseit v0.1.2
[INFO] [stderr]    Compiling strum v0.25.0
[INFO] [stderr]    Compiling ratatui v0.23.0
[INFO] [stderr]    Compiling tui-logger v0.9.6
[INFO] [stderr]    Compiling x11rb v0.10.1
[INFO] [stderr]    Compiling systeroid-core v0.4.4 (/opt/rustwide/workdir/systeroid-core)
[INFO] [stderr]    Compiling systeroid v0.4.4 (/opt/rustwide/workdir/systeroid)
[INFO] [stderr]    Compiling x11-clipboard v0.7.1
[INFO] [stderr]    Compiling smithay-clipboard v0.6.6
[INFO] [stderr]    Compiling copypasta v0.8.2
[INFO] [stderr]    Compiling systeroid-tui v0.4.4 (/opt/rustwide/workdir/systeroid-tui)
[INFO] [stderr]     Finished dev [unoptimized + debuginfo] target(s) in 52.27s
[INFO] running `Command { std: "docker" "inspect" "09885dba366ecf5bb3628b522d583b72e87cccf8f9a6670906e9cdd964e65d7c", kill_on_drop: false }`
[INFO] running `Command { std: "docker" "rm" "-f" "09885dba366ecf5bb3628b522d583b72e87cccf8f9a6670906e9cdd964e65d7c", kill_on_drop: false }`
[INFO] [stdout] 09885dba366ecf5bb3628b522d583b72e87cccf8f9a6670906e9cdd964e65d7c
[INFO] running `Command { std: "docker" "create" "-v" "/var/lib/crater-agent-workspace/builds/worker-1-tc1/target:/opt/rustwide/target:rw,Z" "-v" "/var/lib/crater-agent-workspace/builds/worker-1-tc1/source:/opt/rustwide/workdir:ro,Z" "-v" "/var/lib/crater-agent-workspace/cargo-home:/opt/rustwide/cargo-home:ro,Z" "-v" "/var/lib/crater-agent-workspace/rustup-home:/opt/rustwide/rustup-home:ro,Z" "-e" "SOURCE_DIR=/opt/rustwide/workdir" "-e" "CARGO_TARGET_DIR=/opt/rustwide/target" "-e" "CARGO_INCREMENTAL=0" "-e" "RUST_BACKTRACE=full" "-e" "RUSTFLAGS=--cap-lints=warn" "-e" "RUSTDOCFLAGS=--cap-lints=warn" "-e" "CARGO_HOME=/opt/rustwide/cargo-home" "-e" "RUSTUP_HOME=/opt/rustwide/rustup-home" "-w" "/opt/rustwide/workdir" "-m" "1610612736" "--user" "0:0" "--network" "none" "ghcr.io/rust-lang/crates-build-env/linux@sha256:2788e3201cd34a07e3172128adcd8b3090168a8e3bcc40d7c032b9dda1df7d1c" "/opt/rustwide/cargo-home/bin/cargo" "+1.75.0" "test" "--frozen" "--no-run" "--message-format=json", kill_on_drop: false }`
[INFO] [stdout] 5189a138fb1160eb33651230916d397f2dd0fa75e85e56b4636d70556cf84d18
[INFO] running `Command { std: "docker" "start" "-a" "5189a138fb1160eb33651230916d397f2dd0fa75e85e56b4636d70556cf84d18", kill_on_drop: false }`
[INFO] [stderr] warning: virtual workspace defaulting to `resolver = "1"` despite one or more workspace members being on edition 2021 which implies `resolver = "2"`
[INFO] [stderr] note: to keep the current resolver, specify `workspace.resolver = "1"` in the workspace root's manifest
[INFO] [stderr] note: to use the edition 2021 resolver, specify `workspace.resolver = "2"` in the workspace root's manifest
[INFO] [stderr] note: for more details see https://doc.rust-lang.org/cargo/reference/resolver.html#resolver-versions
[INFO] [stderr]    Compiling cfg-if v1.0.0
[INFO] [stderr]    Compiling once_cell v1.18.0
[INFO] [stderr]    Compiling bitflags v1.3.2
[INFO] [stderr]    Compiling libc v0.2.146
[INFO] [stderr]    Compiling memchr v2.5.0
[INFO] [stderr]    Compiling lazy_static v1.4.0
[INFO] [stderr]    Compiling log v0.4.20
[INFO] [stderr]    Compiling scopeguard v1.1.0
[INFO] [stderr]    Compiling regex-syntax v0.7.2
[INFO] [stderr]    Compiling either v1.8.1
[INFO] [stderr]    Compiling same-file v1.0.6
[INFO] [stderr]    Compiling memoffset v0.9.0
[INFO] [stderr]    Compiling memoffset v0.6.5
[INFO] [stderr]    Compiling fnv v1.0.7
[INFO] [stderr]    Compiling crossbeam-utils v0.8.16
[INFO] [stderr]    Compiling smallvec v1.10.0
[INFO] [stderr]    Compiling byteorder v1.4.3
[INFO] [stderr]    Compiling adler v1.0.2
[INFO] [stderr]    Compiling libloading v0.8.0
[INFO] [stderr]    Compiling crc32fast v1.3.2
[INFO] [stderr]    Compiling thiserror v1.0.49
[INFO] [stderr]    Compiling hashbrown v0.13.2
[INFO] [stderr]    Compiling is_ci v1.1.1
[INFO] [stderr]    Compiling walkdir v2.3.3
[INFO] [stderr]    Compiling miniz_oxide v0.7.1
[INFO] [stderr]    Compiling thread_local v1.1.7
[INFO] [stderr]    Compiling dlib v0.5.2
[INFO] [stderr]    Compiling serde v1.0.189
[INFO] [stderr]    Compiling itoa v1.0.6
[INFO] [stderr]    Compiling ryu v1.0.13
[INFO] [stderr]    Compiling unicode-width v0.1.11
[INFO] [stderr]    Compiling scoped-tls v1.0.1
[INFO] [stderr]    Compiling wayland-sys v0.29.5
[INFO] [stderr]    Compiling minimal-lexical v0.2.1
[INFO] [stderr]    Compiling downcast-rs v1.2.0
[INFO] [stderr]    Compiling getopts v0.2.21
[INFO] [stderr]    Compiling linux-raw-sys v0.3.8
[INFO] [stderr]    Compiling numtoa v0.1.0
[INFO] [stderr]    Compiling crossbeam-epoch v0.9.15
[INFO] [stderr]    Compiling aho-corasick v1.0.2
[INFO] [stderr]    Compiling bstr v1.5.0
[INFO] [stderr]    Compiling aho-corasick v0.7.20
[INFO] [stderr]    Compiling nom v7.1.3
[INFO] [stderr]    Compiling strum v0.25.0
[INFO] [stderr]    Compiling crossbeam-deque v0.8.3
[INFO] [stderr]    Compiling flate2 v1.0.26
[INFO] [stderr]    Compiling lock_api v0.4.10
[INFO] [stderr]    Compiling num-traits v0.2.15
[INFO] [stderr]    Compiling rayon-core v1.12.0
[INFO] [stderr]    Compiling itertools v0.11.0
[INFO] [stderr]    Compiling iana-time-zone v0.1.57
[INFO] [stderr]    Compiling bitflags v2.3.3
[INFO] [stderr]    Compiling unicode-segmentation v1.10.1
[INFO] [stderr]    Compiling cassowary v0.3.0
[INFO] [stderr]    Compiling fxhash v0.2.1
[INFO] [stderr]    Compiling humantime v2.1.0
[INFO] [stderr]    Compiling termcolor v1.2.0
[INFO] [stderr]    Compiling rayon v1.8.0
[INFO] [stderr]    Compiling getrandom v0.2.10
[INFO] [stderr]    Compiling nix v0.24.3
[INFO] [stderr]    Compiling atty v0.2.14
[INFO] [stderr]    Compiling supports-color v1.3.1
[INFO] [stderr]    Compiling dirs-sys-next v0.1.2
[INFO] [stderr]    Compiling sysctl v0.5.4
[INFO] [stderr]    Compiling const-random-macro v0.1.15
[INFO] [stderr]    Compiling dirs-next v2.0.0
[INFO] [stderr]    Compiling owo-colors v3.5.0
[INFO] [stderr]    Compiling memmap2 v0.5.10
[INFO] [stderr]    Compiling gethostname v0.2.3
[INFO] [stderr]    Compiling io-lifetimes v1.0.11
[INFO] [stderr]    Compiling termion v2.0.1
[INFO] [stderr]    Compiling parking_lot_core v0.9.8
[INFO] [stderr]    Compiling rustix v0.37.20
[INFO] [stderr]    Compiling chrono v0.4.26
[INFO] [stderr]    Compiling which v4.4.0
[INFO] [stderr]    Compiling regex v1.8.4
[INFO] [stderr]    Compiling const-random v0.1.15
[INFO] [stderr]    Compiling dlv-list v0.5.0
[INFO] [stderr]    Compiling parking_lot v0.12.1
[INFO] [stderr]    Compiling ordered-multimap v0.6.0
[INFO] [stderr]    Compiling ratatui v0.23.0
[INFO] [stderr]    Compiling xcursor v0.3.4
[INFO] [stderr]    Compiling rust-ini v0.19.0
[INFO] [stderr]    Compiling globset v0.4.10
[INFO] [stderr]    Compiling is-terminal v0.4.7
[INFO] [stderr]    Compiling systeroid-core v0.4.4 (/opt/rustwide/workdir/systeroid-core)
[INFO] [stderr]    Compiling env_logger v0.10.0
[INFO] [stderr]    Compiling ignore v0.4.20
[INFO] [stderr]    Compiling serde_json v1.0.107
[INFO] [stderr]    Compiling systeroid-tui v0.4.4 (/opt/rustwide/workdir/systeroid-tui)
[INFO] [stderr]    Compiling systeroid v0.4.4 (/opt/rustwide/workdir/systeroid)
[INFO] [stderr]    Compiling tui-logger v0.9.6
[INFO] [stderr]    Compiling globwalk v0.8.1
[INFO] [stderr]    Compiling parseit v0.1.2
[INFO] [stderr]    Compiling wayland-commons v0.29.5
[INFO] [stderr]    Compiling x11rb-protocol v0.10.0
[INFO] [stderr]    Compiling wayland-client v0.29.5
[INFO] [stderr]    Compiling wayland-protocols v0.29.5
[INFO] [stderr]    Compiling wayland-cursor v0.29.5
[INFO] [stderr]    Compiling smithay-client-toolkit v0.16.0
[INFO] [stderr]    Compiling smithay-clipboard v0.6.6
[INFO] [stderr]    Compiling x11rb v0.10.1
[INFO] [stderr]    Compiling x11-clipboard v0.7.1
[INFO] [stderr]    Compiling copypasta v0.8.2
[INFO] [stderr]    Compiling copypasta-ext v0.4.4
[INFO] [stderr]     Finished test [unoptimized + debuginfo] target(s) in 28.42s
[INFO] running `Command { std: "docker" "inspect" "5189a138fb1160eb33651230916d397f2dd0fa75e85e56b4636d70556cf84d18", kill_on_drop: false }`
[INFO] running `Command { std: "docker" "rm" "-f" "5189a138fb1160eb33651230916d397f2dd0fa75e85e56b4636d70556cf84d18", kill_on_drop: false }`
[INFO] [stdout] 5189a138fb1160eb33651230916d397f2dd0fa75e85e56b4636d70556cf84d18
[INFO] running `Command { std: "docker" "create" "-v" "/var/lib/crater-agent-workspace/builds/worker-1-tc1/target:/opt/rustwide/target:rw,Z" "-v" "/var/lib/crater-agent-workspace/builds/worker-1-tc1/source:/opt/rustwide/workdir:ro,Z" "-v" "/var/lib/crater-agent-workspace/cargo-home:/opt/rustwide/cargo-home:ro,Z" "-v" "/var/lib/crater-agent-workspace/rustup-home:/opt/rustwide/rustup-home:ro,Z" "-e" "SOURCE_DIR=/opt/rustwide/workdir" "-e" "CARGO_TARGET_DIR=/opt/rustwide/target" "-e" "CARGO_INCREMENTAL=0" "-e" "RUST_BACKTRACE=full" "-e" "RUSTFLAGS=--cap-lints=warn" "-e" "RUSTDOCFLAGS=--cap-lints=warn" "-e" "CARGO_HOME=/opt/rustwide/cargo-home" "-e" "RUSTUP_HOME=/opt/rustwide/rustup-home" "-w" "/opt/rustwide/workdir" "-m" "1610612736" "--user" "0:0" "--network" "none" "ghcr.io/rust-lang/crates-build-env/linux@sha256:2788e3201cd34a07e3172128adcd8b3090168a8e3bcc40d7c032b9dda1df7d1c" "/opt/rustwide/cargo-home/bin/cargo" "+1.75.0" "test" "--frozen", kill_on_drop: false }`
[INFO] [stdout] 95f61c9ae411467e840d33bcfbb11ba5f7591dfea61317182ea95a093cec8919
[INFO] running `Command { std: "docker" "start" "-a" "95f61c9ae411467e840d33bcfbb11ba5f7591dfea61317182ea95a093cec8919", kill_on_drop: false }`
[INFO] [stderr] warning: virtual workspace defaulting to `resolver = "1"` despite one or more workspace members being on edition 2021 which implies `resolver = "2"`
[INFO] [stderr] note: to keep the current resolver, specify `workspace.resolver = "1"` in the workspace root's manifest
[INFO] [stderr] note: to use the edition 2021 resolver, specify `workspace.resolver = "2"` in the workspace root's manifest
[INFO] [stderr] note: for more details see https://doc.rust-lang.org/cargo/reference/resolver.html#resolver-versions
[INFO] [stderr]     Finished test [unoptimized + debuginfo] target(s) in 0.29s
[INFO] [stderr]      Running unittests src/lib.rs (/opt/rustwide/target/debug/deps/systeroid-b1761d9c7d8c5479)
[INFO] [stdout] 
[INFO] [stdout] running 2 tests
[INFO] [stdout] test args::tests::test_args ... ok
[INFO] [stdout] test app::tests::test_app ... FAILED
[INFO] [stdout] 
[INFO] [stdout] failures:
[INFO] [stdout] 
[INFO] [stdout] ---- app::tests::test_app stdout ----
[INFO] [stdout] thread 'app::tests::test_app' panicked at systeroid/src/app.rs:248:9:
[INFO] [stdout] assertion failed: String::from_utf8_lossy(app.output).contains("highwater lowwater frequency")
[INFO] [stdout] stack backtrace:
[INFO] [stdout]    0:     0x55ab091bd74c - std::backtrace_rs::backtrace::libunwind::trace::ha637c64ce894333a
[INFO] [stdout]                                at /rustc/82e1608dfa6e0b5569232559e3d385fea5a93112/library/std/src/../../backtrace/src/backtrace/libunwind.rs:104:5
[INFO] [stdout]    1:     0x55ab091bd74c - std::backtrace_rs::backtrace::trace_unsynchronized::h47f62dea28e0c88d
[INFO] [stdout]                                at /rustc/82e1608dfa6e0b5569232559e3d385fea5a93112/library/std/src/../../backtrace/src/backtrace/mod.rs:66:5
[INFO] [stdout]    2:     0x55ab091bd74c - std::sys_common::backtrace::_print_fmt::h9eef0abe20ede486
[INFO] [stdout]                                at /rustc/82e1608dfa6e0b5569232559e3d385fea5a93112/library/std/src/sys_common/backtrace.rs:67:5
[INFO] [stdout]    3:     0x55ab091bd74c - <std::sys_common::backtrace::_print::DisplayBacktrace as core::fmt::Display>::fmt::hed7f999df88cc644
[INFO] [stdout]                                at /rustc/82e1608dfa6e0b5569232559e3d385fea5a93112/library/std/src/sys_common/backtrace.rs:44:22
[INFO] [stdout]    4:     0x55ab091e8670 - core::fmt::rt::Argument::fmt::h1539a9308b8d058d
[INFO] [stdout]                                at /rustc/82e1608dfa6e0b5569232559e3d385fea5a93112/library/core/src/fmt/rt.rs:142:9
[INFO] [stdout]    5:     0x55ab091e8670 - core::fmt::write::h3a39390d8560d9c9
[INFO] [stdout]                                at /rustc/82e1608dfa6e0b5569232559e3d385fea5a93112/library/core/src/fmt/mod.rs:1120:17
[INFO] [stdout]    6:     0x55ab091ba77f - std::io::Write::write_fmt::h040b369f3a0f9cbc
[INFO] [stdout]                                at /rustc/82e1608dfa6e0b5569232559e3d385fea5a93112/library/std/src/io/mod.rs:1762:15
[INFO] [stdout]    7:     0x55ab091bd534 - std::sys_common::backtrace::_print::h894006fb5c6f3d45
[INFO] [stdout]                                at /rustc/82e1608dfa6e0b5569232559e3d385fea5a93112/library/std/src/sys_common/backtrace.rs:47:5
[INFO] [stdout]    8:     0x55ab091bd534 - std::sys_common::backtrace::print::h23a2d212c6fff936
[INFO] [stdout]                                at /rustc/82e1608dfa6e0b5569232559e3d385fea5a93112/library/std/src/sys_common/backtrace.rs:34:9
[INFO] [stdout]    9:     0x55ab091bf1f7 - std::panicking::default_hook::{{closure}}::h8a1d2ee00185001a
[INFO] [stdout]   10:     0x55ab091beee3 - std::panicking::default_hook::h6038f2eba384e475
[INFO] [stdout]                                at /rustc/82e1608dfa6e0b5569232559e3d385fea5a93112/library/std/src/panicking.rs:289:9
[INFO] [stdout]   11:     0x55ab08de9e47 - <alloc::boxed::Box<F,A> as core::ops::function::Fn<Args>>::call::h0ad024c9bdc6d768
[INFO] [stdout]                                at /rustc/82e1608dfa6e0b5569232559e3d385fea5a93112/library/alloc/src/boxed.rs:2021:9
[INFO] [stdout]   12:     0x55ab08de9e47 - test::test_main::{{closure}}::h7500b54257359db6
[INFO] [stdout]                                at /rustc/82e1608dfa6e0b5569232559e3d385fea5a93112/library/test/src/lib.rs:138:21
[INFO] [stdout]   13:     0x55ab091bf808 - <alloc::boxed::Box<F,A> as core::ops::function::Fn<Args>>::call::h1f8f335eaa9cfaee
[INFO] [stdout]                                at /rustc/82e1608dfa6e0b5569232559e3d385fea5a93112/library/alloc/src/boxed.rs:2021:9
[INFO] [stdout]   14:     0x55ab091bf808 - std::panicking::rust_panic_with_hook::h2b5517d590cab22e
[INFO] [stdout]                                at /rustc/82e1608dfa6e0b5569232559e3d385fea5a93112/library/std/src/panicking.rs:783:13
[INFO] [stdout]   15:     0x55ab091bf529 - std::panicking::begin_panic_handler::{{closure}}::h233112c06e0ef43e
[INFO] [stdout]                                at /rustc/82e1608dfa6e0b5569232559e3d385fea5a93112/library/std/src/panicking.rs:649:13
[INFO] [stdout]   16:     0x55ab091bdc16 - std::sys_common::backtrace::__rust_end_short_backtrace::h6e893f24d7ebbff8
[INFO] [stdout]                                at /rustc/82e1608dfa6e0b5569232559e3d385fea5a93112/library/std/src/sys_common/backtrace.rs:170:18
[INFO] [stdout]   17:     0x55ab091bf2c2 - rust_begin_unwind
[INFO] [stdout]                                at /rustc/82e1608dfa6e0b5569232559e3d385fea5a93112/library/std/src/panicking.rs:645:5
[INFO] [stdout]   18:     0x55ab08d90555 - core::panicking::panic_fmt::hbf0e066aabfa482c
[INFO] [stdout]                                at /rustc/82e1608dfa6e0b5569232559e3d385fea5a93112/library/core/src/panicking.rs:72:14
[INFO] [stdout]   19:     0x55ab08d905f3 - core::panicking::panic::h195fc2a96298d4c3
[INFO] [stdout]                                at /rustc/82e1608dfa6e0b5569232559e3d385fea5a93112/library/core/src/panicking.rs:127:5
[INFO] [stdout]   20:     0x55ab08da6fd6 - systeroid::app::tests::test_app::he59ebb0d1c83f408
[INFO] [stdout]                                at /opt/rustwide/workdir/systeroid/src/app.rs:248:9
[INFO] [stdout]   21:     0x55ab08da655d - systeroid::app::tests::test_app::{{closure}}::hb8fb5ad84bd70491
[INFO] [stdout]                                at /opt/rustwide/workdir/systeroid/src/app.rs:227:22
[INFO] [stdout]   22:     0x55ab08d98a46 - core::ops::function::FnOnce::call_once::hfe198ae74dac20ac
[INFO] [stdout]                                at /rustc/82e1608dfa6e0b5569232559e3d385fea5a93112/library/core/src/ops/function.rs:250:5
[INFO] [stdout]   23:     0x55ab08def49f - core::ops::function::FnOnce::call_once::h2b5d431d5046312d
[INFO] [stdout]                                at /rustc/82e1608dfa6e0b5569232559e3d385fea5a93112/library/core/src/ops/function.rs:250:5
[INFO] [stdout]   24:     0x55ab08def49f - test::__rust_begin_short_backtrace::h7714669af176e207
[INFO] [stdout]                                at /rustc/82e1608dfa6e0b5569232559e3d385fea5a93112/library/test/src/lib.rs:628:18
[INFO] [stdout]   25:     0x55ab08dee4b5 - test::run_test_in_process::{{closure}}::h85218797dcbcec12
[INFO] [stdout]                                at /rustc/82e1608dfa6e0b5569232559e3d385fea5a93112/library/test/src/lib.rs:651:60
[INFO] [stdout]   26:     0x55ab08dee4b5 - <core::panic::unwind_safe::AssertUnwindSafe<F> as core::ops::function::FnOnce<()>>::call_once::h76c106ea31c14d7b
[INFO] [stdout]                                at /rustc/82e1608dfa6e0b5569232559e3d385fea5a93112/library/core/src/panic/unwind_safe.rs:272:9
[INFO] [stdout]   27:     0x55ab08dee4b5 - std::panicking::try::do_call::h3bd5d0f6620ee946
[INFO] [stdout]                                at /rustc/82e1608dfa6e0b5569232559e3d385fea5a93112/library/std/src/panicking.rs:552:40
[INFO] [stdout]   28:     0x55ab08dee4b5 - std::panicking::try::h232e535e4744fe31
[INFO] [stdout]                                at /rustc/82e1608dfa6e0b5569232559e3d385fea5a93112/library/std/src/panicking.rs:516:19
[INFO] [stdout]   29:     0x55ab08dee4b5 - std::panic::catch_unwind::h3ce3bd6ca8dbac68
[INFO] [stdout]                                at /rustc/82e1608dfa6e0b5569232559e3d385fea5a93112/library/std/src/panic.rs:142:14
[INFO] [stdout]   30:     0x55ab08dee4b5 - test::run_test_in_process::hc97b257c9621286a
[INFO] [stdout]                                at /rustc/82e1608dfa6e0b5569232559e3d385fea5a93112/library/test/src/lib.rs:651:27
[INFO] [stdout]   31:     0x55ab08dee4b5 - test::run_test::{{closure}}::h2aa798823a438d38
[INFO] [stdout]                                at /rustc/82e1608dfa6e0b5569232559e3d385fea5a93112/library/test/src/lib.rs:574:43
[INFO] [stdout]   32:     0x55ab08db6776 - test::run_test::{{closure}}::h87d231c78fb59832
[INFO] [stdout]                                at /rustc/82e1608dfa6e0b5569232559e3d385fea5a93112/library/test/src/lib.rs:602:41
[INFO] [stdout]   33:     0x55ab08db6776 - std::sys_common::backtrace::__rust_begin_short_backtrace::he6df152596625789
[INFO] [stdout]                                at /rustc/82e1608dfa6e0b5569232559e3d385fea5a93112/library/std/src/sys_common/backtrace.rs:154:18
[INFO] [stdout]   34:     0x55ab08dbb827 - std::thread::Builder::spawn_unchecked_::{{closure}}::{{closure}}::ha94be15d1e0acf36
[INFO] [stdout]                                at /rustc/82e1608dfa6e0b5569232559e3d385fea5a93112/library/std/src/thread/mod.rs:529:17
[INFO] [stdout]   35:     0x55ab08dbb827 - <core::panic::unwind_safe::AssertUnwindSafe<F> as core::ops::function::FnOnce<()>>::call_once::h9dc6bd6372f16606
[INFO] [stdout]                                at /rustc/82e1608dfa6e0b5569232559e3d385fea5a93112/library/core/src/panic/unwind_safe.rs:272:9
[INFO] [stdout]   36:     0x55ab08dbb827 - std::panicking::try::do_call::h9057517f80303cd4
[INFO] [stdout]                                at /rustc/82e1608dfa6e0b5569232559e3d385fea5a93112/library/std/src/panicking.rs:552:40
[INFO] [stdout]   37:     0x55ab08dbb827 - std::panicking::try::he3a30b11ee45340c
[INFO] [stdout]                                at /rustc/82e1608dfa6e0b5569232559e3d385fea5a93112/library/std/src/panicking.rs:516:19
[INFO] [stdout]   38:     0x55ab08dbb827 - std::panic::catch_unwind::h410458cfd3528b8b
[INFO] [stdout]                                at /rustc/82e1608dfa6e0b5569232559e3d385fea5a93112/library/std/src/panic.rs:142:14
[INFO] [stdout]   39:     0x55ab08dbb827 - std::thread::Builder::spawn_unchecked_::{{closure}}::h72ac3bdb567b737b
[INFO] [stdout]                                at /rustc/82e1608dfa6e0b5569232559e3d385fea5a93112/library/std/src/thread/mod.rs:528:30
[INFO] [stdout]   40:     0x55ab08dbb827 - core::ops::function::FnOnce::call_once{{vtable.shim}}::h38f34da3654a8344
[INFO] [stdout]                                at /rustc/82e1608dfa6e0b5569232559e3d385fea5a93112/library/core/src/ops/function.rs:250:5
[INFO] [stdout]   41:     0x55ab091c4b15 - <alloc::boxed::Box<F,A> as core::ops::function::FnOnce<Args>>::call_once::hc7eafaff61e32df9
[INFO] [stdout]                                at /rustc/82e1608dfa6e0b5569232559e3d385fea5a93112/library/alloc/src/boxed.rs:2007:9
[INFO] [stdout]   42:     0x55ab091c4b15 - <alloc::boxed::Box<F,A> as core::ops::function::FnOnce<Args>>::call_once::h6ba4a5de48dd2304
[INFO] [stdout]                                at /rustc/82e1608dfa6e0b5569232559e3d385fea5a93112/library/alloc/src/boxed.rs:2007:9
[INFO] [stdout]   43:     0x55ab091c4b15 - std::sys::unix::thread::Thread::new::thread_start::he469335aef763e45
[INFO] [stdout]                                at /rustc/82e1608dfa6e0b5569232559e3d385fea5a93112/library/std/src/sys/unix/thread.rs:108:17
[INFO] [stdout]   44:     0x7f6048778ac3 - <unknown>
[INFO] [stdout]   45:     0x7f6048809bf4 - __clone
[INFO] [stdout]   46:                0x0 - <unknown>
[INFO] [stdout] 
[INFO] [stdout] 
[INFO] [stdout] failures:
[INFO] [stdout]     app::tests::test_app
[INFO] [stdout] 
[INFO] [stdout] test result: FAILED. 1 passed; 1 failed; 0 ignored; 0 measured; 0 filtered out; finished in 1.16s
[INFO] [stdout] 
[INFO] [stderr] error: test failed, to rerun pass `-p systeroid --lib`
[INFO] running `Command { std: "docker" "inspect" "95f61c9ae411467e840d33bcfbb11ba5f7591dfea61317182ea95a093cec8919", kill_on_drop: false }`
[INFO] running `Command { std: "docker" "rm" "-f" "95f61c9ae411467e840d33bcfbb11ba5f7591dfea61317182ea95a093cec8919", kill_on_drop: false }`
[INFO] [stdout] 95f61c9ae411467e840d33bcfbb11ba5f7591dfea61317182ea95a093cec8919
