[INFO] cloning repository https://github.com/orderbook-labs/seadex
[INFO] running `Command { std: "git" "-c" "credential.helper=" "-c" "credential.helper=/workspace/cargo-home/bin/git-credential-null" "clone" "--bare" "https://github.com/orderbook-labs/seadex" "/workspace/cache/git-repos/https%3A%2F%2Fgithub.com%2Forderbook-labs%2Fseadex", kill_on_drop: false }`
[INFO] [stderr] Cloning into bare repository '/workspace/cache/git-repos/https%3A%2F%2Fgithub.com%2Forderbook-labs%2Fseadex'...
[INFO] running `Command { std: "git" "rev-parse" "HEAD", kill_on_drop: false }`
[INFO] [stdout] b61bdc2fb53c29ab00fa601c4165b503e409b87c
[INFO] testing orderbook-labs/seadex against 1.75.0 for beta-1.76-1
[INFO] running `Command { std: "git" "clone" "/workspace/cache/git-repos/https%3A%2F%2Fgithub.com%2Forderbook-labs%2Fseadex" "/workspace/builds/worker-5-tc1/source", kill_on_drop: false }`
[INFO] [stderr] Cloning into '/workspace/builds/worker-5-tc1/source'...
[INFO] [stderr] done.
[INFO] validating manifest of git repo https://github.com/orderbook-labs/seadex on toolchain 1.75.0
[INFO] running `Command { std: CARGO_HOME="/workspace/cargo-home" RUSTUP_HOME="/workspace/rustup-home" "/workspace/cargo-home/bin/cargo" "+1.75.0" "metadata" "--manifest-path" "Cargo.toml" "--no-deps", kill_on_drop: false }`
[INFO] removed /workspace/builds/worker-5-tc1/source/.cargo/config
[INFO] started tweaking git repo https://github.com/orderbook-labs/seadex
[INFO] finished tweaking git repo https://github.com/orderbook-labs/seadex
[INFO] tweaked toml for git repo https://github.com/orderbook-labs/seadex written to /workspace/builds/worker-5-tc1/source/Cargo.toml
[INFO] crate git repo https://github.com/orderbook-labs/seadex already has a lockfile, it will not be regenerated
[INFO] running `Command { std: CARGO_HOME="/workspace/cargo-home" RUSTUP_HOME="/workspace/rustup-home" "/workspace/cargo-home/bin/cargo" "+1.75.0" "fetch" "--manifest-path" "Cargo.toml", kill_on_drop: false }`
[INFO] [stderr]     Updating crates.io index
[INFO] [stderr]  Downloading crates ...
[INFO] [stderr]   Downloaded cosmwasm-schema-derive v1.3.1
[INFO] [stderr]   Downloaded cosmwasm-storage v1.3.1
[INFO] [stderr]   Downloaded cw20 v0.13.4
[INFO] [stderr]   Downloaded cosmwasm-crypto v1.3.1
[INFO] [stderr]   Downloaded cw20-base v0.13.4
[INFO] [stderr]   Downloaded cosmwasm-std v1.3.1
[INFO] [stderr]   Downloaded sei-cosmwasm v0.4.10
[INFO] [stderr]   Downloaded cw2 v1.1.0
[INFO] [stderr]   Downloaded cosmwasm-schema v1.3.1
[INFO] [stderr]   Downloaded cosmwasm-derive v1.3.1
[INFO] [stderr]   Downloaded sei-integration-tests v0.4.10
[INFO] running `Command { std: "docker" "create" "-v" "/var/lib/crater-agent-workspace/builds/worker-5-tc1/target:/opt/rustwide/target:rw,Z" "-v" "/var/lib/crater-agent-workspace/builds/worker-5-tc1/source:/opt/rustwide/workdir:ro,Z" "-v" "/var/lib/crater-agent-workspace/cargo-home:/opt/rustwide/cargo-home:ro,Z" "-v" "/var/lib/crater-agent-workspace/rustup-home:/opt/rustwide/rustup-home:ro,Z" "-e" "SOURCE_DIR=/opt/rustwide/workdir" "-e" "CARGO_TARGET_DIR=/opt/rustwide/target" "-e" "CARGO_HOME=/opt/rustwide/cargo-home" "-e" "RUSTUP_HOME=/opt/rustwide/rustup-home" "-w" "/opt/rustwide/workdir" "-m" "1610612736" "--user" "0:0" "--network" "none" "ghcr.io/rust-lang/crates-build-env/linux@sha256:2788e3201cd34a07e3172128adcd8b3090168a8e3bcc40d7c032b9dda1df7d1c" "/opt/rustwide/cargo-home/bin/cargo" "+1.75.0" "metadata" "--no-deps" "--format-version=1", kill_on_drop: false }`
[INFO] [stdout] 7298f6f59f9f244de8a132ed7593e5880329b0ef9fd93d6530d2760410ba5620
[INFO] running `Command { std: "docker" "start" "-a" "7298f6f59f9f244de8a132ed7593e5880329b0ef9fd93d6530d2760410ba5620", kill_on_drop: false }`
[INFO] running `Command { std: "docker" "inspect" "7298f6f59f9f244de8a132ed7593e5880329b0ef9fd93d6530d2760410ba5620", kill_on_drop: false }`
[INFO] running `Command { std: "docker" "rm" "-f" "7298f6f59f9f244de8a132ed7593e5880329b0ef9fd93d6530d2760410ba5620", kill_on_drop: false }`
[INFO] [stdout] 7298f6f59f9f244de8a132ed7593e5880329b0ef9fd93d6530d2760410ba5620
[INFO] running `Command { std: "docker" "create" "-v" "/var/lib/crater-agent-workspace/builds/worker-5-tc1/target:/opt/rustwide/target:rw,Z" "-v" "/var/lib/crater-agent-workspace/builds/worker-5-tc1/source:/opt/rustwide/workdir:ro,Z" "-v" "/var/lib/crater-agent-workspace/cargo-home:/opt/rustwide/cargo-home:ro,Z" "-v" "/var/lib/crater-agent-workspace/rustup-home:/opt/rustwide/rustup-home:ro,Z" "-e" "SOURCE_DIR=/opt/rustwide/workdir" "-e" "CARGO_TARGET_DIR=/opt/rustwide/target" "-e" "CARGO_INCREMENTAL=0" "-e" "RUST_BACKTRACE=full" "-e" "RUSTFLAGS=--cap-lints=warn" "-e" "RUSTDOCFLAGS=--cap-lints=warn" "-e" "CARGO_HOME=/opt/rustwide/cargo-home" "-e" "RUSTUP_HOME=/opt/rustwide/rustup-home" "-w" "/opt/rustwide/workdir" "-m" "1610612736" "--user" "0:0" "--network" "none" "ghcr.io/rust-lang/crates-build-env/linux@sha256:2788e3201cd34a07e3172128adcd8b3090168a8e3bcc40d7c032b9dda1df7d1c" "/opt/rustwide/cargo-home/bin/cargo" "+1.75.0" "build" "--frozen" "--message-format=json", kill_on_drop: false }`
[INFO] [stdout] 72c844c07e63f335af115c90bf9dae551e7a2695e5b5cb744a7c5a160a0c76bc
[INFO] running `Command { std: "docker" "start" "-a" "72c844c07e63f335af115c90bf9dae551e7a2695e5b5cb744a7c5a160a0c76bc", kill_on_drop: false }`
[INFO] [stderr] warning: output filename collision.
[INFO] [stderr] The bin target `schema` in package `pool v1.0.0 (/opt/rustwide/workdir/contracts/pool)` has the same output filename as the bin target `schema` in package `dashboard v1.0.0 (/opt/rustwide/workdir/contracts/dashboard)`.
[INFO] [stderr] Colliding filename is: /opt/rustwide/target/debug/schema
[INFO] [stderr] The targets should have unique names.
[INFO] [stderr] Consider changing their names to be unique or compiling them separately.
[INFO] [stderr] This may become a hard error in the future; see <https://github.com/rust-lang/cargo/issues/6313>.
[INFO] [stderr] warning: output filename collision.
[INFO] [stderr] The bin target `schema` in package `pool v1.0.0 (/opt/rustwide/workdir/contracts/pool)` has the same output filename as the bin target `schema` in package `dashboard v1.0.0 (/opt/rustwide/workdir/contracts/dashboard)`.
[INFO] [stderr] Colliding filename is: /opt/rustwide/target/debug/schema.dwp
[INFO] [stderr] The targets should have unique names.
[INFO] [stderr] Consider changing their names to be unique or compiling them separately.
[INFO] [stderr] This may become a hard error in the future; see <https://github.com/rust-lang/cargo/issues/6313>.
[INFO] [stderr]    Compiling version_check v0.9.4
[INFO] [stderr]    Compiling typenum v1.16.0
[INFO] [stderr]    Compiling proc-macro2 v1.0.66
[INFO] [stderr]    Compiling unicode-ident v1.0.11
[INFO] [stderr]    Compiling libc v0.2.147
[INFO] [stderr]    Compiling cfg-if v1.0.0
[INFO] [stderr]    Compiling subtle v2.5.0
[INFO] [stderr]    Compiling zeroize v1.6.0
[INFO] [stderr]    Compiling syn v1.0.109
[INFO] [stderr]    Compiling const-oid v0.9.5
[INFO] [stderr]    Compiling serde v1.0.183
[INFO] [stderr]    Compiling serde_derive v1.0.183
[INFO] [stderr]    Compiling der v0.6.1
[INFO] [stderr]    Compiling generic-array v0.14.7
[INFO] [stderr]    Compiling base64ct v1.6.0
[INFO] [stderr]    Compiling thiserror v1.0.44
[INFO] [stderr]    Compiling ahash v0.7.6
[INFO] [stderr]    Compiling once_cell v1.18.0
[INFO] [stderr]    Compiling base16ct v0.1.1
[INFO] [stderr]    Compiling quote v1.0.32
[INFO] [stderr]    Compiling cpufeatures v0.2.9
[INFO] [stderr]    Compiling serde_json v1.0.104
[INFO] [stderr]    Compiling schemars v0.8.12
[INFO] [stderr]    Compiling getrandom v0.2.10
[INFO] [stderr]    Compiling syn v2.0.28
[INFO] [stderr]    Compiling spki v0.6.0
[INFO] [stderr]    Compiling itoa v1.0.9
[INFO] [stderr]    Compiling rand_core v0.6.4
[INFO] [stderr]    Compiling pkcs8 v0.9.0
[INFO] [stderr]    Compiling ff v0.12.1
[INFO] [stderr]    Compiling ryu v1.0.15
[INFO] [stderr]    Compiling group v0.12.1
[INFO] [stderr]    Compiling rand_core v0.5.1
[INFO] [stderr]    Compiling opaque-debug v0.3.0
[INFO] [stderr]    Compiling byteorder v1.4.3
[INFO] [stderr]    Compiling hashbrown v0.12.3
[INFO] [stderr]    Compiling dyn-clone v1.0.12
[INFO] [stderr]    Compiling hex v0.4.3
[INFO] [stderr]    Compiling base64 v0.13.1
[INFO] [stderr]    Compiling bnum v0.7.0
[INFO] [stderr]    Compiling forward_ref v1.0.0
[INFO] [stderr]    Compiling anyhow v1.0.72
[INFO] [stderr]    Compiling either v1.9.0
[INFO] [stderr]    Compiling crypto-common v0.1.6
[INFO] [stderr]    Compiling block-buffer v0.10.4
[INFO] [stderr]    Compiling crypto-bigint v0.4.9
[INFO] [stderr]    Compiling sec1 v0.3.0
[INFO] [stderr]    Compiling digest v0.9.0
[INFO] [stderr]    Compiling digest v0.10.7
[INFO] [stderr]    Compiling block-buffer v0.9.0
[INFO] [stderr]    Compiling sha2 v0.9.9
[INFO] [stderr]    Compiling hmac v0.12.1
[INFO] [stderr]    Compiling signature v1.6.4
[INFO] [stderr]    Compiling sha2 v0.10.7
[INFO] [stderr]    Compiling curve25519-dalek v3.2.0
[INFO] [stderr]    Compiling elliptic-curve v0.12.3
[INFO] [stderr]    Compiling rfc6979 v0.3.1
[INFO] [stderr]    Compiling bytes v1.4.0
[INFO] [stderr]    Compiling ecdsa v0.14.8
[INFO] [stderr]    Compiling semver v1.0.18
[INFO] [stderr]    Compiling k256 v0.11.6
[INFO] [stderr]    Compiling itertools v0.10.5
[INFO] [stderr]    Compiling protobuf v3.2.0
[INFO] [stderr]    Compiling thiserror-impl v1.0.44
[INFO] [stderr]    Compiling serde_repr v0.1.16
[INFO] [stderr]    Compiling ed25519-zebra v3.1.0
[INFO] [stderr]    Compiling serde-json-wasm v0.5.1
[INFO] [stderr]    Compiling serde_derive_internals v0.26.0
[INFO] [stderr]    Compiling cosmwasm-crypto v1.3.1
[INFO] [stderr]    Compiling protobuf-support v3.2.0
[INFO] [stderr]    Compiling schemars_derive v0.8.12
[INFO] [stderr]    Compiling derivative v2.2.0
[INFO] [stderr]    Compiling cosmwasm-derive v1.3.1
[INFO] [stderr]    Compiling cosmwasm-schema-derive v1.3.1
[INFO] [stderr]    Compiling prost-derive v0.9.0
[INFO] [stderr]    Compiling prost v0.9.0
[INFO] [stderr]    Compiling cosmwasm-std v1.3.1
[INFO] [stderr]    Compiling cosmwasm-schema v1.3.1
[INFO] [stderr]    Compiling cw-storage-plus v1.1.0
[INFO] [stderr]    Compiling cw-storage-plus v0.13.4
[INFO] [stderr]    Compiling cw-utils v0.13.4
[INFO] [stderr]    Compiling sei-cosmwasm v0.4.10
[INFO] [stderr]    Compiling cosmwasm-storage v1.3.1
[INFO] [stderr]    Compiling cw20 v0.13.4
[INFO] [stderr]    Compiling cw2 v0.13.4
[INFO] [stderr]    Compiling cw2 v1.1.0
[INFO] [stderr]    Compiling cw-utils v1.0.1
[INFO] [stderr]    Compiling cw-multi-test v0.16.5
[INFO] [stderr]    Compiling cw20-base v0.13.4
[INFO] [stderr]    Compiling sei-integration-tests v0.4.10
[INFO] [stderr]    Compiling pool v1.0.0 (/opt/rustwide/workdir/contracts/pool)
[INFO] [stdout] warning: unused import: `from_binary`
[INFO] [stdout]  --> contracts/pool/src/contract/reply.rs:1:20
[INFO] [stdout]   |
[INFO] [stdout] 1 | use cosmwasm_std::{from_binary, DepsMut, Env, Reply, Response, StdError, SubMsgResponse};
[INFO] [stdout]   |                    ^^^^^^^^^^^
[INFO] [stdout]   |
[INFO] [stdout]   = note: `#[warn(unused_imports)]` on by default
[INFO] [stdout] 
[INFO] [stdout] 
[INFO] [stdout] warning: unused imports: `parse_execute_response_data`, `parse_instantiate_response_data`
[INFO] [stdout]  --> contracts/pool/src/contract/reply.rs:2:16
[INFO] [stdout]   |
[INFO] [stdout] 2 | use cw_utils::{parse_execute_response_data, parse_instantiate_response_data};
[INFO] [stdout]   |                ^^^^^^^^^^^^^^^^^^^^^^^^^^^  ^^^^^^^^^^^^^^^^^^^^^^^^^^^^^^^
[INFO] [stdout] 
[INFO] [stdout] 
[INFO] [stdout] warning: 2 warnings emitted
[INFO] [stdout] 
[INFO] [stdout] 
[INFO] [stderr]    Compiling dashboard v1.0.0 (/opt/rustwide/workdir/contracts/dashboard)
[INFO] [stderr]     Finished dev [unoptimized + debuginfo] target(s) in 1m 04s
[INFO] running `Command { std: "docker" "inspect" "72c844c07e63f335af115c90bf9dae551e7a2695e5b5cb744a7c5a160a0c76bc", kill_on_drop: false }`
[INFO] running `Command { std: "docker" "rm" "-f" "72c844c07e63f335af115c90bf9dae551e7a2695e5b5cb744a7c5a160a0c76bc", kill_on_drop: false }`
[INFO] [stdout] 72c844c07e63f335af115c90bf9dae551e7a2695e5b5cb744a7c5a160a0c76bc
[INFO] running `Command { std: "docker" "create" "-v" "/var/lib/crater-agent-workspace/builds/worker-5-tc1/target:/opt/rustwide/target:rw,Z" "-v" "/var/lib/crater-agent-workspace/builds/worker-5-tc1/source:/opt/rustwide/workdir:ro,Z" "-v" "/var/lib/crater-agent-workspace/cargo-home:/opt/rustwide/cargo-home:ro,Z" "-v" "/var/lib/crater-agent-workspace/rustup-home:/opt/rustwide/rustup-home:ro,Z" "-e" "SOURCE_DIR=/opt/rustwide/workdir" "-e" "CARGO_TARGET_DIR=/opt/rustwide/target" "-e" "CARGO_INCREMENTAL=0" "-e" "RUST_BACKTRACE=full" "-e" "RUSTFLAGS=--cap-lints=warn" "-e" "RUSTDOCFLAGS=--cap-lints=warn" "-e" "CARGO_HOME=/opt/rustwide/cargo-home" "-e" "RUSTUP_HOME=/opt/rustwide/rustup-home" "-w" "/opt/rustwide/workdir" "-m" "1610612736" "--user" "0:0" "--network" "none" "ghcr.io/rust-lang/crates-build-env/linux@sha256:2788e3201cd34a07e3172128adcd8b3090168a8e3bcc40d7c032b9dda1df7d1c" "/opt/rustwide/cargo-home/bin/cargo" "+1.75.0" "test" "--frozen" "--no-run" "--message-format=json", kill_on_drop: false }`
[INFO] [stdout] e8d9c1b2136f2581e2c52cb9f48e2f5d0beb4565eac68371b5fcd563e1f002c8
[INFO] running `Command { std: "docker" "start" "-a" "e8d9c1b2136f2581e2c52cb9f48e2f5d0beb4565eac68371b5fcd563e1f002c8", kill_on_drop: false }`
[INFO] [stderr]    Compiling pool v1.0.0 (/opt/rustwide/workdir/contracts/pool)
[INFO] [stdout] warning: unused import: `from_binary`
[INFO] [stdout]  --> contracts/pool/src/contract/reply.rs:1:20
[INFO] [stdout]   |
[INFO] [stdout] 1 | use cosmwasm_std::{from_binary, DepsMut, Env, Reply, Response, StdError, SubMsgResponse};
[INFO] [stdout]   |                    ^^^^^^^^^^^
[INFO] [stdout]   |
[INFO] [stdout]   = note: `#[warn(unused_imports)]` on by default
[INFO] [stdout] 
[INFO] [stdout] 
[INFO] [stdout] warning: unused imports: `parse_execute_response_data`, `parse_instantiate_response_data`
[INFO] [stdout]  --> contracts/pool/src/contract/reply.rs:2:16
[INFO] [stdout]   |
[INFO] [stdout] 2 | use cw_utils::{parse_execute_response_data, parse_instantiate_response_data};
[INFO] [stdout]   |                ^^^^^^^^^^^^^^^^^^^^^^^^^^^  ^^^^^^^^^^^^^^^^^^^^^^^^^^^^^^^
[INFO] [stdout] 
[INFO] [stdout] 
[INFO] [stdout] warning: unused import: `from_binary`
[INFO] [stdout]  --> contracts/pool/src/contract/reply.rs:1:20
[INFO] [stdout]   |
[INFO] [stdout] 1 | use cosmwasm_std::{from_binary, DepsMut, Env, Reply, Response, StdError, SubMsgResponse};
[INFO] [stdout]   |                    ^^^^^^^^^^^
[INFO] [stdout]   |
[INFO] [stdout]   = note: `#[warn(unused_imports)]` on by default
[INFO] [stdout] 
[INFO] [stdout] 
[INFO] [stdout] warning: unused imports: `parse_execute_response_data`, `parse_instantiate_response_data`
[INFO] [stdout]  --> contracts/pool/src/contract/reply.rs:2:16
[INFO] [stdout]   |
[INFO] [stdout] 2 | use cw_utils::{parse_execute_response_data, parse_instantiate_response_data};
[INFO] [stdout]   |                ^^^^^^^^^^^^^^^^^^^^^^^^^^^  ^^^^^^^^^^^^^^^^^^^^^^^^^^^^^^^
[INFO] [stdout] 
[INFO] [stdout] 
[INFO] [stdout] warning: unused variable: `leverage`
[INFO] [stdout]    --> contracts/pool/src/multitest/tests.rs:104:13
[INFO] [stdout]     |
[INFO] [stdout] 104 |         let leverage = 1u128;
[INFO] [stdout]     |             ^^^^^^^^ help: if this is intentional, prefix it with an underscore: `_leverage`
[INFO] [stdout]     |
[INFO] [stdout]     = note: `#[warn(unused_variables)]` on by default
[INFO] [stdout] 
[INFO] [stdout] 
[INFO] [stdout] warning: unused variable: `position_effect`
[INFO] [stdout]    --> contracts/pool/src/multitest/tests.rs:105:13
[INFO] [stdout]     |
[INFO] [stdout] 105 |         let position_effect = "Open";
[INFO] [stdout]     |             ^^^^^^^^^^^^^^^ help: if this is intentional, prefix it with an underscore: `_position_effect`
[INFO] [stdout] 
[INFO] [stdout] 
[INFO] [stdout] warning: unused variable: `status_description`
[INFO] [stdout]    --> contracts/pool/src/multitest/tests.rs:106:13
[INFO] [stdout]     |
[INFO] [stdout] 106 |         let status_description = "status_description";
[INFO] [stdout]     |             ^^^^^^^^^^^^^^^^^^ help: if this is intentional, prefix it with an underscore: `_status_description`
[INFO] [stdout] 
[INFO] [stdout] 
[INFO] [stdout] warning: 2 warnings emitted
[INFO] [stdout] 
[INFO] [stdout] 
[INFO] [stderr]    Compiling dashboard v1.0.0 (/opt/rustwide/workdir/contracts/dashboard)
[INFO] [stdout] warning: 5 warnings emitted
[INFO] [stdout] 
[INFO] [stdout] 
[INFO] [stderr]     Finished test [unoptimized + debuginfo] target(s) in 15.04s
[INFO] running `Command { std: "docker" "inspect" "e8d9c1b2136f2581e2c52cb9f48e2f5d0beb4565eac68371b5fcd563e1f002c8", kill_on_drop: false }`
[INFO] running `Command { std: "docker" "rm" "-f" "e8d9c1b2136f2581e2c52cb9f48e2f5d0beb4565eac68371b5fcd563e1f002c8", kill_on_drop: false }`
[INFO] [stdout] e8d9c1b2136f2581e2c52cb9f48e2f5d0beb4565eac68371b5fcd563e1f002c8
[INFO] running `Command { std: "docker" "create" "-v" "/var/lib/crater-agent-workspace/builds/worker-5-tc1/target:/opt/rustwide/target:rw,Z" "-v" "/var/lib/crater-agent-workspace/builds/worker-5-tc1/source:/opt/rustwide/workdir:ro,Z" "-v" "/var/lib/crater-agent-workspace/cargo-home:/opt/rustwide/cargo-home:ro,Z" "-v" "/var/lib/crater-agent-workspace/rustup-home:/opt/rustwide/rustup-home:ro,Z" "-e" "SOURCE_DIR=/opt/rustwide/workdir" "-e" "CARGO_TARGET_DIR=/opt/rustwide/target" "-e" "CARGO_INCREMENTAL=0" "-e" "RUST_BACKTRACE=full" "-e" "RUSTFLAGS=--cap-lints=warn" "-e" "RUSTDOCFLAGS=--cap-lints=warn" "-e" "CARGO_HOME=/opt/rustwide/cargo-home" "-e" "RUSTUP_HOME=/opt/rustwide/rustup-home" "-w" "/opt/rustwide/workdir" "-m" "1610612736" "--user" "0:0" "--network" "none" "ghcr.io/rust-lang/crates-build-env/linux@sha256:2788e3201cd34a07e3172128adcd8b3090168a8e3bcc40d7c032b9dda1df7d1c" "/opt/rustwide/cargo-home/bin/cargo" "+1.75.0" "test" "--frozen", kill_on_drop: false }`
[INFO] [stdout] eaf79a25dd563828b5e6c55ff131902200158385d32e5140de12c5be431dfb87
[INFO] running `Command { std: "docker" "start" "-a" "eaf79a25dd563828b5e6c55ff131902200158385d32e5140de12c5be431dfb87", kill_on_drop: false }`
[INFO] [stderr] warning: unused import: `from_binary`
[INFO] [stderr]  --> contracts/pool/src/contract/reply.rs:1:20
[INFO] [stderr]   |
[INFO] [stderr] 1 | use cosmwasm_std::{from_binary, DepsMut, Env, Reply, Response, StdError, SubMsgResponse};
[INFO] [stderr]   |                    ^^^^^^^^^^^
[INFO] [stderr]   |
[INFO] [stderr]   = note: `#[warn(unused_imports)]` on by default
[INFO] [stderr] 
[INFO] [stderr] warning: unused imports: `parse_execute_response_data`, `parse_instantiate_response_data`
[INFO] [stderr]  --> contracts/pool/src/contract/reply.rs:2:16
[INFO] [stderr]   |
[INFO] [stderr] 2 | use cw_utils::{parse_execute_response_data, parse_instantiate_response_data};
[INFO] [stderr]   |                ^^^^^^^^^^^^^^^^^^^^^^^^^^^  ^^^^^^^^^^^^^^^^^^^^^^^^^^^^^^^
[INFO] [stderr] 
[INFO] [stderr] warning: unused variable: `leverage`
[INFO] [stderr]    --> contracts/pool/src/multitest/tests.rs:104:13
[INFO] [stderr]     |
[INFO] [stderr] 104 |         let leverage = 1u128;
[INFO] [stderr]     |             ^^^^^^^^ help: if this is intentional, prefix it with an underscore: `_leverage`
[INFO] [stderr]     |
[INFO] [stderr]     = note: `#[warn(unused_variables)]` on by default
[INFO] [stderr] 
[INFO] [stderr] warning: unused variable: `position_effect`
[INFO] [stderr]    --> contracts/pool/src/multitest/tests.rs:105:13
[INFO] [stderr]     |
[INFO] [stderr] 105 |         let position_effect = "Open";
[INFO] [stderr]     |             ^^^^^^^^^^^^^^^ help: if this is intentional, prefix it with an underscore: `_position_effect`
[INFO] [stderr] 
[INFO] [stderr] warning: unused variable: `status_description`
[INFO] [stderr]    --> contracts/pool/src/multitest/tests.rs:106:13
[INFO] [stderr]     |
[INFO] [stderr] 106 |         let status_description = "status_description";
[INFO] [stderr]     |             ^^^^^^^^^^^^^^^^^^ help: if this is intentional, prefix it with an underscore: `_status_description`
[INFO] [stderr] 
[INFO] [stderr] warning: `pool` (lib) generated 2 warnings (run `cargo fix --lib -p pool` to apply 2 suggestions)
[INFO] [stderr] warning: `pool` (lib test) generated 5 warnings (2 duplicates) (run `cargo fix --lib -p pool --tests` to apply 3 suggestions)
[INFO] [stderr]     Finished test [unoptimized + debuginfo] target(s) in 0.10s
[INFO] [stderr]      Running unittests src/lib.rs (/opt/rustwide/target/debug/deps/dashboard-1b8e2c26c70fc120)
[INFO] [stdout] 
[INFO] [stdout] running 0 tests
[INFO] [stdout] 
[INFO] [stdout] test result: ok. 0 passed; 0 failed; 0 ignored; 0 measured; 0 filtered out; finished in 0.00s
[INFO] [stdout] 
[INFO] [stderr]      Running unittests src/bin/schema.rs (/opt/rustwide/target/debug/deps/schema-cca8eecfb073069d)
[INFO] [stdout] 
[INFO] [stdout] running 0 tests
[INFO] [stdout] 
[INFO] [stdout] test result: ok. 0 passed; 0 failed; 0 ignored; 0 measured; 0 filtered out; finished in 0.00s
[INFO] [stdout] 
[INFO] [stderr]      Running unittests src/lib.rs (/opt/rustwide/target/debug/deps/pool-40553ec68b22e4d0)
[INFO] [stdout] 
[INFO] [stdout] running 2 tests
[INFO] [stdout] test multitest::tests::test::instantiate_should_works ... ok
[INFO] [stdout] test multitest::tests::test::swap_pool_full_flows_should_works ... FAILED
[INFO] [stdout] 
[INFO] [stdout] failures:
[INFO] [stdout] 
[INFO] [stdout] ---- multitest::tests::test::swap_pool_full_flows_should_works stdout ----
[INFO] [stdout] thread 'multitest::tests::test::swap_pool_full_flows_should_works' panicked at contracts/pool/src/multitest/tests.rs:151:9:
[INFO] [stdout] assertion `left == right` failed
[INFO] [stdout]   left: 0
[INFO] [stdout]  right: 1
[INFO] [stdout] stack backtrace:
[INFO] [stdout]    0:     0x56531a6fcb6c - std::backtrace_rs::backtrace::libunwind::trace::ha637c64ce894333a
[INFO] [stdout]                                at /rustc/82e1608dfa6e0b5569232559e3d385fea5a93112/library/std/src/../../backtrace/src/backtrace/libunwind.rs:104:5
[INFO] [stdout]    1:     0x56531a6fcb6c - std::backtrace_rs::backtrace::trace_unsynchronized::h47f62dea28e0c88d
[INFO] [stdout]                                at /rustc/82e1608dfa6e0b5569232559e3d385fea5a93112/library/std/src/../../backtrace/src/backtrace/mod.rs:66:5
[INFO] [stdout]    2:     0x56531a6fcb6c - std::sys_common::backtrace::_print_fmt::h9eef0abe20ede486
[INFO] [stdout]                                at /rustc/82e1608dfa6e0b5569232559e3d385fea5a93112/library/std/src/sys_common/backtrace.rs:67:5
[INFO] [stdout]    3:     0x56531a6fcb6c - <std::sys_common::backtrace::_print::DisplayBacktrace as core::fmt::Display>::fmt::hed7f999df88cc644
[INFO] [stdout]                                at /rustc/82e1608dfa6e0b5569232559e3d385fea5a93112/library/std/src/sys_common/backtrace.rs:44:22
[INFO] [stdout]    4:     0x56531a7271c0 - core::fmt::rt::Argument::fmt::h1539a9308b8d058d
[INFO] [stdout]                                at /rustc/82e1608dfa6e0b5569232559e3d385fea5a93112/library/core/src/fmt/rt.rs:142:9
[INFO] [stdout]    5:     0x56531a7271c0 - core::fmt::write::h3a39390d8560d9c9
[INFO] [stdout]                                at /rustc/82e1608dfa6e0b5569232559e3d385fea5a93112/library/core/src/fmt/mod.rs:1120:17
[INFO] [stdout]    6:     0x56531a6fa51f - std::io::Write::write_fmt::h040b369f3a0f9cbc
[INFO] [stdout]                                at /rustc/82e1608dfa6e0b5569232559e3d385fea5a93112/library/std/src/io/mod.rs:1762:15
[INFO] [stdout]    7:     0x56531a6fc954 - std::sys_common::backtrace::_print::h894006fb5c6f3d45
[INFO] [stdout]                                at /rustc/82e1608dfa6e0b5569232559e3d385fea5a93112/library/std/src/sys_common/backtrace.rs:47:5
[INFO] [stdout]    8:     0x56531a6fc954 - std::sys_common::backtrace::print::h23a2d212c6fff936
[INFO] [stdout]                                at /rustc/82e1608dfa6e0b5569232559e3d385fea5a93112/library/std/src/sys_common/backtrace.rs:34:9
[INFO] [stdout]    9:     0x56531a6fe617 - std::panicking::default_hook::{{closure}}::h8a1d2ee00185001a
[INFO] [stdout]   10:     0x56531a6fe303 - std::panicking::default_hook::h6038f2eba384e475
[INFO] [stdout]                                at /rustc/82e1608dfa6e0b5569232559e3d385fea5a93112/library/std/src/panicking.rs:289:9
[INFO] [stdout]   11:     0x56531a4c1567 - <alloc::boxed::Box<F,A> as core::ops::function::Fn<Args>>::call::h0ad024c9bdc6d768
[INFO] [stdout]                                at /rustc/82e1608dfa6e0b5569232559e3d385fea5a93112/library/alloc/src/boxed.rs:2021:9
[INFO] [stdout]   12:     0x56531a4c1567 - test::test_main::{{closure}}::h7500b54257359db6
[INFO] [stdout]                                at /rustc/82e1608dfa6e0b5569232559e3d385fea5a93112/library/test/src/lib.rs:138:21
[INFO] [stdout]   13:     0x56531a6fec28 - <alloc::boxed::Box<F,A> as core::ops::function::Fn<Args>>::call::h1f8f335eaa9cfaee
[INFO] [stdout]                                at /rustc/82e1608dfa6e0b5569232559e3d385fea5a93112/library/alloc/src/boxed.rs:2021:9
[INFO] [stdout]   14:     0x56531a6fec28 - std::panicking::rust_panic_with_hook::h2b5517d590cab22e
[INFO] [stdout]                                at /rustc/82e1608dfa6e0b5569232559e3d385fea5a93112/library/std/src/panicking.rs:783:13
[INFO] [stdout]   15:     0x56531a6fe97e - std::panicking::begin_panic_handler::{{closure}}::h233112c06e0ef43e
[INFO] [stdout]                                at /rustc/82e1608dfa6e0b5569232559e3d385fea5a93112/library/std/src/panicking.rs:657:13
[INFO] [stdout]   16:     0x56531a6fd036 - std::sys_common::backtrace::__rust_end_short_backtrace::h6e893f24d7ebbff8
[INFO] [stdout]                                at /rustc/82e1608dfa6e0b5569232559e3d385fea5a93112/library/std/src/sys_common/backtrace.rs:170:18
[INFO] [stdout]   17:     0x56531a6fe6e2 - rust_begin_unwind
[INFO] [stdout]                                at /rustc/82e1608dfa6e0b5569232559e3d385fea5a93112/library/std/src/panicking.rs:645:5
[INFO] [stdout]   18:     0x56531a3b8df5 - core::panicking::panic_fmt::hbf0e066aabfa482c
[INFO] [stdout]                                at /rustc/82e1608dfa6e0b5569232559e3d385fea5a93112/library/core/src/panicking.rs:72:14
[INFO] [stdout]   19:     0x56531a3b924b - core::panicking::assert_failed_inner::h0bba8b7c26ee4492
[INFO] [stdout]   20:     0x56531a6b3f8e - core::panicking::assert_failed::hc9895f0984d43533
[INFO] [stdout]                                at /rustc/82e1608dfa6e0b5569232559e3d385fea5a93112/library/core/src/panicking.rs:279:5
[INFO] [stdout]   21:     0x56531a403f5c - pool::multitest::tests::test::swap_pool_full_flows_should_works::h5e47ec2799e47697
[INFO] [stdout]                                at /opt/rustwide/workdir/contracts/pool/src/multitest/tests.rs:151:9
[INFO] [stdout]   22:     0x56531a402947 - pool::multitest::tests::test::swap_pool_full_flows_should_works::{{closure}}::h904c46781871a3e5
[INFO] [stdout]                                at /opt/rustwide/workdir/contracts/pool/src/multitest/tests.rs:66:43
[INFO] [stdout]   23:     0x56531a468c46 - core::ops::function::FnOnce::call_once::h70c34213573bf20f
[INFO] [stdout]                                at /rustc/82e1608dfa6e0b5569232559e3d385fea5a93112/library/core/src/ops/function.rs:250:5
[INFO] [stdout]   24:     0x56531a4c6bbf - core::ops::function::FnOnce::call_once::h2b5d431d5046312d
[INFO] [stdout]                                at /rustc/82e1608dfa6e0b5569232559e3d385fea5a93112/library/core/src/ops/function.rs:250:5
[INFO] [stdout]   25:     0x56531a4c6bbf - test::__rust_begin_short_backtrace::h7714669af176e207
[INFO] [stdout]                                at /rustc/82e1608dfa6e0b5569232559e3d385fea5a93112/library/test/src/lib.rs:628:18
[INFO] [stdout]   26:     0x56531a4c5bd5 - test::run_test_in_process::{{closure}}::h85218797dcbcec12
[INFO] [stdout]                                at /rustc/82e1608dfa6e0b5569232559e3d385fea5a93112/library/test/src/lib.rs:651:60
[INFO] [stdout]   27:     0x56531a4c5bd5 - <core::panic::unwind_safe::AssertUnwindSafe<F> as core::ops::function::FnOnce<()>>::call_once::h76c106ea31c14d7b
[INFO] [stdout]                                at /rustc/82e1608dfa6e0b5569232559e3d385fea5a93112/library/core/src/panic/unwind_safe.rs:272:9
[INFO] [stdout]   28:     0x56531a4c5bd5 - std::panicking::try::do_call::h3bd5d0f6620ee946
[INFO] [stdout]                                at /rustc/82e1608dfa6e0b5569232559e3d385fea5a93112/library/std/src/panicking.rs:552:40
[INFO] [stdout]   29:     0x56531a4c5bd5 - std::panicking::try::h232e535e4744fe31
[INFO] [stdout]                                at /rustc/82e1608dfa6e0b5569232559e3d385fea5a93112/library/std/src/panicking.rs:516:19
[INFO] [stdout]   30:     0x56531a4c5bd5 - std::panic::catch_unwind::h3ce3bd6ca8dbac68
[INFO] [stdout]                                at /rustc/82e1608dfa6e0b5569232559e3d385fea5a93112/library/std/src/panic.rs:142:14
[INFO] [stdout]   31:     0x56531a4c5bd5 - test::run_test_in_process::hc97b257c9621286a
[INFO] [stdout]                                at /rustc/82e1608dfa6e0b5569232559e3d385fea5a93112/library/test/src/lib.rs:651:27
[INFO] [stdout]   32:     0x56531a4c5bd5 - test::run_test::{{closure}}::h2aa798823a438d38
[INFO] [stdout]                                at /rustc/82e1608dfa6e0b5569232559e3d385fea5a93112/library/test/src/lib.rs:574:43
[INFO] [stdout]   33:     0x56531a48de96 - test::run_test::{{closure}}::h87d231c78fb59832
[INFO] [stdout]                                at /rustc/82e1608dfa6e0b5569232559e3d385fea5a93112/library/test/src/lib.rs:602:41
[INFO] [stdout]   34:     0x56531a48de96 - std::sys_common::backtrace::__rust_begin_short_backtrace::he6df152596625789
[INFO] [stdout]                                at /rustc/82e1608dfa6e0b5569232559e3d385fea5a93112/library/std/src/sys_common/backtrace.rs:154:18
[INFO] [stdout]   35:     0x56531a492f47 - std::thread::Builder::spawn_unchecked_::{{closure}}::{{closure}}::ha94be15d1e0acf36
[INFO] [stdout]                                at /rustc/82e1608dfa6e0b5569232559e3d385fea5a93112/library/std/src/thread/mod.rs:529:17
[INFO] [stdout]   36:     0x56531a492f47 - <core::panic::unwind_safe::AssertUnwindSafe<F> as core::ops::function::FnOnce<()>>::call_once::h9dc6bd6372f16606
[INFO] [stdout]                                at /rustc/82e1608dfa6e0b5569232559e3d385fea5a93112/library/core/src/panic/unwind_safe.rs:272:9
[INFO] [stdout]   37:     0x56531a492f47 - std::panicking::try::do_call::h9057517f80303cd4
[INFO] [stdout]                                at /rustc/82e1608dfa6e0b5569232559e3d385fea5a93112/library/std/src/panicking.rs:552:40
[INFO] [stdout]   38:     0x56531a492f47 - std::panicking::try::he3a30b11ee45340c
[INFO] [stdout]                                at /rustc/82e1608dfa6e0b5569232559e3d385fea5a93112/library/std/src/panicking.rs:516:19
[INFO] [stdout]   39:     0x56531a492f47 - std::panic::catch_unwind::h410458cfd3528b8b
[INFO] [stdout]                                at /rustc/82e1608dfa6e0b5569232559e3d385fea5a93112/library/std/src/panic.rs:142:14
[INFO] [stdout]   40:     0x56531a492f47 - std::thread::Builder::spawn_unchecked_::{{closure}}::h72ac3bdb567b737b
[INFO] [stdout]                                at /rustc/82e1608dfa6e0b5569232559e3d385fea5a93112/library/std/src/thread/mod.rs:528:30
[INFO] [stdout]   41:     0x56531a492f47 - core::ops::function::FnOnce::call_once{{vtable.shim}}::h38f34da3654a8344
[INFO] [stdout]                                at /rustc/82e1608dfa6e0b5569232559e3d385fea5a93112/library/core/src/ops/function.rs:250:5
[INFO] [stdout]   42:     0x56531a7036b5 - <alloc::boxed::Box<F,A> as core::ops::function::FnOnce<Args>>::call_once::hc7eafaff61e32df9
[INFO] [stdout]                                at /rustc/82e1608dfa6e0b5569232559e3d385fea5a93112/library/alloc/src/boxed.rs:2007:9
[INFO] [stdout]   43:     0x56531a7036b5 - <alloc::boxed::Box<F,A> as core::ops::function::FnOnce<Args>>::call_once::h6ba4a5de48dd2304
[INFO] [stdout]                                at /rustc/82e1608dfa6e0b5569232559e3d385fea5a93112/library/alloc/src/boxed.rs:2007:9
[INFO] [stdout]   44:     0x56531a7036b5 - std::sys::unix::thread::Thread::new::thread_start::he469335aef763e45
[INFO] [stdout]                                at /rustc/82e1608dfa6e0b5569232559e3d385fea5a93112/library/std/src/sys/unix/thread.rs:108:17
[INFO] [stdout]   45:     0x7f7c5692eac3 - <unknown>
[INFO] [stdout]   46:     0x7f7c569bfbf4 - __clone
[INFO] [stdout]   47:                0x0 - <unknown>
[INFO] [stdout] 
[INFO] [stdout] 
[INFO] [stdout] failures:
[INFO] [stdout]     multitest::tests::test::swap_pool_full_flows_should_works
[INFO] [stdout] 
[INFO] [stdout] test result: FAILED. 1 passed; 1 failed; 0 ignored; 0 measured; 0 filtered out; finished in 0.03s
[INFO] [stdout] 
[INFO] [stderr] error: test failed, to rerun pass `-p pool --lib`
[INFO] running `Command { std: "docker" "inspect" "eaf79a25dd563828b5e6c55ff131902200158385d32e5140de12c5be431dfb87", kill_on_drop: false }`
[INFO] running `Command { std: "docker" "rm" "-f" "eaf79a25dd563828b5e6c55ff131902200158385d32e5140de12c5be431dfb87", kill_on_drop: false }`
[INFO] [stdout] eaf79a25dd563828b5e6c55ff131902200158385d32e5140de12c5be431dfb87
