[INFO] cloning repository https://github.com/oraichain/rust-console
[INFO] running `Command { std: "git" "-c" "credential.helper=" "-c" "credential.helper=/workspace/cargo-home/bin/git-credential-null" "clone" "--bare" "https://github.com/oraichain/rust-console" "/workspace/cache/git-repos/https%3A%2F%2Fgithub.com%2Foraichain%2Frust-console", kill_on_drop: false }`
[INFO] [stderr] Cloning into bare repository '/workspace/cache/git-repos/https%3A%2F%2Fgithub.com%2Foraichain%2Frust-console'...
[INFO] running `Command { std: "git" "rev-parse" "HEAD", kill_on_drop: false }`
[INFO] [stdout] 24c138cb128843569d49f1bdfe14d273bd7844d3
[INFO] testing oraichain/rust-console against 1.75.0 for beta-1.76-1
[INFO] running `Command { std: "git" "clone" "/workspace/cache/git-repos/https%3A%2F%2Fgithub.com%2Foraichain%2Frust-console" "/workspace/builds/worker-0-tc1/source", kill_on_drop: false }`
[INFO] [stderr] Cloning into '/workspace/builds/worker-0-tc1/source'...
[INFO] [stderr] done.
[INFO] validating manifest of git repo https://github.com/oraichain/rust-console on toolchain 1.75.0
[INFO] running `Command { std: CARGO_HOME="/workspace/cargo-home" RUSTUP_HOME="/workspace/rustup-home" "/workspace/cargo-home/bin/cargo" "+1.75.0" "metadata" "--manifest-path" "Cargo.toml" "--no-deps", kill_on_drop: false }`
[INFO] started tweaking git repo https://github.com/oraichain/rust-console
[INFO] finished tweaking git repo https://github.com/oraichain/rust-console
[INFO] tweaked toml for git repo https://github.com/oraichain/rust-console written to /workspace/builds/worker-0-tc1/source/Cargo.toml
[INFO] crate git repo https://github.com/oraichain/rust-console already has a lockfile, it will not be regenerated
[INFO] running `Command { std: CARGO_HOME="/workspace/cargo-home" RUSTUP_HOME="/workspace/rustup-home" "/workspace/cargo-home/bin/cargo" "+1.75.0" "fetch" "--manifest-path" "Cargo.toml", kill_on_drop: false }`
[INFO] [stderr]     Updating crates.io index
[INFO] [stderr]  Downloading crates ...
[INFO] [stderr]   Downloaded cosmwasm-schema-derive v1.2.7
[INFO] [stderr]   Downloaded cosmwasm-schema v1.2.7
[INFO] [stderr]   Downloaded cosmwasm-crypto v1.2.7
[INFO] [stderr]   Downloaded uuid v1.6.0
[INFO] [stderr]   Downloaded wasmer-middlewares v2.3.0
[INFO] [stderr]   Downloaded clru v0.4.0
[INFO] [stderr]   Downloaded cosmwasm-std v1.2.7
[INFO] [stderr]   Downloaded cosmwasm-vm v1.2.7
[INFO] running `Command { std: "docker" "create" "-v" "/var/lib/crater-agent-workspace/builds/worker-0-tc1/target:/opt/rustwide/target:rw,Z" "-v" "/var/lib/crater-agent-workspace/builds/worker-0-tc1/source:/opt/rustwide/workdir:ro,Z" "-v" "/var/lib/crater-agent-workspace/cargo-home:/opt/rustwide/cargo-home:ro,Z" "-v" "/var/lib/crater-agent-workspace/rustup-home:/opt/rustwide/rustup-home:ro,Z" "-e" "SOURCE_DIR=/opt/rustwide/workdir" "-e" "CARGO_TARGET_DIR=/opt/rustwide/target" "-e" "CARGO_HOME=/opt/rustwide/cargo-home" "-e" "RUSTUP_HOME=/opt/rustwide/rustup-home" "-w" "/opt/rustwide/workdir" "-m" "1610612736" "--user" "0:0" "--network" "none" "ghcr.io/rust-lang/crates-build-env/linux@sha256:2788e3201cd34a07e3172128adcd8b3090168a8e3bcc40d7c032b9dda1df7d1c" "/opt/rustwide/cargo-home/bin/cargo" "+1.75.0" "metadata" "--no-deps" "--format-version=1", kill_on_drop: false }`
[INFO] [stdout] 82dad3501bc4dddd2d6385bd74232458c12bd2e2eacb0076cdff90f39a27e4e3
[INFO] running `Command { std: "docker" "start" "-a" "82dad3501bc4dddd2d6385bd74232458c12bd2e2eacb0076cdff90f39a27e4e3", kill_on_drop: false }`
[INFO] running `Command { std: "docker" "inspect" "82dad3501bc4dddd2d6385bd74232458c12bd2e2eacb0076cdff90f39a27e4e3", kill_on_drop: false }`
[INFO] running `Command { std: "docker" "rm" "-f" "82dad3501bc4dddd2d6385bd74232458c12bd2e2eacb0076cdff90f39a27e4e3", kill_on_drop: false }`
[INFO] [stdout] 82dad3501bc4dddd2d6385bd74232458c12bd2e2eacb0076cdff90f39a27e4e3
[INFO] running `Command { std: "docker" "create" "-v" "/var/lib/crater-agent-workspace/builds/worker-0-tc1/target:/opt/rustwide/target:rw,Z" "-v" "/var/lib/crater-agent-workspace/builds/worker-0-tc1/source:/opt/rustwide/workdir:ro,Z" "-v" "/var/lib/crater-agent-workspace/cargo-home:/opt/rustwide/cargo-home:ro,Z" "-v" "/var/lib/crater-agent-workspace/rustup-home:/opt/rustwide/rustup-home:ro,Z" "-e" "SOURCE_DIR=/opt/rustwide/workdir" "-e" "CARGO_TARGET_DIR=/opt/rustwide/target" "-e" "CARGO_INCREMENTAL=0" "-e" "RUST_BACKTRACE=full" "-e" "RUSTFLAGS=--cap-lints=warn" "-e" "RUSTDOCFLAGS=--cap-lints=warn" "-e" "CARGO_HOME=/opt/rustwide/cargo-home" "-e" "RUSTUP_HOME=/opt/rustwide/rustup-home" "-w" "/opt/rustwide/workdir" "-m" "1610612736" "--user" "0:0" "--network" "none" "ghcr.io/rust-lang/crates-build-env/linux@sha256:2788e3201cd34a07e3172128adcd8b3090168a8e3bcc40d7c032b9dda1df7d1c" "/opt/rustwide/cargo-home/bin/cargo" "+1.75.0" "build" "--frozen" "--message-format=json", kill_on_drop: false }`
[INFO] [stdout] 4099faf53ec7ebe855efa87e47d64467443bd6a490f0dfa18e1d9730bc79eb98
[INFO] running `Command { std: "docker" "start" "-a" "4099faf53ec7ebe855efa87e47d64467443bd6a490f0dfa18e1d9730bc79eb98", kill_on_drop: false }`
[INFO] [stderr]    Compiling proc-macro2 v1.0.67
[INFO] [stderr]    Compiling unicode-ident v1.0.12
[INFO] [stderr]    Compiling version_check v0.9.4
[INFO] [stderr]    Compiling cfg-if v1.0.0
[INFO] [stderr]    Compiling libc v0.2.148
[INFO] [stderr]    Compiling syn v1.0.109
[INFO] [stderr]    Compiling autocfg v1.1.0
[INFO] [stderr]    Compiling serde v1.0.188
[INFO] [stderr]    Compiling once_cell v1.18.0
[INFO] [stderr]    Compiling typenum v1.17.0
[INFO] [stderr]    Compiling ahash v0.7.6
[INFO] [stderr]    Compiling generic-array v0.14.7
[INFO] [stderr]    Compiling indexmap v1.9.3
[INFO] [stderr]    Compiling thiserror v1.0.49
[INFO] [stderr]    Compiling ident_case v1.0.1
[INFO] [stderr]    Compiling fnv v1.0.7
[INFO] [stderr]    Compiling target-lexicon v0.12.12
[INFO] [stderr]    Compiling memchr v2.6.4
[INFO] [stderr]    Compiling rustversion v1.0.14
[INFO] [stderr]    Compiling subtle v2.5.0
[INFO] [stderr]    Compiling smallvec v1.11.2
[INFO] [stderr]    Compiling quote v1.0.33
[INFO] [stderr]    Compiling getrandom v0.2.10
[INFO] [stderr]    Compiling rkyv v0.7.42
[INFO] [stderr]    Compiling adler v1.0.2
[INFO] [stderr]    Compiling gimli v0.28.0
[INFO] [stderr]    Compiling syn v2.0.37
[INFO] [stderr]    Compiling hashbrown v0.12.3
[INFO] [stderr]    Compiling cc v1.0.83
[INFO] [stderr]    Compiling object v0.32.1
[INFO] [stderr]    Compiling miniz_oxide v0.7.1
[INFO] [stderr]    Compiling seahash v4.1.0
[INFO] [stderr]    Compiling rustc-demangle v0.1.23
[INFO] [stderr]    Compiling backtrace v0.3.69
[INFO] [stderr]    Compiling scopeguard v1.2.0
[INFO] [stderr]    Compiling zeroize v1.6.0
[INFO] [stderr]    Compiling more-asserts v0.2.2
[INFO] [stderr]    Compiling wasmparser v0.83.0
[INFO] [stderr]    Compiling rand_core v0.6.4
[INFO] [stderr]    Compiling crypto-common v0.1.6
[INFO] [stderr]    Compiling block-buffer v0.10.4
[INFO] [stderr]    Compiling memoffset v0.9.0
[INFO] [stderr]    Compiling crossbeam-utils v0.8.16
[INFO] [stderr]    Compiling bitflags v1.3.2
[INFO] [stderr]    Compiling digest v0.10.7
[INFO] [stderr]    Compiling crossbeam-epoch v0.9.15
[INFO] [stderr]    Compiling proc-macro-error-attr v1.0.4
[INFO] [stderr]    Compiling const-oid v0.9.5
[INFO] [stderr]    Compiling lazy_static v1.4.0
[INFO] [stderr]    Compiling byteorder v1.4.3
[INFO] [stderr]    Compiling addr2line v0.21.0
[INFO] [stderr]    Compiling der v0.6.1
[INFO] [stderr]    Compiling corosensei v0.1.4
[INFO] [stderr]    Compiling memoffset v0.6.5
[INFO] [stderr]    Compiling proc-macro-error v1.0.4
[INFO] [stderr]    Compiling log v0.4.20
[INFO] [stderr]    Compiling base64ct v1.6.0
[INFO] [stderr]    Compiling cranelift-codegen-shared v0.82.3
[INFO] [stderr]    Compiling cranelift-codegen-meta v0.82.3
[INFO] [stderr]    Compiling spki v0.6.0
[INFO] [stderr]    Compiling darling_core v0.20.3
[INFO] [stderr]    Compiling memmap2 v0.5.10
[INFO] [stderr]    Compiling rustix v0.38.21
[INFO] [stderr]    Compiling rayon-core v1.12.0
[INFO] [stderr]    Compiling either v1.9.0
[INFO] [stderr]    Compiling fallible-iterator v0.2.0
[INFO] [stderr]    Compiling stable_deref_trait v1.2.0
[INFO] [stderr]    Compiling crc32fast v1.3.2
[INFO] [stderr]    Compiling crossbeam-deque v0.8.3
[INFO] [stderr]    Compiling pkcs8 v0.9.0
[INFO] [stderr]    Compiling region v3.0.0
[INFO] [stderr]    Compiling crypto-bigint v0.4.9
[INFO] [stderr]    Compiling ff v0.12.1
[INFO] [stderr]    Compiling bitflags v2.4.1
[INFO] [stderr]    Compiling linux-raw-sys v0.4.11
[INFO] [stderr]    Compiling rustc-hash v1.1.0
[INFO] [stderr]    Compiling cpufeatures v0.2.9
[INFO] [stderr]    Compiling cranelift-entity v0.82.3
[INFO] [stderr]    Compiling base16ct v0.1.1
[INFO] [stderr]    Compiling sec1 v0.3.0
[INFO] [stderr]    Compiling cranelift-codegen v0.82.3
[INFO] [stderr]    Compiling cranelift-bforest v0.82.3
[INFO] [stderr]    Compiling regalloc v0.0.34
[INFO] [stderr]    Compiling group v0.12.1
[INFO] [stderr]    Compiling ptr_meta_derive v0.1.4
[INFO] [stderr]    Compiling enum-iterator-derive v0.7.0
[INFO] [stderr]    Compiling serde_derive v1.0.188
[INFO] [stderr]    Compiling thiserror-impl v1.0.49
[INFO] [stderr]    Compiling darling_macro v0.20.3
[INFO] [stderr]    Compiling ptr_meta v0.1.4
[INFO] [stderr]    Compiling loupe-derive v0.1.3
[INFO] [stderr]    Compiling rkyv_derive v0.7.42
[INFO] [stderr]    Compiling darling v0.20.3
[INFO] [stderr]    Compiling enumset_derive v0.8.1
[INFO] [stderr]    Compiling enum-iterator v0.7.0
[INFO] [stderr]    Compiling tracing-attributes v0.1.27
[INFO] [stderr]    Compiling hmac v0.12.1
[INFO] [stderr]    Compiling digest v0.9.0
[INFO] [stderr]    Compiling hashbrown v0.11.2
[INFO] [stderr]    Compiling tracing-core v0.1.32
[INFO] [stderr]    Compiling serde_json v1.0.107
[INFO] [stderr]    Compiling pin-project-lite v0.2.13
[INFO] [stderr]    Compiling dynasm v1.2.3
[INFO] [stderr]    Compiling rfc6979 v0.3.1
[INFO] [stderr]    Compiling enumset v1.1.3
[INFO] [stderr]    Compiling rayon v1.8.0
[INFO] [stderr]    Compiling elliptic-curve v0.12.3
[INFO] [stderr]    Compiling serde_derive_internals v0.26.0
[INFO] [stderr]    Compiling signature v1.6.4
[INFO] [stderr]    Compiling block-buffer v0.9.0
[INFO] [stderr]    Compiling rand_core v0.5.1
[INFO] [stderr]    Compiling fastrand v2.0.1
[INFO] [stderr]    Compiling tracing v0.1.40
[INFO] [stderr]    Compiling hex v0.4.3
[INFO] [stderr]    Compiling home v0.5.5
[INFO] [stderr]    Compiling leb128 v0.2.5
[INFO] [stderr]    Compiling opaque-debug v0.3.0
[INFO] [stderr]    Compiling itoa v1.0.9
[INFO] [stderr]    Compiling ryu v1.0.15
[INFO] [stderr]    Compiling crunchy v0.2.2
[INFO] [stderr]    Compiling schemars v0.8.15
[INFO] [stderr]    Compiling wasmer-compiler-cranelift v2.3.0
[INFO] [stderr]    Compiling schemars_derive v0.8.15
[INFO] [stderr]    Compiling sha2 v0.9.9
[INFO] [stderr]    Compiling which v4.4.2
[INFO] [stderr]    Compiling tempfile v3.8.1
[INFO] [stderr]    Compiling curve25519-dalek v3.2.0
[INFO] [stderr]    Compiling ecdsa v0.14.8
[INFO] [stderr]    Compiling sha2 v0.10.8
[INFO] [stderr]    Compiling libloading v0.7.4
[INFO] [stderr]    Compiling dyn-clone v1.0.14
[INFO] [stderr]    Compiling k256 v0.11.6
[INFO] [stderr]    Compiling wasmer-derive v2.3.0
[INFO] [stderr]    Compiling static_assertions v1.1.0
[INFO] [stderr]    Compiling bytecheck v0.6.11
[INFO] [stderr]    Compiling uint v0.9.5
[INFO] [stderr]    Compiling cosmwasm-derive v1.5.0
[INFO] [stderr]    Compiling derivative v2.2.0
[INFO] [stderr]    Compiling bytecheck_derive v0.6.11
[INFO] [stderr]    Compiling base64 v0.13.1
[INFO] [stderr]    Compiling simdutf8 v0.1.4
[INFO] [stderr]    Compiling forward_ref v1.0.0
[INFO] [stderr]    Compiling cosmwasm-schema-derive v1.2.7
[INFO] [stderr]    Compiling parity-wasm v0.42.2
[INFO] [stderr]    Compiling clru v0.4.0
[INFO] [stderr]    Compiling bech32 v0.9.1
[INFO] [stderr]    Compiling serde_bytes v0.11.12
[INFO] [stderr]    Compiling ed25519-zebra v3.1.0
[INFO] [stderr]    Compiling loupe v0.1.3
[INFO] [stderr]    Compiling gimli v0.26.2
[INFO] [stderr]    Compiling object v0.28.4
[INFO] [stderr]    Compiling wasmer-types v2.3.0
[INFO] [stderr]    Compiling cosmwasm-crypto v1.2.7
[INFO] [stderr]    Compiling serde-json-wasm v0.5.1
[INFO] [stderr]    Compiling dynasmrt v1.2.3
[INFO] [stderr]    Compiling cosmwasm-std v1.2.7
[INFO] [stderr]    Compiling cosmwasm-schema v1.2.7
[INFO] [stderr]    Compiling wasmer-compiler v2.3.0
[INFO] [stderr]    Compiling wasmer-artifact v2.3.0
[INFO] [stderr]    Compiling wasmer-object v2.3.0
[INFO] [stderr]    Compiling wasmer-compiler-singlepass v2.3.0
[INFO] [stderr]    Compiling wasmer-vm v2.3.0
[INFO] [stderr]    Compiling wasmer-engine-universal-artifact v2.3.0
[INFO] [stderr]    Compiling wasmer-engine v2.3.0
[INFO] [stderr]    Compiling wasmer-engine-universal v2.3.0
[INFO] [stderr]    Compiling wasmer-engine-dylib v2.3.0
[INFO] [stderr]    Compiling cranelift-frontend v0.82.3
[INFO] [stderr]    Compiling wasmer v2.3.0
[INFO] [stderr]    Compiling wasmer-middlewares v2.3.0
[INFO] [stderr]    Compiling cosmwasm-vm v1.2.7
[INFO] [stderr]    Compiling cosmwasm-testing-util v0.1.0 (/opt/rustwide/workdir)
[INFO] [stderr]     Finished dev [unoptimized + debuginfo] target(s) in 1m 25s
[INFO] running `Command { std: "docker" "inspect" "4099faf53ec7ebe855efa87e47d64467443bd6a490f0dfa18e1d9730bc79eb98", kill_on_drop: false }`
[INFO] running `Command { std: "docker" "rm" "-f" "4099faf53ec7ebe855efa87e47d64467443bd6a490f0dfa18e1d9730bc79eb98", kill_on_drop: false }`
[INFO] [stdout] 4099faf53ec7ebe855efa87e47d64467443bd6a490f0dfa18e1d9730bc79eb98
[INFO] running `Command { std: "docker" "create" "-v" "/var/lib/crater-agent-workspace/builds/worker-0-tc1/target:/opt/rustwide/target:rw,Z" "-v" "/var/lib/crater-agent-workspace/builds/worker-0-tc1/source:/opt/rustwide/workdir:ro,Z" "-v" "/var/lib/crater-agent-workspace/cargo-home:/opt/rustwide/cargo-home:ro,Z" "-v" "/var/lib/crater-agent-workspace/rustup-home:/opt/rustwide/rustup-home:ro,Z" "-e" "SOURCE_DIR=/opt/rustwide/workdir" "-e" "CARGO_TARGET_DIR=/opt/rustwide/target" "-e" "CARGO_INCREMENTAL=0" "-e" "RUST_BACKTRACE=full" "-e" "RUSTFLAGS=--cap-lints=warn" "-e" "RUSTDOCFLAGS=--cap-lints=warn" "-e" "CARGO_HOME=/opt/rustwide/cargo-home" "-e" "RUSTUP_HOME=/opt/rustwide/rustup-home" "-w" "/opt/rustwide/workdir" "-m" "1610612736" "--user" "0:0" "--network" "none" "ghcr.io/rust-lang/crates-build-env/linux@sha256:2788e3201cd34a07e3172128adcd8b3090168a8e3bcc40d7c032b9dda1df7d1c" "/opt/rustwide/cargo-home/bin/cargo" "+1.75.0" "test" "--frozen" "--no-run" "--message-format=json", kill_on_drop: false }`
[INFO] [stdout] 5d12d22a9e035dc9dce056dc3f8de850b2b3a3ea8fc1d9dfaf68f0b91023c7df
[INFO] running `Command { std: "docker" "start" "-a" "5d12d22a9e035dc9dce056dc3f8de850b2b3a3ea8fc1d9dfaf68f0b91023c7df", kill_on_drop: false }`
[INFO] [stderr]    Compiling cosmwasm-testing-util v0.1.0 (/opt/rustwide/workdir)
[INFO] [stderr]     Finished test [unoptimized + debuginfo] target(s) in 2.05s
[INFO] running `Command { std: "docker" "inspect" "5d12d22a9e035dc9dce056dc3f8de850b2b3a3ea8fc1d9dfaf68f0b91023c7df", kill_on_drop: false }`
[INFO] running `Command { std: "docker" "rm" "-f" "5d12d22a9e035dc9dce056dc3f8de850b2b3a3ea8fc1d9dfaf68f0b91023c7df", kill_on_drop: false }`
[INFO] [stdout] 5d12d22a9e035dc9dce056dc3f8de850b2b3a3ea8fc1d9dfaf68f0b91023c7df
[INFO] running `Command { std: "docker" "create" "-v" "/var/lib/crater-agent-workspace/builds/worker-0-tc1/target:/opt/rustwide/target:rw,Z" "-v" "/var/lib/crater-agent-workspace/builds/worker-0-tc1/source:/opt/rustwide/workdir:ro,Z" "-v" "/var/lib/crater-agent-workspace/cargo-home:/opt/rustwide/cargo-home:ro,Z" "-v" "/var/lib/crater-agent-workspace/rustup-home:/opt/rustwide/rustup-home:ro,Z" "-e" "SOURCE_DIR=/opt/rustwide/workdir" "-e" "CARGO_TARGET_DIR=/opt/rustwide/target" "-e" "CARGO_INCREMENTAL=0" "-e" "RUST_BACKTRACE=full" "-e" "RUSTFLAGS=--cap-lints=warn" "-e" "RUSTDOCFLAGS=--cap-lints=warn" "-e" "CARGO_HOME=/opt/rustwide/cargo-home" "-e" "RUSTUP_HOME=/opt/rustwide/rustup-home" "-w" "/opt/rustwide/workdir" "-m" "1610612736" "--user" "0:0" "--network" "none" "ghcr.io/rust-lang/crates-build-env/linux@sha256:2788e3201cd34a07e3172128adcd8b3090168a8e3bcc40d7c032b9dda1df7d1c" "/opt/rustwide/cargo-home/bin/cargo" "+1.75.0" "test" "--frozen", kill_on_drop: false }`
[INFO] [stdout] f233c3617b4e9f505a9ff60bea0099b4d44f784233269bb73fb87f61b44de47c
[INFO] running `Command { std: "docker" "start" "-a" "f233c3617b4e9f505a9ff60bea0099b4d44f784233269bb73fb87f61b44de47c", kill_on_drop: false }`
[INFO] [stderr]     Finished test [unoptimized + debuginfo] target(s) in 0.15s
[INFO] [stderr]      Running unittests src/lib.rs (/opt/rustwide/target/debug/deps/cosmwasm_testing_util-8d3b4f74c0a1ed56)
[INFO] [stdout] 
[INFO] [stdout] running 0 tests
[INFO] [stdout] 
[INFO] [stdout] test result: ok. 0 passed; 0 failed; 0 ignored; 0 measured; 0 filtered out; finished in 0.00s
[INFO] [stdout] 
[INFO] [stderr]    Doc-tests cosmwasm-testing-util
[INFO] [stdout] 
[INFO] [stdout] running 1 test
[INFO] [stdout] test src/mock.rs - mock::MockApi::with_prefix (line 215) ... FAILED
[INFO] [stdout] 
[INFO] [stdout] failures:
[INFO] [stdout] 
[INFO] [stdout] ---- src/mock.rs - mock::MockApi::with_prefix (line 215) stdout ----
[INFO] [stdout] error[E0599]: no method named `with_prefix` found for struct `MockApi` in the current scope
[INFO] [stdout]  --> src/mock.rs:219:35
[INFO] [stdout]   |
[INFO] [stdout] 6 | let mock_api = MockApi::default().with_prefix("juno");
[INFO] [stdout]   |                                   ^^^^^^^^^^^ method not found in `MockApi`
[INFO] [stdout] 
[INFO] [stdout] error: aborting due to previous error
[INFO] [stdout] 
[INFO] [stdout] For more information about this error, try `rustc --explain E0599`.
[INFO] [stdout] Couldn't compile the test.
[INFO] [stdout] 
[INFO] [stdout] failures:
[INFO] [stdout]     src/mock.rs - mock::MockApi::with_prefix (line 215)
[INFO] [stdout] 
[INFO] [stdout] test result: FAILED. 0 passed; 1 failed; 0 ignored; 0 measured; 0 filtered out; finished in 0.11s
[INFO] [stdout] 
[INFO] [stderr] error: doctest failed, to rerun pass `--doc`
[INFO] running `Command { std: "docker" "inspect" "f233c3617b4e9f505a9ff60bea0099b4d44f784233269bb73fb87f61b44de47c", kill_on_drop: false }`
[INFO] running `Command { std: "docker" "rm" "-f" "f233c3617b4e9f505a9ff60bea0099b4d44f784233269bb73fb87f61b44de47c", kill_on_drop: false }`
[INFO] [stdout] f233c3617b4e9f505a9ff60bea0099b4d44f784233269bb73fb87f61b44de47c
