[INFO] cloning repository https://github.com/obox-systems/demo_broadsign_extended_api
[INFO] running `Command { std: "git" "-c" "credential.helper=" "-c" "credential.helper=/workspace/cargo-home/bin/git-credential-null" "clone" "--bare" "https://github.com/obox-systems/demo_broadsign_extended_api" "/workspace/cache/git-repos/https%3A%2F%2Fgithub.com%2Fobox-systems%2Fdemo_broadsign_extended_api", kill_on_drop: false }`
[INFO] [stderr] Cloning into bare repository '/workspace/cache/git-repos/https%3A%2F%2Fgithub.com%2Fobox-systems%2Fdemo_broadsign_extended_api'...
[INFO] running `Command { std: "git" "rev-parse" "HEAD", kill_on_drop: false }`
[INFO] [stdout] ce59e7b6a4f86b4af9ba02a2ab7af693ccaa6238
[INFO] testing obox-systems/demo_broadsign_extended_api against 1.75.0 for beta-1.76-1
[INFO] running `Command { std: "git" "clone" "/workspace/cache/git-repos/https%3A%2F%2Fgithub.com%2Fobox-systems%2Fdemo_broadsign_extended_api" "/workspace/builds/worker-3-tc1/source", kill_on_drop: false }`
[INFO] [stderr] Cloning into '/workspace/builds/worker-3-tc1/source'...
[INFO] [stderr] done.
[INFO] validating manifest of git repo https://github.com/obox-systems/demo_broadsign_extended_api on toolchain 1.75.0
[INFO] running `Command { std: CARGO_HOME="/workspace/cargo-home" RUSTUP_HOME="/workspace/rustup-home" "/workspace/cargo-home/bin/cargo" "+1.75.0" "metadata" "--manifest-path" "Cargo.toml" "--no-deps", kill_on_drop: false }`
[INFO] started tweaking git repo https://github.com/obox-systems/demo_broadsign_extended_api
[INFO] finished tweaking git repo https://github.com/obox-systems/demo_broadsign_extended_api
[INFO] tweaked toml for git repo https://github.com/obox-systems/demo_broadsign_extended_api written to /workspace/builds/worker-3-tc1/source/Cargo.toml
[INFO] crate git repo https://github.com/obox-systems/demo_broadsign_extended_api already has a lockfile, it will not be regenerated
[INFO] running `Command { std: CARGO_HOME="/workspace/cargo-home" RUSTUP_HOME="/workspace/rustup-home" "/workspace/cargo-home/bin/cargo" "+1.75.0" "fetch" "--manifest-path" "Cargo.toml", kill_on_drop: false }`
[INFO] [stderr]  Downloading crates ...
[INFO] [stderr]   Downloaded awc v3.1.0
[INFO] running `Command { std: "docker" "create" "-v" "/var/lib/crater-agent-workspace/builds/worker-3-tc1/target:/opt/rustwide/target:rw,Z" "-v" "/var/lib/crater-agent-workspace/builds/worker-3-tc1/source:/opt/rustwide/workdir:ro,Z" "-v" "/var/lib/crater-agent-workspace/cargo-home:/opt/rustwide/cargo-home:ro,Z" "-v" "/var/lib/crater-agent-workspace/rustup-home:/opt/rustwide/rustup-home:ro,Z" "-e" "SOURCE_DIR=/opt/rustwide/workdir" "-e" "CARGO_TARGET_DIR=/opt/rustwide/target" "-e" "CARGO_HOME=/opt/rustwide/cargo-home" "-e" "RUSTUP_HOME=/opt/rustwide/rustup-home" "-w" "/opt/rustwide/workdir" "-m" "1610612736" "--user" "0:0" "--network" "none" "ghcr.io/rust-lang/crates-build-env/linux@sha256:2788e3201cd34a07e3172128adcd8b3090168a8e3bcc40d7c032b9dda1df7d1c" "/opt/rustwide/cargo-home/bin/cargo" "+1.75.0" "metadata" "--no-deps" "--format-version=1", kill_on_drop: false }`
[INFO] [stdout] 5d3ee655fe764913671210cfedc22c7a6f8d5d64011a5d4f659391473bbd2562
[INFO] running `Command { std: "docker" "start" "-a" "5d3ee655fe764913671210cfedc22c7a6f8d5d64011a5d4f659391473bbd2562", kill_on_drop: false }`
[INFO] running `Command { std: "docker" "inspect" "5d3ee655fe764913671210cfedc22c7a6f8d5d64011a5d4f659391473bbd2562", kill_on_drop: false }`
[INFO] running `Command { std: "docker" "rm" "-f" "5d3ee655fe764913671210cfedc22c7a6f8d5d64011a5d4f659391473bbd2562", kill_on_drop: false }`
[INFO] [stdout] 5d3ee655fe764913671210cfedc22c7a6f8d5d64011a5d4f659391473bbd2562
[INFO] running `Command { std: "docker" "create" "-v" "/var/lib/crater-agent-workspace/builds/worker-3-tc1/target:/opt/rustwide/target:rw,Z" "-v" "/var/lib/crater-agent-workspace/builds/worker-3-tc1/source:/opt/rustwide/workdir:ro,Z" "-v" "/var/lib/crater-agent-workspace/cargo-home:/opt/rustwide/cargo-home:ro,Z" "-v" "/var/lib/crater-agent-workspace/rustup-home:/opt/rustwide/rustup-home:ro,Z" "-e" "SOURCE_DIR=/opt/rustwide/workdir" "-e" "CARGO_TARGET_DIR=/opt/rustwide/target" "-e" "CARGO_INCREMENTAL=0" "-e" "RUST_BACKTRACE=full" "-e" "RUSTFLAGS=--cap-lints=warn" "-e" "RUSTDOCFLAGS=--cap-lints=warn" "-e" "CARGO_HOME=/opt/rustwide/cargo-home" "-e" "RUSTUP_HOME=/opt/rustwide/rustup-home" "-w" "/opt/rustwide/workdir" "-m" "1610612736" "--user" "0:0" "--network" "none" "ghcr.io/rust-lang/crates-build-env/linux@sha256:2788e3201cd34a07e3172128adcd8b3090168a8e3bcc40d7c032b9dda1df7d1c" "/opt/rustwide/cargo-home/bin/cargo" "+1.75.0" "build" "--frozen" "--message-format=json", kill_on_drop: false }`
[INFO] [stdout] 8eb17a410929302b00e35c3ddbadba5946f6b0030fd2c9d8447019db726d5d32
[INFO] running `Command { std: "docker" "start" "-a" "8eb17a410929302b00e35c3ddbadba5946f6b0030fd2c9d8447019db726d5d32", kill_on_drop: false }`
[INFO] [stderr]    Compiling libc v0.2.139
[INFO] [stderr]    Compiling autocfg v1.1.0
[INFO] [stderr]    Compiling cfg-if v1.0.0
[INFO] [stderr]    Compiling proc-macro2 v1.0.51
[INFO] [stderr]    Compiling quote v1.0.23
[INFO] [stderr]    Compiling unicode-ident v1.0.6
[INFO] [stderr]    Compiling syn v1.0.107
[INFO] [stderr]    Compiling pin-project-lite v0.2.9
[INFO] [stderr]    Compiling memchr v2.5.0
[INFO] [stderr]    Compiling log v0.4.17
[INFO] [stderr]    Compiling bytes v1.4.0
[INFO] [stderr]    Compiling futures-core v0.3.26
[INFO] [stderr]    Compiling pkg-config v0.3.26
[INFO] [stderr]    Compiling once_cell v1.17.0
[INFO] [stderr]    Compiling parking_lot_core v0.9.7
[INFO] [stderr]    Compiling itoa v1.0.5
[INFO] [stderr]    Compiling smallvec v1.10.0
[INFO] [stderr]    Compiling futures-sink v0.3.26
[INFO] [stderr]    Compiling scopeguard v1.1.0
[INFO] [stderr]    Compiling version_check v0.9.4
[INFO] [stderr]    Compiling futures-task v0.3.26
[INFO] [stderr]    Compiling futures-channel v0.3.26
[INFO] [stderr]    Compiling tracing-core v0.1.30
[INFO] [stderr]    Compiling futures-util v0.3.26
[INFO] [stderr]    Compiling pin-utils v0.1.0
[INFO] [stderr]    Compiling futures-io v0.3.26
[INFO] [stderr]    Compiling lock_api v0.4.9
[INFO] [stderr]    Compiling tokio v1.25.0
[INFO] [stderr]    Compiling slab v0.4.7
[INFO] [stderr]    Compiling fnv v1.0.7
[INFO] [stderr]    Compiling bitflags v1.3.2
[INFO] [stderr]    Compiling serde v1.0.152
[INFO] [stderr]    Compiling typenum v1.16.0
[INFO] [stderr]    Compiling http v0.2.8
[INFO] [stderr]    Compiling generic-array v0.14.6
[INFO] [stderr]    Compiling indexmap v1.9.2
[INFO] [stderr]    Compiling tracing v0.1.37
[INFO] [stderr]    Compiling hashbrown v0.12.3
[INFO] [stderr]    Compiling httparse v1.8.0
[INFO] [stderr]    Compiling percent-encoding v2.2.0
[INFO] [stderr]    Compiling paste v1.0.11
[INFO] [stderr]    Compiling local-waker v0.1.3
[INFO] [stderr]    Compiling bytestring v1.2.0
[INFO] [stderr]    Compiling tinyvec_macros v0.1.1
[INFO] [stderr]    Compiling openssl v0.10.45
[INFO] [stderr]    Compiling zstd-safe v6.0.3+zstd.1.5.2
[INFO] [stderr]    Compiling alloc-no-stdlib v2.0.4
[INFO] [stderr]    Compiling jobserver v0.1.25
[INFO] [stderr]    Compiling signal-hook-registry v1.4.0
[INFO] [stderr]    Compiling num_cpus v1.15.0
[INFO] [stderr]    Compiling socket2 v0.4.7
[INFO] [stderr]    Compiling mio v0.8.5
[INFO] [stderr]    Compiling cc v1.0.79
[INFO] [stderr]    Compiling getrandom v0.2.8
[INFO] [stderr]    Compiling parking_lot v0.12.1
[INFO] [stderr]    Compiling httpdate v1.0.2
[INFO] [stderr]    Compiling crc32fast v1.3.2
[INFO] [stderr]    Compiling foreign-types-shared v0.1.1
[INFO] [stderr]    Compiling foreign-types v0.3.2
[INFO] [stderr]    Compiling rand_core v0.6.4
[INFO] [stderr]    Compiling alloc-stdlib v0.2.2
[INFO] [stderr]    Compiling form_urlencoded v1.1.0
[INFO] [stderr]    Compiling tinyvec v1.6.0
[INFO] [stderr]    Compiling actix-utils v3.0.1
[INFO] [stderr]    Compiling aho-corasick v0.7.20
[INFO] [stderr]    Compiling ahash v0.7.6
[INFO] [stderr]    Compiling time-core v0.1.0
[INFO] [stderr]    Compiling regex-syntax v0.6.28
[INFO] [stderr]    Compiling native-tls v0.2.11
[INFO] [stderr]    Compiling adler v1.0.2
[INFO] [stderr]    Compiling ppv-lite86 v0.2.17
[INFO] [stderr]    Compiling ryu v1.0.12
[INFO] [stderr]    Compiling time-macros v0.2.6
[INFO] [stderr]    Compiling miniz_oxide v0.6.2
[INFO] [stderr]    Compiling actix-service v2.0.2
[INFO] [stderr]    Compiling brotli-decompressor v2.3.4
[INFO] [stderr]    Compiling cookie v0.16.2
[INFO] [stderr]    Compiling encoding_rs v0.8.32
[INFO] [stderr]    Compiling crossbeam-utils v0.8.14
[INFO] [stderr]    Compiling cpufeatures v0.2.5
[INFO] [stderr]    Compiling rand_chacha v0.3.1
[INFO] [stderr]    Compiling serde_json v1.0.92
[INFO] [stderr]    Compiling mime v0.3.16
[INFO] [stderr]    Compiling convert_case v0.4.0
[INFO] [stderr]    Compiling block-buffer v0.10.3
[INFO] [stderr]    Compiling openssl-sys v0.9.80
[INFO] [stderr]    Compiling zstd-sys v2.0.6+zstd.1.5.2
[INFO] [stderr]    Compiling crypto-common v0.1.6
[INFO] [stderr]    Compiling unicode-normalization v0.1.22
[INFO] [stderr]    Compiling openssl-probe v0.1.5
[INFO] [stderr]    Compiling digest v0.10.6
[INFO] [stderr]    Compiling try-lock v0.2.4
[INFO] [stderr]    Compiling unicode-bidi v0.3.10
[INFO] [stderr]    Compiling base64 v0.21.0
[INFO] [stderr]    Compiling want v0.3.0
[INFO] [stderr]    Compiling sha1 v0.10.5
[INFO] [stderr]    Compiling rand v0.8.5
[INFO] [stderr]    Compiling flate2 v1.0.25
[INFO] [stderr]    Compiling http-body v0.4.5
[INFO] [stderr]    Compiling time v0.3.17
[INFO] [stderr]    Compiling brotli v3.3.4
[INFO] [stderr]    Compiling language-tags v0.3.2
[INFO] [stderr]    Compiling idna v0.3.0
[INFO] [stderr]    Compiling tower-service v0.3.2
[INFO] [stderr]    Compiling ipnet v2.7.1
[INFO] [stderr]    Compiling regex v1.7.1
[INFO] [stderr]    Compiling serde_urlencoded v0.7.1
[INFO] [stderr]    Compiling url v2.3.1
[INFO] [stderr]    Compiling crossbeam-channel v0.5.6
[INFO] [stderr]    Compiling actix-router v0.5.1
[INFO] [stderr]    Compiling tokio-macros v1.8.2
[INFO] [stderr]    Compiling futures-macro v0.3.26
[INFO] [stderr]    Compiling openssl-macros v0.1.0
[INFO] [stderr]    Compiling derive_more v0.99.17
[INFO] [stderr]    Compiling actix_derive v0.6.0
[INFO] [stderr]    Compiling actix-macros v0.2.3
[INFO] [stderr]    Compiling actix-web-codegen v4.1.0
[INFO] [stderr]    Compiling zstd v0.12.3+zstd.1.5.2
[INFO] [stderr]    Compiling local-channel v0.1.3
[INFO] [stderr]    Compiling futures-executor v0.3.26
[INFO] [stderr]    Compiling futures v0.3.26
[INFO] [stderr]    Compiling tokio-util v0.7.4
[INFO] [stderr]    Compiling actix-rt v2.8.0
[INFO] [stderr]    Compiling tokio-native-tls v0.3.0
[INFO] [stderr]    Compiling actix-server v2.2.0
[INFO] [stderr]    Compiling h2 v0.3.15
[INFO] [stderr]    Compiling actix-codec v0.5.0
[INFO] [stderr]    Compiling actix v0.13.0
[INFO] [stderr]    Compiling actix-tls v3.0.3
[INFO] [stderr]    Compiling actix-http v3.3.0
[INFO] [stderr]    Compiling hyper v0.14.24
[INFO] [stderr]    Compiling actix-web v4.3.0
[INFO] [stderr]    Compiling awc v3.1.0
[INFO] [stderr]    Compiling hyper-tls v0.5.0
[INFO] [stderr]    Compiling reqwest v0.11.14
[INFO] [stderr]    Compiling broadsign_extended_api v0.1.0 (/opt/rustwide/workdir)
[INFO] [stderr]     Finished dev [unoptimized + debuginfo] target(s) in 38.56s
[INFO] running `Command { std: "docker" "inspect" "8eb17a410929302b00e35c3ddbadba5946f6b0030fd2c9d8447019db726d5d32", kill_on_drop: false }`
[INFO] running `Command { std: "docker" "rm" "-f" "8eb17a410929302b00e35c3ddbadba5946f6b0030fd2c9d8447019db726d5d32", kill_on_drop: false }`
[INFO] [stdout] 8eb17a410929302b00e35c3ddbadba5946f6b0030fd2c9d8447019db726d5d32
[INFO] running `Command { std: "docker" "create" "-v" "/var/lib/crater-agent-workspace/builds/worker-3-tc1/target:/opt/rustwide/target:rw,Z" "-v" "/var/lib/crater-agent-workspace/builds/worker-3-tc1/source:/opt/rustwide/workdir:ro,Z" "-v" "/var/lib/crater-agent-workspace/cargo-home:/opt/rustwide/cargo-home:ro,Z" "-v" "/var/lib/crater-agent-workspace/rustup-home:/opt/rustwide/rustup-home:ro,Z" "-e" "SOURCE_DIR=/opt/rustwide/workdir" "-e" "CARGO_TARGET_DIR=/opt/rustwide/target" "-e" "CARGO_INCREMENTAL=0" "-e" "RUST_BACKTRACE=full" "-e" "RUSTFLAGS=--cap-lints=warn" "-e" "RUSTDOCFLAGS=--cap-lints=warn" "-e" "CARGO_HOME=/opt/rustwide/cargo-home" "-e" "RUSTUP_HOME=/opt/rustwide/rustup-home" "-w" "/opt/rustwide/workdir" "-m" "1610612736" "--user" "0:0" "--network" "none" "ghcr.io/rust-lang/crates-build-env/linux@sha256:2788e3201cd34a07e3172128adcd8b3090168a8e3bcc40d7c032b9dda1df7d1c" "/opt/rustwide/cargo-home/bin/cargo" "+1.75.0" "test" "--frozen" "--no-run" "--message-format=json", kill_on_drop: false }`
[INFO] [stdout] 93b78e92745aba0873486563bc86522f0bc6f0b234c6036e20a699c78791c625
[INFO] running `Command { std: "docker" "start" "-a" "93b78e92745aba0873486563bc86522f0bc6f0b234c6036e20a699c78791c625", kill_on_drop: false }`
[INFO] [stderr]    Compiling broadsign_extended_api v0.1.0 (/opt/rustwide/workdir)
[INFO] [stderr]     Finished test [unoptimized + debuginfo] target(s) in 3.02s
[INFO] running `Command { std: "docker" "inspect" "93b78e92745aba0873486563bc86522f0bc6f0b234c6036e20a699c78791c625", kill_on_drop: false }`
[INFO] running `Command { std: "docker" "rm" "-f" "93b78e92745aba0873486563bc86522f0bc6f0b234c6036e20a699c78791c625", kill_on_drop: false }`
[INFO] [stdout] 93b78e92745aba0873486563bc86522f0bc6f0b234c6036e20a699c78791c625
[INFO] running `Command { std: "docker" "create" "-v" "/var/lib/crater-agent-workspace/builds/worker-3-tc1/target:/opt/rustwide/target:rw,Z" "-v" "/var/lib/crater-agent-workspace/builds/worker-3-tc1/source:/opt/rustwide/workdir:ro,Z" "-v" "/var/lib/crater-agent-workspace/cargo-home:/opt/rustwide/cargo-home:ro,Z" "-v" "/var/lib/crater-agent-workspace/rustup-home:/opt/rustwide/rustup-home:ro,Z" "-e" "SOURCE_DIR=/opt/rustwide/workdir" "-e" "CARGO_TARGET_DIR=/opt/rustwide/target" "-e" "CARGO_INCREMENTAL=0" "-e" "RUST_BACKTRACE=full" "-e" "RUSTFLAGS=--cap-lints=warn" "-e" "RUSTDOCFLAGS=--cap-lints=warn" "-e" "CARGO_HOME=/opt/rustwide/cargo-home" "-e" "RUSTUP_HOME=/opt/rustwide/rustup-home" "-w" "/opt/rustwide/workdir" "-m" "1610612736" "--user" "0:0" "--network" "none" "ghcr.io/rust-lang/crates-build-env/linux@sha256:2788e3201cd34a07e3172128adcd8b3090168a8e3bcc40d7c032b9dda1df7d1c" "/opt/rustwide/cargo-home/bin/cargo" "+1.75.0" "test" "--frozen", kill_on_drop: false }`
[INFO] [stdout] 64ced451a4feae361ce9ffb0c5630ec47c344624d02a7af614a74770d93f4c24
[INFO] running `Command { std: "docker" "start" "-a" "64ced451a4feae361ce9ffb0c5630ec47c344624d02a7af614a74770d93f4c24", kill_on_drop: false }`
[INFO] [stderr]     Finished test [unoptimized + debuginfo] target(s) in 0.15s
[INFO] [stderr]      Running unittests src/lib.rs (/opt/rustwide/target/debug/deps/broadsign_extended_api-7e36f765ae0d4fc7)
[INFO] [stdout] 
[INFO] [stdout] running 0 tests
[INFO] [stdout] 
[INFO] [stdout] test result: ok. 0 passed; 0 failed; 0 ignored; 0 measured; 0 filtered out; finished in 0.00s
[INFO] [stdout] 
[INFO] [stderr]      Running unittests src/main.rs (/opt/rustwide/target/debug/deps/broadsign_extended_api-5ce0004e99424373)
[INFO] [stdout] 
[INFO] [stdout] running 0 tests
[INFO] [stdout] 
[INFO] [stdout] test result: ok. 0 passed; 0 failed; 0 ignored; 0 measured; 0 filtered out; finished in 0.00s
[INFO] [stdout] 
[INFO] [stderr]      Running tests/websocket_broadsign.rs (/opt/rustwide/target/debug/deps/websocket_broadsign-fa5c3cc4c95df300)
[INFO] [stdout] 
[INFO] [stdout] running 1 test
[INFO] [stdout] test connection ... FAILED
[INFO] [stdout] 
[INFO] [stdout] failures:
[INFO] [stdout] 
[INFO] [stdout] ---- connection stdout ----
[INFO] [stdout] thread 'connection' panicked at tests/websocket_broadsign.rs:25:47:
[INFO] [stdout] Failed to bind to a random port: Os { code: 99, kind: AddrNotAvailable, message: "Cannot assign requested address" }
[INFO] [stdout] stack backtrace:
[INFO] [stdout]    0:     0x560174e1e60c - std::backtrace_rs::backtrace::libunwind::trace::ha637c64ce894333a
[INFO] [stdout]                                at /rustc/82e1608dfa6e0b5569232559e3d385fea5a93112/library/std/src/../../backtrace/src/backtrace/libunwind.rs:104:5
[INFO] [stdout]    1:     0x560174e1e60c - std::backtrace_rs::backtrace::trace_unsynchronized::h47f62dea28e0c88d
[INFO] [stdout]                                at /rustc/82e1608dfa6e0b5569232559e3d385fea5a93112/library/std/src/../../backtrace/src/backtrace/mod.rs:66:5
[INFO] [stdout]    2:     0x560174e1e60c - std::sys_common::backtrace::_print_fmt::h9eef0abe20ede486
[INFO] [stdout]                                at /rustc/82e1608dfa6e0b5569232559e3d385fea5a93112/library/std/src/sys_common/backtrace.rs:67:5
[INFO] [stdout]    3:     0x560174e1e60c - <std::sys_common::backtrace::_print::DisplayBacktrace as core::fmt::Display>::fmt::hed7f999df88cc644
[INFO] [stdout]                                at /rustc/82e1608dfa6e0b5569232559e3d385fea5a93112/library/std/src/sys_common/backtrace.rs:44:22
[INFO] [stdout]    4:     0x560174e4c520 - core::fmt::rt::Argument::fmt::h1539a9308b8d058d
[INFO] [stdout]                                at /rustc/82e1608dfa6e0b5569232559e3d385fea5a93112/library/core/src/fmt/rt.rs:142:9
[INFO] [stdout]    5:     0x560174e4c520 - core::fmt::write::h3a39390d8560d9c9
[INFO] [stdout]                                at /rustc/82e1608dfa6e0b5569232559e3d385fea5a93112/library/core/src/fmt/mod.rs:1120:17
[INFO] [stdout]    6:     0x560174e1b5ef - std::io::Write::write_fmt::h040b369f3a0f9cbc
[INFO] [stdout]                                at /rustc/82e1608dfa6e0b5569232559e3d385fea5a93112/library/std/src/io/mod.rs:1762:15
[INFO] [stdout]    7:     0x560174e1e3f4 - std::sys_common::backtrace::_print::h894006fb5c6f3d45
[INFO] [stdout]                                at /rustc/82e1608dfa6e0b5569232559e3d385fea5a93112/library/std/src/sys_common/backtrace.rs:47:5
[INFO] [stdout]    8:     0x560174e1e3f4 - std::sys_common::backtrace::print::h23a2d212c6fff936
[INFO] [stdout]                                at /rustc/82e1608dfa6e0b5569232559e3d385fea5a93112/library/std/src/sys_common/backtrace.rs:34:9
[INFO] [stdout]    9:     0x560174e200b7 - std::panicking::default_hook::{{closure}}::h8a1d2ee00185001a
[INFO] [stdout]   10:     0x560174e1fda3 - std::panicking::default_hook::h6038f2eba384e475
[INFO] [stdout]                                at /rustc/82e1608dfa6e0b5569232559e3d385fea5a93112/library/std/src/panicking.rs:289:9
[INFO] [stdout]   11:     0x56017489c877 - <alloc::boxed::Box<F,A> as core::ops::function::Fn<Args>>::call::h0ad024c9bdc6d768
[INFO] [stdout]                                at /rustc/82e1608dfa6e0b5569232559e3d385fea5a93112/library/alloc/src/boxed.rs:2021:9
[INFO] [stdout]   12:     0x56017489c877 - test::test_main::{{closure}}::h7500b54257359db6
[INFO] [stdout]                                at /rustc/82e1608dfa6e0b5569232559e3d385fea5a93112/library/test/src/lib.rs:138:21
[INFO] [stdout]   13:     0x560174e206c8 - <alloc::boxed::Box<F,A> as core::ops::function::Fn<Args>>::call::h1f8f335eaa9cfaee
[INFO] [stdout]                                at /rustc/82e1608dfa6e0b5569232559e3d385fea5a93112/library/alloc/src/boxed.rs:2021:9
[INFO] [stdout]   14:     0x560174e206c8 - std::panicking::rust_panic_with_hook::h2b5517d590cab22e
[INFO] [stdout]                                at /rustc/82e1608dfa6e0b5569232559e3d385fea5a93112/library/std/src/panicking.rs:783:13
[INFO] [stdout]   15:     0x560174e2041e - std::panicking::begin_panic_handler::{{closure}}::h233112c06e0ef43e
[INFO] [stdout]                                at /rustc/82e1608dfa6e0b5569232559e3d385fea5a93112/library/std/src/panicking.rs:657:13
[INFO] [stdout]   16:     0x560174e1ead6 - std::sys_common::backtrace::__rust_end_short_backtrace::h6e893f24d7ebbff8
[INFO] [stdout]                                at /rustc/82e1608dfa6e0b5569232559e3d385fea5a93112/library/std/src/sys_common/backtrace.rs:170:18
[INFO] [stdout]   17:     0x560174e20182 - rust_begin_unwind
[INFO] [stdout]                                at /rustc/82e1608dfa6e0b5569232559e3d385fea5a93112/library/std/src/panicking.rs:645:5
[INFO] [stdout]   18:     0x5601746d34e5 - core::panicking::panic_fmt::hbf0e066aabfa482c
[INFO] [stdout]                                at /rustc/82e1608dfa6e0b5569232559e3d385fea5a93112/library/core/src/panicking.rs:72:14
[INFO] [stdout]   19:     0x5601746d3ab3 - core::result::unwrap_failed::hddb4fea594200c52
[INFO] [stdout]                                at /rustc/82e1608dfa6e0b5569232559e3d385fea5a93112/library/core/src/result.rs:1653:5
[INFO] [stdout]   20:     0x5601746d559d - core::result::Result<T,E>::expect::hf355365fade6e472
[INFO] [stdout]                                at /rustc/82e1608dfa6e0b5569232559e3d385fea5a93112/library/core/src/result.rs:1034:23
[INFO] [stdout]   21:     0x5601746deb71 - websocket_broadsign::spawn_app::hb69d39400e1cd23a
[INFO] [stdout]                                at /opt/rustwide/workdir/tests/websocket_broadsign.rs:25:18
[INFO] [stdout]   22:     0x5601746deee6 - websocket_broadsign::connection::{{closure}}::h79283e0a60b646ea
[INFO] [stdout]                                at /opt/rustwide/workdir/tests/websocket_broadsign.rs:6:14
[INFO] [stdout]   23:     0x5601746de907 - <tokio::task::local::RunUntil<T> as core::future::future::Future>::poll::{{closure}}::hb6d42aa54ab86ab4
[INFO] [stdout]                                at /opt/rustwide/cargo-home/registry/src/index.crates.io-6f17d22bba15001f/tokio-1.25.0/src/task/local.rs:923:42
[INFO] [stdout]   24:     0x5601746dd341 - tokio::task::local::LocalSet::with::{{closure}}::hb09e5937dece4d09
[INFO] [stdout]                                at /opt/rustwide/cargo-home/registry/src/index.crates.io-6f17d22bba15001f/tokio-1.25.0/src/task/local.rs:684:13
[INFO] [stdout]   25:     0x5601746d48c4 - std::thread::local::LocalKey<T>::try_with::h09264a33e3f89771
[INFO] [stdout]                                at /rustc/82e1608dfa6e0b5569232559e3d385fea5a93112/library/std/src/thread/local.rs:270:16
[INFO] [stdout]   26:     0x5601746d473a - std::thread::local::LocalKey<T>::with::h461c91fe70e7c798
[INFO] [stdout]                                at /rustc/82e1608dfa6e0b5569232559e3d385fea5a93112/library/std/src/thread/local.rs:246:9
[INFO] [stdout]   27:     0x5601746dd26b - tokio::task::local::LocalSet::with::h464ac521c69ef31e
[INFO] [stdout]                                at /opt/rustwide/cargo-home/registry/src/index.crates.io-6f17d22bba15001f/tokio-1.25.0/src/task/local.rs:667:9
[INFO] [stdout]   28:     0x5601746de86a - <tokio::task::local::RunUntil<T> as core::future::future::Future>::poll::h64b84f3053eb3c31
[INFO] [stdout]                                at /opt/rustwide/cargo-home/registry/src/index.crates.io-6f17d22bba15001f/tokio-1.25.0/src/task/local.rs:913:9
[INFO] [stdout]   29:     0x5601746dd672 - tokio::task::local::LocalSet::run_until::{{closure}}::h0648e25bd84c9aea
[INFO] [stdout]                                at /opt/rustwide/cargo-home/registry/src/index.crates.io-6f17d22bba15001f/tokio-1.25.0/src/task/local.rs:573:19
[INFO] [stdout]   30:     0x5601746de78b - <core::pin::Pin<P> as core::future::future::Future>::poll::hdf1038adcfae362b
[INFO] [stdout]                                at /rustc/82e1608dfa6e0b5569232559e3d385fea5a93112/library/core/src/future/future.rs:125:9
[INFO] [stdout]   31:     0x5601746daae4 - tokio::runtime::scheduler::current_thread::CoreGuard::block_on::{{closure}}::{{closure}}::{{closure}}::h094f8b0ce6e5a46f
[INFO] [stdout]                                at /opt/rustwide/cargo-home/registry/src/index.crates.io-6f17d22bba15001f/tokio-1.25.0/src/runtime/scheduler/current_thread.rs:541:57
[INFO] [stdout]   32:     0x5601746da9ca - tokio::runtime::coop::with_budget::h10a1b6b7aa5a3dd4
[INFO] [stdout]                                at /opt/rustwide/cargo-home/registry/src/index.crates.io-6f17d22bba15001f/tokio-1.25.0/src/runtime/coop.rs:102:5
[INFO] [stdout]   33:     0x5601746da9ca - tokio::runtime::coop::budget::h1c7eca9a0db32b7a
[INFO] [stdout]                                at /opt/rustwide/cargo-home/registry/src/index.crates.io-6f17d22bba15001f/tokio-1.25.0/src/runtime/coop.rs:68:5
[INFO] [stdout]   34:     0x5601746da9ca - tokio::runtime::scheduler::current_thread::CoreGuard::block_on::{{closure}}::{{closure}}::h099c65085eb0101f
[INFO] [stdout]                                at /opt/rustwide/cargo-home/registry/src/index.crates.io-6f17d22bba15001f/tokio-1.25.0/src/runtime/scheduler/current_thread.rs:541:25
[INFO] [stdout]   35:     0x5601746d94dc - tokio::runtime::scheduler::current_thread::Context::enter::h9b00bde3f9c3a12d
[INFO] [stdout]                                at /opt/rustwide/cargo-home/registry/src/index.crates.io-6f17d22bba15001f/tokio-1.25.0/src/runtime/scheduler/current_thread.rs:350:19
[INFO] [stdout]   36:     0x5601746d9fc2 - tokio::runtime::scheduler::current_thread::CoreGuard::block_on::{{closure}}::h766d5bee52940b65
[INFO] [stdout]                                at /opt/rustwide/cargo-home/registry/src/index.crates.io-6f17d22bba15001f/tokio-1.25.0/src/runtime/scheduler/current_thread.rs:540:36
[INFO] [stdout]   37:     0x5601746d9cdb - tokio::runtime::scheduler::current_thread::CoreGuard::enter::{{closure}}::h0206f613b97338df
[INFO] [stdout]                                at /opt/rustwide/cargo-home/registry/src/index.crates.io-6f17d22bba15001f/tokio-1.25.0/src/runtime/scheduler/current_thread.rs:615:57
[INFO] [stdout]   38:     0x5601746dd7dd - tokio::macros::scoped_tls::ScopedKey<T>::set::h6fbaa461a4421aa9
[INFO] [stdout]                                at /opt/rustwide/cargo-home/registry/src/index.crates.io-6f17d22bba15001f/tokio-1.25.0/src/macros/scoped_tls.rs:61:9
[INFO] [stdout]   39:     0x5601746d9a6f - tokio::runtime::scheduler::current_thread::CoreGuard::enter::h33a2718b1389698f
[INFO] [stdout]                                at /opt/rustwide/cargo-home/registry/src/index.crates.io-6f17d22bba15001f/tokio-1.25.0/src/runtime/scheduler/current_thread.rs:615:27
[INFO] [stdout]   40:     0x5601746d9d0c - tokio::runtime::scheduler::current_thread::CoreGuard::block_on::h588152e1f023f771
[INFO] [stdout]                                at /opt/rustwide/cargo-home/registry/src/index.crates.io-6f17d22bba15001f/tokio-1.25.0/src/runtime/scheduler/current_thread.rs:530:19
[INFO] [stdout]   41:     0x5601746d8c6e - tokio::runtime::scheduler::current_thread::CurrentThread::block_on::h3ecc043ad50fe43c
[INFO] [stdout]                                at /opt/rustwide/cargo-home/registry/src/index.crates.io-6f17d22bba15001f/tokio-1.25.0/src/runtime/scheduler/current_thread.rs:154:24
[INFO] [stdout]   42:     0x5601746d8881 - tokio::runtime::runtime::Runtime::block_on::h57ea80392020263c
[INFO] [stdout]                                at /opt/rustwide/cargo-home/registry/src/index.crates.io-6f17d22bba15001f/tokio-1.25.0/src/runtime/runtime.rs:282:47
[INFO] [stdout]   43:     0x5601746dd412 - tokio::task::local::LocalSet::block_on::h8f539aa5a99a54eb
[INFO] [stdout]                                at /opt/rustwide/cargo-home/registry/src/index.crates.io-6f17d22bba15001f/tokio-1.25.0/src/task/local.rs:534:9
[INFO] [stdout]   44:     0x5601746de9fa - actix_rt::runtime::Runtime::block_on::h5c9ae79cb78b4dc0
[INFO] [stdout]                                at /opt/rustwide/cargo-home/registry/src/index.crates.io-6f17d22bba15001f/actix-rt-2.8.0/src/runtime.rs:82:9
[INFO] [stdout]   45:     0x5601746dad8a - actix_rt::system::SystemRunner::block_on::h1e9b007c39e4e3fe
[INFO] [stdout]                                at /opt/rustwide/cargo-home/registry/src/index.crates.io-6f17d22bba15001f/actix-rt-2.8.0/src/system.rs:210:9
[INFO] [stdout]   46:     0x5601746dedc3 - websocket_broadsign::connection::h0954de7c737e4164
[INFO] [stdout]                                at /opt/rustwide/workdir/tests/websocket_broadsign.rs:3:1
[INFO] [stdout]   47:     0x5601746ded67 - websocket_broadsign::connection::{{closure}}::h18f25530dc1f9074
[INFO] [stdout]                                at /opt/rustwide/workdir/tests/websocket_broadsign.rs:4:22
[INFO] [stdout]   48:     0x5601746dbcc6 - core::ops::function::FnOnce::call_once::h990ced8ec7ea9e5a
[INFO] [stdout]                                at /rustc/82e1608dfa6e0b5569232559e3d385fea5a93112/library/core/src/ops/function.rs:250:5
[INFO] [stdout]   49:     0x5601748a1ecf - core::ops::function::FnOnce::call_once::h2b5d431d5046312d
[INFO] [stdout]                                at /rustc/82e1608dfa6e0b5569232559e3d385fea5a93112/library/core/src/ops/function.rs:250:5
[INFO] [stdout]   50:     0x5601748a1ecf - test::__rust_begin_short_backtrace::h7714669af176e207
[INFO] [stdout]                                at /rustc/82e1608dfa6e0b5569232559e3d385fea5a93112/library/test/src/lib.rs:628:18
[INFO] [stdout]   51:     0x5601748a0ee5 - test::run_test_in_process::{{closure}}::h85218797dcbcec12
[INFO] [stdout]                                at /rustc/82e1608dfa6e0b5569232559e3d385fea5a93112/library/test/src/lib.rs:651:60
[INFO] [stdout]   52:     0x5601748a0ee5 - <core::panic::unwind_safe::AssertUnwindSafe<F> as core::ops::function::FnOnce<()>>::call_once::h76c106ea31c14d7b
[INFO] [stdout]                                at /rustc/82e1608dfa6e0b5569232559e3d385fea5a93112/library/core/src/panic/unwind_safe.rs:272:9
[INFO] [stdout]   53:     0x5601748a0ee5 - std::panicking::try::do_call::h3bd5d0f6620ee946
[INFO] [stdout]                                at /rustc/82e1608dfa6e0b5569232559e3d385fea5a93112/library/std/src/panicking.rs:552:40
[INFO] [stdout]   54:     0x5601748a0ee5 - std::panicking::try::h232e535e4744fe31
[INFO] [stdout]                                at /rustc/82e1608dfa6e0b5569232559e3d385fea5a93112/library/std/src/panicking.rs:516:19
[INFO] [stdout]   55:     0x5601748a0ee5 - std::panic::catch_unwind::h3ce3bd6ca8dbac68
[INFO] [stdout]                                at /rustc/82e1608dfa6e0b5569232559e3d385fea5a93112/library/std/src/panic.rs:142:14
[INFO] [stdout]   56:     0x5601748a0ee5 - test::run_test_in_process::hc97b257c9621286a
[INFO] [stdout]                                at /rustc/82e1608dfa6e0b5569232559e3d385fea5a93112/library/test/src/lib.rs:651:27
[INFO] [stdout]   57:     0x5601748a0ee5 - test::run_test::{{closure}}::h2aa798823a438d38
[INFO] [stdout]                                at /rustc/82e1608dfa6e0b5569232559e3d385fea5a93112/library/test/src/lib.rs:574:43
[INFO] [stdout]   58:     0x5601748691a6 - test::run_test::{{closure}}::h87d231c78fb59832
[INFO] [stdout]                                at /rustc/82e1608dfa6e0b5569232559e3d385fea5a93112/library/test/src/lib.rs:602:41
[INFO] [stdout]   59:     0x5601748691a6 - std::sys_common::backtrace::__rust_begin_short_backtrace::he6df152596625789
[INFO] [stdout]                                at /rustc/82e1608dfa6e0b5569232559e3d385fea5a93112/library/std/src/sys_common/backtrace.rs:154:18
[INFO] [stdout]   60:     0x56017486e257 - std::thread::Builder::spawn_unchecked_::{{closure}}::{{closure}}::ha94be15d1e0acf36
[INFO] [stdout]                                at /rustc/82e1608dfa6e0b5569232559e3d385fea5a93112/library/std/src/thread/mod.rs:529:17
[INFO] [stdout]   61:     0x56017486e257 - <core::panic::unwind_safe::AssertUnwindSafe<F> as core::ops::function::FnOnce<()>>::call_once::h9dc6bd6372f16606
[INFO] [stdout]                                at /rustc/82e1608dfa6e0b5569232559e3d385fea5a93112/library/core/src/panic/unwind_safe.rs:272:9
[INFO] [stdout]   62:     0x56017486e257 - std::panicking::try::do_call::h9057517f80303cd4
[INFO] [stdout]                                at /rustc/82e1608dfa6e0b5569232559e3d385fea5a93112/library/std/src/panicking.rs:552:40
[INFO] [stdout]   63:     0x56017486e257 - std::panicking::try::he3a30b11ee45340c
[INFO] [stdout]                                at /rustc/82e1608dfa6e0b5569232559e3d385fea5a93112/library/std/src/panicking.rs:516:19
[INFO] [stdout]   64:     0x56017486e257 - std::panic::catch_unwind::h410458cfd3528b8b
[INFO] [stdout]                                at /rustc/82e1608dfa6e0b5569232559e3d385fea5a93112/library/std/src/panic.rs:142:14
[INFO] [stdout]   65:     0x56017486e257 - std::thread::Builder::spawn_unchecked_::{{closure}}::h72ac3bdb567b737b
[INFO] [stdout]                                at /rustc/82e1608dfa6e0b5569232559e3d385fea5a93112/library/std/src/thread/mod.rs:528:30
[INFO] [stdout]   66:     0x56017486e257 - core::ops::function::FnOnce::call_once{{vtable.shim}}::h38f34da3654a8344
[INFO] [stdout]                                at /rustc/82e1608dfa6e0b5569232559e3d385fea5a93112/library/core/src/ops/function.rs:250:5
[INFO] [stdout]   67:     0x560174e25385 - <alloc::boxed::Box<F,A> as core::ops::function::FnOnce<Args>>::call_once::hc7eafaff61e32df9
[INFO] [stdout]                                at /rustc/82e1608dfa6e0b5569232559e3d385fea5a93112/library/alloc/src/boxed.rs:2007:9
[INFO] [stdout]   68:     0x560174e25385 - <alloc::boxed::Box<F,A> as core::ops::function::FnOnce<Args>>::call_once::h6ba4a5de48dd2304
[INFO] [stdout]                                at /rustc/82e1608dfa6e0b5569232559e3d385fea5a93112/library/alloc/src/boxed.rs:2007:9
[INFO] [stdout]   69:     0x560174e25385 - std::sys::unix::thread::Thread::new::thread_start::he469335aef763e45
[INFO] [stdout]                                at /rustc/82e1608dfa6e0b5569232559e3d385fea5a93112/library/std/src/sys/unix/thread.rs:108:17
[INFO] [stdout]   70:     0x7f31802ceac3 - <unknown>
[INFO] [stdout]   71:     0x7f318035fbf4 - __clone
[INFO] [stdout]   72:                0x0 - <unknown>
[INFO] [stdout] 
[INFO] [stdout] 
[INFO] [stdout] failures:
[INFO] [stdout]     connection
[INFO] [stdout] 
[INFO] [stdout] test result: FAILED. 0 passed; 1 failed; 0 ignored; 0 measured; 0 filtered out; finished in 0.07s
[INFO] [stdout] 
[INFO] [stderr] error: test failed, to rerun pass `--test websocket_broadsign`
[INFO] running `Command { std: "docker" "inspect" "64ced451a4feae361ce9ffb0c5630ec47c344624d02a7af614a74770d93f4c24", kill_on_drop: false }`
[INFO] running `Command { std: "docker" "rm" "-f" "64ced451a4feae361ce9ffb0c5630ec47c344624d02a7af614a74770d93f4c24", kill_on_drop: false }`
[INFO] [stdout] 64ced451a4feae361ce9ffb0c5630ec47c344624d02a7af614a74770d93f4c24
