[INFO] cloning repository https://github.com/nurmohammed840/tokio-tls-listener
[INFO] running `Command { std: "git" "-c" "credential.helper=" "-c" "credential.helper=/workspace/cargo-home/bin/git-credential-null" "clone" "--bare" "https://github.com/nurmohammed840/tokio-tls-listener" "/workspace/cache/git-repos/https%3A%2F%2Fgithub.com%2Fnurmohammed840%2Ftokio-tls-listener", kill_on_drop: false }`
[INFO] [stderr] Cloning into bare repository '/workspace/cache/git-repos/https%3A%2F%2Fgithub.com%2Fnurmohammed840%2Ftokio-tls-listener'...
[INFO] running `Command { std: "git" "rev-parse" "HEAD", kill_on_drop: false }`
[INFO] [stdout] c34bd3b04424d21306b249b42accdd011d43268f
[INFO] testing nurmohammed840/tokio-tls-listener against 1.75.0 for beta-1.76-1
[INFO] running `Command { std: "git" "clone" "/workspace/cache/git-repos/https%3A%2F%2Fgithub.com%2Fnurmohammed840%2Ftokio-tls-listener" "/workspace/builds/worker-5-tc1/source", kill_on_drop: false }`
[INFO] [stderr] Cloning into '/workspace/builds/worker-5-tc1/source'...
[INFO] [stderr] done.
[INFO] validating manifest of git repo https://github.com/nurmohammed840/tokio-tls-listener on toolchain 1.75.0
[INFO] running `Command { std: CARGO_HOME="/workspace/cargo-home" RUSTUP_HOME="/workspace/rustup-home" "/workspace/cargo-home/bin/cargo" "+1.75.0" "metadata" "--manifest-path" "Cargo.toml" "--no-deps", kill_on_drop: false }`
[INFO] started tweaking git repo https://github.com/nurmohammed840/tokio-tls-listener
[INFO] finished tweaking git repo https://github.com/nurmohammed840/tokio-tls-listener
[INFO] tweaked toml for git repo https://github.com/nurmohammed840/tokio-tls-listener written to /workspace/builds/worker-5-tc1/source/Cargo.toml
[INFO] crate git repo https://github.com/nurmohammed840/tokio-tls-listener already has a lockfile, it will not be regenerated
[INFO] running `Command { std: CARGO_HOME="/workspace/cargo-home" RUSTUP_HOME="/workspace/rustup-home" "/workspace/cargo-home/bin/cargo" "+1.75.0" "fetch" "--manifest-path" "Cargo.toml", kill_on_drop: false }`
[INFO] running `Command { std: "docker" "create" "-v" "/var/lib/crater-agent-workspace/builds/worker-5-tc1/target:/opt/rustwide/target:rw,Z" "-v" "/var/lib/crater-agent-workspace/builds/worker-5-tc1/source:/opt/rustwide/workdir:ro,Z" "-v" "/var/lib/crater-agent-workspace/cargo-home:/opt/rustwide/cargo-home:ro,Z" "-v" "/var/lib/crater-agent-workspace/rustup-home:/opt/rustwide/rustup-home:ro,Z" "-e" "SOURCE_DIR=/opt/rustwide/workdir" "-e" "CARGO_TARGET_DIR=/opt/rustwide/target" "-e" "CARGO_HOME=/opt/rustwide/cargo-home" "-e" "RUSTUP_HOME=/opt/rustwide/rustup-home" "-w" "/opt/rustwide/workdir" "-m" "1610612736" "--user" "0:0" "--network" "none" "ghcr.io/rust-lang/crates-build-env/linux@sha256:2788e3201cd34a07e3172128adcd8b3090168a8e3bcc40d7c032b9dda1df7d1c" "/opt/rustwide/cargo-home/bin/cargo" "+1.75.0" "metadata" "--no-deps" "--format-version=1", kill_on_drop: false }`
[INFO] [stdout] 2da46a14fec715c089c16107d3ff73a653a800225d9168f72ed25194a813fb92
[INFO] running `Command { std: "docker" "start" "-a" "2da46a14fec715c089c16107d3ff73a653a800225d9168f72ed25194a813fb92", kill_on_drop: false }`
[INFO] running `Command { std: "docker" "inspect" "2da46a14fec715c089c16107d3ff73a653a800225d9168f72ed25194a813fb92", kill_on_drop: false }`
[INFO] running `Command { std: "docker" "rm" "-f" "2da46a14fec715c089c16107d3ff73a653a800225d9168f72ed25194a813fb92", kill_on_drop: false }`
[INFO] [stdout] 2da46a14fec715c089c16107d3ff73a653a800225d9168f72ed25194a813fb92
[INFO] running `Command { std: "docker" "create" "-v" "/var/lib/crater-agent-workspace/builds/worker-5-tc1/target:/opt/rustwide/target:rw,Z" "-v" "/var/lib/crater-agent-workspace/builds/worker-5-tc1/source:/opt/rustwide/workdir:ro,Z" "-v" "/var/lib/crater-agent-workspace/cargo-home:/opt/rustwide/cargo-home:ro,Z" "-v" "/var/lib/crater-agent-workspace/rustup-home:/opt/rustwide/rustup-home:ro,Z" "-e" "SOURCE_DIR=/opt/rustwide/workdir" "-e" "CARGO_TARGET_DIR=/opt/rustwide/target" "-e" "CARGO_INCREMENTAL=0" "-e" "RUST_BACKTRACE=full" "-e" "RUSTFLAGS=--cap-lints=warn" "-e" "RUSTDOCFLAGS=--cap-lints=warn" "-e" "CARGO_HOME=/opt/rustwide/cargo-home" "-e" "RUSTUP_HOME=/opt/rustwide/rustup-home" "-w" "/opt/rustwide/workdir" "-m" "1610612736" "--user" "0:0" "--network" "none" "ghcr.io/rust-lang/crates-build-env/linux@sha256:2788e3201cd34a07e3172128adcd8b3090168a8e3bcc40d7c032b9dda1df7d1c" "/opt/rustwide/cargo-home/bin/cargo" "+1.75.0" "build" "--frozen" "--message-format=json", kill_on_drop: false }`
[INFO] [stdout] 5bc5f939d3cf397fe1e9dd881daa683c473809550ddfdef89e2ca7bec0781b06
[INFO] running `Command { std: "docker" "start" "-a" "5bc5f939d3cf397fe1e9dd881daa683c473809550ddfdef89e2ca7bec0781b06", kill_on_drop: false }`
[INFO] [stderr]    Compiling libc v0.2.141
[INFO] [stderr]    Compiling cc v1.0.79
[INFO] [stderr]    Compiling once_cell v1.17.1
[INFO] [stderr]    Compiling untrusted v0.7.1
[INFO] [stderr]    Compiling log v0.4.17
[INFO] [stderr]    Compiling spin v0.5.2
[INFO] [stderr]    Compiling cfg-if v1.0.0
[INFO] [stderr]    Compiling autocfg v1.1.0
[INFO] [stderr]    Compiling rustls v0.21.0
[INFO] [stderr]    Compiling bytes v1.4.0
[INFO] [stderr]    Compiling pin-project-lite v0.2.9
[INFO] [stderr]    Compiling base64 v0.21.0
[INFO] [stderr]    Compiling tokio v1.27.0
[INFO] [stderr]    Compiling rustls-pemfile v1.0.2
[INFO] [stderr]    Compiling ring v0.16.20
[INFO] [stderr]    Compiling mio v0.8.6
[INFO] [stderr]    Compiling socket2 v0.4.9
[INFO] [stderr]    Compiling sct v0.7.0
[INFO] [stderr]    Compiling rustls-webpki v0.100.1
[INFO] [stderr]    Compiling tokio-rustls v0.24.0
[INFO] [stderr]    Compiling tokio-tls-listener v0.1.0 (/opt/rustwide/workdir)
[INFO] [stderr]     Finished dev [unoptimized + debuginfo] target(s) in 4.50s
[INFO] running `Command { std: "docker" "inspect" "5bc5f939d3cf397fe1e9dd881daa683c473809550ddfdef89e2ca7bec0781b06", kill_on_drop: false }`
[INFO] running `Command { std: "docker" "rm" "-f" "5bc5f939d3cf397fe1e9dd881daa683c473809550ddfdef89e2ca7bec0781b06", kill_on_drop: false }`
[INFO] [stdout] 5bc5f939d3cf397fe1e9dd881daa683c473809550ddfdef89e2ca7bec0781b06
[INFO] running `Command { std: "docker" "create" "-v" "/var/lib/crater-agent-workspace/builds/worker-5-tc1/target:/opt/rustwide/target:rw,Z" "-v" "/var/lib/crater-agent-workspace/builds/worker-5-tc1/source:/opt/rustwide/workdir:ro,Z" "-v" "/var/lib/crater-agent-workspace/cargo-home:/opt/rustwide/cargo-home:ro,Z" "-v" "/var/lib/crater-agent-workspace/rustup-home:/opt/rustwide/rustup-home:ro,Z" "-e" "SOURCE_DIR=/opt/rustwide/workdir" "-e" "CARGO_TARGET_DIR=/opt/rustwide/target" "-e" "CARGO_INCREMENTAL=0" "-e" "RUST_BACKTRACE=full" "-e" "RUSTFLAGS=--cap-lints=warn" "-e" "RUSTDOCFLAGS=--cap-lints=warn" "-e" "CARGO_HOME=/opt/rustwide/cargo-home" "-e" "RUSTUP_HOME=/opt/rustwide/rustup-home" "-w" "/opt/rustwide/workdir" "-m" "1610612736" "--user" "0:0" "--network" "none" "ghcr.io/rust-lang/crates-build-env/linux@sha256:2788e3201cd34a07e3172128adcd8b3090168a8e3bcc40d7c032b9dda1df7d1c" "/opt/rustwide/cargo-home/bin/cargo" "+1.75.0" "test" "--frozen" "--no-run" "--message-format=json", kill_on_drop: false }`
[INFO] [stdout] 488202b8cd277d1fc6b81207b72a98549ddc58c5cf839412992a5b83581a5d2d
[INFO] running `Command { std: "docker" "start" "-a" "488202b8cd277d1fc6b81207b72a98549ddc58c5cf839412992a5b83581a5d2d", kill_on_drop: false }`
[INFO] [stderr]    Compiling tokio-tls-listener v0.1.0 (/opt/rustwide/workdir)
[INFO] [stderr]     Finished test [unoptimized + debuginfo] target(s) in 0.30s
[INFO] running `Command { std: "docker" "inspect" "488202b8cd277d1fc6b81207b72a98549ddc58c5cf839412992a5b83581a5d2d", kill_on_drop: false }`
[INFO] running `Command { std: "docker" "rm" "-f" "488202b8cd277d1fc6b81207b72a98549ddc58c5cf839412992a5b83581a5d2d", kill_on_drop: false }`
[INFO] [stdout] 488202b8cd277d1fc6b81207b72a98549ddc58c5cf839412992a5b83581a5d2d
[INFO] running `Command { std: "docker" "create" "-v" "/var/lib/crater-agent-workspace/builds/worker-5-tc1/target:/opt/rustwide/target:rw,Z" "-v" "/var/lib/crater-agent-workspace/builds/worker-5-tc1/source:/opt/rustwide/workdir:ro,Z" "-v" "/var/lib/crater-agent-workspace/cargo-home:/opt/rustwide/cargo-home:ro,Z" "-v" "/var/lib/crater-agent-workspace/rustup-home:/opt/rustwide/rustup-home:ro,Z" "-e" "SOURCE_DIR=/opt/rustwide/workdir" "-e" "CARGO_TARGET_DIR=/opt/rustwide/target" "-e" "CARGO_INCREMENTAL=0" "-e" "RUST_BACKTRACE=full" "-e" "RUSTFLAGS=--cap-lints=warn" "-e" "RUSTDOCFLAGS=--cap-lints=warn" "-e" "CARGO_HOME=/opt/rustwide/cargo-home" "-e" "RUSTUP_HOME=/opt/rustwide/rustup-home" "-w" "/opt/rustwide/workdir" "-m" "1610612736" "--user" "0:0" "--network" "none" "ghcr.io/rust-lang/crates-build-env/linux@sha256:2788e3201cd34a07e3172128adcd8b3090168a8e3bcc40d7c032b9dda1df7d1c" "/opt/rustwide/cargo-home/bin/cargo" "+1.75.0" "test" "--frozen", kill_on_drop: false }`
[INFO] [stdout] e262b87238cb1789b67b60a813d995576e8204df11b37b774e7712e15d4b70a6
[INFO] running `Command { std: "docker" "start" "-a" "e262b87238cb1789b67b60a813d995576e8204df11b37b774e7712e15d4b70a6", kill_on_drop: false }`
[INFO] [stderr]     Finished test [unoptimized + debuginfo] target(s) in 0.03s
[INFO] [stderr]      Running unittests src/lib.rs (/opt/rustwide/target/debug/deps/tokio_tls_listener-83327070d8791019)
[INFO] [stdout] 
[INFO] [stdout] running 0 tests
[INFO] [stdout] 
[INFO] [stdout] test result: ok. 0 passed; 0 failed; 0 ignored; 0 measured; 0 filtered out; finished in 0.00s
[INFO] [stdout] 
[INFO] [stderr]    Doc-tests tokio-tls-listener
[INFO] [stdout] 
[INFO] [stdout] running 1 test
[INFO] [stdout] test src/lib.rs - (line 5) ... FAILED
[INFO] [stdout] 
[INFO] [stdout] failures:
[INFO] [stdout] 
[INFO] [stdout] ---- src/lib.rs - (line 5) stdout ----
[INFO] [stdout] error[E0308]: arguments to this function are incorrect
[INFO] [stdout]   --> src/lib.rs:9:16
[INFO] [stdout]    |
[INFO] [stdout] 7  |     let conf = tls_config("./cert.pem", "./key.pem").unwrap();
[INFO] [stdout]    |                ^^^^^^^^^^
[INFO] [stdout]    |
[INFO] [stdout] note: types differ in mutability
[INFO] [stdout]   --> src/lib.rs:9:27
[INFO] [stdout]    |
[INFO] [stdout] 7  |     let conf = tls_config("./cert.pem", "./key.pem").unwrap();
[INFO] [stdout]    |                           ^^^^^^^^^^^^
[INFO] [stdout]    = note: expected mutable reference `&mut dyn BufRead`
[INFO] [stdout]                       found reference `&'static str`
[INFO] [stdout] note: types differ in mutability
[INFO] [stdout]   --> src/lib.rs:9:41
[INFO] [stdout]    |
[INFO] [stdout] 7  |     let conf = tls_config("./cert.pem", "./key.pem").unwrap();
[INFO] [stdout]    |                                         ^^^^^^^^^^^
[INFO] [stdout]    = note: expected mutable reference `&mut dyn BufRead`
[INFO] [stdout]                       found reference `&'static str`
[INFO] [stdout] note: function defined here
[INFO] [stdout]   --> /opt/rustwide/workdir/src/lib.rs:75:8
[INFO] [stdout]    |
[INFO] [stdout] 75 | pub fn tls_config(
[INFO] [stdout]    |        ^^^^^^^^^^
[INFO] [stdout] 
[INFO] [stdout] error: aborting due to previous error
[INFO] [stdout] 
[INFO] [stdout] For more information about this error, try `rustc --explain E0308`.
[INFO] [stdout] Couldn't compile the test.
[INFO] [stdout] 
[INFO] [stdout] failures:
[INFO] [stdout]     src/lib.rs - (line 5)
[INFO] [stdout] 
[INFO] [stdout] test result: FAILED. 0 passed; 1 failed; 0 ignored; 0 measured; 0 filtered out; finished in 0.04s
[INFO] [stdout] 
[INFO] [stderr] error: doctest failed, to rerun pass `--doc`
[INFO] running `Command { std: "docker" "inspect" "e262b87238cb1789b67b60a813d995576e8204df11b37b774e7712e15d4b70a6", kill_on_drop: false }`
[INFO] running `Command { std: "docker" "rm" "-f" "e262b87238cb1789b67b60a813d995576e8204df11b37b774e7712e15d4b70a6", kill_on_drop: false }`
[INFO] [stdout] e262b87238cb1789b67b60a813d995576e8204df11b37b774e7712e15d4b70a6
[INFO] testing nurmohammed840/tokio-tls-listener against beta-2023-12-22 for beta-1.76-1
[INFO] running `Command { std: "git" "clone" "/workspace/cache/git-repos/https%3A%2F%2Fgithub.com%2Fnurmohammed840%2Ftokio-tls-listener" "/workspace/builds/worker-5-tc2/source", kill_on_drop: false }`
[INFO] [stderr] Cloning into '/workspace/builds/worker-5-tc2/source'...
[INFO] [stderr] done.
[INFO] validating manifest of git repo https://github.com/nurmohammed840/tokio-tls-listener on toolchain beta-2023-12-22
[INFO] running `Command { std: CARGO_HOME="/workspace/cargo-home" RUSTUP_HOME="/workspace/rustup-home" "/workspace/cargo-home/bin/cargo" "+beta-2023-12-22" "metadata" "--manifest-path" "Cargo.toml" "--no-deps", kill_on_drop: false }`
[INFO] started tweaking git repo https://github.com/nurmohammed840/tokio-tls-listener
[INFO] finished tweaking git repo https://github.com/nurmohammed840/tokio-tls-listener
[INFO] tweaked toml for git repo https://github.com/nurmohammed840/tokio-tls-listener written to /workspace/builds/worker-5-tc2/source/Cargo.toml
[INFO] crate git repo https://github.com/nurmohammed840/tokio-tls-listener already has a lockfile, it will not be regenerated
[INFO] running `Command { std: CARGO_HOME="/workspace/cargo-home" RUSTUP_HOME="/workspace/rustup-home" "/workspace/cargo-home/bin/cargo" "+beta-2023-12-22" "fetch" "--manifest-path" "Cargo.toml", kill_on_drop: false }`
[INFO] running `Command { std: "docker" "create" "-v" "/var/lib/crater-agent-workspace/builds/worker-5-tc2/target:/opt/rustwide/target:rw,Z" "-v" "/var/lib/crater-agent-workspace/builds/worker-5-tc2/source:/opt/rustwide/workdir:ro,Z" "-v" "/var/lib/crater-agent-workspace/cargo-home:/opt/rustwide/cargo-home:ro,Z" "-v" "/var/lib/crater-agent-workspace/rustup-home:/opt/rustwide/rustup-home:ro,Z" "-e" "SOURCE_DIR=/opt/rustwide/workdir" "-e" "CARGO_TARGET_DIR=/opt/rustwide/target" "-e" "CARGO_HOME=/opt/rustwide/cargo-home" "-e" "RUSTUP_HOME=/opt/rustwide/rustup-home" "-w" "/opt/rustwide/workdir" "-m" "1610612736" "--user" "0:0" "--network" "none" "ghcr.io/rust-lang/crates-build-env/linux@sha256:2788e3201cd34a07e3172128adcd8b3090168a8e3bcc40d7c032b9dda1df7d1c" "/opt/rustwide/cargo-home/bin/cargo" "+beta-2023-12-22" "metadata" "--no-deps" "--format-version=1", kill_on_drop: false }`
[INFO] [stdout] 93fd83bfa48fd0db329e8a8897075b0984c9c53c7fc76aa754c396e3c8ef35bf
[INFO] running `Command { std: "docker" "start" "-a" "93fd83bfa48fd0db329e8a8897075b0984c9c53c7fc76aa754c396e3c8ef35bf", kill_on_drop: false }`
[INFO] running `Command { std: "docker" "inspect" "93fd83bfa48fd0db329e8a8897075b0984c9c53c7fc76aa754c396e3c8ef35bf", kill_on_drop: false }`
[INFO] running `Command { std: "docker" "rm" "-f" "93fd83bfa48fd0db329e8a8897075b0984c9c53c7fc76aa754c396e3c8ef35bf", kill_on_drop: false }`
[INFO] [stdout] 93fd83bfa48fd0db329e8a8897075b0984c9c53c7fc76aa754c396e3c8ef35bf
[INFO] running `Command { std: "docker" "create" "-v" "/var/lib/crater-agent-workspace/builds/worker-5-tc2/target:/opt/rustwide/target:rw,Z" "-v" "/var/lib/crater-agent-workspace/builds/worker-5-tc2/source:/opt/rustwide/workdir:ro,Z" "-v" "/var/lib/crater-agent-workspace/cargo-home:/opt/rustwide/cargo-home:ro,Z" "-v" "/var/lib/crater-agent-workspace/rustup-home:/opt/rustwide/rustup-home:ro,Z" "-e" "SOURCE_DIR=/opt/rustwide/workdir" "-e" "CARGO_TARGET_DIR=/opt/rustwide/target" "-e" "CARGO_INCREMENTAL=0" "-e" "RUST_BACKTRACE=full" "-e" "RUSTFLAGS=--cap-lints=warn" "-e" "RUSTDOCFLAGS=--cap-lints=warn" "-e" "CARGO_HOME=/opt/rustwide/cargo-home" "-e" "RUSTUP_HOME=/opt/rustwide/rustup-home" "-w" "/opt/rustwide/workdir" "-m" "1610612736" "--user" "0:0" "--network" "none" "ghcr.io/rust-lang/crates-build-env/linux@sha256:2788e3201cd34a07e3172128adcd8b3090168a8e3bcc40d7c032b9dda1df7d1c" "/opt/rustwide/cargo-home/bin/cargo" "+beta-2023-12-22" "build" "--frozen" "--message-format=json", kill_on_drop: false }`
[INFO] [stdout] 8b3eb932b5c659e5ef30fbbb8bc27054735934c750f42f5d0cd68df728327510
[INFO] running `Command { std: "docker" "start" "-a" "8b3eb932b5c659e5ef30fbbb8bc27054735934c750f42f5d0cd68df728327510", kill_on_drop: false }`
[INFO] [stderr]    Compiling libc v0.2.141
[INFO] [stderr]    Compiling cc v1.0.79
[INFO] [stderr]    Compiling once_cell v1.17.1
[INFO] [stderr]    Compiling spin v0.5.2
[INFO] [stderr]    Compiling log v0.4.17
[INFO] [stderr]    Compiling untrusted v0.7.1
[INFO] [stderr]    Compiling autocfg v1.1.0
[INFO] [stderr]    Compiling cfg-if v1.0.0
[INFO] [stderr]    Compiling rustls v0.21.0
[INFO] [stderr]    Compiling pin-project-lite v0.2.9
[INFO] [stderr]    Compiling bytes v1.4.0
[INFO] [stderr]    Compiling base64 v0.21.0
[INFO] [stderr]    Compiling tokio v1.27.0
[INFO] [stderr]    Compiling rustls-pemfile v1.0.2
[INFO] [stderr]    Compiling ring v0.16.20
[INFO] [stderr]    Compiling mio v0.8.6
[INFO] [stderr]    Compiling socket2 v0.4.9
[INFO] [stderr]    Compiling rustls-webpki v0.100.1
[INFO] [stderr]    Compiling sct v0.7.0
[INFO] [stderr]    Compiling tokio-rustls v0.24.0
[INFO] [stderr]    Compiling tokio-tls-listener v0.1.0 (/opt/rustwide/workdir)
[INFO] [stderr]     Finished dev [unoptimized + debuginfo] target(s) in 4.52s
[INFO] running `Command { std: "docker" "inspect" "8b3eb932b5c659e5ef30fbbb8bc27054735934c750f42f5d0cd68df728327510", kill_on_drop: false }`
[INFO] running `Command { std: "docker" "rm" "-f" "8b3eb932b5c659e5ef30fbbb8bc27054735934c750f42f5d0cd68df728327510", kill_on_drop: false }`
[INFO] [stdout] 8b3eb932b5c659e5ef30fbbb8bc27054735934c750f42f5d0cd68df728327510
[INFO] running `Command { std: "docker" "create" "-v" "/var/lib/crater-agent-workspace/builds/worker-5-tc2/target:/opt/rustwide/target:rw,Z" "-v" "/var/lib/crater-agent-workspace/builds/worker-5-tc2/source:/opt/rustwide/workdir:ro,Z" "-v" "/var/lib/crater-agent-workspace/cargo-home:/opt/rustwide/cargo-home:ro,Z" "-v" "/var/lib/crater-agent-workspace/rustup-home:/opt/rustwide/rustup-home:ro,Z" "-e" "SOURCE_DIR=/opt/rustwide/workdir" "-e" "CARGO_TARGET_DIR=/opt/rustwide/target" "-e" "CARGO_INCREMENTAL=0" "-e" "RUST_BACKTRACE=full" "-e" "RUSTFLAGS=--cap-lints=warn" "-e" "RUSTDOCFLAGS=--cap-lints=warn" "-e" "CARGO_HOME=/opt/rustwide/cargo-home" "-e" "RUSTUP_HOME=/opt/rustwide/rustup-home" "-w" "/opt/rustwide/workdir" "-m" "1610612736" "--user" "0:0" "--network" "none" "ghcr.io/rust-lang/crates-build-env/linux@sha256:2788e3201cd34a07e3172128adcd8b3090168a8e3bcc40d7c032b9dda1df7d1c" "/opt/rustwide/cargo-home/bin/cargo" "+beta-2023-12-22" "test" "--frozen" "--no-run" "--message-format=json", kill_on_drop: false }`
[INFO] [stdout] 9be1b0ceb7cd8f05af0293fef6f3358b2bc9354c6e0f73111b5ae223a7884414
[INFO] running `Command { std: "docker" "start" "-a" "9be1b0ceb7cd8f05af0293fef6f3358b2bc9354c6e0f73111b5ae223a7884414", kill_on_drop: false }`
[INFO] [stderr]    Compiling tokio-tls-listener v0.1.0 (/opt/rustwide/workdir)
[INFO] [stderr]     Finished test [unoptimized + debuginfo] target(s) in 0.19s
[INFO] running `Command { std: "docker" "inspect" "9be1b0ceb7cd8f05af0293fef6f3358b2bc9354c6e0f73111b5ae223a7884414", kill_on_drop: false }`
[INFO] running `Command { std: "docker" "rm" "-f" "9be1b0ceb7cd8f05af0293fef6f3358b2bc9354c6e0f73111b5ae223a7884414", kill_on_drop: false }`
[INFO] [stdout] 9be1b0ceb7cd8f05af0293fef6f3358b2bc9354c6e0f73111b5ae223a7884414
[INFO] running `Command { std: "docker" "create" "-v" "/var/lib/crater-agent-workspace/builds/worker-5-tc2/target:/opt/rustwide/target:rw,Z" "-v" "/var/lib/crater-agent-workspace/builds/worker-5-tc2/source:/opt/rustwide/workdir:ro,Z" "-v" "/var/lib/crater-agent-workspace/cargo-home:/opt/rustwide/cargo-home:ro,Z" "-v" "/var/lib/crater-agent-workspace/rustup-home:/opt/rustwide/rustup-home:ro,Z" "-e" "SOURCE_DIR=/opt/rustwide/workdir" "-e" "CARGO_TARGET_DIR=/opt/rustwide/target" "-e" "CARGO_INCREMENTAL=0" "-e" "RUST_BACKTRACE=full" "-e" "RUSTFLAGS=--cap-lints=warn" "-e" "RUSTDOCFLAGS=--cap-lints=warn" "-e" "CARGO_HOME=/opt/rustwide/cargo-home" "-e" "RUSTUP_HOME=/opt/rustwide/rustup-home" "-w" "/opt/rustwide/workdir" "-m" "1610612736" "--user" "0:0" "--network" "none" "ghcr.io/rust-lang/crates-build-env/linux@sha256:2788e3201cd34a07e3172128adcd8b3090168a8e3bcc40d7c032b9dda1df7d1c" "/opt/rustwide/cargo-home/bin/cargo" "+beta-2023-12-22" "test" "--frozen", kill_on_drop: false }`
[INFO] [stdout] 20a0cac8be0f83d10c098e9da325e6c0b75c1bfca31d8933cd3a16c1e5aaba0f
[INFO] running `Command { std: "docker" "start" "-a" "20a0cac8be0f83d10c098e9da325e6c0b75c1bfca31d8933cd3a16c1e5aaba0f", kill_on_drop: false }`
[INFO] [stderr]     Finished test [unoptimized + debuginfo] target(s) in 0.02s
[INFO] [stderr]      Running unittests src/lib.rs (/opt/rustwide/target/debug/deps/tokio_tls_listener-e4e0a81c92d6b025)
[INFO] [stdout] 
[INFO] [stdout] running 0 tests
[INFO] [stdout] 
[INFO] [stdout] test result: ok. 0 passed; 0 failed; 0 ignored; 0 measured; 0 filtered out; finished in 0.00s
[INFO] [stdout] 
[INFO] [stderr]    Doc-tests tokio-tls-listener
[INFO] [stdout] 
[INFO] [stdout] running 1 test
[INFO] [stdout] test src/lib.rs - (line 5) ... FAILED
[INFO] [stdout] 
[INFO] [stdout] failures:
[INFO] [stdout] 
[INFO] [stdout] ---- src/lib.rs - (line 5) stdout ----
[INFO] [stdout] error[E0308]: arguments to this function are incorrect
[INFO] [stdout]   --> src/lib.rs:9:16
[INFO] [stdout]    |
[INFO] [stdout] 7  |     let conf = tls_config("./cert.pem", "./key.pem").unwrap();
[INFO] [stdout]    |                ^^^^^^^^^^
[INFO] [stdout]    |
[INFO] [stdout] note: types differ in mutability
[INFO] [stdout]   --> src/lib.rs:9:27
[INFO] [stdout]    |
[INFO] [stdout] 7  |     let conf = tls_config("./cert.pem", "./key.pem").unwrap();
[INFO] [stdout]    |                           ^^^^^^^^^^^^
[INFO] [stdout]    = note: expected mutable reference `&mut dyn BufRead`
[INFO] [stdout]                       found reference `&'static str`
[INFO] [stdout] note: types differ in mutability
[INFO] [stdout]   --> src/lib.rs:9:41
[INFO] [stdout]    |
[INFO] [stdout] 7  |     let conf = tls_config("./cert.pem", "./key.pem").unwrap();
[INFO] [stdout]    |                                         ^^^^^^^^^^^
[INFO] [stdout]    = note: expected mutable reference `&mut dyn BufRead`
[INFO] [stdout]                       found reference `&'static str`
[INFO] [stdout] note: function defined here
[INFO] [stdout]   --> /opt/rustwide/workdir/src/lib.rs:75:8
[INFO] [stdout]    |
[INFO] [stdout] 75 | pub fn tls_config(
[INFO] [stdout]    |        ^^^^^^^^^^
[INFO] [stdout] 
[INFO] [stdout] error: aborting due to 1 previous error
[INFO] [stdout] 
[INFO] [stdout] For more information about this error, try `rustc --explain E0308`.
[INFO] [stdout] Couldn't compile the test.
[INFO] [stdout] 
[INFO] [stdout] failures:
[INFO] [stdout]     src/lib.rs - (line 5)
[INFO] [stdout] 
[INFO] [stdout] test result: FAILED. 0 passed; 1 failed; 0 ignored; 0 measured; 0 filtered out; finished in 0.07s
[INFO] [stdout] 
[INFO] [stderr] error: doctest failed, to rerun pass `--doc`
[INFO] running `Command { std: "docker" "inspect" "20a0cac8be0f83d10c098e9da325e6c0b75c1bfca31d8933cd3a16c1e5aaba0f", kill_on_drop: false }`
[INFO] running `Command { std: "docker" "rm" "-f" "20a0cac8be0f83d10c098e9da325e6c0b75c1bfca31d8933cd3a16c1e5aaba0f", kill_on_drop: false }`
[INFO] [stdout] 20a0cac8be0f83d10c098e9da325e6c0b75c1bfca31d8933cd3a16c1e5aaba0f
