[INFO] cloning repository https://github.com/nullstack/swc-plugin-nullstack
[INFO] running `Command { std: "git" "-c" "credential.helper=" "-c" "credential.helper=/workspace/cargo-home/bin/git-credential-null" "clone" "--bare" "https://github.com/nullstack/swc-plugin-nullstack" "/workspace/cache/git-repos/https%3A%2F%2Fgithub.com%2Fnullstack%2Fswc-plugin-nullstack", kill_on_drop: false }`
[INFO] [stderr] Cloning into bare repository '/workspace/cache/git-repos/https%3A%2F%2Fgithub.com%2Fnullstack%2Fswc-plugin-nullstack'...
[INFO] running `Command { std: "git" "rev-parse" "HEAD", kill_on_drop: false }`
[INFO] [stdout] ec62c0bf8eb904a8c4ba13647f05c180e65d0aed
[INFO] testing nullstack/swc-plugin-nullstack against 1.75.0 for beta-1.76-1
[INFO] running `Command { std: "git" "clone" "/workspace/cache/git-repos/https%3A%2F%2Fgithub.com%2Fnullstack%2Fswc-plugin-nullstack" "/workspace/builds/worker-6-tc1/source", kill_on_drop: false }`
[INFO] [stderr] Cloning into '/workspace/builds/worker-6-tc1/source'...
[INFO] [stderr] done.
[INFO] validating manifest of git repo https://github.com/nullstack/swc-plugin-nullstack on toolchain 1.75.0
[INFO] running `Command { std: CARGO_HOME="/workspace/cargo-home" RUSTUP_HOME="/workspace/rustup-home" "/workspace/cargo-home/bin/cargo" "+1.75.0" "metadata" "--manifest-path" "Cargo.toml" "--no-deps", kill_on_drop: false }`
[INFO] removed /workspace/builds/worker-6-tc1/source/.cargo/config
[INFO] started tweaking git repo https://github.com/nullstack/swc-plugin-nullstack
[INFO] finished tweaking git repo https://github.com/nullstack/swc-plugin-nullstack
[INFO] tweaked toml for git repo https://github.com/nullstack/swc-plugin-nullstack written to /workspace/builds/worker-6-tc1/source/Cargo.toml
[INFO] crate git repo https://github.com/nullstack/swc-plugin-nullstack already has a lockfile, it will not be regenerated
[INFO] running `Command { std: CARGO_HOME="/workspace/cargo-home" RUSTUP_HOME="/workspace/rustup-home" "/workspace/cargo-home/bin/cargo" "+1.75.0" "fetch" "--manifest-path" "Cargo.toml", kill_on_drop: false }`
[INFO] [stderr]     Updating crates.io index
[INFO] [stderr]  Downloading crates ...
[INFO] [stderr]   Downloaded swc_ecma_utils v0.107.9
[INFO] [stderr]   Downloaded swc_ecma_transforms_testing v0.119.9
[INFO] [stderr]   Downloaded swc_ecma_visit v0.82.5
[INFO] [stderr]   Downloaded swc_ecma_codegen v0.129.12
[INFO] [stderr]   Downloaded swc_plugin_macro v0.9.10
[INFO] [stderr]   Downloaded supports-unicode v1.0.2
[INFO] [stderr]   Downloaded swc_plugin v0.90.0
[INFO] [stderr]   Downloaded enum-iterator v1.3.0
[INFO] [stderr]   Downloaded rkyv_derive v0.7.37
[INFO] [stderr]   Downloaded swc_ecma_ast v0.96.5
[INFO] [stderr]   Downloaded rkyv v0.7.37
[INFO] [stderr]   Downloaded swc_common v0.29.31
[INFO] [stderr]   Downloaded miette v4.7.1
[INFO] [stderr]   Downloaded vergen v7.5.1
[INFO] [stderr]   Downloaded miette-derive v4.7.1
[INFO] [stderr]   Downloaded supports-color v1.3.1
[INFO] [stderr]   Downloaded relative-path v1.7.3
[INFO] [stderr]   Downloaded testing_macros v0.2.7
[INFO] [stderr]   Downloaded supports-hyperlinks v1.2.0
[INFO] [stderr]   Downloaded swc_ecma_testing v0.20.8
[INFO] [stderr]   Downloaded swc_ecma_transforms_base v0.116.9
[INFO] [stderr]   Downloaded testing v0.31.33
[INFO] [stderr]   Downloaded swc_atoms v0.4.36
[INFO] [stderr]   Downloaded swc_core v0.59.30
[INFO] [stderr]   Downloaded swc_error_reporters v0.13.32
[INFO] [stderr]   Downloaded swc_plugin_proxy v0.25.3
[INFO] [stderr]   Downloaded swc_ecma_parser v0.124.9
[INFO] running `Command { std: "docker" "create" "-v" "/var/lib/crater-agent-workspace/builds/worker-6-tc1/target:/opt/rustwide/target:rw,Z" "-v" "/var/lib/crater-agent-workspace/builds/worker-6-tc1/source:/opt/rustwide/workdir:ro,Z" "-v" "/var/lib/crater-agent-workspace/cargo-home:/opt/rustwide/cargo-home:ro,Z" "-v" "/var/lib/crater-agent-workspace/rustup-home:/opt/rustwide/rustup-home:ro,Z" "-e" "SOURCE_DIR=/opt/rustwide/workdir" "-e" "CARGO_TARGET_DIR=/opt/rustwide/target" "-e" "CARGO_HOME=/opt/rustwide/cargo-home" "-e" "RUSTUP_HOME=/opt/rustwide/rustup-home" "-w" "/opt/rustwide/workdir" "-m" "1610612736" "--user" "0:0" "--network" "none" "ghcr.io/rust-lang/crates-build-env/linux@sha256:2788e3201cd34a07e3172128adcd8b3090168a8e3bcc40d7c032b9dda1df7d1c" "/opt/rustwide/cargo-home/bin/cargo" "+1.75.0" "metadata" "--no-deps" "--format-version=1", kill_on_drop: false }`
[INFO] [stdout] 6ee1da36642db89f13f33142d0dfb515b494d532157b32eb2f11a14407c34512
[INFO] running `Command { std: "docker" "start" "-a" "6ee1da36642db89f13f33142d0dfb515b494d532157b32eb2f11a14407c34512", kill_on_drop: false }`
[INFO] running `Command { std: "docker" "inspect" "6ee1da36642db89f13f33142d0dfb515b494d532157b32eb2f11a14407c34512", kill_on_drop: false }`
[INFO] running `Command { std: "docker" "rm" "-f" "6ee1da36642db89f13f33142d0dfb515b494d532157b32eb2f11a14407c34512", kill_on_drop: false }`
[INFO] [stdout] 6ee1da36642db89f13f33142d0dfb515b494d532157b32eb2f11a14407c34512
[INFO] running `Command { std: "docker" "create" "-v" "/var/lib/crater-agent-workspace/builds/worker-6-tc1/target:/opt/rustwide/target:rw,Z" "-v" "/var/lib/crater-agent-workspace/builds/worker-6-tc1/source:/opt/rustwide/workdir:ro,Z" "-v" "/var/lib/crater-agent-workspace/cargo-home:/opt/rustwide/cargo-home:ro,Z" "-v" "/var/lib/crater-agent-workspace/rustup-home:/opt/rustwide/rustup-home:ro,Z" "-e" "SOURCE_DIR=/opt/rustwide/workdir" "-e" "CARGO_TARGET_DIR=/opt/rustwide/target" "-e" "CARGO_INCREMENTAL=0" "-e" "RUST_BACKTRACE=full" "-e" "RUSTFLAGS=--cap-lints=warn" "-e" "RUSTDOCFLAGS=--cap-lints=warn" "-e" "CARGO_HOME=/opt/rustwide/cargo-home" "-e" "RUSTUP_HOME=/opt/rustwide/rustup-home" "-w" "/opt/rustwide/workdir" "-m" "1610612736" "--user" "0:0" "--network" "none" "ghcr.io/rust-lang/crates-build-env/linux@sha256:2788e3201cd34a07e3172128adcd8b3090168a8e3bcc40d7c032b9dda1df7d1c" "/opt/rustwide/cargo-home/bin/cargo" "+1.75.0" "build" "--frozen" "--message-format=json", kill_on_drop: false }`
[INFO] [stdout] 46d16f81a5ec7a79315e05bd385d599558302475ef862b75ef06bcb91bb21050
[INFO] running `Command { std: "docker" "start" "-a" "46d16f81a5ec7a79315e05bd385d599558302475ef862b75ef06bcb91bb21050", kill_on_drop: false }`
[INFO] [stderr]    Compiling proc-macro2 v1.0.51
[INFO] [stderr]    Compiling unicode-ident v1.0.6
[INFO] [stderr]    Compiling quote v1.0.23
[INFO] [stderr]    Compiling syn v1.0.107
[INFO] [stderr]    Compiling libc v0.2.139
[INFO] [stderr]    Compiling once_cell v1.17.1
[INFO] [stderr]    Compiling memchr v2.5.0
[INFO] [stderr]    Compiling regex-syntax v0.6.28
[INFO] [stderr]    Compiling siphasher v0.3.10
[INFO] [stderr]    Compiling ppv-lite86 v0.2.17
[INFO] [stderr]    Compiling serde_derive v1.0.152
[INFO] [stderr]    Compiling anyhow v1.0.69
[INFO] [stderr]    Compiling serde v1.0.152
[INFO] [stderr]    Compiling itoa v1.0.5
[INFO] [stderr]    Compiling ahash v0.7.6
[INFO] [stderr]    Compiling lock_api v0.4.9
[INFO] [stderr]    Compiling phf_shared v0.10.0
[INFO] [stderr]    Compiling smallvec v1.10.0
[INFO] [stderr]    Compiling bytecheck v0.6.9
[INFO] [stderr]    Compiling tinyvec_macros v0.1.1
[INFO] [stderr]    Compiling parking_lot_core v0.9.7
[INFO] [stderr]    Compiling tinyvec v1.6.0
[INFO] [stderr]    Compiling tracing-core v0.1.30
[INFO] [stderr]    Compiling num-traits v0.2.15
[INFO] [stderr]    Compiling rend v0.3.6
[INFO] [stderr]    Compiling fnv v1.0.7
[INFO] [stderr]    Compiling ident_case v1.0.1
[INFO] [stderr]    Compiling strsim v0.10.0
[INFO] [stderr]    Compiling cc v1.0.79
[INFO] [stderr]    Compiling num-integer v0.1.45
[INFO] [stderr]    Compiling serde_json v1.0.93
[INFO] [stderr]    Compiling percent-encoding v2.2.0
[INFO] [stderr]    Compiling pin-project-lite v0.2.9
[INFO] [stderr]    Compiling rkyv v0.7.37
[INFO] [stderr]    Compiling aho-corasick v0.7.20
[INFO] [stderr]    Compiling unicode-bidi v0.3.10
[INFO] [stderr]    Compiling form_urlencoded v1.1.0
[INFO] [stderr]    Compiling num-bigint v0.4.3
[INFO] [stderr]    Compiling unicode-width v0.1.10
[INFO] [stderr]    Compiling getrandom v0.2.8
[INFO] [stderr]    Compiling atty v0.2.14
[INFO] [stderr]    Compiling stable_deref_trait v1.2.0
[INFO] [stderr]    Compiling new_debug_unreachable v1.0.4
[INFO] [stderr]    Compiling seahash v4.1.0
[INFO] [stderr]    Compiling ryu v1.0.12
[INFO] [stderr]    Compiling precomputed-hash v0.1.1
[INFO] [stderr]    Compiling rand_core v0.6.4
[INFO] [stderr]    Compiling base64 v0.13.1
[INFO] [stderr]    Compiling rustc-hash v1.1.0
[INFO] [stderr]    Compiling hashbrown v0.12.3
[INFO] [stderr]    Compiling parking_lot v0.12.1
[INFO] [stderr]    Compiling if_chain v1.0.2
[INFO] [stderr]    Compiling rand_chacha v0.3.1
[INFO] [stderr]    Compiling unicode-normalization v0.1.22
[INFO] [stderr]    Compiling scoped-tls v1.0.1
[INFO] [stderr]    Compiling unicode-id v0.3.3
[INFO] [stderr]    Compiling either v1.8.1
[INFO] [stderr]    Compiling better_scoped_tls v0.1.0
[INFO] [stderr]    Compiling termcolor v1.2.0
[INFO] [stderr]    Compiling static_assertions v1.1.0
[INFO] [stderr]    Compiling thiserror v1.0.38
[INFO] [stderr]    Compiling lexical-util v0.8.5
[INFO] [stderr]    Compiling rand v0.8.5
[INFO] [stderr]    Compiling typenum v1.16.0
[INFO] [stderr]    Compiling idna v0.3.0
[INFO] [stderr]    Compiling swc_ecma_ast v0.96.5
[INFO] [stderr]    Compiling generic-array v0.14.6
[INFO] [stderr]    Compiling rustversion v1.0.11
[INFO] [stderr]    Compiling psm v0.1.21
[INFO] [stderr]    Compiling backtrace v0.3.67
[INFO] [stderr]    Compiling time-core v0.1.0
[INFO] [stderr]    Compiling adler v1.0.2
[INFO] [stderr]    Compiling lexical-parse-integer v0.8.6
[INFO] [stderr]    Compiling lexical-write-integer v0.8.5
[INFO] [stderr]    Compiling url v2.3.1
[INFO] [stderr]    Compiling log v0.4.17
[INFO] [stderr]    Compiling gimli v0.27.2
[INFO] [stderr]    Compiling proc-macro-hack v0.5.20+deprecated
[INFO] [stderr]    Compiling regex v1.7.1
[INFO] [stderr]    Compiling phf_generator v0.10.0
[INFO] [stderr]    Compiling string_cache_codegen v0.5.2
[INFO] [stderr]    Compiling lexical-write-float v0.8.5
[INFO] [stderr]    Compiling lexical-parse-float v0.8.5
[INFO] [stderr]    Compiling miniz_oxide v0.6.2
[INFO] [stderr]    Compiling time v0.3.17
[INFO] [stderr]    Compiling proc-macro-error-attr v1.0.4
[INFO] [stderr]    Compiling stacker v0.1.15
[INFO] [stderr]    Compiling object v0.30.3
[INFO] [stderr]    Compiling indexmap v1.9.2
[INFO] [stderr]    Compiling smawk v0.3.1
[INFO] [stderr]    Compiling swc_atoms v0.4.36
[INFO] [stderr]    Compiling rustc-demangle v0.1.21
[INFO] [stderr]    Compiling is_ci v1.1.1
[INFO] [stderr]    Compiling supports-color v1.3.1
[INFO] [stderr]    Compiling lexical-core v0.8.5
[INFO] [stderr]    Compiling regex-automata v0.1.10
[INFO] [stderr]    Compiling supports-unicode v1.0.2
[INFO] [stderr]    Compiling supports-hyperlinks v1.2.0
[INFO] [stderr]    Compiling terminal_size v0.1.17
[INFO] [stderr]    Compiling overload v0.1.1
[INFO] [stderr]    Compiling owo-colors v3.5.0
[INFO] [stderr]    Compiling Inflector v0.11.4
[INFO] [stderr]    Compiling tracing-log v0.1.3
[INFO] [stderr]    Compiling nu-ansi-term v0.46.0
[INFO] [stderr]    Compiling lexical v6.1.1
[INFO] [stderr]    Compiling num_cpus v1.15.0
[INFO] [stderr]    Compiling block-buffer v0.10.3
[INFO] [stderr]    Compiling crypto-common v0.1.6
[INFO] [stderr]    Compiling thread_local v1.1.7
[INFO] [stderr]    Compiling sharded-slab v0.1.4
[INFO] [stderr]    Compiling digest v0.10.6
[INFO] [stderr]    Compiling typed-arena v2.0.2
[INFO] [stderr]    Compiling relative-path v1.7.3
[INFO] [stderr]    Compiling yansi v0.5.1
[INFO] [stderr]    Compiling cpufeatures v0.2.5
[INFO] [stderr]    Compiling diff v0.1.13
[INFO] [stderr]    Compiling glob v0.3.1
[INFO] [stderr]    Compiling sha-1 v0.10.1
[INFO] [stderr]    Compiling difference v2.0.0
[INFO] [stderr]    Compiling hex v0.4.3
[INFO] [stderr]    Compiling pretty_assertions v1.3.0
[INFO] [stderr]    Compiling matchers v0.1.0
[INFO] [stderr]    Compiling vergen v7.5.1
[INFO] [stderr]    Compiling fastrand v1.9.0
[INFO] [stderr]    Compiling remove_dir_all v0.5.3
[INFO] [stderr]    Compiling ansi_term v0.12.1
[INFO] [stderr]    Compiling swc_plugin_proxy v0.25.3
[INFO] [stderr]    Compiling crc32fast v1.3.2
[INFO] [stderr]    Compiling swc_plugin v0.90.0
[INFO] [stderr]    Compiling md5 v0.7.0
[INFO] [stderr]    Compiling tempfile v3.3.0
[INFO] [stderr]    Compiling addr2line v0.19.0
[INFO] [stderr]    Compiling unicode-linebreak v0.1.4
[INFO] [stderr]    Compiling pmutil v0.5.3
[INFO] [stderr]    Compiling darling_core v0.13.4
[INFO] [stderr]    Compiling proc-macro-error v1.0.4
[INFO] [stderr]    Compiling swc_macros_common v0.3.6
[INFO] [stderr]    Compiling ptr_meta_derive v0.1.4
[INFO] [stderr]    Compiling bytecheck_derive v0.6.9
[INFO] [stderr]    Compiling tracing-attributes v0.1.23
[INFO] [stderr]    Compiling rkyv_derive v0.7.37
[INFO] [stderr]    Compiling swc_visit_macros v0.5.5
[INFO] [stderr]    Compiling swc_eq_ignore_macros v0.1.1
[INFO] [stderr]    Compiling from_variant v0.1.4
[INFO] [stderr]    Compiling is-macro v0.2.1
[INFO] [stderr]    Compiling thiserror-impl v1.0.38
[INFO] [stderr]    Compiling string_enum v0.3.2
[INFO] [stderr]    Compiling enum-iterator-derive v1.1.0
[INFO] [stderr]    Compiling miette-derive v4.7.1
[INFO] [stderr]    Compiling ptr_meta v0.1.4
[INFO] [stderr]    Compiling phf_macros v0.10.0
[INFO] [stderr]    Compiling textwrap v0.15.2
[INFO] [stderr]    Compiling enum_kind v0.2.1
[INFO] [stderr]    Compiling getset v0.1.2
[INFO] [stderr]    Compiling swc_ecma_codegen_macros v0.7.1
[INFO] [stderr]    Compiling testing_macros v0.2.7
[INFO] [stderr]    Compiling enum-iterator v1.3.0
[INFO] [stderr]    Compiling swc_trace_macro v0.1.2
[INFO] [stderr]    Compiling swc_plugin_macro v0.9.10
[INFO] [stderr]    Compiling miette v4.7.1
[INFO] [stderr]    Compiling phf v0.10.1
[INFO] [stderr]    Compiling darling_macro v0.13.4
[INFO] [stderr]    Compiling tracing v0.1.37
[INFO] [stderr]    Compiling tracing-subscriber v0.3.16
[INFO] [stderr]    Compiling swc_ecma_testing v0.20.8
[INFO] [stderr]    Compiling darling v0.13.4
[INFO] [stderr]    Compiling ast_node v0.8.6
[INFO] [stderr]    Compiling swc_core v0.59.30
[INFO] [stderr]    Compiling swc_visit v0.5.4
[INFO] [stderr]    Compiling string_cache v0.8.4
[INFO] [stderr]    Compiling triomphe v0.1.8
[INFO] [stderr]    Compiling sourcemap v6.2.1
[INFO] [stderr]    Compiling swc_common v0.29.31
[INFO] [stderr]    Compiling swc_error_reporters v0.13.32
[INFO] [stderr]    Compiling testing v0.31.33
[INFO] [stderr]    Compiling swc_ecma_visit v0.82.5
[INFO] [stderr]    Compiling swc_ecma_parser v0.124.9
[INFO] [stderr]    Compiling swc_ecma_codegen v0.129.12
[INFO] [stderr]    Compiling swc_ecma_utils v0.107.9
[INFO] [stderr]    Compiling swc_ecma_transforms_base v0.116.9
[INFO] [stderr]    Compiling swc_ecma_transforms_testing v0.119.9
[INFO] [stderr]    Compiling swc-plugin-nullstack v0.1.0 (/opt/rustwide/workdir)
[INFO] [stderr]     Finished dev [unoptimized + debuginfo] target(s) in 55.28s
[INFO] running `Command { std: "docker" "inspect" "46d16f81a5ec7a79315e05bd385d599558302475ef862b75ef06bcb91bb21050", kill_on_drop: false }`
[INFO] running `Command { std: "docker" "rm" "-f" "46d16f81a5ec7a79315e05bd385d599558302475ef862b75ef06bcb91bb21050", kill_on_drop: false }`
[INFO] [stdout] 46d16f81a5ec7a79315e05bd385d599558302475ef862b75ef06bcb91bb21050
[INFO] running `Command { std: "docker" "create" "-v" "/var/lib/crater-agent-workspace/builds/worker-6-tc1/target:/opt/rustwide/target:rw,Z" "-v" "/var/lib/crater-agent-workspace/builds/worker-6-tc1/source:/opt/rustwide/workdir:ro,Z" "-v" "/var/lib/crater-agent-workspace/cargo-home:/opt/rustwide/cargo-home:ro,Z" "-v" "/var/lib/crater-agent-workspace/rustup-home:/opt/rustwide/rustup-home:ro,Z" "-e" "SOURCE_DIR=/opt/rustwide/workdir" "-e" "CARGO_TARGET_DIR=/opt/rustwide/target" "-e" "CARGO_INCREMENTAL=0" "-e" "RUST_BACKTRACE=full" "-e" "RUSTFLAGS=--cap-lints=warn" "-e" "RUSTDOCFLAGS=--cap-lints=warn" "-e" "CARGO_HOME=/opt/rustwide/cargo-home" "-e" "RUSTUP_HOME=/opt/rustwide/rustup-home" "-w" "/opt/rustwide/workdir" "-m" "1610612736" "--user" "0:0" "--network" "none" "ghcr.io/rust-lang/crates-build-env/linux@sha256:2788e3201cd34a07e3172128adcd8b3090168a8e3bcc40d7c032b9dda1df7d1c" "/opt/rustwide/cargo-home/bin/cargo" "+1.75.0" "test" "--frozen" "--no-run" "--message-format=json", kill_on_drop: false }`
[INFO] [stdout] 964bb0a780df098f7bb47c6cdc34433daf18a8341fb76986631b483769b0313b
[INFO] running `Command { std: "docker" "start" "-a" "964bb0a780df098f7bb47c6cdc34433daf18a8341fb76986631b483769b0313b", kill_on_drop: false }`
[INFO] [stderr]    Compiling swc-plugin-nullstack v0.1.0 (/opt/rustwide/workdir)
[INFO] [stderr]     Finished test [unoptimized + debuginfo] target(s) in 5.73s
[INFO] running `Command { std: "docker" "inspect" "964bb0a780df098f7bb47c6cdc34433daf18a8341fb76986631b483769b0313b", kill_on_drop: false }`
[INFO] running `Command { std: "docker" "rm" "-f" "964bb0a780df098f7bb47c6cdc34433daf18a8341fb76986631b483769b0313b", kill_on_drop: false }`
[INFO] [stdout] 964bb0a780df098f7bb47c6cdc34433daf18a8341fb76986631b483769b0313b
[INFO] running `Command { std: "docker" "create" "-v" "/var/lib/crater-agent-workspace/builds/worker-6-tc1/target:/opt/rustwide/target:rw,Z" "-v" "/var/lib/crater-agent-workspace/builds/worker-6-tc1/source:/opt/rustwide/workdir:ro,Z" "-v" "/var/lib/crater-agent-workspace/cargo-home:/opt/rustwide/cargo-home:ro,Z" "-v" "/var/lib/crater-agent-workspace/rustup-home:/opt/rustwide/rustup-home:ro,Z" "-e" "SOURCE_DIR=/opt/rustwide/workdir" "-e" "CARGO_TARGET_DIR=/opt/rustwide/target" "-e" "CARGO_INCREMENTAL=0" "-e" "RUST_BACKTRACE=full" "-e" "RUSTFLAGS=--cap-lints=warn" "-e" "RUSTDOCFLAGS=--cap-lints=warn" "-e" "CARGO_HOME=/opt/rustwide/cargo-home" "-e" "RUSTUP_HOME=/opt/rustwide/rustup-home" "-w" "/opt/rustwide/workdir" "-m" "1610612736" "--user" "0:0" "--network" "none" "ghcr.io/rust-lang/crates-build-env/linux@sha256:2788e3201cd34a07e3172128adcd8b3090168a8e3bcc40d7c032b9dda1df7d1c" "/opt/rustwide/cargo-home/bin/cargo" "+1.75.0" "test" "--frozen", kill_on_drop: false }`
[INFO] [stdout] 351cd206456c7bd4fae39f9fd108ae7ed727a2c5e12de36d8352c8feed374aa0
[INFO] running `Command { std: "docker" "start" "-a" "351cd206456c7bd4fae39f9fd108ae7ed727a2c5e12de36d8352c8feed374aa0", kill_on_drop: false }`
[INFO] [stderr]     Finished test [unoptimized + debuginfo] target(s) in 0.12s
[INFO] [stderr]      Running unittests src/lib.rs (/opt/rustwide/target/debug/deps/swc_plugin_nullstack-a5d828e765d0d863)
[INFO] [stdout] 
[INFO] [stdout] running 86 tests
[INFO] [stdout] test tests::inject_inner_components_to_class::inject_inner_component_without_repeating ... ok
[INFO] [stdout] test tests::inject_hash_to_class::inject_prod_hash ... ok
[INFO] [stdout] test tests::inject_inner_components_to_class::inject_inner_components ... ok
[INFO] [stdout] test tests::inject_hash_to_class::inject_prod_hash_ignoring_index ... ok
[INFO] [stdout] test tests::inject_accept_to_module::inject_accept ... ok
[INFO] [stdout] test tests::inject_hash_to_class::inject_dev_hash ... ok
[INFO] [stdout] test tests::inject_hash_to_class::inject_prod_hash_export_default ... ok
[INFO] [stdout] test tests::inject_hash_to_class::inject_dev_hash_export_default ... ok
[INFO] [stdout] test tests::inject_hash_to_class::inject_dev_hash_ignoring_index ... ok
[INFO] [stdout] test tests::inject_hash_to_class::inject_dev_hash_with_multiple_classes ... ok
[INFO] [stdout] test tests::inject_accept_to_module::inject_accept_when_exporting_as_default ... ok
[INFO] [stdout] test tests::inject_accept_to_module::inject_accept_when_exporting_as_named ... ok
[INFO] [stdout] test tests::inject_hash_to_class::inject_prod_hash_with_multiple_classes ... ok
[INFO] [stdout] test tests::inject_inner_components_to_class::skip_inject_declared_variables ... ok
[INFO] [stdout] test tests::inject_inner_components_to_class::skip_inject_declared_functions ... ok
[INFO] [stdout] test tests::inject_inner_components_to_class::skip_inject_destructured_args ... ok
[INFO] [stdout] test tests::inject_accept_to_module::inject_multiple_accept ... ok
[INFO] [stdout] test tests::inject_inner_components_to_class::skip_inject_for_regular_tags ... ok
[INFO] [stdout] test tests::inject_inner_components_to_class::inject_inner_components_when_declare_conflict ... ok
[INFO] [stdout] test tests::inject_inner_components_to_class::inject_inner_components_with_top_renamed_destructured_params ... ok
[INFO] [stdout] test tests::inject_inner_components_to_class::skip_inject_destructured_renamed_args ... ok
[INFO] [stdout] test tests::inject_inner_components_to_class::inject_inner_components_all_functions ... ok
[INFO] [stdout] test tests::inject_inner_components_to_class::injects_inner_component_when_exporting_as_default ... ok
[INFO] [stdout] test tests::inject_inner_components_to_class::skip_inject_class_declr ... ok
[INFO] [stdout] test tests::inject_inner_components_to_class::injects_inner_component_when_exporting_as_named ... ok
[INFO] [stdout] test tests::inject_inner_components_to_class::inject_inner_components_with_top_renamed_destructured_const ... ok
[INFO] [stdout] test tests::inject_inner_components_to_class::inject_inner_components_when_mixed_scopes ... ok
[INFO] [stdout] test tests::inject_inner_components_to_class::inject_inner_components_per_function ... ok
[INFO] [stdout] test tests::inject_inner_components_to_class::skip_inject_import_default ... ok
[INFO] [stdout] test tests::inject_inner_components_to_class::skip_inject_import_named_as_local ... ok
[INFO] [stdout] test tests::inject_inner_components_to_class::skip_inject_import_named ... ok
[INFO] [stdout] test tests::inject_inner_components_to_class::skip_inject_import_namespace ... ok
[INFO] [stdout] test tests::inject_inner_components_to_class::skip_inject_inner_components_when_define_top_function_constant ... ok
[INFO] [stdout] test tests::inject_inner_components_to_class::skip_inject_outter_components ... ok
[INFO] [stdout] test tests::inject_inner_components_to_class::skip_inject_inner_components_when_define_top_function ... ok
[INFO] [stdout] test tests::inject_inner_components_to_class::skip_inner_components_with_top_level_const ... ok
[INFO] [stdout] test tests::inject_source_to_events::inject_source_to_node ... ok
[INFO] [stdout] test tests::inject_source_to_events::skip_inject_duplicated_source_to_node ... ok
[INFO] [stdout] test tests::inject_restart_to_module::inject_restart ... ok
[INFO] [stdout] test tests::inject_source_to_events::skip_inject_source_to_node ... ok
[INFO] [stdout] test tests::inject_runtime_to_module::inject_runtime_to_functions ... ok
[INFO] [stdout] test tests::remove_styles_on_server::remove_css ... ok
[INFO] [stdout] test tests::register_server_functions_on_server::register_server_functions_when_no_server_function ... ok
[INFO] [stdout] test tests::inject_restart_to_module::inject_restart_unusual_nullstack_ident ... ok
[INFO] [stdout] test tests::inject_restart_to_module::inject_restart_unusual_application_ident ... ok
[INFO] [stdout] test tests::inject_inner_components_to_class::skip_inject_non_jsx_constants ... ok
[INFO] [stdout] test tests::remove_styles_on_server::remove_sass ... ok
[INFO] [stdout] test tests::inject_runtime_to_module::inject_runtime_to_classes ... ok
[INFO] [stdout] test tests::remove_styles_on_server::remove_scss ... ok
[INFO] [stdout] test tests::remove_unused_from_client::keep_css_imports ... ok
[INFO] [stdout] test tests::register_server_functions_on_server::register_server_functions ... ok
[INFO] [stdout] test tests::remove_unused_from_client::keep_scss_imports ... ok
[INFO] [stdout] test tests::remove_unused_from_client::keep_sass_imports ... ok
[INFO] [stdout] test tests::register_server_functions_on_server::register_classes_without_server_functions_with_multiple_classes ... ok
[INFO] [stdout] test tests::remove_unused_from_client::keep_runtime_import ... ok
[INFO] [stdout] test tests::remove_unused_from_client::keep_imports_without_identifiers ... ok
[INFO] [stdout] test tests::remove_unused_from_client::remove_unused_import ... ok
[INFO] [stdout] test tests::register_server_functions_on_server::register_server_functions_when_exported_as_default ... ok
[INFO] [stdout] test tests::register_server_functions_on_server::register_server_functions_when_exported_as_named ... ok
[INFO] [stdout] test tests::remove_unused_from_client::keep_used_imports ... ok
[INFO] [stdout] test tests::remove_unused_from_client::remove_unused_when_member_conflict ... ok
[INFO] [stdout] test tests::remove_unused_from_client::keep_used_when_jsx_conflict ... ok
[INFO] [stdout] test tests::remove_unused_from_client::remove_unused_when_redeclared ... ok
[INFO] [stdout] test tests::remove_unused_from_client::remove_unused_when_redeclared_and_reused ... ok
[INFO] [stdout] test tests::register_server_functions_on_server::skip_register_server_functions_starting_with_underline ... ok
[INFO] [stdout] test tests::remove_unused_from_client::remove_unused_when_used_as_key ... ok
[INFO] [stdout] test tests::remove_unused_from_client::remove_unused_when_this_conflict ... ok
[INFO] [stdout] test tests::replace_ref_on_attributes::replace_ref_array_with_literal_index ... ok
[INFO] [stdout] test tests::replace_ref_on_attributes::replace_ref_array_with_private_index ... ok
[INFO] [stdout] test tests::replace_ref_on_attributes::replace_bind_array_with_literal_index ... ok
[INFO] [stdout] test tests::replace_ref_on_attributes::replace_bind_array_with_variable_index ... ok
[INFO] [stdout] test tests::replace_ref_on_attributes::replace_ref_array_with_variable_index ... ok
[INFO] [stdout] test tests::replace_ref_on_attributes::replace_bind_array_with_private_index ... ok
[INFO] [stdout] test tests::replace_ref_on_attributes::replace_ref_array_with_variable_index_on_variable ... ok
[INFO] [stdout] test tests::replace_server_functions_on_client::remove_server_functions_starting_with_underline ... ok
[INFO] [stdout] test tests::replace_server_functions_on_client::skip_inject_invoke_when_not_static ... ok
[INFO] [stdout] test tests::replace_ref_on_attributes::replace_ref_array_with_variable_index_map ... ok
[INFO] [stdout] test tests::register_server_functions_on_server::register_server_functions_with_multiple_classes ... ok
[INFO] [stdout] test tests::replace_server_functions_on_client::skip_inject_invoke_when_not_async ... ok
[INFO] [stdout] test tests::replace_ref_on_attributes::replace_simple_ref ... ok
[INFO] [stdout] test tests::replace_ref_on_attributes::replace_simple_bind ... ok
[INFO] [stdout] test tests::replace_server_functions_on_client::inject_invoke ... ok
[INFO] [stdout] test tests::replace_server_functions_on_client::inject_invoke_when_exported_as_named ... ok
[INFO] [stdout] test tests::inject_inner_components_to_class::inject_inner_components_with_nested_tags ... FAILED
[INFO] [stdout] test tests::inject_accept_to_module::inject_multiple_imports ... FAILED
[INFO] [stdout] test tests::inject_accept_to_module::inject_accept_with_initiate_hash ... FAILED
[INFO] [stdout] 
[INFO] [stdout] failures:
[INFO] [stdout] 
[INFO] [stdout] ---- tests::inject_inner_components_to_class::inject_inner_components_with_nested_tags stdout ----
[INFO] [stdout]   [32m INFO[0m  [32mDiagnostics will be printed to stderr as logging level is trace or debug[0m
[INFO] [stdout]     [2;3mat[0m /opt/rustwide/cargo-home/registry/src/index.crates.io-6f17d22bba15001f/testing-0.31.33/src/errors/stderr.rs:17
[INFO] [stdout] 
[INFO] [stdout] ----- Actual -----
[INFO] [stdout]   [34mDEBUG[0m  [34mRenaming `Component#1` to `Component`[0m
[INFO] [stdout]     [2;3mat[0m /opt/rustwide/cargo-home/registry/src/index.crates.io-6f17d22bba15001f/swc_ecma_transforms_base-0.116.9/src/rename/analyzer/scope.rs:183
[INFO] [stdout] 
[INFO] [stdout]   [34mDEBUG[0m  [34mRenaming `InnerWrapper#2` to `InnerWrapper`[0m
[INFO] [stdout]     [2;3mat[0m /opt/rustwide/cargo-home/registry/src/index.crates.io-6f17d22bba15001f/swc_ecma_transforms_base-0.116.9/src/rename/analyzer/scope.rs:183
[INFO] [stdout] 
[INFO] [stdout]   [34mDEBUG[0m  [34mRenaming `InnerComponent#2` to `InnerComponent`[0m
[INFO] [stdout]     [2;3mat[0m /opt/rustwide/cargo-home/registry/src/index.crates.io-6f17d22bba15001f/swc_ecma_transforms_base-0.116.9/src/rename/analyzer/scope.rs:183
[INFO] [stdout] 
[INFO] [stdout] SingleThreadedComments { leading: RefCell { value: {} }, trailing: RefCell { value: {} } }
[INFO] [stdout] SingleThreadedComments { leading: RefCell { value: {} }, trailing: RefCell { value: {} } }
[INFO] [stdout] >>>>> [32mOrig[0m <<<<<
[INFO] [stdout] 
[INFO] [stdout]         class Component {
[INFO] [stdout]             render() {
[INFO] [stdout]                 return <InnerWrapper><InnerComponent /></InnerWrapper>;
[INFO] [stdout]             }
[INFO] [stdout]         }
[INFO] [stdout]     
[INFO] [stdout] >>>>> [32mCode[0m <<<<<
[INFO] [stdout] class Component {
[INFO] [stdout]     render() {
[INFO] [stdout]         const InnerWrapper = this.renderInnerWrapper;
[INFO] [stdout]         const InnerComponent = this.renderInnerComponent;
[INFO] [stdout]         return <InnerWrapper><InnerComponent/></InnerWrapper>;
[INFO] [stdout]     }
[INFO] [stdout] }
[INFO] [stdout] 
[INFO] [stdout] thread 'tests::inject_inner_components_to_class::inject_inner_components_with_nested_tags' panicked at /opt/rustwide/cargo-home/registry/src/index.crates.io-6f17d22bba15001f/swc_ecma_transforms_testing-0.119.9/src/lib.rs:337:13:
[INFO] [stdout] assertion failed: `(left == right)`
[INFO] [stdout]             class Component {
[INFO] [stdout]     render() {
[INFO] [stdout] [92m        const InnerComponent = this.renderInnerComponent;[0m
[INFO] [stdout]         const InnerWrapper = this.renderInnerWrapper;
[INFO] [stdout] [91m        const InnerComponent = this.renderInnerComponent;[0m
[INFO] [stdout]         return <InnerWrapper><InnerComponent/></InnerWrapper>;
[INFO] [stdout]     }
[INFO] [stdout] }
[INFO] [stdout] 
[INFO] [stdout] 
[INFO] [stdout] stack backtrace:
[INFO] [stdout]    0:     0x561cdb56995c - std::backtrace_rs::backtrace::libunwind::trace::ha637c64ce894333a
[INFO] [stdout]                                at /rustc/82e1608dfa6e0b5569232559e3d385fea5a93112/library/std/src/../../backtrace/src/backtrace/libunwind.rs:104:5
[INFO] [stdout]    1:     0x561cdb56995c - std::backtrace_rs::backtrace::trace_unsynchronized::h47f62dea28e0c88d
[INFO] [stdout]                                at /rustc/82e1608dfa6e0b5569232559e3d385fea5a93112/library/std/src/../../backtrace/src/backtrace/mod.rs:66:5
[INFO] [stdout]    2:     0x561cdb56995c - std::sys_common::backtrace::_print_fmt::h9eef0abe20ede486
[INFO] [stdout]                                at /rustc/82e1608dfa6e0b5569232559e3d385fea5a93112/library/std/src/sys_common/backtrace.rs:67:5
[INFO] [stdout]    3:     0x561cdb56995c - <std::sys_common::backtrace::_print::DisplayBacktrace as core::fmt::Display>::fmt::hed7f999df88cc644
[INFO] [stdout]                                at /rustc/82e1608dfa6e0b5569232559e3d385fea5a93112/library/std/src/sys_common/backtrace.rs:44:22
[INFO] [stdout]    4:     0x561cdb5953d0 - core::fmt::rt::Argument::fmt::h1539a9308b8d058d
[INFO] [stdout]                                at /rustc/82e1608dfa6e0b5569232559e3d385fea5a93112/library/core/src/fmt/rt.rs:142:9
[INFO] [stdout]    5:     0x561cdb5953d0 - core::fmt::write::h3a39390d8560d9c9
[INFO] [stdout]                                at /rustc/82e1608dfa6e0b5569232559e3d385fea5a93112/library/core/src/fmt/mod.rs:1120:17
[INFO] [stdout]    6:     0x561cdb56714f - std::io::Write::write_fmt::h040b369f3a0f9cbc
[INFO] [stdout]                                at /rustc/82e1608dfa6e0b5569232559e3d385fea5a93112/library/std/src/io/mod.rs:1762:15
[INFO] [stdout]    7:     0x561cdb569744 - std::sys_common::backtrace::_print::h894006fb5c6f3d45
[INFO] [stdout]                                at /rustc/82e1608dfa6e0b5569232559e3d385fea5a93112/library/std/src/sys_common/backtrace.rs:47:5
[INFO] [stdout]    8:     0x561cdb569744 - std::sys_common::backtrace::print::h23a2d212c6fff936
[INFO] [stdout]                                at /rustc/82e1608dfa6e0b5569232559e3d385fea5a93112/library/std/src/sys_common/backtrace.rs:34:9
[INFO] [stdout]    9:     0x561cdb56b407 - std::panicking::default_hook::{{closure}}::h8a1d2ee00185001a
[INFO] [stdout]   10:     0x561cdb56b0f3 - std::panicking::default_hook::h6038f2eba384e475
[INFO] [stdout]                                at /rustc/82e1608dfa6e0b5569232559e3d385fea5a93112/library/std/src/panicking.rs:289:9
[INFO] [stdout]   11:     0x561cdacc8df7 - <alloc::boxed::Box<F,A> as core::ops::function::Fn<Args>>::call::h0ad024c9bdc6d768
[INFO] [stdout]                                at /rustc/82e1608dfa6e0b5569232559e3d385fea5a93112/library/alloc/src/boxed.rs:2021:9
[INFO] [stdout]   12:     0x561cdacc8df7 - test::test_main::{{closure}}::h7500b54257359db6
[INFO] [stdout]                                at /rustc/82e1608dfa6e0b5569232559e3d385fea5a93112/library/test/src/lib.rs:138:21
[INFO] [stdout]   13:     0x561cdb56ba18 - <alloc::boxed::Box<F,A> as core::ops::function::Fn<Args>>::call::h1f8f335eaa9cfaee
[INFO] [stdout]                                at /rustc/82e1608dfa6e0b5569232559e3d385fea5a93112/library/alloc/src/boxed.rs:2021:9
[INFO] [stdout]   14:     0x561cdb56ba18 - std::panicking::rust_panic_with_hook::h2b5517d590cab22e
[INFO] [stdout]                                at /rustc/82e1608dfa6e0b5569232559e3d385fea5a93112/library/std/src/panicking.rs:783:13
[INFO] [stdout]   15:     0x561cdb56b76e - std::panicking::begin_panic_handler::{{closure}}::h233112c06e0ef43e
[INFO] [stdout]                                at /rustc/82e1608dfa6e0b5569232559e3d385fea5a93112/library/std/src/panicking.rs:657:13
[INFO] [stdout]   16:     0x561cdb569e26 - std::sys_common::backtrace::__rust_end_short_backtrace::h6e893f24d7ebbff8
[INFO] [stdout]                                at /rustc/82e1608dfa6e0b5569232559e3d385fea5a93112/library/std/src/sys_common/backtrace.rs:170:18
[INFO] [stdout]   17:     0x561cdb56b4d2 - rust_begin_unwind
[INFO] [stdout]                                at /rustc/82e1608dfa6e0b5569232559e3d385fea5a93112/library/std/src/panicking.rs:645:5
[INFO] [stdout]   18:     0x561cdaaaa225 - core::panicking::panic_fmt::hbf0e066aabfa482c
[INFO] [stdout]                                at /rustc/82e1608dfa6e0b5569232559e3d385fea5a93112/library/core/src/panicking.rs:72:14
[INFO] [stdout]   19:     0x561cdab79fec - swc_ecma_transforms_testing::test_transform::{{closure}}::hbfec91915c238b2b
[INFO] [stdout]                                at /opt/rustwide/cargo-home/registry/src/index.crates.io-6f17d22bba15001f/swc_ecma_transforms_testing-0.119.9/src/lib.rs:337:13
[INFO] [stdout]   20:     0x561cdabb332d - swc_ecma_transforms_testing::Tester::run::{{closure}}::{{closure}}::{{closure}}::hdf86f55b59c42f02
[INFO] [stdout]                                at /opt/rustwide/cargo-home/registry/src/index.crates.io-6f17d22bba15001f/swc_ecma_transforms_testing-0.119.9/src/lib.rs:64:21
[INFO] [stdout]   21:     0x561cdac3c8a6 - scoped_tls::ScopedKey<T>::set::h0e1e1d806e3958cb
[INFO] [stdout]                                at /opt/rustwide/cargo-home/registry/src/index.crates.io-6f17d22bba15001f/scoped-tls-1.0.1/src/lib.rs:137:9
[INFO] [stdout]   22:     0x561cdac5c266 - better_scoped_tls::ScopedKey<T>::set::h6bca1471c19d5d3b
[INFO] [stdout]                                at /opt/rustwide/cargo-home/registry/src/index.crates.io-6f17d22bba15001f/better_scoped_tls-0.1.0/src/lib.rs:55:9
[INFO] [stdout]   23:     0x561cdabac29e - swc_ecma_transforms_testing::Tester::run::{{closure}}::{{closure}}::h71cf6464a22f3d26
[INFO] [stdout]                                at /opt/rustwide/cargo-home/registry/src/index.crates.io-6f17d22bba15001f/swc_ecma_transforms_testing-0.119.9/src/lib.rs:63:17
[INFO] [stdout]   24:     0x561cdac50226 - scoped_tls::ScopedKey<T>::set::hcc944593af09e249
[INFO] [stdout]                                at /opt/rustwide/cargo-home/registry/src/index.crates.io-6f17d22bba15001f/scoped-tls-1.0.1/src/lib.rs:137:9
[INFO] [stdout]   25:     0x561cdac5c5a6 - better_scoped_tls::ScopedKey<T>::set::h8663c391bb1cce14
[INFO] [stdout]                                at /opt/rustwide/cargo-home/registry/src/index.crates.io-6f17d22bba15001f/better_scoped_tls-0.1.0/src/lib.rs:55:9
[INFO] [stdout]   26:     0x561cdaba7427 - swc_ecma_transforms_testing::Tester::run::{{closure}}::h1c09700d5fb05421
[INFO] [stdout]                                at /opt/rustwide/cargo-home/registry/src/index.crates.io-6f17d22bba15001f/swc_ecma_transforms_testing-0.119.9/src/lib.rs:62:13
[INFO] [stdout]   27:     0x561cdac7f5bd - testing::run_test::{{closure}}::{{closure}}::h041d017e14641f26
[INFO] [stdout]                                at /opt/rustwide/cargo-home/registry/src/index.crates.io-6f17d22bba15001f/testing-0.31.33/src/lib.rs:94:34
[INFO] [stdout]   28:     0x561cdac54376 - scoped_tls::ScopedKey<T>::set::hf86c82ec124cd0b6
[INFO] [stdout]                                at /opt/rustwide/cargo-home/registry/src/index.crates.io-6f17d22bba15001f/scoped-tls-1.0.1/src/lib.rs:137:9
[INFO] [stdout]   29:     0x561cdac5b1e6 - better_scoped_tls::ScopedKey<T>::set::h0035f70fb80f7a6f
[INFO] [stdout]                                at /opt/rustwide/cargo-home/registry/src/index.crates.io-6f17d22bba15001f/better_scoped_tls-0.1.0/src/lib.rs:55:9
[INFO] [stdout]   30:     0x561cdac7ed1d - testing::run_test::{{closure}}::hbe84a8bdff5d557e
[INFO] [stdout]                                at /opt/rustwide/cargo-home/registry/src/index.crates.io-6f17d22bba15001f/testing-0.31.33/src/lib.rs:94:9
[INFO] [stdout]   31:     0x561cdac401a6 - scoped_tls::ScopedKey<T>::set::h32ead1f0d6f2c269
[INFO] [stdout]                                at /opt/rustwide/cargo-home/registry/src/index.crates.io-6f17d22bba15001f/scoped-tls-1.0.1/src/lib.rs:137:9
[INFO] [stdout]   32:     0x561cdac5d446 - better_scoped_tls::ScopedKey<T>::set::hcf0d814387068550
[INFO] [stdout]                                at /opt/rustwide/cargo-home/registry/src/index.crates.io-6f17d22bba15001f/better_scoped_tls-0.1.0/src/lib.rs:55:9
[INFO] [stdout]   33:     0x561cdac6ba5b - testing::run_test::h40a62aab321aa3bd
[INFO] [stdout]                                at /opt/rustwide/cargo-home/registry/src/index.crates.io-6f17d22bba15001f/testing-0.31.33/src/lib.rs:93:18
[INFO] [stdout]   34:     0x561cdaba0e8b - swc_ecma_transforms_testing::Tester::run::h4524a132c1999a1b
[INFO] [stdout]                                at /opt/rustwide/cargo-home/registry/src/index.crates.io-6f17d22bba15001f/swc_ecma_transforms_testing-0.119.9/src/lib.rs:61:19
[INFO] [stdout]   35:     0x561cdab23a58 - swc_ecma_transforms_testing::test_transform::he212d8ea9fd59cc7
[INFO] [stdout]                                at /opt/rustwide/cargo-home/registry/src/index.crates.io-6f17d22bba15001f/swc_ecma_transforms_testing-0.119.9/src/lib.rs:274:5
[INFO] [stdout]   36:     0x561cdabf1df9 - swc_plugin_nullstack::tests::inject_inner_components_to_class::inject_inner_components_with_nested_tags::h7e52e129ea5a9283
[INFO] [stdout]                                at /opt/rustwide/cargo-home/registry/src/index.crates.io-6f17d22bba15001f/swc_ecma_transforms_testing-0.119.9/src/lib.rs:362:13
[INFO] [stdout]   37:     0x561cdabf1d97 - swc_plugin_nullstack::tests::inject_inner_components_to_class::inject_inner_components_with_nested_tags::{{closure}}::h1cc909732a85fd9c
[INFO] [stdout]                                at /opt/rustwide/cargo-home/registry/src/index.crates.io-6f17d22bba15001f/swc_ecma_transforms_testing-0.119.9/src/lib.rs:361:24
[INFO] [stdout]   38:     0x561cdac87ef6 - core::ops::function::FnOnce::call_once::hf207c45c8777fa20
[INFO] [stdout]                                at /rustc/82e1608dfa6e0b5569232559e3d385fea5a93112/library/core/src/ops/function.rs:250:5
[INFO] [stdout]   39:     0x561cdacce44f - core::ops::function::FnOnce::call_once::h2b5d431d5046312d
[INFO] [stdout]                                at /rustc/82e1608dfa6e0b5569232559e3d385fea5a93112/library/core/src/ops/function.rs:250:5
[INFO] [stdout]   40:     0x561cdacce44f - test::__rust_begin_short_backtrace::h7714669af176e207
[INFO] [stdout]                                at /rustc/82e1608dfa6e0b5569232559e3d385fea5a93112/library/test/src/lib.rs:628:18
[INFO] [stdout]   41:     0x561cdaccd465 - test::run_test_in_process::{{closure}}::h85218797dcbcec12
[INFO] [stdout]                                at /rustc/82e1608dfa6e0b5569232559e3d385fea5a93112/library/test/src/lib.rs:651:60
[INFO] [stdout]   42:     0x561cdaccd465 - <core::panic::unwind_safe::AssertUnwindSafe<F> as core::ops::function::FnOnce<()>>::call_once::h76c106ea31c14d7b
[INFO] [stdout]                                at /rustc/82e1608dfa6e0b5569232559e3d385fea5a93112/library/core/src/panic/unwind_safe.rs:272:9
[INFO] [stdout]   43:     0x561cdaccd465 - std::panicking::try::do_call::h3bd5d0f6620ee946
[INFO] [stdout]                                at /rustc/82e1608dfa6e0b5569232559e3d385fea5a93112/library/std/src/panicking.rs:552:40
[INFO] [stdout]   44:     0x561cdaccd465 - std::panicking::try::h232e535e4744fe31
[INFO] [stdout]                                at /rustc/82e1608dfa6e0b5569232559e3d385fea5a93112/library/std/src/panicking.rs:516:19
[INFO] [stdout]   45:     0x561cdaccd465 - std::panic::catch_unwind::h3ce3bd6ca8dbac68
[INFO] [stdout]                                at /rustc/82e1608dfa6e0b5569232559e3d385fea5a93112/library/std/src/panic.rs:142:14
[INFO] [stdout]   46:     0x561cdaccd465 - test::run_test_in_process::hc97b257c9621286a
[INFO] [stdout]                                at /rustc/82e1608dfa6e0b5569232559e3d385fea5a93112/library/test/src/lib.rs:651:27
[INFO] [stdout]   47:     0x561cdaccd465 - test::run_test::{{closure}}::h2aa798823a438d38
[INFO] [stdout]                                at /rustc/82e1608dfa6e0b5569232559e3d385fea5a93112/library/test/src/lib.rs:574:43
[INFO] [stdout]   48:     0x561cdac95726 - test::run_test::{{closure}}::h87d231c78fb59832
[INFO] [stdout]                                at /rustc/82e1608dfa6e0b5569232559e3d385fea5a93112/library/test/src/lib.rs:602:41
[INFO] [stdout]   49:     0x561cdac95726 - std::sys_common::backtrace::__rust_begin_short_backtrace::he6df152596625789
[INFO] [stdout]                                at /rustc/82e1608dfa6e0b5569232559e3d385fea5a93112/library/std/src/sys_common/backtrace.rs:154:18
[INFO] [stdout]   50:     0x561cdac9a7d7 - std::thread::Builder::spawn_unchecked_::{{closure}}::{{closure}}::ha94be15d1e0acf36
[INFO] [stdout]                                at /rustc/82e1608dfa6e0b5569232559e3d385fea5a93112/library/std/src/thread/mod.rs:529:17
[INFO] [stdout]   51:     0x561cdac9a7d7 - <core::panic::unwind_safe::AssertUnwindSafe<F> as core::ops::function::FnOnce<()>>::call_once::h9dc6bd6372f16606
[INFO] [stdout]                                at /rustc/82e1608dfa6e0b5569232559e3d385fea5a93112/library/core/src/panic/unwind_safe.rs:272:9
[INFO] [stdout]   52:     0x561cdac9a7d7 - std::panicking::try::do_call::h9057517f80303cd4
[INFO] [stdout]                                at /rustc/82e1608dfa6e0b5569232559e3d385fea5a93112/library/std/src/panicking.rs:552:40
[INFO] [stdout]   53:     0x561cdac9a7d7 - std::panicking::try::he3a30b11ee45340c
[INFO] [stdout]                                at /rustc/82e1608dfa6e0b5569232559e3d385fea5a93112/library/std/src/panicking.rs:516:19
[INFO] [stdout]   54:     0x561cdac9a7d7 - std::panic::catch_unwind::h410458cfd3528b8b
[INFO] [stdout]                                at /rustc/82e1608dfa6e0b5569232559e3d385fea5a93112/library/std/src/panic.rs:142:14
[INFO] [stdout]   55:     0x561cdac9a7d7 - std::thread::Builder::spawn_unchecked_::{{closure}}::h72ac3bdb567b737b
[INFO] [stdout]                                at /rustc/82e1608dfa6e0b5569232559e3d385fea5a93112/library/std/src/thread/mod.rs:528:30
[INFO] [stdout]   56:     0x561cdac9a7d7 - core::ops::function::FnOnce::call_once{{vtable.shim}}::h38f34da3654a8344
[INFO] [stdout]                                at /rustc/82e1608dfa6e0b5569232559e3d385fea5a93112/library/core/src/ops/function.rs:250:5
[INFO] [stdout]   57:     0x561cdb570655 - <alloc::boxed::Box<F,A> as core::ops::function::FnOnce<Args>>::call_once::hc7eafaff61e32df9
[INFO] [stdout]                                at /rustc/82e1608dfa6e0b5569232559e3d385fea5a93112/library/alloc/src/boxed.rs:2007:9
[INFO] [stdout]   58:     0x561cdb570655 - <alloc::boxed::Box<F,A> as core::ops::function::FnOnce<Args>>::call_once::h6ba4a5de48dd2304
[INFO] [stdout]                                at /rustc/82e1608dfa6e0b5569232559e3d385fea5a93112/library/alloc/src/boxed.rs:2007:9
[INFO] [stdout]   59:     0x561cdb570655 - std::sys::unix::thread::Thread::new::thread_start::he469335aef763e45
[INFO] [stdout]                                at /rustc/82e1608dfa6e0b5569232559e3d385fea5a93112/library/std/src/sys/unix/thread.rs:108:17
[INFO] [stdout]   60:     0x7fe57496eac3 - <unknown>
[INFO] [stdout]   61:     0x7fe5749ffbf4 - __clone
[INFO] [stdout]   62:                0x0 - <unknown>
[INFO] [stdout] 
[INFO] [stdout] ---- tests::inject_accept_to_module::inject_multiple_imports stdout ----
[INFO] [stdout]   [32m INFO[0m  [32mDiagnostics will be printed to stderr as logging level is trace or debug[0m
[INFO] [stdout]     [2;3mat[0m /opt/rustwide/cargo-home/registry/src/index.crates.io-6f17d22bba15001f/testing-0.31.33/src/errors/stderr.rs:17
[INFO] [stdout] 
[INFO] [stdout] ----- Actual -----
[INFO] [stdout]   [34mDEBUG[0m  [34mRenaming `Nullstack#1` to `Nullstack`[0m
[INFO] [stdout]     [2;3mat[0m /opt/rustwide/cargo-home/registry/src/index.crates.io-6f17d22bba15001f/swc_ecma_transforms_base-0.116.9/src/rename/analyzer/scope.rs:183
[INFO] [stdout] 
[INFO] [stdout]   [34mDEBUG[0m  [34mRenaming `Logo#1` to `Logo`[0m
[INFO] [stdout]     [2;3mat[0m /opt/rustwide/cargo-home/registry/src/index.crates.io-6f17d22bba15001f/swc_ecma_transforms_base-0.116.9/src/rename/analyzer/scope.rs:183
[INFO] [stdout] 
[INFO] [stdout]   [34mDEBUG[0m  [34mRenaming `Component#1` to `Component`[0m
[INFO] [stdout]     [2;3mat[0m /opt/rustwide/cargo-home/registry/src/index.crates.io-6f17d22bba15001f/swc_ecma_transforms_base-0.116.9/src/rename/analyzer/scope.rs:183
[INFO] [stdout] 
[INFO] [stdout]   [34mDEBUG[0m  [34mRenaming `Component2#1` to `Component2`[0m
[INFO] [stdout]     [2;3mat[0m /opt/rustwide/cargo-home/registry/src/index.crates.io-6f17d22bba15001f/swc_ecma_transforms_base-0.116.9/src/rename/analyzer/scope.rs:183
[INFO] [stdout] 
[INFO] [stdout] SingleThreadedComments { leading: RefCell { value: {} }, trailing: RefCell { value: {} } }
[INFO] [stdout] SingleThreadedComments { leading: RefCell { value: {} }, trailing: RefCell { value: {} } }
[INFO] [stdout] >>>>> [32mOrig[0m <<<<<
[INFO] [stdout] 
[INFO] [stdout]         import Nullstack from 'nullstack';
[INFO] [stdout]         import Logo from 'nullstack/logo';
[INFO] [stdout]         class Component {};
[INFO] [stdout]         class Component2 {};
[INFO] [stdout]     
[INFO] [stdout] >>>>> [32mCode[0m <<<<<
[INFO] [stdout] import Nullstack from 'nullstack';
[INFO] [stdout] import Logo from 'nullstack/logo';
[INFO] [stdout] class Component {
[INFO] [stdout] }
[INFO] [stdout] ;
[INFO] [stdout] class Component2 {
[INFO] [stdout] }
[INFO] [stdout] ;
[INFO] [stdout] $runtime.accept(module, "/src/Application.njs", [
[INFO] [stdout]     "nullstack",
[INFO] [stdout]     "nullstack/logo"
[INFO] [stdout] ], [
[INFO] [stdout]     {
[INFO] [stdout]         klass: Component2,
[INFO] [stdout]         initiate: [],
[INFO] [stdout]         hashes: {}
[INFO] [stdout]     },
[INFO] [stdout]     {
[INFO] [stdout]         klass: Component,
[INFO] [stdout]         initiate: [],
[INFO] [stdout]         hashes: {}
[INFO] [stdout]     }
[INFO] [stdout] ]);
[INFO] [stdout] 
[INFO] [stdout] thread 'tests::inject_accept_to_module::inject_multiple_imports' panicked at /opt/rustwide/cargo-home/registry/src/index.crates.io-6f17d22bba15001f/swc_ecma_transforms_testing-0.119.9/src/lib.rs:337:13:
[INFO] [stdout] assertion failed: `(left == right)`
[INFO] [stdout]             import Nullstack from 'nullstack';
[INFO] [stdout] import Logo from 'nullstack/logo';
[INFO] [stdout] class Component {
[INFO] [stdout] }
[INFO] [stdout] ;
[INFO] [stdout] class Component2 {
[INFO] [stdout] }
[INFO] [stdout] ;
[INFO] [stdout] $runtime.accept(module, "/src/Application.njs", [
[INFO] [stdout]     "nullstack",
[INFO] [stdout]     "nullstack/logo"
[INFO] [stdout] ], [
[INFO] [stdout]     {
[INFO] [stdout] [91m        klass: Component2,[0m
[INFO] [stdout] [92m        klass: Component,[0m
[INFO] [stdout]         initiate: [],
[INFO] [stdout]         hashes: {}
[INFO] [stdout]     },
[INFO] [stdout]     {
[INFO] [stdout] [91m        klass: Component,[0m
[INFO] [stdout] [92m        klass: Component2,[0m
[INFO] [stdout]         initiate: [],
[INFO] [stdout]         hashes: {}
[INFO] [stdout]     }
[INFO] [stdout] ]);
[INFO] [stdout] 
[INFO] [stdout] 
[INFO] [stdout] stack backtrace:
[INFO] [stdout]    0:     0x561cdb56995c - std::backtrace_rs::backtrace::libunwind::trace::ha637c64ce894333a
[INFO] [stdout]                                at /rustc/82e1608dfa6e0b5569232559e3d385fea5a93112/library/std/src/../../backtrace/src/backtrace/libunwind.rs:104:5
[INFO] [stdout]    1:     0x561cdb56995c - std::backtrace_rs::backtrace::trace_unsynchronized::h47f62dea28e0c88d
[INFO] [stdout]                                at /rustc/82e1608dfa6e0b5569232559e3d385fea5a93112/library/std/src/../../backtrace/src/backtrace/mod.rs:66:5
[INFO] [stdout]    2:     0x561cdb56995c - std::sys_common::backtrace::_print_fmt::h9eef0abe20ede486
[INFO] [stdout]                                at /rustc/82e1608dfa6e0b5569232559e3d385fea5a93112/library/std/src/sys_common/backtrace.rs:67:5
[INFO] [stdout]    3:     0x561cdb56995c - <std::sys_common::backtrace::_print::DisplayBacktrace as core::fmt::Display>::fmt::hed7f999df88cc644
[INFO] [stdout]                                at /rustc/82e1608dfa6e0b5569232559e3d385fea5a93112/library/std/src/sys_common/backtrace.rs:44:22
[INFO] [stdout]    4:     0x561cdb5953d0 - core::fmt::rt::Argument::fmt::h1539a9308b8d058d
[INFO] [stdout]                                at /rustc/82e1608dfa6e0b5569232559e3d385fea5a93112/library/core/src/fmt/rt.rs:142:9
[INFO] [stdout]    5:     0x561cdb5953d0 - core::fmt::write::h3a39390d8560d9c9
[INFO] [stdout]                                at /rustc/82e1608dfa6e0b5569232559e3d385fea5a93112/library/core/src/fmt/mod.rs:1120:17
[INFO] [stdout]    6:     0x561cdb56714f - std::io::Write::write_fmt::h040b369f3a0f9cbc
[INFO] [stdout]                                at /rustc/82e1608dfa6e0b5569232559e3d385fea5a93112/library/std/src/io/mod.rs:1762:15
[INFO] [stdout]    7:     0x561cdb569744 - std::sys_common::backtrace::_print::h894006fb5c6f3d45
[INFO] [stdout]                                at /rustc/82e1608dfa6e0b5569232559e3d385fea5a93112/library/std/src/sys_common/backtrace.rs:47:5
[INFO] [stdout]    8:     0x561cdb569744 - std::sys_common::backtrace::print::h23a2d212c6fff936
[INFO] [stdout]                                at /rustc/82e1608dfa6e0b5569232559e3d385fea5a93112/library/std/src/sys_common/backtrace.rs:34:9
[INFO] [stdout]    9:     0x561cdb56b407 - std::panicking::default_hook::{{closure}}::h8a1d2ee00185001a
[INFO] [stdout]   10:     0x561cdb56b0f3 - std::panicking::default_hook::h6038f2eba384e475
[INFO] [stdout]                                at /rustc/82e1608dfa6e0b5569232559e3d385fea5a93112/library/std/src/panicking.rs:289:9
[INFO] [stdout]   11:     0x561cdacc8df7 - <alloc::boxed::Box<F,A> as core::ops::function::Fn<Args>>::call::h0ad024c9bdc6d768
[INFO] [stdout]                                at /rustc/82e1608dfa6e0b5569232559e3d385fea5a93112/library/alloc/src/boxed.rs:2021:9
[INFO] [stdout]   12:     0x561cdacc8df7 - test::test_main::{{closure}}::h7500b54257359db6
[INFO] [stdout]                                at /rustc/82e1608dfa6e0b5569232559e3d385fea5a93112/library/test/src/lib.rs:138:21
[INFO] [stdout]   13:     0x561cdb56ba18 - <alloc::boxed::Box<F,A> as core::ops::function::Fn<Args>>::call::h1f8f335eaa9cfaee
[INFO] [stdout]                                at /rustc/82e1608dfa6e0b5569232559e3d385fea5a93112/library/alloc/src/boxed.rs:2021:9
[INFO] [stdout]   14:     0x561cdb56ba18 - std::panicking::rust_panic_with_hook::h2b5517d590cab22e
[INFO] [stdout]                                at /rustc/82e1608dfa6e0b5569232559e3d385fea5a93112/library/std/src/panicking.rs:783:13
[INFO] [stdout]   15:     0x561cdb56b76e - std::panicking::begin_panic_handler::{{closure}}::h233112c06e0ef43e
[INFO] [stdout]                                at /rustc/82e1608dfa6e0b5569232559e3d385fea5a93112/library/std/src/panicking.rs:657:13
[INFO] [stdout]   16:     0x561cdb569e26 - std::sys_common::backtrace::__rust_end_short_backtrace::h6e893f24d7ebbff8
[INFO] [stdout]                                at /rustc/82e1608dfa6e0b5569232559e3d385fea5a93112/library/std/src/sys_common/backtrace.rs:170:18
[INFO] [stdout]   17:     0x561cdb56b4d2 - rust_begin_unwind
[INFO] [stdout]                                at /rustc/82e1608dfa6e0b5569232559e3d385fea5a93112/library/std/src/panicking.rs:645:5
[INFO] [stdout]   18:     0x561cdaaaa225 - core::panicking::panic_fmt::hbf0e066aabfa482c
[INFO] [stdout]                                at /rustc/82e1608dfa6e0b5569232559e3d385fea5a93112/library/core/src/panicking.rs:72:14
[INFO] [stdout]   19:     0x561cdab657cc - swc_ecma_transforms_testing::test_transform::{{closure}}::h9b72a59cfab882fb
[INFO] [stdout]                                at /opt/rustwide/cargo-home/registry/src/index.crates.io-6f17d22bba15001f/swc_ecma_transforms_testing-0.119.9/src/lib.rs:337:13
[INFO] [stdout]   20:     0x561cdabb244d - swc_ecma_transforms_testing::Tester::run::{{closure}}::{{closure}}::{{closure}}::haff08db8ca711b52
[INFO] [stdout]                                at /opt/rustwide/cargo-home/registry/src/index.crates.io-6f17d22bba15001f/swc_ecma_transforms_testing-0.119.9/src/lib.rs:64:21
[INFO] [stdout]   21:     0x561cdac3e786 - scoped_tls::ScopedKey<T>::set::h27bff25d6f2157a8
[INFO] [stdout]                                at /opt/rustwide/cargo-home/registry/src/index.crates.io-6f17d22bba15001f/scoped-tls-1.0.1/src/lib.rs:137:9
[INFO] [stdout]   22:     0x561cdac5cda6 - better_scoped_tls::ScopedKey<T>::set::hadba05cd84455eb2
[INFO] [stdout]                                at /opt/rustwide/cargo-home/registry/src/index.crates.io-6f17d22bba15001f/better_scoped_tls-0.1.0/src/lib.rs:55:9
[INFO] [stdout]   23:     0x561cdabac05e - swc_ecma_transforms_testing::Tester::run::{{closure}}::{{closure}}::h6de91a5f900cd2e9
[INFO] [stdout]                                at /opt/rustwide/cargo-home/registry/src/index.crates.io-6f17d22bba15001f/swc_ecma_transforms_testing-0.119.9/src/lib.rs:63:17
[INFO] [stdout]   24:     0x561cdac53d86 - scoped_tls::ScopedKey<T>::set::hf5424f6b7555f24a
[INFO] [stdout]                                at /opt/rustwide/cargo-home/registry/src/index.crates.io-6f17d22bba15001f/scoped-tls-1.0.1/src/lib.rs:137:9
[INFO] [stdout]   25:     0x561cdac5d506 - better_scoped_tls::ScopedKey<T>::set::hd6407a38ac96e5ae
[INFO] [stdout]                                at /opt/rustwide/cargo-home/registry/src/index.crates.io-6f17d22bba15001f/better_scoped_tls-0.1.0/src/lib.rs:55:9
[INFO] [stdout]   26:     0x561cdaba92c7 - swc_ecma_transforms_testing::Tester::run::{{closure}}::hf843ed3d0c1a9264
[INFO] [stdout]                                at /opt/rustwide/cargo-home/registry/src/index.crates.io-6f17d22bba15001f/swc_ecma_transforms_testing-0.119.9/src/lib.rs:62:13
[INFO] [stdout]   27:     0x561cdac8129d - testing::run_test::{{closure}}::{{closure}}::hefdfa5a5461c3801
[INFO] [stdout]                                at /opt/rustwide/cargo-home/registry/src/index.crates.io-6f17d22bba15001f/testing-0.31.33/src/lib.rs:94:34
[INFO] [stdout]   28:     0x561cdac4f186 - scoped_tls::ScopedKey<T>::set::hc3857401c697ace4
[INFO] [stdout]                                at /opt/rustwide/cargo-home/registry/src/index.crates.io-6f17d22bba15001f/scoped-tls-1.0.1/src/lib.rs:137:9
[INFO] [stdout]   29:     0x561cdac5c346 - better_scoped_tls::ScopedKey<T>::set::h724c17cd4c43162c
[INFO] [stdout]                                at /opt/rustwide/cargo-home/registry/src/index.crates.io-6f17d22bba15001f/better_scoped_tls-0.1.0/src/lib.rs:55:9
[INFO] [stdout]   30:     0x561cdac7eefd - testing::run_test::{{closure}}::hd48cd5a5ed2390bb
[INFO] [stdout]                                at /opt/rustwide/cargo-home/registry/src/index.crates.io-6f17d22bba15001f/testing-0.31.33/src/lib.rs:94:9
[INFO] [stdout]   31:     0x561cdac47736 - scoped_tls::ScopedKey<T>::set::h7841f3e822071581
[INFO] [stdout]                                at /opt/rustwide/cargo-home/registry/src/index.crates.io-6f17d22bba15001f/scoped-tls-1.0.1/src/lib.rs:137:9
[INFO] [stdout]   32:     0x561cdac5cf46 - better_scoped_tls::ScopedKey<T>::set::hb4cc796b1695c8f3
[INFO] [stdout]                                at /opt/rustwide/cargo-home/registry/src/index.crates.io-6f17d22bba15001f/better_scoped_tls-0.1.0/src/lib.rs:55:9
[INFO] [stdout]   33:     0x561cdac6a13b - testing::run_test::h345a1568386e1d2a
[INFO] [stdout]                                at /opt/rustwide/cargo-home/registry/src/index.crates.io-6f17d22bba15001f/testing-0.31.33/src/lib.rs:93:18
[INFO] [stdout]   34:     0x561cdaba691b - swc_ecma_transforms_testing::Tester::run::heb613dbcca38f4c4
[INFO] [stdout]                                at /opt/rustwide/cargo-home/registry/src/index.crates.io-6f17d22bba15001f/swc_ecma_transforms_testing-0.119.9/src/lib.rs:61:19
[INFO] [stdout]   35:     0x561cdab232d8 - swc_ecma_transforms_testing::test_transform::h98246b146445ea40
[INFO] [stdout]                                at /opt/rustwide/cargo-home/registry/src/index.crates.io-6f17d22bba15001f/swc_ecma_transforms_testing-0.119.9/src/lib.rs:274:5
[INFO] [stdout]   36:     0x561cdac16b39 - swc_plugin_nullstack::tests::inject_accept_to_module::inject_multiple_imports::h8978ffa37ab6c6bf
[INFO] [stdout]                                at /opt/rustwide/cargo-home/registry/src/index.crates.io-6f17d22bba15001f/swc_ecma_transforms_testing-0.119.9/src/lib.rs:362:13
[INFO] [stdout]   37:     0x561cdac16ad7 - swc_plugin_nullstack::tests::inject_accept_to_module::inject_multiple_imports::{{closure}}::h3c8c57082b4b887a
[INFO] [stdout]                                at /opt/rustwide/cargo-home/registry/src/index.crates.io-6f17d22bba15001f/swc_ecma_transforms_testing-0.119.9/src/lib.rs:361:24
[INFO] [stdout]   38:     0x561cdac88036 - core::ops::function::FnOnce::call_once::hfeb591e2bcb025ca
[INFO] [stdout]                                at /rustc/82e1608dfa6e0b5569232559e3d385fea5a93112/library/core/src/ops/function.rs:250:5
[INFO] [stdout]   39:     0x561cdacce44f - core::ops::function::FnOnce::call_once::h2b5d431d5046312d
[INFO] [stdout]                                at /rustc/82e1608dfa6e0b5569232559e3d385fea5a93112/library/core/src/ops/function.rs:250:5
[INFO] [stdout]   40:     0x561cdacce44f - test::__rust_begin_short_backtrace::h7714669af176e207
[INFO] [stdout]                                at /rustc/82e1608dfa6e0b5569232559e3d385fea5a93112/library/test/src/lib.rs:628:18
[INFO] [stdout]   41:     0x561cdaccd465 - test::run_test_in_process::{{closure}}::h85218797dcbcec12
[INFO] [stdout]                                at /rustc/82e1608dfa6e0b5569232559e3d385fea5a93112/library/test/src/lib.rs:651:60
[INFO] [stdout]   42:     0x561cdaccd465 - <core::panic::unwind_safe::AssertUnwindSafe<F> as core::ops::function::FnOnce<()>>::call_once::h76c106ea31c14d7b
[INFO] [stdout]                                at /rustc/82e1608dfa6e0b5569232559e3d385fea5a93112/library/core/src/panic/unwind_safe.rs:272:9
[INFO] [stdout]   43:     0x561cdaccd465 - std::panicking::try::do_call::h3bd5d0f6620ee946
[INFO] [stdout]                                at /rustc/82e1608dfa6e0b5569232559e3d385fea5a93112/library/std/src/panicking.rs:552:40
[INFO] [stdout]   44:     0x561cdaccd465 - std::panicking::try::h232e535e4744fe31
[INFO] [stdout]                                at /rustc/82e1608dfa6e0b5569232559e3d385fea5a93112/library/std/src/panicking.rs:516:19
[INFO] [stdout]   45:     0x561cdaccd465 - std::panic::catch_unwind::h3ce3bd6ca8dbac68
[INFO] [stdout]                                at /rustc/82e1608dfa6e0b5569232559e3d385fea5a93112/library/std/src/panic.rs:142:14
[INFO] [stdout]   46:     0x561cdaccd465 - test::run_test_in_process::hc97b257c9621286a
[INFO] [stdout]                                at /rustc/82e1608dfa6e0b5569232559e3d385fea5a93112/library/test/src/lib.rs:651:27
[INFO] [stdout]   47:     0x561cdaccd465 - test::run_test::{{closure}}::h2aa798823a438d38
[INFO] [stdout]                                at /rustc/82e1608dfa6e0b5569232559e3d385fea5a93112/library/test/src/lib.rs:574:43
[INFO] [stdout]   48:     0x561cdac95726 - test::run_test::{{closure}}::h87d231c78fb59832
[INFO] [stdout]                                at /rustc/82e1608dfa6e0b5569232559e3d385fea5a93112/library/test/src/lib.rs:602:41
[INFO] [stdout]   49:     0x561cdac95726 - std::sys_common::backtrace::__rust_begin_short_backtrace::he6df152596625789
[INFO] [stdout]                                at /rustc/82e1608dfa6e0b5569232559e3d385fea5a93112/library/std/src/sys_common/backtrace.rs:154:18
[INFO] [stdout]   50:     0x561cdac9a7d7 - std::thread::Builder::spawn_unchecked_::{{closure}}::{{closure}}::ha94be15d1e0acf36
[INFO] [stdout]                                at /rustc/82e1608dfa6e0b5569232559e3d385fea5a93112/library/std/src/thread/mod.rs:529:17
[INFO] [stdout]   51:     0x561cdac9a7d7 - <core::panic::unwind_safe::AssertUnwindSafe<F> as core::ops::function::FnOnce<()>>::call_once::h9dc6bd6372f16606
[INFO] [stdout]                                at /rustc/82e1608dfa6e0b5569232559e3d385fea5a93112/library/core/src/panic/unwind_safe.rs:272:9
[INFO] [stdout]   52:     0x561cdac9a7d7 - std::panicking::try::do_call::h9057517f80303cd4
[INFO] [stdout]                                at /rustc/82e1608dfa6e0b5569232559e3d385fea5a93112/library/std/src/panicking.rs:552:40
[INFO] [stdout]   53:     0x561cdac9a7d7 - std::panicking::try::he3a30b11ee45340c
[INFO] [stdout]                                at /rustc/82e1608dfa6e0b5569232559e3d385fea5a93112/library/std/src/panicking.rs:516:19
[INFO] [stdout]   54:     0x561cdac9a7d7 - std::panic::catch_unwind::h410458cfd3528b8b
[INFO] [stdout]                                at /rustc/82e1608dfa6e0b5569232559e3d385fea5a93112/library/std/src/panic.rs:142:14
[INFO] [stdout]   55:     0x561cdac9a7d7 - std::thread::Builder::spawn_unchecked_::{{closure}}::h72ac3bdb567b737b
[INFO] [stdout]                                at /rustc/82e1608dfa6e0b5569232559e3d385fea5a93112/library/std/src/thread/mod.rs:528:30
[INFO] [stdout]   56:     0x561cdac9a7d7 - core::ops::function::FnOnce::call_once{{vtable.shim}}::h38f34da3654a8344
[INFO] [stdout]                                at /rustc/82e1608dfa6e0b5569232559e3d385fea5a93112/library/core/src/ops/function.rs:250:5
[INFO] [stdout]   57:     0x561cdb570655 - <alloc::boxed::Box<F,A> as core::ops::function::FnOnce<Args>>::call_once::hc7eafaff61e32df9
[INFO] [stdout]                                at /rustc/82e1608dfa6e0b5569232559e3d385fea5a93112/library/alloc/src/boxed.rs:2007:9
[INFO] [stdout]   58:     0x561cdb570655 - <alloc::boxed::Box<F,A> as core::ops::function::FnOnce<Args>>::call_once::h6ba4a5de48dd2304
[INFO] [stdout]                                at /rustc/82e1608dfa6e0b5569232559e3d385fea5a93112/library/alloc/src/boxed.rs:2007:9
[INFO] [stdout]   59:     0x561cdb570655 - std::sys::unix::thread::Thread::new::thread_start::he469335aef763e45
[INFO] [stdout]                                at /rustc/82e1608dfa6e0b5569232559e3d385fea5a93112/library/std/src/sys/unix/thread.rs:108:17
[INFO] [stdout]   60:     0x7fe57496eac3 - <unknown>
[INFO] [stdout]   61:     0x7fe5749ffbf4 - __clone
[INFO] [stdout]   62:                0x0 - <unknown>
[INFO] [stdout] 
[INFO] [stdout] ---- tests::inject_accept_to_module::inject_accept_with_initiate_hash stdout ----
[INFO] [stdout]   [32m INFO[0m  [32mDiagnostics will be printed to stderr as logging level is trace or debug[0m
[INFO] [stdout]     [2;3mat[0m /opt/rustwide/cargo-home/registry/src/index.crates.io-6f17d22bba15001f/testing-0.31.33/src/errors/stderr.rs:17
[INFO] [stdout] 
[INFO] [stdout] ----- Actual -----
[INFO] [stdout]   [34mDEBUG[0m  [34mRenaming `Nullstack#1` to `Nullstack`[0m
[INFO] [stdout]     [2;3mat[0m /opt/rustwide/cargo-home/registry/src/index.crates.io-6f17d22bba15001f/swc_ecma_transforms_base-0.116.9/src/rename/analyzer/scope.rs:183
[INFO] [stdout] 
[INFO] [stdout]   [34mDEBUG[0m  [34mRenaming `Component#1` to `Component`[0m
[INFO] [stdout]     [2;3mat[0m /opt/rustwide/cargo-home/registry/src/index.crates.io-6f17d22bba15001f/swc_ecma_transforms_base-0.116.9/src/rename/analyzer/scope.rs:183
[INFO] [stdout] 
[INFO] [stdout]   [34mDEBUG[0m  [34mRenaming `lorem#2` to `lorem`[0m
[INFO] [stdout]     [2;3mat[0m /opt/rustwide/cargo-home/registry/src/index.crates.io-6f17d22bba15001f/swc_ecma_transforms_base-0.116.9/src/rename/analyzer/scope.rs:183
[INFO] [stdout] 
[INFO] [stdout] SingleThreadedComments { leading: RefCell { value: {} }, trailing: RefCell { value: {} } }
[INFO] [stdout] SingleThreadedComments { leading: RefCell { value: {} }, trailing: RefCell { value: {} } }
[INFO] [stdout] >>>>> [32mOrig[0m <<<<<
[INFO] [stdout] 
[INFO] [stdout]         import Nullstack from 'nullstack';
[INFO] [stdout]         class Component {
[INFO] [stdout]             static async notDep() {
[INFO] [stdout]                 return false
[INFO] [stdout]             }
[INFO] [stdout] 
[INFO] [stdout]             static async initiateDep({ lorem }) {
[INFO] [stdout]                 if (lorem) {
[INFO] [stdout]                     return "ipsum"
[INFO] [stdout]                 }
[INFO] [stdout]                 return false
[INFO] [stdout]             }
[INFO] [stdout] 
[INFO] [stdout]             initiate() {
[INFO] [stdout]                 this.initiateDep({ lorem: true })
[INFO] [stdout]             }
[INFO] [stdout]         };
[INFO] [stdout]     
[INFO] [stdout] >>>>> [32mCode[0m <<<<<
[INFO] [stdout] import Nullstack from 'nullstack';
[INFO] [stdout] class Component {
[INFO] [stdout]     static async notDep() {
[INFO] [stdout]         return false;
[INFO] [stdout]     }
[INFO] [stdout]     static async initiateDep({ lorem  }) {
[INFO] [stdout]         if (lorem) {
[INFO] [stdout]             return "ipsum";
[INFO] [stdout]         }
[INFO] [stdout]         return false;
[INFO] [stdout]     }
[INFO] [stdout]     initiate() {
[INFO] [stdout]         this.initiateDep({
[INFO] [stdout]             lorem: true
[INFO] [stdout]         });
[INFO] [stdout]     }
[INFO] [stdout] }
[INFO] [stdout] ;
[INFO] [stdout] $runtime.accept(module, "/src/Application.njs", [
[INFO] [stdout]     "nullstack"
[INFO] [stdout] ], [
[INFO] [stdout]     {
[INFO] [stdout]         klass: Component,
[INFO] [stdout]         initiate: [
[INFO] [stdout]             "initiateDep"
[INFO] [stdout]         ],
[INFO] [stdout]         hashes: {
[INFO] [stdout]             notDep: "7ab9830589d0014e814e00c4674c5ff9",
[INFO] [stdout]             initiateDep: "56c841b87474b72cb79a6a32922f5de8"
[INFO] [stdout]         }
[INFO] [stdout]     }
[INFO] [stdout] ]);
[INFO] [stdout] 
[INFO] [stdout] thread 'tests::inject_accept_to_module::inject_accept_with_initiate_hash' panicked at /opt/rustwide/cargo-home/registry/src/index.crates.io-6f17d22bba15001f/swc_ecma_transforms_testing-0.119.9/src/lib.rs:337:13:
[INFO] [stdout] assertion failed: `(left == right)`
[INFO] [stdout]             import Nullstack from 'nullstack';
[INFO] [stdout] class Component {
[INFO] [stdout]     static async notDep() {
[INFO] [stdout]         return false;
[INFO] [stdout]     }
[INFO] [stdout]     static async initiateDep({ lorem  }) {
[INFO] [stdout]         if (lorem) {
[INFO] [stdout]             return "ipsum";
[INFO] [stdout]         }
[INFO] [stdout]         return false;
[INFO] [stdout]     }
[INFO] [stdout]     initiate() {
[INFO] [stdout]         this.initiateDep({
[INFO] [stdout]             lorem: true
[INFO] [stdout]         });
[INFO] [stdout]     }
[INFO] [stdout] }
[INFO] [stdout] ;
[INFO] [stdout] $runtime.accept(module, "/src/Application.njs", [
[INFO] [stdout]     "nullstack"
[INFO] [stdout] ], [
[INFO] [stdout]     {
[INFO] [stdout]         klass: Component,
[INFO] [stdout]         initiate: [
[INFO] [stdout]             "initiateDep"
[INFO] [stdout]         ],
[INFO] [stdout]         hashes: {
[INFO] [stdout] [91m            notDep: "7ab9830589d0014e814e00c4674c5ff9",
[INFO] [stdout]             initiateDep: "56c841b87474b72cb79a6a32922f5de8"[0m
[INFO] [stdout] [92m            initiateDep: "56c841b87474b72cb79a6a32922f5de8",
[INFO] [stdout]             notDep: "7ab9830589d0014e814e00c4674c5ff9"[0m
[INFO] [stdout]         }
[INFO] [stdout]     }
[INFO] [stdout] ]);
[INFO] [stdout] 
[INFO] [stdout] 
[INFO] [stdout] stack backtrace:
[INFO] [stdout]    0:     0x561cdb56995c - std::backtrace_rs::backtrace::libunwind::trace::ha637c64ce894333a
[INFO] [stdout]                                at /rustc/82e1608dfa6e0b5569232559e3d385fea5a93112/library/std/src/../../backtrace/src/backtrace/libunwind.rs:104:5
[INFO] [stdout]    1:     0x561cdb56995c - std::backtrace_rs::backtrace::trace_unsynchronized::h47f62dea28e0c88d
[INFO] [stdout]                                at /rustc/82e1608dfa6e0b5569232559e3d385fea5a93112/library/std/src/../../backtrace/src/backtrace/mod.rs:66:5
[INFO] [stdout]    2:     0x561cdb56995c - std::sys_common::backtrace::_print_fmt::h9eef0abe20ede486
[INFO] [stdout]                                at /rustc/82e1608dfa6e0b5569232559e3d385fea5a93112/library/std/src/sys_common/backtrace.rs:67:5
[INFO] [stdout]    3:     0x561cdb56995c - <std::sys_common::backtrace::_print::DisplayBacktrace as core::fmt::Display>::fmt::hed7f999df88cc644
[INFO] [stdout]                                at /rustc/82e1608dfa6e0b5569232559e3d385fea5a93112/library/std/src/sys_common/backtrace.rs:44:22
[INFO] [stdout]    4:     0x561cdb5953d0 - core::fmt::rt::Argument::fmt::h1539a9308b8d058d
[INFO] [stdout]                                at /rustc/82e1608dfa6e0b5569232559e3d385fea5a93112/library/core/src/fmt/rt.rs:142:9
[INFO] [stdout]    5:     0x561cdb5953d0 - core::fmt::write::h3a39390d8560d9c9
[INFO] [stdout]                                at /rustc/82e1608dfa6e0b5569232559e3d385fea5a93112/library/core/src/fmt/mod.rs:1120:17
[INFO] [stdout]    6:     0x561cdb56714f - std::io::Write::write_fmt::h040b369f3a0f9cbc
[INFO] [stdout]                                at /rustc/82e1608dfa6e0b5569232559e3d385fea5a93112/library/std/src/io/mod.rs:1762:15
[INFO] [stdout]    7:     0x561cdb569744 - std::sys_common::backtrace::_print::h894006fb5c6f3d45
[INFO] [stdout]                                at /rustc/82e1608dfa6e0b5569232559e3d385fea5a93112/library/std/src/sys_common/backtrace.rs:47:5
[INFO] [stdout]    8:     0x561cdb569744 - std::sys_common::backtrace::print::h23a2d212c6fff936
[INFO] [stdout]                                at /rustc/82e1608dfa6e0b5569232559e3d385fea5a93112/library/std/src/sys_common/backtrace.rs:34:9
[INFO] [stdout]    9:     0x561cdb56b407 - std::panicking::default_hook::{{closure}}::h8a1d2ee00185001a
[INFO] [stdout]   10:     0x561cdb56b0f3 - std::panicking::default_hook::h6038f2eba384e475
[INFO] [stdout]                                at /rustc/82e1608dfa6e0b5569232559e3d385fea5a93112/library/std/src/panicking.rs:289:9
[INFO] [stdout]   11:     0x561cdacc8df7 - <alloc::boxed::Box<F,A> as core::ops::function::Fn<Args>>::call::h0ad024c9bdc6d768
[INFO] [stdout]                                at /rustc/82e1608dfa6e0b5569232559e3d385fea5a93112/library/alloc/src/boxed.rs:2021:9
[INFO] [stdout]   12:     0x561cdacc8df7 - test::test_main::{{closure}}::h7500b54257359db6
[INFO] [stdout]                                at /rustc/82e1608dfa6e0b5569232559e3d385fea5a93112/library/test/src/lib.rs:138:21
[INFO] [stdout]   13:     0x561cdb56ba18 - <alloc::boxed::Box<F,A> as core::ops::function::Fn<Args>>::call::h1f8f335eaa9cfaee
[INFO] [stdout]                                at /rustc/82e1608dfa6e0b5569232559e3d385fea5a93112/library/alloc/src/boxed.rs:2021:9
[INFO] [stdout]   14:     0x561cdb56ba18 - std::panicking::rust_panic_with_hook::h2b5517d590cab22e
[INFO] [stdout]                                at /rustc/82e1608dfa6e0b5569232559e3d385fea5a93112/library/std/src/panicking.rs:783:13
[INFO] [stdout]   15:     0x561cdb56b76e - std::panicking::begin_panic_handler::{{closure}}::h233112c06e0ef43e
[INFO] [stdout]                                at /rustc/82e1608dfa6e0b5569232559e3d385fea5a93112/library/std/src/panicking.rs:657:13
[INFO] [stdout]   16:     0x561cdb569e26 - std::sys_common::backtrace::__rust_end_short_backtrace::h6e893f24d7ebbff8
[INFO] [stdout]                                at /rustc/82e1608dfa6e0b5569232559e3d385fea5a93112/library/std/src/sys_common/backtrace.rs:170:18
[INFO] [stdout]   17:     0x561cdb56b4d2 - rust_begin_unwind
[INFO] [stdout]                                at /rustc/82e1608dfa6e0b5569232559e3d385fea5a93112/library/std/src/panicking.rs:645:5
[INFO] [stdout]   18:     0x561cdaaaa225 - core::panicking::panic_fmt::hbf0e066aabfa482c
[INFO] [stdout]                                at /rustc/82e1608dfa6e0b5569232559e3d385fea5a93112/library/core/src/panicking.rs:72:14
[INFO] [stdout]   19:     0x561cdab3f34c - swc_ecma_transforms_testing::test_transform::{{closure}}::h34cc87774e707763
[INFO] [stdout]                                at /opt/rustwide/cargo-home/registry/src/index.crates.io-6f17d22bba15001f/swc_ecma_transforms_testing-0.119.9/src/lib.rs:337:13
[INFO] [stdout]   20:     0x561cdabb0e6d - swc_ecma_transforms_testing::Tester::run::{{closure}}::{{closure}}::{{closure}}::h5e3e0c1b9724b023
[INFO] [stdout]                                at /opt/rustwide/cargo-home/registry/src/index.crates.io-6f17d22bba15001f/swc_ecma_transforms_testing-0.119.9/src/lib.rs:64:21
[INFO] [stdout]   21:     0x561cdac49f96 - scoped_tls::ScopedKey<T>::set::h947f0ab9e53e5499
[INFO] [stdout]                                at /opt/rustwide/cargo-home/registry/src/index.crates.io-6f17d22bba15001f/scoped-tls-1.0.1/src/lib.rs:137:9
[INFO] [stdout]   22:     0x561cdac5bec6 - better_scoped_tls::ScopedKey<T>::set::h53eafee14f7ceb0f
[INFO] [stdout]                                at /opt/rustwide/cargo-home/registry/src/index.crates.io-6f17d22bba15001f/better_scoped_tls-0.1.0/src/lib.rs:55:9
[INFO] [stdout]   23:     0x561cdabacdde - swc_ecma_transforms_testing::Tester::run::{{closure}}::{{closure}}::h91ec80df0d711f97
[INFO] [stdout]                                at /opt/rustwide/cargo-home/registry/src/index.crates.io-6f17d22bba15001f/swc_ecma_transforms_testing-0.119.9/src/lib.rs:63:17
[INFO] [stdout]   24:     0x561cdac4c466 - scoped_tls::ScopedKey<T>::set::ha5b8801cd67b1c6f
[INFO] [stdout]                                at /opt/rustwide/cargo-home/registry/src/index.crates.io-6f17d22bba15001f/scoped-tls-1.0.1/src/lib.rs:137:9
[INFO] [stdout]   25:     0x561cdac5d8e6 - better_scoped_tls::ScopedKey<T>::set::hedb17c48e3d984cd
[INFO] [stdout]                                at /opt/rustwide/cargo-home/registry/src/index.crates.io-6f17d22bba15001f/better_scoped_tls-0.1.0/src/lib.rs:55:9
[INFO] [stdout]   26:     0x561cdaba8ca7 - swc_ecma_transforms_testing::Tester::run::{{closure}}::hc9a32966231fd48a
[INFO] [stdout]                                at /opt/rustwide/cargo-home/registry/src/index.crates.io-6f17d22bba15001f/swc_ecma_transforms_testing-0.119.9/src/lib.rs:62:13
[INFO] [stdout]   27:     0x561cdac801bd - testing::run_test::{{closure}}::{{closure}}::h5591f6b6a8eecd40
[INFO] [stdout]                                at /opt/rustwide/cargo-home/registry/src/index.crates.io-6f17d22bba15001f/testing-0.31.33/src/lib.rs:94:34
[INFO] [stdout]   28:     0x561cdac43846 - scoped_tls::ScopedKey<T>::set::h55af796e711f67e1
[INFO] [stdout]                                at /opt/rustwide/cargo-home/registry/src/index.crates.io-6f17d22bba15001f/scoped-tls-1.0.1/src/lib.rs:137:9
[INFO] [stdout]   29:     0x561cdac5b506 - better_scoped_tls::ScopedKey<T>::set::h144112266621dbe5
[INFO] [stdout]                                at /opt/rustwide/cargo-home/registry/src/index.crates.io-6f17d22bba15001f/better_scoped_tls-0.1.0/src/lib.rs:55:9
[INFO] [stdout]   30:     0x561cdac7e17d - testing::run_test::{{closure}}::h64010b02e15941d5
[INFO] [stdout]                                at /opt/rustwide/cargo-home/registry/src/index.crates.io-6f17d22bba15001f/testing-0.31.33/src/lib.rs:94:9
[INFO] [stdout]   31:     0x561cdac47866 - scoped_tls::ScopedKey<T>::set::h79700f5114aea630
[INFO] [stdout]                                at /opt/rustwide/cargo-home/registry/src/index.crates.io-6f17d22bba15001f/scoped-tls-1.0.1/src/lib.rs:137:9
[INFO] [stdout]   32:     0x561cdac5d286 - better_scoped_tls::ScopedKey<T>::set::hc58e580a662b9d3d
[INFO] [stdout]                                at /opt/rustwide/cargo-home/registry/src/index.crates.io-6f17d22bba15001f/better_scoped_tls-0.1.0/src/lib.rs:55:9
[INFO] [stdout]   33:     0x561cdac7a4db - testing::run_test::hcbf3a8e5f63abc10
[INFO] [stdout]                                at /opt/rustwide/cargo-home/registry/src/index.crates.io-6f17d22bba15001f/testing-0.31.33/src/lib.rs:93:18
[INFO] [stdout]   34:     0x561cdaba02bb - swc_ecma_transforms_testing::Tester::run::h18be5f655e86f5ce
[INFO] [stdout]                                at /opt/rustwide/cargo-home/registry/src/index.crates.io-6f17d22bba15001f/swc_ecma_transforms_testing-0.119.9/src/lib.rs:61:19
[INFO] [stdout]   35:     0x561cdab22198 - swc_ecma_transforms_testing::test_transform::h210a6c080cca36b2
[INFO] [stdout]                                at /opt/rustwide/cargo-home/registry/src/index.crates.io-6f17d22bba15001f/swc_ecma_transforms_testing-0.119.9/src/lib.rs:274:5
[INFO] [stdout]   36:     0x561cdac16e09 - swc_plugin_nullstack::tests::inject_accept_to_module::inject_accept_with_initiate_hash::h9b55e95154723203
[INFO] [stdout]                                at /opt/rustwide/cargo-home/registry/src/index.crates.io-6f17d22bba15001f/swc_ecma_transforms_testing-0.119.9/src/lib.rs:362:13
[INFO] [stdout]   37:     0x561cdac16da7 - swc_plugin_nullstack::tests::inject_accept_to_module::inject_accept_with_initiate_hash::{{closure}}::h4d40e36db64d0063
[INFO] [stdout]                                at /opt/rustwide/cargo-home/registry/src/index.crates.io-6f17d22bba15001f/swc_ecma_transforms_testing-0.119.9/src/lib.rs:361:24
[INFO] [stdout]   38:     0x561cdac87376 - core::ops::function::FnOnce::call_once::h911af9f70b196f13
[INFO] [stdout]                                at /rustc/82e1608dfa6e0b5569232559e3d385fea5a93112/library/core/src/ops/function.rs:250:5
[INFO] [stdout]   39:     0x561cdacce44f - core::ops::function::FnOnce::call_once::h2b5d431d5046312d
[INFO] [stdout]                                at /rustc/82e1608dfa6e0b5569232559e3d385fea5a93112/library/core/src/ops/function.rs:250:5
[INFO] [stdout]   40:     0x561cdacce44f - test::__rust_begin_short_backtrace::h7714669af176e207
[INFO] [stdout]                                at /rustc/82e1608dfa6e0b5569232559e3d385fea5a93112/library/test/src/lib.rs:628:18
[INFO] [stdout]   41:     0x561cdaccd465 - test::run_test_in_process::{{closure}}::h85218797dcbcec12
[INFO] [stdout]                                at /rustc/82e1608dfa6e0b5569232559e3d385fea5a93112/library/test/src/lib.rs:651:60
[INFO] [stdout]   42:     0x561cdaccd465 - <core::panic::unwind_safe::AssertUnwindSafe<F> as core::ops::function::FnOnce<()>>::call_once::h76c106ea31c14d7b
[INFO] [stdout]                                at /rustc/82e1608dfa6e0b5569232559e3d385fea5a93112/library/core/src/panic/unwind_safe.rs:272:9
[INFO] [stdout]   43:     0x561cdaccd465 - std::panicking::try::do_call::h3bd5d0f6620ee946
[INFO] [stdout]                                at /rustc/82e1608dfa6e0b5569232559e3d385fea5a93112/library/std/src/panicking.rs:552:40
[INFO] [stdout]   44:     0x561cdaccd465 - std::panicking::try::h232e535e4744fe31
[INFO] [stdout]                                at /rustc/82e1608dfa6e0b5569232559e3d385fea5a93112/library/std/src/panicking.rs:516:19
[INFO] [stdout]   45:     0x561cdaccd465 - std::panic::catch_unwind::h3ce3bd6ca8dbac68
[INFO] [stdout]                                at /rustc/82e1608dfa6e0b5569232559e3d385fea5a93112/library/std/src/panic.rs:142:14
[INFO] [stdout]   46:     0x561cdaccd465 - test::run_test_in_process::hc97b257c9621286a
[INFO] [stdout]                                at /rustc/82e1608dfa6e0b5569232559e3d385fea5a93112/library/test/src/lib.rs:651:27
[INFO] [stdout]   47:     0x561cdaccd465 - test::run_test::{{closure}}::h2aa798823a438d38
[INFO] [stdout]                                at /rustc/82e1608dfa6e0b5569232559e3d385fea5a93112/library/test/src/lib.rs:574:43
[INFO] [stdout]   48:     0x561cdac95726 - test::run_test::{{closure}}::h87d231c78fb59832
[INFO] [stdout]                                at /rustc/82e1608dfa6e0b5569232559e3d385fea5a93112/library/test/src/lib.rs:602:41
[INFO] [stdout]   49:     0x561cdac95726 - std::sys_common::backtrace::__rust_begin_short_backtrace::he6df152596625789
[INFO] [stdout]                                at /rustc/82e1608dfa6e0b5569232559e3d385fea5a93112/library/std/src/sys_common/backtrace.rs:154:18
[INFO] [stdout]   50:     0x561cdac9a7d7 - std::thread::Builder::spawn_unchecked_::{{closure}}::{{closure}}::ha94be15d1e0acf36
[INFO] [stdout]                                at /rustc/82e1608dfa6e0b5569232559e3d385fea5a93112/library/std/src/thread/mod.rs:529:17
[INFO] [stdout]   51:     0x561cdac9a7d7 - <core::panic::unwind_safe::AssertUnwindSafe<F> as core::ops::function::FnOnce<()>>::call_once::h9dc6bd6372f16606
[INFO] [stdout]                                at /rustc/82e1608dfa6e0b5569232559e3d385fea5a93112/library/core/src/panic/unwind_safe.rs:272:9
[INFO] [stdout]   52:     0x561cdac9a7d7 - std::panicking::try::do_call::h9057517f80303cd4
[INFO] [stdout]                                at /rustc/82e1608dfa6e0b5569232559e3d385fea5a93112/library/std/src/panicking.rs:552:40
[INFO] [stdout]   53:     0x561cdac9a7d7 - std::panicking::try::he3a30b11ee45340c
[INFO] [stdout]                                at /rustc/82e1608dfa6e0b5569232559e3d385fea5a93112/library/std/src/panicking.rs:516:19
[INFO] [stdout]   54:     0x561cdac9a7d7 - std::panic::catch_unwind::h410458cfd3528b8b
[INFO] [stdout]                                at /rustc/82e1608dfa6e0b5569232559e3d385fea5a93112/library/std/src/panic.rs:142:14
[INFO] [stdout]   55:     0x561cdac9a7d7 - std::thread::Builder::spawn_unchecked_::{{closure}}::h72ac3bdb567b737b
[INFO] [stdout]                                at /rustc/82e1608dfa6e0b5569232559e3d385fea5a93112/library/std/src/thread/mod.rs:528:30
[INFO] [stdout]   56:     0x561cdac9a7d7 - core::ops::function::FnOnce::call_once{{vtable.shim}}::h38f34da3654a8344
[INFO] [stdout]                                at /rustc/82e1608dfa6e0b5569232559e3d385fea5a93112/library/core/src/ops/function.rs:250:5
[INFO] [stdout]   57:     0x561cdb570655 - <alloc::boxed::Box<F,A> as core::ops::function::FnOnce<Args>>::call_once::hc7eafaff61e32df9
[INFO] [stdout]                                at /rustc/82e1608dfa6e0b5569232559e3d385fea5a93112/library/alloc/src/boxed.rs:2007:9
[INFO] [stdout]   58:     0x561cdb570655 - <alloc::boxed::Box<F,A> as core::ops::function::FnOnce<Args>>::call_once::h6ba4a5de48dd2304
[INFO] [stdout]                                at /rustc/82e1608dfa6e0b5569232559e3d385fea5a93112/library/alloc/src/boxed.rs:2007:9
[INFO] [stdout]   59:     0x561cdb570655 - std::sys::unix::thread::Thread::new::thread_start::he469335aef763e45
[INFO] [stdout]                                at /rustc/82e1608dfa6e0b5569232559e3d385fea5a93112/library/std/src/sys/unix/thread.rs:108:17
[INFO] [stdout]   60:     0x7fe57496eac3 - <unknown>
[INFO] [stdout]   61:     0x7fe5749ffbf4 - __clone
[INFO] [stdout]   62:                0x0 - <unknown>
[INFO] [stdout] 
[INFO] [stdout] 
[INFO] [stdout] failures:
[INFO] [stdout]     tests::inject_accept_to_module::inject_accept_with_initiate_hash
[INFO] [stdout]     tests::inject_accept_to_module::inject_multiple_imports
[INFO] [stdout]     tests::inject_inner_components_to_class::inject_inner_components_with_nested_tags
[INFO] [stdout] 
[INFO] [stdout] test result: FAILED. 83 passed; 3 failed; 0 ignored; 0 measured; 0 filtered out; finished in 0.09s
[INFO] [stdout] 
[INFO] [stderr] error: test failed, to rerun pass `--lib`
[INFO] running `Command { std: "docker" "inspect" "351cd206456c7bd4fae39f9fd108ae7ed727a2c5e12de36d8352c8feed374aa0", kill_on_drop: false }`
[INFO] running `Command { std: "docker" "rm" "-f" "351cd206456c7bd4fae39f9fd108ae7ed727a2c5e12de36d8352c8feed374aa0", kill_on_drop: false }`
[INFO] [stdout] 351cd206456c7bd4fae39f9fd108ae7ed727a2c5e12de36d8352c8feed374aa0
[INFO] testing nullstack/swc-plugin-nullstack against beta-2023-12-22 for beta-1.76-1
[INFO] running `Command { std: "git" "clone" "/workspace/cache/git-repos/https%3A%2F%2Fgithub.com%2Fnullstack%2Fswc-plugin-nullstack" "/workspace/builds/worker-6-tc2/source", kill_on_drop: false }`
[INFO] [stderr] Cloning into '/workspace/builds/worker-6-tc2/source'...
[INFO] [stderr] done.
[INFO] validating manifest of git repo https://github.com/nullstack/swc-plugin-nullstack on toolchain beta-2023-12-22
[INFO] running `Command { std: CARGO_HOME="/workspace/cargo-home" RUSTUP_HOME="/workspace/rustup-home" "/workspace/cargo-home/bin/cargo" "+beta-2023-12-22" "metadata" "--manifest-path" "Cargo.toml" "--no-deps", kill_on_drop: false }`
[INFO] removed /workspace/builds/worker-6-tc2/source/.cargo/config
[INFO] started tweaking git repo https://github.com/nullstack/swc-plugin-nullstack
[INFO] finished tweaking git repo https://github.com/nullstack/swc-plugin-nullstack
[INFO] tweaked toml for git repo https://github.com/nullstack/swc-plugin-nullstack written to /workspace/builds/worker-6-tc2/source/Cargo.toml
[INFO] crate git repo https://github.com/nullstack/swc-plugin-nullstack already has a lockfile, it will not be regenerated
[INFO] running `Command { std: CARGO_HOME="/workspace/cargo-home" RUSTUP_HOME="/workspace/rustup-home" "/workspace/cargo-home/bin/cargo" "+beta-2023-12-22" "fetch" "--manifest-path" "Cargo.toml", kill_on_drop: false }`
[INFO] running `Command { std: "docker" "create" "-v" "/var/lib/crater-agent-workspace/builds/worker-6-tc2/target:/opt/rustwide/target:rw,Z" "-v" "/var/lib/crater-agent-workspace/builds/worker-6-tc2/source:/opt/rustwide/workdir:ro,Z" "-v" "/var/lib/crater-agent-workspace/cargo-home:/opt/rustwide/cargo-home:ro,Z" "-v" "/var/lib/crater-agent-workspace/rustup-home:/opt/rustwide/rustup-home:ro,Z" "-e" "SOURCE_DIR=/opt/rustwide/workdir" "-e" "CARGO_TARGET_DIR=/opt/rustwide/target" "-e" "CARGO_HOME=/opt/rustwide/cargo-home" "-e" "RUSTUP_HOME=/opt/rustwide/rustup-home" "-w" "/opt/rustwide/workdir" "-m" "1610612736" "--user" "0:0" "--network" "none" "ghcr.io/rust-lang/crates-build-env/linux@sha256:2788e3201cd34a07e3172128adcd8b3090168a8e3bcc40d7c032b9dda1df7d1c" "/opt/rustwide/cargo-home/bin/cargo" "+beta-2023-12-22" "metadata" "--no-deps" "--format-version=1", kill_on_drop: false }`
[INFO] [stdout] 59eeb7a61bdc90dfdc6cfbc281afbc2d071f505abc996b0c2c19054222933159
[INFO] running `Command { std: "docker" "start" "-a" "59eeb7a61bdc90dfdc6cfbc281afbc2d071f505abc996b0c2c19054222933159", kill_on_drop: false }`
[INFO] running `Command { std: "docker" "inspect" "59eeb7a61bdc90dfdc6cfbc281afbc2d071f505abc996b0c2c19054222933159", kill_on_drop: false }`
[INFO] running `Command { std: "docker" "rm" "-f" "59eeb7a61bdc90dfdc6cfbc281afbc2d071f505abc996b0c2c19054222933159", kill_on_drop: false }`
[INFO] [stdout] 59eeb7a61bdc90dfdc6cfbc281afbc2d071f505abc996b0c2c19054222933159
[INFO] running `Command { std: "docker" "create" "-v" "/var/lib/crater-agent-workspace/builds/worker-6-tc2/target:/opt/rustwide/target:rw,Z" "-v" "/var/lib/crater-agent-workspace/builds/worker-6-tc2/source:/opt/rustwide/workdir:ro,Z" "-v" "/var/lib/crater-agent-workspace/cargo-home:/opt/rustwide/cargo-home:ro,Z" "-v" "/var/lib/crater-agent-workspace/rustup-home:/opt/rustwide/rustup-home:ro,Z" "-e" "SOURCE_DIR=/opt/rustwide/workdir" "-e" "CARGO_TARGET_DIR=/opt/rustwide/target" "-e" "CARGO_INCREMENTAL=0" "-e" "RUST_BACKTRACE=full" "-e" "RUSTFLAGS=--cap-lints=warn" "-e" "RUSTDOCFLAGS=--cap-lints=warn" "-e" "CARGO_HOME=/opt/rustwide/cargo-home" "-e" "RUSTUP_HOME=/opt/rustwide/rustup-home" "-w" "/opt/rustwide/workdir" "-m" "1610612736" "--user" "0:0" "--network" "none" "ghcr.io/rust-lang/crates-build-env/linux@sha256:2788e3201cd34a07e3172128adcd8b3090168a8e3bcc40d7c032b9dda1df7d1c" "/opt/rustwide/cargo-home/bin/cargo" "+beta-2023-12-22" "build" "--frozen" "--message-format=json", kill_on_drop: false }`
[INFO] [stdout] 33d3ca4a5ce89312eecf85c52caf2a92eb65a44eca5c87450ac6692e6a3e7fa2
[INFO] running `Command { std: "docker" "start" "-a" "33d3ca4a5ce89312eecf85c52caf2a92eb65a44eca5c87450ac6692e6a3e7fa2", kill_on_drop: false }`
[INFO] [stderr]    Compiling proc-macro2 v1.0.51
[INFO] [stderr]    Compiling unicode-ident v1.0.6
[INFO] [stderr]    Compiling quote v1.0.23
[INFO] [stderr]    Compiling syn v1.0.107
[INFO] [stderr]    Compiling once_cell v1.17.1
[INFO] [stderr]    Compiling libc v0.2.139
[INFO] [stderr]    Compiling memchr v2.5.0
[INFO] [stderr]    Compiling regex-syntax v0.6.28
[INFO] [stderr]    Compiling siphasher v0.3.10
[INFO] [stderr]    Compiling serde_derive v1.0.152
[INFO] [stderr]    Compiling anyhow v1.0.69
[INFO] [stderr]    Compiling ppv-lite86 v0.2.17
[INFO] [stderr]    Compiling itoa v1.0.5
[INFO] [stderr]    Compiling serde v1.0.152
[INFO] [stderr]    Compiling ahash v0.7.6
[INFO] [stderr]    Compiling lock_api v0.4.9
[INFO] [stderr]    Compiling bytecheck v0.6.9
[INFO] [stderr]    Compiling phf_shared v0.10.0
[INFO] [stderr]    Compiling smallvec v1.10.0
[INFO] [stderr]    Compiling parking_lot_core v0.9.7
[INFO] [stderr]    Compiling tinyvec_macros v0.1.1
[INFO] [stderr]    Compiling tinyvec v1.6.0
[INFO] [stderr]    Compiling tracing-core v0.1.30
[INFO] [stderr]    Compiling num-traits v0.2.15
[INFO] [stderr]    Compiling rend v0.3.6
[INFO] [stderr]    Compiling fnv v1.0.7
[INFO] [stderr]    Compiling ident_case v1.0.1
[INFO] [stderr]    Compiling strsim v0.10.0
[INFO] [stderr]    Compiling cc v1.0.79
[INFO] [stderr]    Compiling num-integer v0.1.45
[INFO] [stderr]    Compiling unicode-bidi v0.3.10
[INFO] [stderr]    Compiling percent-encoding v2.2.0
[INFO] [stderr]    Compiling pin-project-lite v0.2.9
[INFO] [stderr]    Compiling rkyv v0.7.37
[INFO] [stderr]    Compiling serde_json v1.0.93
[INFO] [stderr]    Compiling form_urlencoded v1.1.0
[INFO] [stderr]    Compiling aho-corasick v0.7.20
[INFO] [stderr]    Compiling num-bigint v0.4.3
[INFO] [stderr]    Compiling new_debug_unreachable v1.0.4
[INFO] [stderr]    Compiling stable_deref_trait v1.2.0
[INFO] [stderr]    Compiling seahash v4.1.0
[INFO] [stderr]    Compiling unicode-width v0.1.10
[INFO] [stderr]    Compiling getrandom v0.2.8
[INFO] [stderr]    Compiling atty v0.2.14
[INFO] [stderr]    Compiling rand_core v0.6.4
[INFO] [stderr]    Compiling ryu v1.0.12
[INFO] [stderr]    Compiling precomputed-hash v0.1.1
[INFO] [stderr]    Compiling unicode-id v0.3.3
[INFO] [stderr]    Compiling if_chain v1.0.2
[INFO] [stderr]    Compiling base64 v0.13.1
[INFO] [stderr]    Compiling scoped-tls v1.0.1
[INFO] [stderr]    Compiling unicode-normalization v0.1.22
[INFO] [stderr]    Compiling parking_lot v0.12.1
[INFO] [stderr]    Compiling rustc-hash v1.1.0
[INFO] [stderr]    Compiling rand_chacha v0.3.1
[INFO] [stderr]    Compiling hashbrown v0.12.3
[INFO] [stderr]    Compiling either v1.8.1
[INFO] [stderr]    Compiling better_scoped_tls v0.1.0
[INFO] [stderr]    Compiling termcolor v1.2.0
[INFO] [stderr]    Compiling static_assertions v1.1.0
[INFO] [stderr]    Compiling lexical-util v0.8.5
[INFO] [stderr]    Compiling typenum v1.16.0
[INFO] [stderr]    Compiling thiserror v1.0.38
[INFO] [stderr]    Compiling rand v0.8.5
[INFO] [stderr]    Compiling swc_ecma_ast v0.96.5
[INFO] [stderr]    Compiling idna v0.3.0
[INFO] [stderr]    Compiling generic-array v0.14.6
[INFO] [stderr]    Compiling rustversion v1.0.11
[INFO] [stderr]    Compiling backtrace v0.3.67
[INFO] [stderr]    Compiling psm v0.1.21
[INFO] [stderr]    Compiling time-core v0.1.0
[INFO] [stderr]    Compiling adler v1.0.2
[INFO] [stderr]    Compiling lexical-parse-integer v0.8.6
[INFO] [stderr]    Compiling lexical-write-integer v0.8.5
[INFO] [stderr]    Compiling regex v1.7.1
[INFO] [stderr]    Compiling log v0.4.17
[INFO] [stderr]    Compiling gimli v0.27.2
[INFO] [stderr]    Compiling proc-macro-hack v0.5.20+deprecated
[INFO] [stderr]    Compiling lexical-parse-float v0.8.5
[INFO] [stderr]    Compiling miniz_oxide v0.6.2
[INFO] [stderr]    Compiling url v2.3.1
[INFO] [stderr]    Compiling phf_generator v0.10.0
[INFO] [stderr]    Compiling string_cache_codegen v0.5.2
[INFO] [stderr]    Compiling lexical-write-float v0.8.5
[INFO] [stderr]    Compiling time v0.3.17
[INFO] [stderr]    Compiling proc-macro-error-attr v1.0.4
[INFO] [stderr]    Compiling stacker v0.1.15
[INFO] [stderr]    Compiling object v0.30.3
[INFO] [stderr]    Compiling indexmap v1.9.2
[INFO] [stderr]    Compiling smawk v0.3.1
[INFO] [stderr]    Compiling rustc-demangle v0.1.21
[INFO] [stderr]    Compiling is_ci v1.1.1
[INFO] [stderr]    Compiling swc_atoms v0.4.36
[INFO] [stderr]    Compiling supports-color v1.3.1
[INFO] [stderr]    Compiling lexical-core v0.8.5
[INFO] [stderr]    Compiling Inflector v0.11.4
[INFO] [stderr]    Compiling regex-automata v0.1.10
[INFO] [stderr]    Compiling supports-hyperlinks v1.2.0
[INFO] [stderr]    Compiling supports-unicode v1.0.2
[INFO] [stderr]    Compiling terminal_size v0.1.17
[INFO] [stderr]    Compiling overload v0.1.1
[INFO] [stderr]    Compiling owo-colors v3.5.0
[INFO] [stderr]    Compiling nu-ansi-term v0.46.0
[INFO] [stderr]    Compiling tracing-log v0.1.3
[INFO] [stderr]    Compiling lexical v6.1.1
[INFO] [stderr]    Compiling num_cpus v1.15.0
[INFO] [stderr]    Compiling thread_local v1.1.7
[INFO] [stderr]    Compiling sharded-slab v0.1.4
[INFO] [stderr]    Compiling glob v0.3.1
[INFO] [stderr]    Compiling diff v0.1.13
[INFO] [stderr]    Compiling block-buffer v0.10.3
[INFO] [stderr]    Compiling crypto-common v0.1.6
[INFO] [stderr]    Compiling cpufeatures v0.2.5
[INFO] [stderr]    Compiling digest v0.10.6
[INFO] [stderr]    Compiling matchers v0.1.0
[INFO] [stderr]    Compiling typed-arena v2.0.2
[INFO] [stderr]    Compiling vergen v7.5.1
[INFO] [stderr]    Compiling relative-path v1.7.3
[INFO] [stderr]    Compiling yansi v0.5.1
[INFO] [stderr]    Compiling swc_plugin_proxy v0.25.3
[INFO] [stderr]    Compiling fastrand v1.9.0
[INFO] [stderr]    Compiling difference v2.0.0
[INFO] [stderr]    Compiling sha-1 v0.10.1
[INFO] [stderr]    Compiling remove_dir_all v0.5.3
[INFO] [stderr]    Compiling hex v0.4.3
[INFO] [stderr]    Compiling ansi_term v0.12.1
[INFO] [stderr]    Compiling pretty_assertions v1.3.0
[INFO] [stderr]    Compiling tempfile v3.3.0
[INFO] [stderr]    Compiling crc32fast v1.3.2
[INFO] [stderr]    Compiling swc_plugin v0.90.0
[INFO] [stderr]    Compiling md5 v0.7.0
[INFO] [stderr]    Compiling addr2line v0.19.0
[INFO] [stderr]    Compiling unicode-linebreak v0.1.4
[INFO] [stderr]    Compiling pmutil v0.5.3
[INFO] [stderr]    Compiling darling_core v0.13.4
[INFO] [stderr]    Compiling proc-macro-error v1.0.4
[INFO] [stderr]    Compiling swc_macros_common v0.3.6
[INFO] [stderr]    Compiling ptr_meta_derive v0.1.4
[INFO] [stderr]    Compiling bytecheck_derive v0.6.9
[INFO] [stderr]    Compiling tracing-attributes v0.1.23
[INFO] [stderr]    Compiling rkyv_derive v0.7.37
[INFO] [stderr]    Compiling swc_visit_macros v0.5.5
[INFO] [stderr]    Compiling from_variant v0.1.4
[INFO] [stderr]    Compiling swc_eq_ignore_macros v0.1.1
[INFO] [stderr]    Compiling is-macro v0.2.1
[INFO] [stderr]    Compiling string_enum v0.3.2
[INFO] [stderr]    Compiling thiserror-impl v1.0.38
[INFO] [stderr]    Compiling miette-derive v4.7.1
[INFO] [stderr]    Compiling enum-iterator-derive v1.1.0
[INFO] [stderr]    Compiling phf_macros v0.10.0
[INFO] [stderr]    Compiling textwrap v0.15.2
[INFO] [stderr]    Compiling ptr_meta v0.1.4
[INFO] [stderr]    Compiling getset v0.1.2
[INFO] [stderr]    Compiling enum_kind v0.2.1
[INFO] [stderr]    Compiling testing_macros v0.2.7
[INFO] [stderr]    Compiling swc_ecma_codegen_macros v0.7.1
[INFO] [stderr]    Compiling swc_trace_macro v0.1.2
[INFO] [stderr]    Compiling swc_plugin_macro v0.9.10
[INFO] [stderr]    Compiling enum-iterator v1.3.0
[INFO] [stderr]    Compiling phf v0.10.1
[INFO] [stderr]    Compiling darling_macro v0.13.4
[INFO] [stderr]    Compiling miette v4.7.1
[INFO] [stderr]    Compiling tracing v0.1.37
[INFO] [stderr]    Compiling tracing-subscriber v0.3.16
[INFO] [stderr]    Compiling swc_ecma_testing v0.20.8
[INFO] [stderr]    Compiling darling v0.13.4
[INFO] [stderr]    Compiling ast_node v0.8.6
[INFO] [stderr]    Compiling swc_core v0.59.30
[INFO] [stderr]    Compiling swc_visit v0.5.4
[INFO] [stderr]    Compiling string_cache v0.8.4
[INFO] [stderr]    Compiling triomphe v0.1.8
[INFO] [stderr]    Compiling sourcemap v6.2.1
[INFO] [stderr]    Compiling swc_common v0.29.31
[INFO] [stderr]    Compiling swc_error_reporters v0.13.32
[INFO] [stderr]    Compiling testing v0.31.33
[INFO] [stderr]    Compiling swc_ecma_visit v0.82.5
[INFO] [stderr]    Compiling swc_ecma_parser v0.124.9
[INFO] [stderr]    Compiling swc_ecma_codegen v0.129.12
[INFO] [stderr]    Compiling swc_ecma_utils v0.107.9
[INFO] [stderr]    Compiling swc_ecma_transforms_base v0.116.9
[INFO] [stderr]    Compiling swc_ecma_transforms_testing v0.119.9
[INFO] [stderr]    Compiling swc-plugin-nullstack v0.1.0 (/opt/rustwide/workdir)
[INFO] [stderr]     Finished dev [unoptimized + debuginfo] target(s) in 35.78s
[INFO] running `Command { std: "docker" "inspect" "33d3ca4a5ce89312eecf85c52caf2a92eb65a44eca5c87450ac6692e6a3e7fa2", kill_on_drop: false }`
[INFO] running `Command { std: "docker" "rm" "-f" "33d3ca4a5ce89312eecf85c52caf2a92eb65a44eca5c87450ac6692e6a3e7fa2", kill_on_drop: false }`
[INFO] [stdout] 33d3ca4a5ce89312eecf85c52caf2a92eb65a44eca5c87450ac6692e6a3e7fa2
[INFO] running `Command { std: "docker" "create" "-v" "/var/lib/crater-agent-workspace/builds/worker-6-tc2/target:/opt/rustwide/target:rw,Z" "-v" "/var/lib/crater-agent-workspace/builds/worker-6-tc2/source:/opt/rustwide/workdir:ro,Z" "-v" "/var/lib/crater-agent-workspace/cargo-home:/opt/rustwide/cargo-home:ro,Z" "-v" "/var/lib/crater-agent-workspace/rustup-home:/opt/rustwide/rustup-home:ro,Z" "-e" "SOURCE_DIR=/opt/rustwide/workdir" "-e" "CARGO_TARGET_DIR=/opt/rustwide/target" "-e" "CARGO_INCREMENTAL=0" "-e" "RUST_BACKTRACE=full" "-e" "RUSTFLAGS=--cap-lints=warn" "-e" "RUSTDOCFLAGS=--cap-lints=warn" "-e" "CARGO_HOME=/opt/rustwide/cargo-home" "-e" "RUSTUP_HOME=/opt/rustwide/rustup-home" "-w" "/opt/rustwide/workdir" "-m" "1610612736" "--user" "0:0" "--network" "none" "ghcr.io/rust-lang/crates-build-env/linux@sha256:2788e3201cd34a07e3172128adcd8b3090168a8e3bcc40d7c032b9dda1df7d1c" "/opt/rustwide/cargo-home/bin/cargo" "+beta-2023-12-22" "test" "--frozen" "--no-run" "--message-format=json", kill_on_drop: false }`
[INFO] [stdout] 4353297f32e015d28835023346adf3e8710b89dc90e41eb5f977598a44831ef9
[INFO] running `Command { std: "docker" "start" "-a" "4353297f32e015d28835023346adf3e8710b89dc90e41eb5f977598a44831ef9", kill_on_drop: false }`
[INFO] [stderr]    Compiling swc-plugin-nullstack v0.1.0 (/opt/rustwide/workdir)
[INFO] [stderr]     Finished test [unoptimized + debuginfo] target(s) in 5.77s
[INFO] running `Command { std: "docker" "inspect" "4353297f32e015d28835023346adf3e8710b89dc90e41eb5f977598a44831ef9", kill_on_drop: false }`
[INFO] running `Command { std: "docker" "rm" "-f" "4353297f32e015d28835023346adf3e8710b89dc90e41eb5f977598a44831ef9", kill_on_drop: false }`
[INFO] [stdout] 4353297f32e015d28835023346adf3e8710b89dc90e41eb5f977598a44831ef9
[INFO] running `Command { std: "docker" "create" "-v" "/var/lib/crater-agent-workspace/builds/worker-6-tc2/target:/opt/rustwide/target:rw,Z" "-v" "/var/lib/crater-agent-workspace/builds/worker-6-tc2/source:/opt/rustwide/workdir:ro,Z" "-v" "/var/lib/crater-agent-workspace/cargo-home:/opt/rustwide/cargo-home:ro,Z" "-v" "/var/lib/crater-agent-workspace/rustup-home:/opt/rustwide/rustup-home:ro,Z" "-e" "SOURCE_DIR=/opt/rustwide/workdir" "-e" "CARGO_TARGET_DIR=/opt/rustwide/target" "-e" "CARGO_INCREMENTAL=0" "-e" "RUST_BACKTRACE=full" "-e" "RUSTFLAGS=--cap-lints=warn" "-e" "RUSTDOCFLAGS=--cap-lints=warn" "-e" "CARGO_HOME=/opt/rustwide/cargo-home" "-e" "RUSTUP_HOME=/opt/rustwide/rustup-home" "-w" "/opt/rustwide/workdir" "-m" "1610612736" "--user" "0:0" "--network" "none" "ghcr.io/rust-lang/crates-build-env/linux@sha256:2788e3201cd34a07e3172128adcd8b3090168a8e3bcc40d7c032b9dda1df7d1c" "/opt/rustwide/cargo-home/bin/cargo" "+beta-2023-12-22" "test" "--frozen", kill_on_drop: false }`
[INFO] [stdout] 3492e7df4dea38daaa20c84f5befd418677e6e6d132ff79ba2a6b6a95fe34bf4
[INFO] running `Command { std: "docker" "start" "-a" "3492e7df4dea38daaa20c84f5befd418677e6e6d132ff79ba2a6b6a95fe34bf4", kill_on_drop: false }`
[INFO] [stderr]     Finished test [unoptimized + debuginfo] target(s) in 0.12s
[INFO] [stderr]      Running unittests src/lib.rs (/opt/rustwide/target/debug/deps/swc_plugin_nullstack-e253789b1c96efc2)
[INFO] [stdout] 
[INFO] [stdout] running 86 tests
[INFO] [stdout] test tests::inject_inner_components_to_class::inject_inner_components ... ok
[INFO] [stdout] test tests::inject_hash_to_class::inject_prod_hash ... ok
[INFO] [stdout] test tests::inject_hash_to_class::inject_dev_hash ... ok
[INFO] [stdout] test tests::inject_hash_to_class::inject_dev_hash_ignoring_index ... ok
[INFO] [stdout] test tests::inject_hash_to_class::inject_dev_hash_export_default ... ok
[INFO] [stdout] test tests::inject_hash_to_class::inject_prod_hash_export_default ... ok
[INFO] [stdout] test tests::inject_hash_to_class::inject_prod_hash_ignoring_index ... ok
[INFO] [stdout] test tests::inject_inner_components_to_class::inject_inner_component_without_repeating ... ok
[INFO] [stdout] test tests::inject_hash_to_class::inject_dev_hash_with_multiple_classes ... ok
[INFO] [stdout] test tests::inject_hash_to_class::inject_prod_hash_with_multiple_classes ... ok
[INFO] [stdout] test tests::inject_accept_to_module::inject_accept ... ok
[INFO] [stdout] test tests::inject_accept_to_module::inject_accept_when_exporting_as_default ... ok
[INFO] [stdout] test tests::inject_accept_to_module::inject_accept_when_exporting_as_named ... ok
[INFO] [stdout] test tests::inject_inner_components_to_class::skip_inject_declared_functions ... ok
[INFO] [stdout] test tests::inject_accept_to_module::inject_multiple_accept ... ok
[INFO] [stdout] test tests::inject_inner_components_to_class::skip_inject_declared_variables ... ok
[INFO] [stdout] test tests::inject_inner_components_to_class::inject_inner_components_all_functions ... ok
[INFO] [stdout] test tests::inject_inner_components_to_class::inject_inner_components_with_top_renamed_destructured_params ... ok
[INFO] [stdout] test tests::inject_inner_components_to_class::inject_inner_components_when_declare_conflict ... ok
[INFO] [stdout] test tests::inject_accept_to_module::inject_multiple_imports ... ok
[INFO] [stdout] test tests::inject_inner_components_to_class::inject_inner_components_when_mixed_scopes ... ok
[INFO] [stdout] test tests::inject_inner_components_to_class::skip_inject_destructured_args ... ok
[INFO] [stdout] test tests::inject_inner_components_to_class::inject_inner_components_per_function ... ok
[INFO] [stdout] test tests::inject_inner_components_to_class::injects_inner_component_when_exporting_as_default ... ok
[INFO] [stdout] test tests::inject_inner_components_to_class::injects_inner_component_when_exporting_as_named ... ok
[INFO] [stdout] test tests::inject_inner_components_to_class::skip_inject_class_declr ... ok
[INFO] [stdout] test tests::inject_inner_components_to_class::inject_inner_components_with_top_renamed_destructured_const ... ok
[INFO] [stdout] test tests::inject_inner_components_to_class::skip_inject_for_regular_tags ... ok
[INFO] [stdout] test tests::inject_inner_components_to_class::skip_inject_import_default ... ok
[INFO] [stdout] test tests::inject_inner_components_to_class::skip_inject_inner_components_when_define_top_function ... ok
[INFO] [stdout] test tests::inject_inner_components_to_class::skip_inject_destructured_renamed_args ... ok
[INFO] [stdout] test tests::inject_inner_components_to_class::skip_inject_import_named_as_local ... ok
[INFO] [stdout] test tests::inject_inner_components_to_class::skip_inject_import_named ... ok
[INFO] [stdout] test tests::inject_inner_components_to_class::skip_inject_outter_components ... ok
[INFO] [stdout] test tests::inject_inner_components_to_class::skip_inject_import_namespace ... ok
[INFO] [stdout] test tests::inject_accept_to_module::inject_accept_with_initiate_hash ... ok
[INFO] [stdout] test tests::inject_inner_components_to_class::skip_inner_components_with_top_level_const ... ok
[INFO] [stdout] test tests::inject_inner_components_to_class::skip_inject_inner_components_when_define_top_function_constant ... ok
[INFO] [stdout] test tests::inject_source_to_events::skip_inject_source_to_node ... ok
[INFO] [stdout] test tests::inject_source_to_events::inject_source_to_node ... ok
[INFO] [stdout] test tests::inject_source_to_events::skip_inject_duplicated_source_to_node ... ok
[INFO] [stdout] test tests::remove_styles_on_server::remove_css ... ok
[INFO] [stdout] test tests::register_server_functions_on_server::register_server_functions_when_no_server_function ... ok
[INFO] [stdout] test tests::inject_restart_to_module::inject_restart_unusual_nullstack_ident ... ok
[INFO] [stdout] test tests::remove_styles_on_server::remove_sass ... ok
[INFO] [stdout] test tests::inject_restart_to_module::inject_restart ... ok
[INFO] [stdout] test tests::inject_inner_components_to_class::skip_inject_non_jsx_constants ... ok
[INFO] [stdout] test tests::inject_runtime_to_module::inject_runtime_to_functions ... ok
[INFO] [stdout] test tests::register_server_functions_on_server::register_server_functions_when_exported_as_default ... ok
[INFO] [stdout] test tests::remove_unused_from_client::keep_css_imports ... ok
[INFO] [stdout] test tests::inject_runtime_to_module::inject_runtime_to_classes ... ok
[INFO] [stdout] test tests::remove_unused_from_client::keep_imports_without_identifiers ... ok
[INFO] [stdout] test tests::remove_styles_on_server::remove_scss ... ok
[INFO] [stdout] test tests::remove_unused_from_client::keep_sass_imports ... ok
[INFO] [stdout] test tests::remove_unused_from_client::keep_runtime_import ... ok
[INFO] [stdout] test tests::remove_unused_from_client::remove_unused_import ... ok
[INFO] [stdout] test tests::inject_restart_to_module::inject_restart_unusual_application_ident ... ok
[INFO] [stdout] test tests::register_server_functions_on_server::register_server_functions ... ok
[INFO] [stdout] test tests::register_server_functions_on_server::register_server_functions_when_exported_as_named ... ok
[INFO] [stdout] test tests::remove_unused_from_client::keep_scss_imports ... ok
[INFO] [stdout] test tests::register_server_functions_on_server::register_classes_without_server_functions_with_multiple_classes ... ok
[INFO] [stdout] test tests::remove_unused_from_client::keep_used_when_jsx_conflict ... ok
[INFO] [stdout] test tests::remove_unused_from_client::remove_unused_when_this_conflict ... ok
[INFO] [stdout] test tests::remove_unused_from_client::remove_unused_when_member_conflict ... ok
[INFO] [stdout] test tests::remove_unused_from_client::remove_unused_when_redeclared_and_reused ... ok
[INFO] [stdout] test tests::remove_unused_from_client::keep_used_imports ... ok
[INFO] [stdout] test tests::register_server_functions_on_server::skip_register_server_functions_starting_with_underline ... ok
[INFO] [stdout] test tests::remove_unused_from_client::remove_unused_when_redeclared ... ok
[INFO] [stdout] test tests::replace_ref_on_attributes::replace_bind_array_with_private_index ... ok
[INFO] [stdout] test tests::replace_ref_on_attributes::replace_bind_array_with_literal_index ... ok
[INFO] [stdout] test tests::replace_ref_on_attributes::replace_bind_array_with_variable_index ... ok
[INFO] [stdout] test tests::register_server_functions_on_server::register_server_functions_with_multiple_classes ... ok
[INFO] [stdout] test tests::replace_ref_on_attributes::replace_ref_array_with_variable_index_map ... ok
[INFO] [stdout] test tests::replace_ref_on_attributes::replace_ref_array_with_variable_index ... ok
[INFO] [stdout] test tests::remove_unused_from_client::remove_unused_when_used_as_key ... ok
[INFO] [stdout] test tests::replace_server_functions_on_client::remove_server_functions_starting_with_underline ... ok
[INFO] [stdout] test tests::replace_server_functions_on_client::skip_inject_invoke_when_not_static ... ok
[INFO] [stdout] test tests::replace_ref_on_attributes::replace_ref_array_with_private_index ... ok
[INFO] [stdout] test tests::replace_ref_on_attributes::replace_ref_array_with_literal_index ... ok
[INFO] [stdout] test tests::replace_server_functions_on_client::skip_inject_invoke_when_not_async ... ok
[INFO] [stdout] test tests::replace_ref_on_attributes::replace_simple_bind ... ok
[INFO] [stdout] test tests::replace_ref_on_attributes::replace_ref_array_with_variable_index_on_variable ... ok
[INFO] [stdout] test tests::replace_server_functions_on_client::inject_invoke ... ok
[INFO] [stdout] test tests::replace_server_functions_on_client::inject_invoke_when_exported_as_named ... ok
[INFO] [stdout] test tests::replace_ref_on_attributes::replace_simple_ref ... ok
[INFO] [stdout] test tests::inject_inner_components_to_class::inject_inner_components_with_nested_tags ... FAILED
[INFO] [stdout] 
[INFO] [stdout] failures:
[INFO] [stdout] 
[INFO] [stdout] ---- tests::inject_inner_components_to_class::inject_inner_components_with_nested_tags stdout ----
[INFO] [stdout]   [32m INFO[0m  [32mDiagnostics will be printed to stderr as logging level is trace or debug[0m
[INFO] [stdout]     [2;3mat[0m /opt/rustwide/cargo-home/registry/src/index.crates.io-6f17d22bba15001f/testing-0.31.33/src/errors/stderr.rs:17
[INFO] [stdout] 
[INFO] [stdout] ----- Actual -----
[INFO] [stdout]   [34mDEBUG[0m  [34mRenaming `Component#1` to `Component`[0m
[INFO] [stdout]     [2;3mat[0m /opt/rustwide/cargo-home/registry/src/index.crates.io-6f17d22bba15001f/swc_ecma_transforms_base-0.116.9/src/rename/analyzer/scope.rs:183
[INFO] [stdout] 
[INFO] [stdout]   [34mDEBUG[0m  [34mRenaming `InnerWrapper#2` to `InnerWrapper`[0m
[INFO] [stdout]     [2;3mat[0m /opt/rustwide/cargo-home/registry/src/index.crates.io-6f17d22bba15001f/swc_ecma_transforms_base-0.116.9/src/rename/analyzer/scope.rs:183
[INFO] [stdout] 
[INFO] [stdout]   [34mDEBUG[0m  [34mRenaming `InnerComponent#2` to `InnerComponent`[0m
[INFO] [stdout]     [2;3mat[0m /opt/rustwide/cargo-home/registry/src/index.crates.io-6f17d22bba15001f/swc_ecma_transforms_base-0.116.9/src/rename/analyzer/scope.rs:183
[INFO] [stdout] 
[INFO] [stdout] SingleThreadedComments { leading: RefCell { value: {} }, trailing: RefCell { value: {} } }
[INFO] [stdout] SingleThreadedComments { leading: RefCell { value: {} }, trailing: RefCell { value: {} } }
[INFO] [stdout] >>>>> [32mOrig[0m <<<<<
[INFO] [stdout] 
[INFO] [stdout]         class Component {
[INFO] [stdout]             render() {
[INFO] [stdout]                 return <InnerWrapper><InnerComponent /></InnerWrapper>;
[INFO] [stdout]             }
[INFO] [stdout]         }
[INFO] [stdout]     
[INFO] [stdout] >>>>> [32mCode[0m <<<<<
[INFO] [stdout] class Component {
[INFO] [stdout]     render() {
[INFO] [stdout]         const InnerWrapper = this.renderInnerWrapper;
[INFO] [stdout]         const InnerComponent = this.renderInnerComponent;
[INFO] [stdout]         return <InnerWrapper><InnerComponent/></InnerWrapper>;
[INFO] [stdout]     }
[INFO] [stdout] }
[INFO] [stdout] 
[INFO] [stdout] thread 'tests::inject_inner_components_to_class::inject_inner_components_with_nested_tags' panicked at /opt/rustwide/cargo-home/registry/src/index.crates.io-6f17d22bba15001f/swc_ecma_transforms_testing-0.119.9/src/lib.rs:337:13:
[INFO] [stdout] assertion failed: `(left == right)`
[INFO] [stdout]             class Component {
[INFO] [stdout]     render() {
[INFO] [stdout] [92m        const InnerComponent = this.renderInnerComponent;[0m
[INFO] [stdout]         const InnerWrapper = this.renderInnerWrapper;
[INFO] [stdout] [91m        const InnerComponent = this.renderInnerComponent;[0m
[INFO] [stdout]         return <InnerWrapper><InnerComponent/></InnerWrapper>;
[INFO] [stdout]     }
[INFO] [stdout] }
[INFO] [stdout] 
[INFO] [stdout] 
[INFO] [stdout] stack backtrace:
[INFO] [stdout]    0:     0x5571cf638ed6 - std::backtrace_rs::backtrace::libunwind::trace::h261606ad26a499c1
[INFO] [stdout]                                at /rustc/0e09125c6c3c2fd70d7de961bcf0e51575235fad/library/std/src/../../backtrace/src/backtrace/libunwind.rs:104:5
[INFO] [stdout]    1:     0x5571cf638ed6 - std::backtrace_rs::backtrace::trace_unsynchronized::hd183f0625477fb28
[INFO] [stdout]                                at /rustc/0e09125c6c3c2fd70d7de961bcf0e51575235fad/library/std/src/../../backtrace/src/backtrace/mod.rs:66:5
[INFO] [stdout]    2:     0x5571cf638ed6 - std::sys_common::backtrace::_print_fmt::hd7f8fef21b4eda67
[INFO] [stdout]                                at /rustc/0e09125c6c3c2fd70d7de961bcf0e51575235fad/library/std/src/sys_common/backtrace.rs:68:5
[INFO] [stdout]    3:     0x5571cf638ed6 - <std::sys_common::backtrace::_print::DisplayBacktrace as core::fmt::Display>::fmt::h623d9b51f2f453f1
[INFO] [stdout]                                at /rustc/0e09125c6c3c2fd70d7de961bcf0e51575235fad/library/std/src/sys_common/backtrace.rs:44:22
[INFO] [stdout]    4:     0x5571cf663c30 - core::fmt::rt::Argument::fmt::h9f417ac76a86f368
[INFO] [stdout]                                at /rustc/0e09125c6c3c2fd70d7de961bcf0e51575235fad/library/core/src/fmt/rt.rs:142:9
[INFO] [stdout]    5:     0x5571cf663c30 - core::fmt::write::hc9b6faf4ac2aeff7
[INFO] [stdout]                                at /rustc/0e09125c6c3c2fd70d7de961bcf0e51575235fad/library/core/src/fmt/mod.rs:1120:17
[INFO] [stdout]    6:     0x5571cf63677f - std::io::Write::write_fmt::he04625a3a989fec3
[INFO] [stdout]                                at /rustc/0e09125c6c3c2fd70d7de961bcf0e51575235fad/library/std/src/io/mod.rs:1810:15
[INFO] [stdout]    7:     0x5571cf638cb4 - std::sys_common::backtrace::_print::hd5d66399c7df88a2
[INFO] [stdout]                                at /rustc/0e09125c6c3c2fd70d7de961bcf0e51575235fad/library/std/src/sys_common/backtrace.rs:47:5
[INFO] [stdout]    8:     0x5571cf638cb4 - std::sys_common::backtrace::print::he81ed2da642d37e5
[INFO] [stdout]                                at /rustc/0e09125c6c3c2fd70d7de961bcf0e51575235fad/library/std/src/sys_common/backtrace.rs:34:9
[INFO] [stdout]    9:     0x5571cf63aa27 - std::panicking::default_hook::{{closure}}::h85773f4fa117163d
[INFO] [stdout]   10:     0x5571cf63a70d - std::panicking::default_hook::h6a1694a91d09b278
[INFO] [stdout]                                at /rustc/0e09125c6c3c2fd70d7de961bcf0e51575235fad/library/std/src/panicking.rs:289:9
[INFO] [stdout]   11:     0x5571ced91d07 - <alloc::boxed::Box<F,A> as core::ops::function::Fn<Args>>::call::h616ac37fa3cd6c8f
[INFO] [stdout]                                at /rustc/0e09125c6c3c2fd70d7de961bcf0e51575235fad/library/alloc/src/boxed.rs:2029:9
[INFO] [stdout]   12:     0x5571ced91d07 - test::test_main::{{closure}}::h00d84697cefdcbb6
[INFO] [stdout]                                at /rustc/0e09125c6c3c2fd70d7de961bcf0e51575235fad/library/test/src/lib.rs:138:21
[INFO] [stdout]   13:     0x5571cf63b046 - <alloc::boxed::Box<F,A> as core::ops::function::Fn<Args>>::call::hcb3fe3b9bb537ba8
[INFO] [stdout]                                at /rustc/0e09125c6c3c2fd70d7de961bcf0e51575235fad/library/alloc/src/boxed.rs:2029:9
[INFO] [stdout]   14:     0x5571cf63b046 - std::panicking::rust_panic_with_hook::h0a7ad96e90f7145b
[INFO] [stdout]                                at /rustc/0e09125c6c3c2fd70d7de961bcf0e51575235fad/library/std/src/panicking.rs:783:13
[INFO] [stdout]   15:     0x5571cf63ad92 - std::panicking::begin_panic_handler::{{closure}}::h7919090525c6485e
[INFO] [stdout]                                at /rustc/0e09125c6c3c2fd70d7de961bcf0e51575235fad/library/std/src/panicking.rs:657:13
[INFO] [stdout]   16:     0x5571cf6393d6 - std::sys_common::backtrace::__rust_end_short_backtrace::hf3289479464f7dfe
[INFO] [stdout]                                at /rustc/0e09125c6c3c2fd70d7de961bcf0e51575235fad/library/std/src/sys_common/backtrace.rs:171:18
[INFO] [stdout]   17:     0x5571cf63aaf0 - rust_begin_unwind
[INFO] [stdout]                                at /rustc/0e09125c6c3c2fd70d7de961bcf0e51575235fad/library/std/src/panicking.rs:645:5
[INFO] [stdout]   18:     0x5571ceb74205 - core::panicking::panic_fmt::hcc9f77c5c132af55
[INFO] [stdout]                                at /rustc/0e09125c6c3c2fd70d7de961bcf0e51575235fad/library/core/src/panicking.rs:72:14
[INFO] [stdout]   19:     0x5571cec15516 - swc_ecma_transforms_testing::test_transform::{{closure}}::h553272e64dd194d0
[INFO] [stdout]                                at /opt/rustwide/cargo-home/registry/src/index.crates.io-6f17d22bba15001f/swc_ecma_transforms_testing-0.119.9/src/lib.rs:337:13
[INFO] [stdout]   20:     0x5571cec7bacd - swc_ecma_transforms_testing::Tester::run::{{closure}}::{{closure}}::{{closure}}::haa6ee0e06a4cc1ea
[INFO] [stdout]                                at /opt/rustwide/cargo-home/registry/src/index.crates.io-6f17d22bba15001f/swc_ecma_transforms_testing-0.119.9/src/lib.rs:64:21
[INFO] [stdout]   21:     0x5571cecf1276 - scoped_tls::ScopedKey<T>::set::hc59acc31e822a7f3
[INFO] [stdout]                                at /opt/rustwide/cargo-home/registry/src/index.crates.io-6f17d22bba15001f/scoped-tls-1.0.1/src/lib.rs:137:9
[INFO] [stdout]   22:     0x5571ced06be6 - better_scoped_tls::ScopedKey<T>::set::hb2e0d06c28190072
[INFO] [stdout]                                at /opt/rustwide/cargo-home/registry/src/index.crates.io-6f17d22bba15001f/better_scoped_tls-0.1.0/src/lib.rs:55:9
[INFO] [stdout]   23:     0x5571cec7871e - swc_ecma_transforms_testing::Tester::run::{{closure}}::{{closure}}::he3be033012d9060e
[INFO] [stdout]                                at /opt/rustwide/cargo-home/registry/src/index.crates.io-6f17d22bba15001f/swc_ecma_transforms_testing-0.119.9/src/lib.rs:63:17
[INFO] [stdout]   24:     0x5571cecf16f6 - scoped_tls::ScopedKey<T>::set::hc8c783932a3d1bdf
[INFO] [stdout]                                at /opt/rustwide/cargo-home/registry/src/index.crates.io-6f17d22bba15001f/scoped-tls-1.0.1/src/lib.rs:137:9
[INFO] [stdout]   25:     0x5571ced05386 - better_scoped_tls::ScopedKey<T>::set::h2449341988a9487f
[INFO] [stdout]                                at /opt/rustwide/cargo-home/registry/src/index.crates.io-6f17d22bba15001f/better_scoped_tls-0.1.0/src/lib.rs:55:9
[INFO] [stdout]   26:     0x5571cec70cf7 - swc_ecma_transforms_testing::Tester::run::{{closure}}::h09a7adae1377c322
[INFO] [stdout]                                at /opt/rustwide/cargo-home/registry/src/index.crates.io-6f17d22bba15001f/swc_ecma_transforms_testing-0.119.9/src/lib.rs:62:13
[INFO] [stdout]   27:     0x5571ced2ef5d - testing::run_test::{{closure}}::{{closure}}::he93dfbb31c70f28b
[INFO] [stdout]                                at /opt/rustwide/cargo-home/registry/src/index.crates.io-6f17d22bba15001f/testing-0.31.33/src/lib.rs:94:34
[INFO] [stdout]   28:     0x5571cecf3316 - scoped_tls::ScopedKey<T>::set::hd478c58752dd8a75
[INFO] [stdout]                                at /opt/rustwide/cargo-home/registry/src/index.crates.io-6f17d22bba15001f/scoped-tls-1.0.1/src/lib.rs:137:9
[INFO] [stdout]   29:     0x5571ced06586 - better_scoped_tls::ScopedKey<T>::set::h8f83a7337966ca40
[INFO] [stdout]                                at /opt/rustwide/cargo-home/registry/src/index.crates.io-6f17d22bba15001f/better_scoped_tls-0.1.0/src/lib.rs:55:9
[INFO] [stdout]   30:     0x5571ced2bddd - testing::run_test::{{closure}}::h6e0e10ade5e1b5f0
[INFO] [stdout]                                at /opt/rustwide/cargo-home/registry/src/index.crates.io-6f17d22bba15001f/testing-0.31.33/src/lib.rs:94:9
[INFO] [stdout]   31:     0x5571cecf6376 - scoped_tls::ScopedKey<T>::set::hf44bac6f1b48c69b
[INFO] [stdout]                                at /opt/rustwide/cargo-home/registry/src/index.crates.io-6f17d22bba15001f/scoped-tls-1.0.1/src/lib.rs:137:9
[INFO] [stdout]   32:     0x5571ced07286 - better_scoped_tls::ScopedKey<T>::set::hdf8701726db3edcb
[INFO] [stdout]                                at /opt/rustwide/cargo-home/registry/src/index.crates.io-6f17d22bba15001f/better_scoped_tls-0.1.0/src/lib.rs:55:9
[INFO] [stdout]   33:     0x5571ced1610b - testing::run_test::h14365e22a87137e2
[INFO] [stdout]                                at /opt/rustwide/cargo-home/registry/src/index.crates.io-6f17d22bba15001f/testing-0.31.33/src/lib.rs:93:18
[INFO] [stdout]   34:     0x5571cec6a1ab - swc_ecma_transforms_testing::Tester::run::h0e065ce47292af76
[INFO] [stdout]                                at /opt/rustwide/cargo-home/registry/src/index.crates.io-6f17d22bba15001f/swc_ecma_transforms_testing-0.119.9/src/lib.rs:61:19
[INFO] [stdout]   35:     0x5571cebece38 - swc_ecma_transforms_testing::test_transform::h90b5f5e2bfdc3087
[INFO] [stdout]                                at /opt/rustwide/cargo-home/registry/src/index.crates.io-6f17d22bba15001f/swc_ecma_transforms_testing-0.119.9/src/lib.rs:274:5
[INFO] [stdout]   36:     0x5571ced54349 - swc_plugin_nullstack::tests::inject_inner_components_to_class::inject_inner_components_with_nested_tags::h793403b1db53181f
[INFO] [stdout]                                at /opt/rustwide/cargo-home/registry/src/index.crates.io-6f17d22bba15001f/swc_ecma_transforms_testing-0.119.9/src/lib.rs:362:13
[INFO] [stdout]   37:     0x5571ced542e7 - swc_plugin_nullstack::tests::inject_inner_components_to_class::inject_inner_components_with_nested_tags::{{closure}}::hb54dc5ebafb56d0e
[INFO] [stdout]                                at /opt/rustwide/cargo-home/registry/src/index.crates.io-6f17d22bba15001f/swc_ecma_transforms_testing-0.119.9/src/lib.rs:361:24
[INFO] [stdout]   38:     0x5571cecd49f6 - core::ops::function::FnOnce::call_once::h4677df6f99328fbe
[INFO] [stdout]                                at /rustc/0e09125c6c3c2fd70d7de961bcf0e51575235fad/library/core/src/ops/function.rs:250:5
[INFO] [stdout]   39:     0x5571ced975df - core::ops::function::FnOnce::call_once::hd64d26f405258157
[INFO] [stdout]                                at /rustc/0e09125c6c3c2fd70d7de961bcf0e51575235fad/library/core/src/ops/function.rs:250:5
[INFO] [stdout]   40:     0x5571ced975df - test::__rust_begin_short_backtrace::he21b0b7a6d731bf9
[INFO] [stdout]                                at /rustc/0e09125c6c3c2fd70d7de961bcf0e51575235fad/library/test/src/lib.rs:627:18
[INFO] [stdout]   41:     0x5571ced96361 - test::run_test_in_process::{{closure}}::hf5c73986d7bdfde2
[INFO] [stdout]                                at /rustc/0e09125c6c3c2fd70d7de961bcf0e51575235fad/library/test/src/lib.rs:650:60
[INFO] [stdout]   42:     0x5571ced96361 - <core::panic::unwind_safe::AssertUnwindSafe<F> as core::ops::function::FnOnce<()>>::call_once::h330011ad032aadc0
[INFO] [stdout]                                at /rustc/0e09125c6c3c2fd70d7de961bcf0e51575235fad/library/core/src/panic/unwind_safe.rs:272:9
[INFO] [stdout]   43:     0x5571ced96361 - std::panicking::try::do_call::he61b0a958b795a41
[INFO] [stdout]                                at /rustc/0e09125c6c3c2fd70d7de961bcf0e51575235fad/library/std/src/panicking.rs:552:40
[INFO] [stdout]   44:     0x5571ced96361 - std::panicking::try::h7309da130f906eb7
[INFO] [stdout]                                at /rustc/0e09125c6c3c2fd70d7de961bcf0e51575235fad/library/std/src/panicking.rs:516:19
[INFO] [stdout]   45:     0x5571ced96361 - std::panic::catch_unwind::hc5c3a06fdaf0a92a
[INFO] [stdout]                                at /rustc/0e09125c6c3c2fd70d7de961bcf0e51575235fad/library/std/src/panic.rs:142:14
[INFO] [stdout]   46:     0x5571ced96361 - test::run_test_in_process::h7e7b7c71c3324e0f
[INFO] [stdout]                                at /rustc/0e09125c6c3c2fd70d7de961bcf0e51575235fad/library/test/src/lib.rs:650:27
[INFO] [stdout]   47:     0x5571ced96361 - test::run_test::{{closure}}::h1f509f28f5cf20b1
[INFO] [stdout]                                at /rustc/0e09125c6c3c2fd70d7de961bcf0e51575235fad/library/test/src/lib.rs:573:43
[INFO] [stdout]   48:     0x5571ced5d696 - test::run_test::{{closure}}::h1754218abf443f6d
[INFO] [stdout]                                at /rustc/0e09125c6c3c2fd70d7de961bcf0e51575235fad/library/test/src/lib.rs:601:41
[INFO] [stdout]   49:     0x5571ced5d696 - std::sys_common::backtrace::__rust_begin_short_backtrace::h2ee174b9d5954948
[INFO] [stdout]                                at /rustc/0e09125c6c3c2fd70d7de961bcf0e51575235fad/library/std/src/sys_common/backtrace.rs:155:18
[INFO] [stdout]   50:     0x5571ced626f7 - std::thread::Builder::spawn_unchecked_::{{closure}}::{{closure}}::hf60bee9c1a17ef09
[INFO] [stdout]                                at /rustc/0e09125c6c3c2fd70d7de961bcf0e51575235fad/library/std/src/thread/mod.rs:529:17
[INFO] [stdout]   51:     0x5571ced626f7 - <core::panic::unwind_safe::AssertUnwindSafe<F> as core::ops::function::FnOnce<()>>::call_once::h33d0dddec5216160
[INFO] [stdout]                                at /rustc/0e09125c6c3c2fd70d7de961bcf0e51575235fad/library/core/src/panic/unwind_safe.rs:272:9
[INFO] [stdout]   52:     0x5571ced626f7 - std::panicking::try::do_call::h144b3048b546f835
[INFO] [stdout]                                at /rustc/0e09125c6c3c2fd70d7de961bcf0e51575235fad/library/std/src/panicking.rs:552:40
[INFO] [stdout]   53:     0x5571ced626f7 - std::panicking::try::h978244d04646189f
[INFO] [stdout]                                at /rustc/0e09125c6c3c2fd70d7de961bcf0e51575235fad/library/std/src/panicking.rs:516:19
[INFO] [stdout]   54:     0x5571ced626f7 - std::panic::catch_unwind::hdf436369d188fe86
[INFO] [stdout]                                at /rustc/0e09125c6c3c2fd70d7de961bcf0e51575235fad/library/std/src/panic.rs:142:14
[INFO] [stdout]   55:     0x5571ced626f7 - std::thread::Builder::spawn_unchecked_::{{closure}}::h87329cbdd33c79ec
[INFO] [stdout]                                at /rustc/0e09125c6c3c2fd70d7de961bcf0e51575235fad/library/std/src/thread/mod.rs:528:30
[INFO] [stdout]   56:     0x5571ced626f7 - core::ops::function::FnOnce::call_once{{vtable.shim}}::h401abbe67897d450
[INFO] [stdout]                                at /rustc/0e09125c6c3c2fd70d7de961bcf0e51575235fad/library/core/src/ops/function.rs:250:5
[INFO] [stdout]   57:     0x5571cf63fca5 - <alloc::boxed::Box<F,A> as core::ops::function::FnOnce<Args>>::call_once::h5d7c8f150ab9c84c
[INFO] [stdout]                                at /rustc/0e09125c6c3c2fd70d7de961bcf0e51575235fad/library/alloc/src/boxed.rs:2015:9
[INFO] [stdout]   58:     0x5571cf63fca5 - <alloc::boxed::Box<F,A> as core::ops::function::FnOnce<Args>>::call_once::h570d5b005c242c15
[INFO] [stdout]                                at /rustc/0e09125c6c3c2fd70d7de961bcf0e51575235fad/library/alloc/src/boxed.rs:2015:9
[INFO] [stdout]   59:     0x5571cf63fca5 - std::sys::unix::thread::Thread::new::thread_start::h36b0a20c0b2361ad
[INFO] [stdout]                                at /rustc/0e09125c6c3c2fd70d7de961bcf0e51575235fad/library/std/src/sys/unix/thread.rs:108:17
[INFO] [stdout]   60:     0x7f7e70160ac3 - <unknown>
[INFO] [stdout]   61:     0x7f7e701f1bf4 - __clone
[INFO] [stdout]   62:                0x0 - <unknown>
[INFO] [stdout] 
[INFO] [stdout] 
[INFO] [stdout] failures:
[INFO] [stdout]     tests::inject_inner_components_to_class::inject_inner_components_with_nested_tags
[INFO] [stdout] 
[INFO] [stdout] test result: FAILED. 85 passed; 1 failed; 0 ignored; 0 measured; 0 filtered out; finished in 0.09s
[INFO] [stdout] 
[INFO] [stderr] error: test failed, to rerun pass `--lib`
[INFO] running `Command { std: "docker" "inspect" "3492e7df4dea38daaa20c84f5befd418677e6e6d132ff79ba2a6b6a95fe34bf4", kill_on_drop: false }`
[INFO] running `Command { std: "docker" "rm" "-f" "3492e7df4dea38daaa20c84f5befd418677e6e6d132ff79ba2a6b6a95fe34bf4", kill_on_drop: false }`
[INFO] [stdout] 3492e7df4dea38daaa20c84f5befd418677e6e6d132ff79ba2a6b6a95fe34bf4
