[INFO] cloning repository https://github.com/nseguin42/chatserver
[INFO] running `Command { std: "git" "-c" "credential.helper=" "-c" "credential.helper=/workspace/cargo-home/bin/git-credential-null" "clone" "--bare" "https://github.com/nseguin42/chatserver" "/workspace/cache/git-repos/https%3A%2F%2Fgithub.com%2Fnseguin42%2Fchatserver", kill_on_drop: false }`
[INFO] [stderr] Cloning into bare repository '/workspace/cache/git-repos/https%3A%2F%2Fgithub.com%2Fnseguin42%2Fchatserver'...
[INFO] running `Command { std: "git" "rev-parse" "HEAD", kill_on_drop: false }`
[INFO] [stdout] dc0c288a6976740bf7bf51fe653bb2065a32fc49
[INFO] testing nseguin42/chatserver against 1.75.0 for beta-1.76-1
[INFO] running `Command { std: "git" "clone" "/workspace/cache/git-repos/https%3A%2F%2Fgithub.com%2Fnseguin42%2Fchatserver" "/workspace/builds/worker-1-tc1/source", kill_on_drop: false }`
[INFO] [stderr] Cloning into '/workspace/builds/worker-1-tc1/source'...
[INFO] [stderr] done.
[INFO] validating manifest of git repo https://github.com/nseguin42/chatserver on toolchain 1.75.0
[INFO] running `Command { std: CARGO_HOME="/workspace/cargo-home" RUSTUP_HOME="/workspace/rustup-home" "/workspace/cargo-home/bin/cargo" "+1.75.0" "metadata" "--manifest-path" "Cargo.toml" "--no-deps", kill_on_drop: false }`
[INFO] started tweaking git repo https://github.com/nseguin42/chatserver
[INFO] finished tweaking git repo https://github.com/nseguin42/chatserver
[INFO] tweaked toml for git repo https://github.com/nseguin42/chatserver written to /workspace/builds/worker-1-tc1/source/Cargo.toml
[INFO] crate git repo https://github.com/nseguin42/chatserver already has a lockfile, it will not be regenerated
[INFO] running `Command { std: CARGO_HOME="/workspace/cargo-home" RUSTUP_HOME="/workspace/rustup-home" "/workspace/cargo-home/bin/cargo" "+1.75.0" "fetch" "--manifest-path" "Cargo.toml", kill_on_drop: false }`
[INFO] [stderr]     Updating crates.io index
[INFO] [stderr]  Downloading crates ...
[INFO] [stderr]   Downloaded dummy v0.4.1
[INFO] [stderr]   Downloaded enum-iterator-derive v1.1.0
[INFO] [stderr]   Downloaded postgres-derive v0.4.3
[INFO] [stderr]   Downloaded enum-iterator v1.3.0
[INFO] running `Command { std: "docker" "create" "-v" "/var/lib/crater-agent-workspace/builds/worker-1-tc1/target:/opt/rustwide/target:rw,Z" "-v" "/var/lib/crater-agent-workspace/builds/worker-1-tc1/source:/opt/rustwide/workdir:ro,Z" "-v" "/var/lib/crater-agent-workspace/cargo-home:/opt/rustwide/cargo-home:ro,Z" "-v" "/var/lib/crater-agent-workspace/rustup-home:/opt/rustwide/rustup-home:ro,Z" "-e" "SOURCE_DIR=/opt/rustwide/workdir" "-e" "CARGO_TARGET_DIR=/opt/rustwide/target" "-e" "CARGO_HOME=/opt/rustwide/cargo-home" "-e" "RUSTUP_HOME=/opt/rustwide/rustup-home" "-w" "/opt/rustwide/workdir" "-m" "1610612736" "--user" "0:0" "--network" "none" "ghcr.io/rust-lang/crates-build-env/linux@sha256:2788e3201cd34a07e3172128adcd8b3090168a8e3bcc40d7c032b9dda1df7d1c" "/opt/rustwide/cargo-home/bin/cargo" "+1.75.0" "metadata" "--no-deps" "--format-version=1", kill_on_drop: false }`
[INFO] [stdout] 8be103c75b520acdb7c02d10c0304e6b582f6cb2372a805f659e1dbaecd2b50b
[INFO] running `Command { std: "docker" "start" "-a" "8be103c75b520acdb7c02d10c0304e6b582f6cb2372a805f659e1dbaecd2b50b", kill_on_drop: false }`
[INFO] running `Command { std: "docker" "inspect" "8be103c75b520acdb7c02d10c0304e6b582f6cb2372a805f659e1dbaecd2b50b", kill_on_drop: false }`
[INFO] running `Command { std: "docker" "rm" "-f" "8be103c75b520acdb7c02d10c0304e6b582f6cb2372a805f659e1dbaecd2b50b", kill_on_drop: false }`
[INFO] [stdout] 8be103c75b520acdb7c02d10c0304e6b582f6cb2372a805f659e1dbaecd2b50b
[INFO] running `Command { std: "docker" "create" "-v" "/var/lib/crater-agent-workspace/builds/worker-1-tc1/target:/opt/rustwide/target:rw,Z" "-v" "/var/lib/crater-agent-workspace/builds/worker-1-tc1/source:/opt/rustwide/workdir:ro,Z" "-v" "/var/lib/crater-agent-workspace/cargo-home:/opt/rustwide/cargo-home:ro,Z" "-v" "/var/lib/crater-agent-workspace/rustup-home:/opt/rustwide/rustup-home:ro,Z" "-e" "SOURCE_DIR=/opt/rustwide/workdir" "-e" "CARGO_TARGET_DIR=/opt/rustwide/target" "-e" "CARGO_INCREMENTAL=0" "-e" "RUST_BACKTRACE=full" "-e" "RUSTFLAGS=--cap-lints=warn" "-e" "RUSTDOCFLAGS=--cap-lints=warn" "-e" "CARGO_HOME=/opt/rustwide/cargo-home" "-e" "RUSTUP_HOME=/opt/rustwide/rustup-home" "-w" "/opt/rustwide/workdir" "-m" "1610612736" "--user" "0:0" "--network" "none" "ghcr.io/rust-lang/crates-build-env/linux@sha256:2788e3201cd34a07e3172128adcd8b3090168a8e3bcc40d7c032b9dda1df7d1c" "/opt/rustwide/cargo-home/bin/cargo" "+1.75.0" "build" "--frozen" "--message-format=json", kill_on_drop: false }`
[INFO] [stdout] 474690c2d884257c467b13f62b4d658b6d08b300485f7b7fd5d0e0a33f5bdce9
[INFO] running `Command { std: "docker" "start" "-a" "474690c2d884257c467b13f62b4d658b6d08b300485f7b7fd5d0e0a33f5bdce9", kill_on_drop: false }`
[INFO] [stderr]    Compiling proc-macro2 v1.0.51
[INFO] [stderr]    Compiling unicode-ident v1.0.6
[INFO] [stderr]    Compiling quote v1.0.23
[INFO] [stderr]    Compiling syn v1.0.107
[INFO] [stderr]    Compiling libc v0.2.139
[INFO] [stderr]    Compiling cfg-if v1.0.0
[INFO] [stderr]    Compiling version_check v0.9.4
[INFO] [stderr]    Compiling autocfg v1.1.0
[INFO] [stderr]    Compiling memchr v2.5.0
[INFO] [stderr]    Compiling pin-project-lite v0.2.9
[INFO] [stderr]    Compiling futures-core v0.3.26
[INFO] [stderr]    Compiling log v0.4.17
[INFO] [stderr]    Compiling value-bag v1.0.0-alpha.9
[INFO] [stderr]    Compiling bytes v1.4.0
[INFO] [stderr]    Compiling typenum v1.16.0
[INFO] [stderr]    Compiling generic-array v0.14.6
[INFO] [stderr]    Compiling futures-sink v0.3.26
[INFO] [stderr]    Compiling lock_api v0.4.9
[INFO] [stderr]    Compiling slab v0.4.7
[INFO] [stderr]    Compiling futures-channel v0.3.26
[INFO] [stderr]    Compiling futures-task v0.3.26
[INFO] [stderr]    Compiling jobserver v0.1.25
[INFO] [stderr]    Compiling itoa v1.0.5
[INFO] [stderr]    Compiling parking_lot_core v0.9.7
[INFO] [stderr]    Compiling fnv v1.0.7
[INFO] [stderr]    Compiling once_cell v1.17.0
[INFO] [stderr]    Compiling futures-util v0.3.26
[INFO] [stderr]    Compiling scopeguard v1.1.0
[INFO] [stderr]    Compiling smallvec v1.10.0
[INFO] [stderr]    Compiling cc v1.0.79
[INFO] [stderr]    Compiling tokio v1.25.0
[INFO] [stderr]    Compiling serde_derive v1.0.152
[INFO] [stderr]    Compiling futures-io v0.3.26
[INFO] [stderr]    Compiling pin-utils v0.1.0
[INFO] [stderr]    Compiling parking_lot v0.12.1
[INFO] [stderr]    Compiling tracing-core v0.1.30
[INFO] [stderr]    Compiling num_cpus v1.15.0
[INFO] [stderr]    Compiling signal-hook-registry v1.4.1
[INFO] [stderr]    Compiling getrandom v0.2.8
[INFO] [stderr]    Compiling socket2 v0.4.7
[INFO] [stderr]    Compiling subtle v2.4.1
[INFO] [stderr]    Compiling serde v1.0.152
[INFO] [stderr]    Compiling tinyvec_macros v0.1.1
[INFO] [stderr]    Compiling tinyvec v1.6.0
[INFO] [stderr]    Compiling rand_core v0.6.4
[INFO] [stderr]    Compiling crypto-common v0.1.6
[INFO] [stderr]    Compiling block-buffer v0.10.3
[INFO] [stderr]    Compiling ppv-lite86 v0.2.17
[INFO] [stderr]    Compiling pkg-config v0.3.26
[INFO] [stderr]    Compiling aho-corasick v0.7.20
[INFO] [stderr]    Compiling digest v0.10.6
[INFO] [stderr]    Compiling percent-encoding v2.2.0
[INFO] [stderr]    Compiling unicode-bidi v0.3.10
[INFO] [stderr]    Compiling cpufeatures v0.2.5
[INFO] [stderr]    Compiling regex-syntax v0.6.28
[INFO] [stderr]    Compiling http v0.2.8
[INFO] [stderr]    Compiling rand_chacha v0.3.1
[INFO] [stderr]    Compiling zstd-sys v2.0.7+zstd.1.5.4
[INFO] [stderr]    Compiling unicode-normalization v0.1.22
[INFO] [stderr]    Compiling rand v0.8.5
[INFO] [stderr]    Compiling time-core v0.1.0
[INFO] [stderr]    Compiling paste v1.0.11
[INFO] [stderr]    Compiling adler v1.0.2
[INFO] [stderr]    Compiling miniz_oxide v0.6.2
[INFO] [stderr]    Compiling time-macros v0.2.6
[INFO] [stderr]    Compiling bytestring v1.2.0
[INFO] [stderr]    Compiling indexmap v1.9.2
[INFO] [stderr]    Compiling crc32fast v1.3.2
[INFO] [stderr]    Compiling zstd-safe v6.0.4+zstd.1.5.4
[INFO] [stderr]    Compiling alloc-no-stdlib v2.0.4
[INFO] [stderr]    Compiling proc-macro2 v0.4.30
[INFO] [stderr]    Compiling local-waker v0.1.3
[INFO] [stderr]    Compiling num_threads v0.1.6
[INFO] [stderr]    Compiling regex v1.7.1
[INFO] [stderr]    Compiling alloc-stdlib v0.2.2
[INFO] [stderr]    Compiling num-traits v0.2.15
[INFO] [stderr]    Compiling ahash v0.7.6
[INFO] [stderr]    Compiling unicode-xid v0.1.0
[INFO] [stderr]    Compiling httparse v1.8.0
[INFO] [stderr]    Compiling crossbeam-utils v0.8.14
[INFO] [stderr]    Compiling bitflags v1.3.2
[INFO] [stderr]    Compiling hashbrown v0.12.3
[INFO] [stderr]    Compiling strsim v0.10.0
[INFO] [stderr]    Compiling ident_case v1.0.1
[INFO] [stderr]    Compiling tracing v0.1.37
[INFO] [stderr]    Compiling darling_core v0.13.4
[INFO] [stderr]    Compiling actix-service v2.0.2
[INFO] [stderr]    Compiling brotli-decompressor v2.3.4
[INFO] [stderr]    Compiling actix-utils v3.0.1
[INFO] [stderr]    Compiling form_urlencoded v1.1.0
[INFO] [stderr]    Compiling num-integer v0.1.45
[INFO] [stderr]    Compiling cookie v0.16.2
[INFO] [stderr]    Compiling ryu v1.0.12
[INFO] [stderr]    Compiling convert_case v0.4.0
[INFO] [stderr]    Compiling async-trait v0.1.64
[INFO] [stderr]    Compiling serde_json v1.0.93
[INFO] [stderr]    Compiling ctor v0.1.26
[INFO] [stderr]    Compiling futures-macro v0.3.26
[INFO] [stderr]    Compiling tokio-macros v1.8.2
[INFO] [stderr]    Compiling actix-macros v0.2.3
[INFO] [stderr]    Compiling mio v0.8.5
[INFO] [stderr]    Compiling syn v0.15.44
[INFO] [stderr]    Compiling darling_macro v0.13.4
[INFO] [stderr]    Compiling derive_more v0.99.17
[INFO] [stderr]    Compiling brotli v3.3.4
[INFO] [stderr]    Compiling actix-router v0.5.1
[INFO] [stderr]    Compiling flate2 v1.0.25
[INFO] [stderr]    Compiling quote v0.6.13
[INFO] [stderr]    Compiling stringprep v0.1.2
[INFO] [stderr]    Compiling idna v0.3.0
[INFO] [stderr]    Compiling sha1 v0.10.5
[INFO] [stderr]    Compiling sha2 v0.10.6
[INFO] [stderr]    Compiling hmac v0.12.1
[INFO] [stderr]    Compiling md-5 v0.10.5
[INFO] [stderr]    Compiling backtrace v0.3.67
[INFO] [stderr]    Compiling local-channel v0.1.3
[INFO] [stderr]    Compiling encoding_rs v0.8.32
[INFO] [stderr]    Compiling siphasher v0.3.10
[INFO] [stderr]    Compiling quick-error v1.2.3
[INFO] [stderr]    Compiling base64 v0.13.1
[INFO] [stderr]    Compiling base64 v0.21.0
[INFO] [stderr]    Compiling byteorder v1.4.3
[INFO] [stderr]    Compiling language-tags v0.3.2
[INFO] [stderr]    Compiling fallible-iterator v0.2.0
[INFO] [stderr]    Compiling httpdate v1.0.2
[INFO] [stderr]    Compiling gimli v0.27.1
[INFO] [stderr]    Compiling mime v0.3.16
[INFO] [stderr]    Compiling postgres-protocol v0.6.4
[INFO] [stderr]    Compiling humantime v1.3.0
[INFO] [stderr]    Compiling phf_shared v0.11.1
[INFO] [stderr]    Compiling tokio-util v0.7.6
[INFO] [stderr]    Compiling actix-rt v2.8.0
[INFO] [stderr]    Compiling h2 v0.3.15
[INFO] [stderr]    Compiling actix-codec v0.5.0
[INFO] [stderr]    Compiling actix-server v2.2.0
[INFO] [stderr]    Compiling futures-executor v0.3.26
[INFO] [stderr]    Compiling url v2.3.1
[INFO] [stderr]    Compiling crossbeam-channel v0.5.6
[INFO] [stderr]    Compiling time v0.3.17
[INFO] [stderr]    Compiling serde_urlencoded v0.7.1
[INFO] [stderr]    Compiling addr2line v0.19.0
[INFO] [stderr]    Compiling actix-web-codegen v4.1.0
[INFO] [stderr]    Compiling darling v0.13.4
[INFO] [stderr]    Compiling postgres-derive v0.4.3
[INFO] [stderr]    Compiling actix_derive v0.6.0
[INFO] [stderr]    Compiling atty v0.2.14
[INFO] [stderr]    Compiling object v0.30.3
[INFO] [stderr]    Compiling termcolor v1.2.0
[INFO] [stderr]    Compiling rustc-demangle v0.1.21
[INFO] [stderr]    Compiling array-init v2.1.0
[INFO] [stderr]    Compiling actix v0.13.0
[INFO] [stderr]    Compiling postgres-types v0.2.4
[INFO] [stderr]    Compiling env_logger v0.7.1
[INFO] [stderr]    Compiling chrono v0.4.23
[INFO] [stderr]    Compiling dummy v0.4.1
[INFO] [stderr]    Compiling futures v0.3.26
[INFO] [stderr]    Compiling phf v0.11.1
[INFO] [stderr]    Compiling enum-iterator-derive v1.1.0
[INFO] [stderr]    Compiling test-context-macros v0.1.4
[INFO] [stderr]    Compiling tokio-postgres v0.7.7
[INFO] [stderr]    Compiling fake v2.5.0
[INFO] [stderr]    Compiling test-context v0.1.4
[INFO] [stderr]    Compiling pretty_env_logger v0.4.0
[INFO] [stderr]    Compiling num-derive v0.3.3
[INFO] [stderr]    Compiling enum-iterator v1.3.0
[INFO] [stderr]    Compiling async-log-attributes v1.0.1
[INFO] [stderr]    Compiling async-log v2.0.0
[INFO] [stderr]    Compiling zstd v0.12.3+zstd.1.5.2
[INFO] [stderr]    Compiling actix-http v3.3.0
[INFO] [stderr]    Compiling actix-web v4.3.0
[INFO] [stderr]    Compiling actix-web-actors v4.2.0
[INFO] [stderr]    Compiling chatserver v0.1.0 (/opt/rustwide/workdir)
[INFO] [stdout] warning: unused import: `tokio::count`
[INFO] [stdout]  --> src/api/channel.rs:2:5
[INFO] [stdout]   |
[INFO] [stdout] 2 | use tokio::count;
[INFO] [stdout]   |     ^^^^^^^^^^^^
[INFO] [stdout]   |
[INFO] [stdout]   = note: `#[warn(unused_imports)]` on by default
[INFO] [stdout] 
[INFO] [stdout] 
[INFO] [stdout] warning: unused import: `actix_web::web::service`
[INFO] [stdout]  --> src/server/mod.rs:4:5
[INFO] [stdout]   |
[INFO] [stdout] 4 | use actix_web::web::service;
[INFO] [stdout]   |     ^^^^^^^^^^^^^^^^^^^^^^^
[INFO] [stdout] 
[INFO] [stdout] 
[INFO] [stdout] warning: unused import: `actix::ActorStreamExt`
[INFO] [stdout]  --> src/utils/repo_statement.rs:3:5
[INFO] [stdout]   |
[INFO] [stdout] 3 | use actix::ActorStreamExt;
[INFO] [stdout]   |     ^^^^^^^^^^^^^^^^^^^^^
[INFO] [stdout] 
[INFO] [stdout] 
[INFO] [stdout] warning: fields `config` and `repo` are never read
[INFO] [stdout]   --> src/api/tests.rs:15:16
[INFO] [stdout]    |
[INFO] [stdout] 14 | pub(crate) struct ServerTestContext {
[INFO] [stdout]    |                   ----------------- fields in this struct
[INFO] [stdout] 15 |     pub(crate) config: Config,
[INFO] [stdout]    |                ^^^^^^
[INFO] [stdout] 16 |     repo: Arc<ChatMessageRepository>,
[INFO] [stdout]    |     ^^^^
[INFO] [stdout]    |
[INFO] [stdout]    = note: `ServerTestContext` has a derived impl for the trait `Debug`, but this is intentionally ignored during dead code analysis
[INFO] [stdout]    = note: `#[warn(dead_code)]` on by default
[INFO] [stdout] 
[INFO] [stdout] 
[INFO] [stdout] warning: function `setup_app` is never used
[INFO] [stdout]   --> src/api/tests.rs:35:21
[INFO] [stdout]    |
[INFO] [stdout] 35 | pub(crate) async fn setup_app(
[INFO] [stdout]    |                     ^^^^^^^^^
[INFO] [stdout] 
[INFO] [stdout] 
[INFO] [stdout] warning: associated items `new`, `from_key`, and `get` are never used
[INFO] [stdout]   --> src/config.rs:16:8
[INFO] [stdout]    |
[INFO] [stdout] 15 | impl Config {
[INFO] [stdout]    | ----------- associated items in this implementation
[INFO] [stdout] 16 |     fn new(json: JsonValue) -> Self {
[INFO] [stdout]    |        ^^^
[INFO] [stdout] ...
[INFO] [stdout] 20 |     fn from_key(json: JsonValue, key: &str) -> Result<Self, Error> {
[INFO] [stdout]    |        ^^^^^^^^
[INFO] [stdout] ...
[INFO] [stdout] 25 |     pub(crate) fn get(self, key: &str) -> Result<Self, Error> {
[INFO] [stdout]    |                   ^^^
[INFO] [stdout] 
[INFO] [stdout] 
[INFO] [stdout] warning: field `created_at` is never read
[INFO] [stdout]   --> src/models/chat_stream.rs:12:16
[INFO] [stdout]    |
[INFO] [stdout] 11 | pub(crate) struct ChatStream<'a> {
[INFO] [stdout]    |                   ---------- field in this struct
[INFO] [stdout] 12 |     pub(crate) created_at: OffsetDateTime,
[INFO] [stdout]    |                ^^^^^^^^^^
[INFO] [stdout] 
[INFO] [stdout] 
[INFO] [stdout] warning: associated items `new`, `with_adapter`, `start`, `stop`, and `await_next` are never used
[INFO] [stdout]   --> src/models/chat_stream.rs:18:19
[INFO] [stdout]    |
[INFO] [stdout] 17 | impl<'a> ChatStream<'a> {
[INFO] [stdout]    | ----------------------- associated items in this implementation
[INFO] [stdout] 18 |     pub(crate) fn new<T>(stream: T) -> Self
[INFO] [stdout]    |                   ^^^
[INFO] [stdout] ...
[INFO] [stdout] 32 |     pub(crate) fn with_adapter<T, F>(stream: T, adapter: F) -> Self
[INFO] [stdout]    |                   ^^^^^^^^^^^^
[INFO] [stdout] ...
[INFO] [stdout] 46 |     pub(crate) async fn start(&self) {
[INFO] [stdout]    |                         ^^^^^
[INFO] [stdout] ...
[INFO] [stdout] 50 |     pub(crate) async fn stop(&self) {
[INFO] [stdout]    |                         ^^^^
[INFO] [stdout] ...
[INFO] [stdout] 54 |     pub(crate) async fn await_next(&mut self) -> Option<ChatMessage> {
[INFO] [stdout]    |                         ^^^^^^^^^^
[INFO] [stdout] 
[INFO] [stdout] 
[INFO] [stdout] warning: methods `prepare` and `to_statement` are never used
[INFO] [stdout]   --> src/utils/repo_statement.rs:48:25
[INFO] [stdout]    |
[INFO] [stdout] 39 | impl RepoStatement {
[INFO] [stdout]    | ------------------ methods in this implementation
[INFO] [stdout] ...
[INFO] [stdout] 48 |     pub(crate) async fn prepare(&mut self, client: &Client) -> Result<(), Error> {
[INFO] [stdout]    |                         ^^^^^^^
[INFO] [stdout] ...
[INFO] [stdout] 66 |     fn to_statement(&self) -> &dyn ToStatement {
[INFO] [stdout]    |        ^^^^^^^^^^^^
[INFO] [stdout] 
[INFO] [stdout] 
[INFO] [stdout] warning: 9 warnings emitted
[INFO] [stdout] 
[INFO] [stdout] 
[INFO] [stdout] warning: unused import: `tokio::count`
[INFO] [stdout]  --> src/api/channel.rs:2:5
[INFO] [stdout]   |
[INFO] [stdout] 2 | use tokio::count;
[INFO] [stdout]   |     ^^^^^^^^^^^^
[INFO] [stdout]   |
[INFO] [stdout]   = note: `#[warn(unused_imports)]` on by default
[INFO] [stdout] 
[INFO] [stdout] 
[INFO] [stdout] warning: unused import: `actix_web::web::service`
[INFO] [stdout]  --> src/server/mod.rs:4:5
[INFO] [stdout]   |
[INFO] [stdout] 4 | use actix_web::web::service;
[INFO] [stdout]   |     ^^^^^^^^^^^^^^^^^^^^^^^
[INFO] [stdout] 
[INFO] [stdout] 
[INFO] [stdout] warning: unused import: `actix::ActorStreamExt`
[INFO] [stdout]  --> src/utils/repo_statement.rs:3:5
[INFO] [stdout]   |
[INFO] [stdout] 3 | use actix::ActorStreamExt;
[INFO] [stdout]   |     ^^^^^^^^^^^^^^^^^^^^^
[INFO] [stdout] 
[INFO] [stdout] 
[INFO] [stdout] warning: 3 warnings emitted
[INFO] [stdout] 
[INFO] [stdout] 
[INFO] [stderr]     Finished dev [unoptimized + debuginfo] target(s) in 40.13s
[INFO] running `Command { std: "docker" "inspect" "474690c2d884257c467b13f62b4d658b6d08b300485f7b7fd5d0e0a33f5bdce9", kill_on_drop: false }`
[INFO] running `Command { std: "docker" "rm" "-f" "474690c2d884257c467b13f62b4d658b6d08b300485f7b7fd5d0e0a33f5bdce9", kill_on_drop: false }`
[INFO] [stdout] 474690c2d884257c467b13f62b4d658b6d08b300485f7b7fd5d0e0a33f5bdce9
[INFO] running `Command { std: "docker" "create" "-v" "/var/lib/crater-agent-workspace/builds/worker-1-tc1/target:/opt/rustwide/target:rw,Z" "-v" "/var/lib/crater-agent-workspace/builds/worker-1-tc1/source:/opt/rustwide/workdir:ro,Z" "-v" "/var/lib/crater-agent-workspace/cargo-home:/opt/rustwide/cargo-home:ro,Z" "-v" "/var/lib/crater-agent-workspace/rustup-home:/opt/rustwide/rustup-home:ro,Z" "-e" "SOURCE_DIR=/opt/rustwide/workdir" "-e" "CARGO_TARGET_DIR=/opt/rustwide/target" "-e" "CARGO_INCREMENTAL=0" "-e" "RUST_BACKTRACE=full" "-e" "RUSTFLAGS=--cap-lints=warn" "-e" "RUSTDOCFLAGS=--cap-lints=warn" "-e" "CARGO_HOME=/opt/rustwide/cargo-home" "-e" "RUSTUP_HOME=/opt/rustwide/rustup-home" "-w" "/opt/rustwide/workdir" "-m" "1610612736" "--user" "0:0" "--network" "none" "ghcr.io/rust-lang/crates-build-env/linux@sha256:2788e3201cd34a07e3172128adcd8b3090168a8e3bcc40d7c032b9dda1df7d1c" "/opt/rustwide/cargo-home/bin/cargo" "+1.75.0" "test" "--frozen" "--no-run" "--message-format=json", kill_on_drop: false }`
[INFO] [stdout] 0d25b151e1f2e76e8356cc9bc0544522f5476e26df3a18e618cb811e4e544201
[INFO] running `Command { std: "docker" "start" "-a" "0d25b151e1f2e76e8356cc9bc0544522f5476e26df3a18e618cb811e4e544201", kill_on_drop: false }`
[INFO] [stderr]    Compiling cargo-husky v1.5.0
[INFO] [stdout] warning: unused import: `tokio::count`
[INFO] [stdout]  --> src/api/channel.rs:2:5
[INFO] [stdout]   |
[INFO] [stdout] 2 | use tokio::count;
[INFO] [stdout]   |     ^^^^^^^^^^^^
[INFO] [stdout]   |
[INFO] [stdout]   = note: `#[warn(unused_imports)]` on by default
[INFO] [stdout] 
[INFO] [stdout] 
[INFO] [stdout] warning: unused import: `actix_web::web::service`
[INFO] [stdout]  --> src/server/mod.rs:4:5
[INFO] [stdout]   |
[INFO] [stdout] 4 | use actix_web::web::service;
[INFO] [stdout]   |     ^^^^^^^^^^^^^^^^^^^^^^^
[INFO] [stdout] 
[INFO] [stdout] 
[INFO] [stdout] warning: unused import: `actix::ActorStreamExt`
[INFO] [stdout]  --> src/utils/repo_statement.rs:3:5
[INFO] [stdout]   |
[INFO] [stdout] 3 | use actix::ActorStreamExt;
[INFO] [stdout]   |     ^^^^^^^^^^^^^^^^^^^^^
[INFO] [stdout] 
[INFO] [stdout] 
[INFO] [stdout] warning: fields `config` and `repo` are never read
[INFO] [stdout]   --> src/api/tests.rs:15:16
[INFO] [stdout]    |
[INFO] [stdout] 14 | pub(crate) struct ServerTestContext {
[INFO] [stdout]    |                   ----------------- fields in this struct
[INFO] [stdout] 15 |     pub(crate) config: Config,
[INFO] [stdout]    |                ^^^^^^
[INFO] [stdout] 16 |     repo: Arc<ChatMessageRepository>,
[INFO] [stdout]    |     ^^^^
[INFO] [stdout]    |
[INFO] [stdout]    = note: `ServerTestContext` has a derived impl for the trait `Debug`, but this is intentionally ignored during dead code analysis
[INFO] [stdout]    = note: `#[warn(dead_code)]` on by default
[INFO] [stdout] 
[INFO] [stdout] 
[INFO] [stdout] warning: function `setup_app` is never used
[INFO] [stdout]   --> src/api/tests.rs:35:21
[INFO] [stdout]    |
[INFO] [stdout] 35 | pub(crate) async fn setup_app(
[INFO] [stdout]    |                     ^^^^^^^^^
[INFO] [stdout] 
[INFO] [stdout] 
[INFO] [stdout] warning: associated items `new`, `from_key`, and `get` are never used
[INFO] [stdout]   --> src/config.rs:16:8
[INFO] [stdout]    |
[INFO] [stdout] 15 | impl Config {
[INFO] [stdout]    | ----------- associated items in this implementation
[INFO] [stdout] 16 |     fn new(json: JsonValue) -> Self {
[INFO] [stdout]    |        ^^^
[INFO] [stdout] ...
[INFO] [stdout] 20 |     fn from_key(json: JsonValue, key: &str) -> Result<Self, Error> {
[INFO] [stdout]    |        ^^^^^^^^
[INFO] [stdout] ...
[INFO] [stdout] 25 |     pub(crate) fn get(self, key: &str) -> Result<Self, Error> {
[INFO] [stdout]    |                   ^^^
[INFO] [stdout] 
[INFO] [stdout] 
[INFO] [stdout] warning: field `created_at` is never read
[INFO] [stdout]   --> src/models/chat_stream.rs:12:16
[INFO] [stdout]    |
[INFO] [stdout] 11 | pub(crate) struct ChatStream<'a> {
[INFO] [stdout]    |                   ---------- field in this struct
[INFO] [stdout] 12 |     pub(crate) created_at: OffsetDateTime,
[INFO] [stdout]    |                ^^^^^^^^^^
[INFO] [stdout] 
[INFO] [stdout] 
[INFO] [stdout] warning: associated items `new`, `with_adapter`, `start`, `stop`, and `await_next` are never used
[INFO] [stdout]   --> src/models/chat_stream.rs:18:19
[INFO] [stdout]    |
[INFO] [stdout] 17 | impl<'a> ChatStream<'a> {
[INFO] [stdout]    | ----------------------- associated items in this implementation
[INFO] [stdout] 18 |     pub(crate) fn new<T>(stream: T) -> Self
[INFO] [stdout]    |                   ^^^
[INFO] [stdout] ...
[INFO] [stdout] 32 |     pub(crate) fn with_adapter<T, F>(stream: T, adapter: F) -> Self
[INFO] [stdout]    |                   ^^^^^^^^^^^^
[INFO] [stdout] ...
[INFO] [stdout] 46 |     pub(crate) async fn start(&self) {
[INFO] [stdout]    |                         ^^^^^
[INFO] [stdout] ...
[INFO] [stdout] 50 |     pub(crate) async fn stop(&self) {
[INFO] [stdout]    |                         ^^^^
[INFO] [stdout] ...
[INFO] [stdout] 54 |     pub(crate) async fn await_next(&mut self) -> Option<ChatMessage> {
[INFO] [stdout]    |                         ^^^^^^^^^^
[INFO] [stdout] 
[INFO] [stdout] 
[INFO] [stdout] warning: methods `prepare` and `to_statement` are never used
[INFO] [stdout]   --> src/utils/repo_statement.rs:48:25
[INFO] [stdout]    |
[INFO] [stdout] 39 | impl RepoStatement {
[INFO] [stdout]    | ------------------ methods in this implementation
[INFO] [stdout] ...
[INFO] [stdout] 48 |     pub(crate) async fn prepare(&mut self, client: &Client) -> Result<(), Error> {
[INFO] [stdout]    |                         ^^^^^^^
[INFO] [stdout] ...
[INFO] [stdout] 66 |     fn to_statement(&self) -> &dyn ToStatement {
[INFO] [stdout]    |        ^^^^^^^^^^^^
[INFO] [stdout] 
[INFO] [stdout] 
[INFO] [stdout] warning: 9 warnings emitted
[INFO] [stdout] 
[INFO] [stdout] 
[INFO] [stdout] warning: unused import: `tokio::count`
[INFO] [stdout]  --> src/api/channel.rs:2:5
[INFO] [stdout]   |
[INFO] [stdout] 2 | use tokio::count;
[INFO] [stdout]   |     ^^^^^^^^^^^^
[INFO] [stdout]   |
[INFO] [stdout]   = note: `#[warn(unused_imports)]` on by default
[INFO] [stdout] 
[INFO] [stdout] 
[INFO] [stdout] warning: unused import: `actix_web::web::service`
[INFO] [stdout]  --> src/server/mod.rs:4:5
[INFO] [stdout]   |
[INFO] [stdout] 4 | use actix_web::web::service;
[INFO] [stdout]   |     ^^^^^^^^^^^^^^^^^^^^^^^
[INFO] [stdout] 
[INFO] [stdout] 
[INFO] [stdout] warning: unused import: `actix::ActorStreamExt`
[INFO] [stdout]  --> src/utils/repo_statement.rs:3:5
[INFO] [stdout]   |
[INFO] [stdout] 3 | use actix::ActorStreamExt;
[INFO] [stdout]   |     ^^^^^^^^^^^^^^^^^^^^^
[INFO] [stdout] 
[INFO] [stdout] 
[INFO] [stdout] warning: 3 warnings emitted
[INFO] [stdout] 
[INFO] [stdout] 
[INFO] [stderr]    Compiling chatserver v0.1.0 (/opt/rustwide/workdir)
[INFO] [stdout] warning: unused import: `tokio::count`
[INFO] [stdout]  --> src/api/channel.rs:2:5
[INFO] [stdout]   |
[INFO] [stdout] 2 | use tokio::count;
[INFO] [stdout]   |     ^^^^^^^^^^^^
[INFO] [stdout]   |
[INFO] [stdout]   = note: `#[warn(unused_imports)]` on by default
[INFO] [stdout] 
[INFO] [stdout] 
[INFO] [stdout] warning: unused import: `AsyncTestContext`
[INFO] [stdout]   --> src/api/message.rs:34:24
[INFO] [stdout]    |
[INFO] [stdout] 34 |     use test_context::{AsyncTestContext, test_context};
[INFO] [stdout]    |                        ^^^^^^^^^^^^^^^^
[INFO] [stdout] 
[INFO] [stdout] 
[INFO] [stdout] warning: unused import: `tokio::count`
[INFO] [stdout]  --> src/api/channel.rs:2:5
[INFO] [stdout]   |
[INFO] [stdout] 2 | use tokio::count;
[INFO] [stdout]   |     ^^^^^^^^^^^^
[INFO] [stdout]   |
[INFO] [stdout]   = note: `#[warn(unused_imports)]` on by default
[INFO] [stdout] 
[INFO] [stdout] 
[INFO] [stdout] warning: unused import: `actix_web::web::service`
[INFO] [stdout]  --> src/server/mod.rs:4:5
[INFO] [stdout]   |
[INFO] [stdout] 4 | use actix_web::web::service;
[INFO] [stdout]   |     ^^^^^^^^^^^^^^^^^^^^^^^
[INFO] [stdout] 
[INFO] [stdout] 
[INFO] [stdout] warning: unused import: `AsyncTestContext`
[INFO] [stdout]   --> src/api/message.rs:34:24
[INFO] [stdout]    |
[INFO] [stdout] 34 |     use test_context::{AsyncTestContext, test_context};
[INFO] [stdout]    |                        ^^^^^^^^^^^^^^^^
[INFO] [stdout] 
[INFO] [stdout] 
[INFO] [stdout] warning: unused import: `actix_web::web::service`
[INFO] [stdout]  --> src/server/mod.rs:4:5
[INFO] [stdout]   |
[INFO] [stdout] 4 | use actix_web::web::service;
[INFO] [stdout]   |     ^^^^^^^^^^^^^^^^^^^^^^^
[INFO] [stdout] 
[INFO] [stdout] 
[INFO] [stdout] warning: unused import: `actix::ActorStreamExt`
[INFO] [stdout]  --> src/utils/repo_statement.rs:3:5
[INFO] [stdout]   |
[INFO] [stdout] 3 | use actix::ActorStreamExt;
[INFO] [stdout]   |     ^^^^^^^^^^^^^^^^^^^^^
[INFO] [stdout] 
[INFO] [stdout] 
[INFO] [stdout] warning: unused import: `actix::ActorStreamExt`
[INFO] [stdout]  --> src/utils/repo_statement.rs:3:5
[INFO] [stdout]   |
[INFO] [stdout] 3 | use actix::ActorStreamExt;
[INFO] [stdout]   |     ^^^^^^^^^^^^^^^^^^^^^
[INFO] [stdout] 
[INFO] [stdout] 
[INFO] [stdout] warning: field `repo` is never read
[INFO] [stdout]   --> src/api/tests.rs:16:5
[INFO] [stdout]    |
[INFO] [stdout] 14 | pub(crate) struct ServerTestContext {
[INFO] [stdout]    |                   ----------------- field in this struct
[INFO] [stdout] 15 |     pub(crate) config: Config,
[INFO] [stdout] 16 |     repo: Arc<ChatMessageRepository>,
[INFO] [stdout]    |     ^^^^
[INFO] [stdout]    |
[INFO] [stdout]    = note: `ServerTestContext` has a derived impl for the trait `Debug`, but this is intentionally ignored during dead code analysis
[INFO] [stdout]    = note: `#[warn(dead_code)]` on by default
[INFO] [stdout] 
[INFO] [stdout] 
[INFO] [stdout] warning: associated items `new`, `from_key`, and `get` are never used
[INFO] [stdout]   --> src/config.rs:16:8
[INFO] [stdout]    |
[INFO] [stdout] 15 | impl Config {
[INFO] [stdout]    | ----------- associated items in this implementation
[INFO] [stdout] 16 |     fn new(json: JsonValue) -> Self {
[INFO] [stdout]    |        ^^^
[INFO] [stdout] ...
[INFO] [stdout] 20 |     fn from_key(json: JsonValue, key: &str) -> Result<Self, Error> {
[INFO] [stdout]    |        ^^^^^^^^
[INFO] [stdout] ...
[INFO] [stdout] 25 |     pub(crate) fn get(self, key: &str) -> Result<Self, Error> {
[INFO] [stdout]    |                   ^^^
[INFO] [stdout] 
[INFO] [stdout] 
[INFO] [stdout] warning: field `config` is never read
[INFO] [stdout]    --> src/dal/chat_message_repository.rs:167:9
[INFO] [stdout]     |
[INFO] [stdout] 166 |     struct ChatMessageRepoTestContext {
[INFO] [stdout]     |            -------------------------- field in this struct
[INFO] [stdout] 167 |         config: Config,
[INFO] [stdout]     |         ^^^^^^
[INFO] [stdout] 
[INFO] [stdout] 
[INFO] [stdout] warning: field `created_at` is never read
[INFO] [stdout]   --> src/models/chat_stream.rs:12:16
[INFO] [stdout]    |
[INFO] [stdout] 11 | pub(crate) struct ChatStream<'a> {
[INFO] [stdout]    |                   ---------- field in this struct
[INFO] [stdout] 12 |     pub(crate) created_at: OffsetDateTime,
[INFO] [stdout]    |                ^^^^^^^^^^
[INFO] [stdout] 
[INFO] [stdout] 
[INFO] [stdout] warning: associated items `new`, `with_adapter`, `start`, `stop`, and `await_next` are never used
[INFO] [stdout]   --> src/models/chat_stream.rs:18:19
[INFO] [stdout]    |
[INFO] [stdout] 17 | impl<'a> ChatStream<'a> {
[INFO] [stdout]    | ----------------------- associated items in this implementation
[INFO] [stdout] 18 |     pub(crate) fn new<T>(stream: T) -> Self
[INFO] [stdout]    |                   ^^^
[INFO] [stdout] ...
[INFO] [stdout] 32 |     pub(crate) fn with_adapter<T, F>(stream: T, adapter: F) -> Self
[INFO] [stdout]    |                   ^^^^^^^^^^^^
[INFO] [stdout] ...
[INFO] [stdout] 46 |     pub(crate) async fn start(&self) {
[INFO] [stdout]    |                         ^^^^^
[INFO] [stdout] ...
[INFO] [stdout] 50 |     pub(crate) async fn stop(&self) {
[INFO] [stdout]    |                         ^^^^
[INFO] [stdout] ...
[INFO] [stdout] 54 |     pub(crate) async fn await_next(&mut self) -> Option<ChatMessage> {
[INFO] [stdout]    |                         ^^^^^^^^^^
[INFO] [stdout] 
[INFO] [stdout] 
[INFO] [stdout] warning: methods `prepare` and `to_statement` are never used
[INFO] [stdout]   --> src/utils/repo_statement.rs:48:25
[INFO] [stdout]    |
[INFO] [stdout] 39 | impl RepoStatement {
[INFO] [stdout]    | ------------------ methods in this implementation
[INFO] [stdout] ...
[INFO] [stdout] 48 |     pub(crate) async fn prepare(&mut self, client: &Client) -> Result<(), Error> {
[INFO] [stdout]    |                         ^^^^^^^
[INFO] [stdout] ...
[INFO] [stdout] 66 |     fn to_statement(&self) -> &dyn ToStatement {
[INFO] [stdout]    |        ^^^^^^^^^^^^
[INFO] [stdout] 
[INFO] [stdout] 
[INFO] [stdout] warning: 10 warnings emitted
[INFO] [stdout] 
[INFO] [stdout] 
[INFO] [stdout] warning: 4 warnings emitted
[INFO] [stdout] 
[INFO] [stdout] 
[INFO] [stderr]     Finished test [unoptimized + debuginfo] target(s) in 5.61s
[INFO] running `Command { std: "docker" "inspect" "0d25b151e1f2e76e8356cc9bc0544522f5476e26df3a18e618cb811e4e544201", kill_on_drop: false }`
[INFO] running `Command { std: "docker" "rm" "-f" "0d25b151e1f2e76e8356cc9bc0544522f5476e26df3a18e618cb811e4e544201", kill_on_drop: false }`
[INFO] [stdout] 0d25b151e1f2e76e8356cc9bc0544522f5476e26df3a18e618cb811e4e544201
[INFO] running `Command { std: "docker" "create" "-v" "/var/lib/crater-agent-workspace/builds/worker-1-tc1/target:/opt/rustwide/target:rw,Z" "-v" "/var/lib/crater-agent-workspace/builds/worker-1-tc1/source:/opt/rustwide/workdir:ro,Z" "-v" "/var/lib/crater-agent-workspace/cargo-home:/opt/rustwide/cargo-home:ro,Z" "-v" "/var/lib/crater-agent-workspace/rustup-home:/opt/rustwide/rustup-home:ro,Z" "-e" "SOURCE_DIR=/opt/rustwide/workdir" "-e" "CARGO_TARGET_DIR=/opt/rustwide/target" "-e" "CARGO_INCREMENTAL=0" "-e" "RUST_BACKTRACE=full" "-e" "RUSTFLAGS=--cap-lints=warn" "-e" "RUSTDOCFLAGS=--cap-lints=warn" "-e" "CARGO_HOME=/opt/rustwide/cargo-home" "-e" "RUSTUP_HOME=/opt/rustwide/rustup-home" "-w" "/opt/rustwide/workdir" "-m" "1610612736" "--user" "0:0" "--network" "none" "ghcr.io/rust-lang/crates-build-env/linux@sha256:2788e3201cd34a07e3172128adcd8b3090168a8e3bcc40d7c032b9dda1df7d1c" "/opt/rustwide/cargo-home/bin/cargo" "+1.75.0" "test" "--frozen", kill_on_drop: false }`
[INFO] [stdout] a117acb365c8a3e0ad08614d1a8a2f82d31dcc912b2e1ddb9cda1857a98dde3e
[INFO] running `Command { std: "docker" "start" "-a" "a117acb365c8a3e0ad08614d1a8a2f82d31dcc912b2e1ddb9cda1857a98dde3e", kill_on_drop: false }`
[INFO] [stderr] warning: unused import: `tokio::count`
[INFO] [stderr]  --> src/api/channel.rs:2:5
[INFO] [stderr]   |
[INFO] [stderr] 2 | use tokio::count;
[INFO] [stderr]   |     ^^^^^^^^^^^^
[INFO] [stderr]   |
[INFO] [stderr]   = note: `#[warn(unused_imports)]` on by default
[INFO] [stderr] 
[INFO] [stderr] warning: unused import: `actix_web::web::service`
[INFO] [stderr]  --> src/server/mod.rs:4:5
[INFO] [stderr]   |
[INFO] [stderr] 4 | use actix_web::web::service;
[INFO] [stderr]   |     ^^^^^^^^^^^^^^^^^^^^^^^
[INFO] [stderr] 
[INFO] [stderr] warning: unused import: `actix::ActorStreamExt`
[INFO] [stderr]  --> src/utils/repo_statement.rs:3:5
[INFO] [stderr]   |
[INFO] [stderr] 3 | use actix::ActorStreamExt;
[INFO] [stderr]   |     ^^^^^^^^^^^^^^^^^^^^^
[INFO] [stderr] 
[INFO] [stderr] warning: fields `config` and `repo` are never read
[INFO] [stderr]   --> src/api/tests.rs:15:16
[INFO] [stderr]    |
[INFO] [stderr] 14 | pub(crate) struct ServerTestContext {
[INFO] [stderr]    |                   ----------------- fields in this struct
[INFO] [stderr] 15 |     pub(crate) config: Config,
[INFO] [stderr]    |                ^^^^^^
[INFO] [stderr] 16 |     repo: Arc<ChatMessageRepository>,
[INFO] [stderr]    |     ^^^^
[INFO] [stderr]    |
[INFO] [stderr]    = note: `ServerTestContext` has a derived impl for the trait `Debug`, but this is intentionally ignored during dead code analysis
[INFO] [stderr]    = note: `#[warn(dead_code)]` on by default
[INFO] [stderr] 
[INFO] [stderr] warning: function `setup_app` is never used
[INFO] [stderr]   --> src/api/tests.rs:35:21
[INFO] [stderr]    |
[INFO] [stderr] 35 | pub(crate) async fn setup_app(
[INFO] [stderr]    |                     ^^^^^^^^^
[INFO] [stderr] 
[INFO] [stderr] warning: associated items `new`, `from_key`, and `get` are never used
[INFO] [stderr]   --> src/config.rs:16:8
[INFO] [stderr]    |
[INFO] [stderr] 15 | impl Config {
[INFO] [stderr]    | ----------- associated items in this implementation
[INFO] [stderr] 16 |     fn new(json: JsonValue) -> Self {
[INFO] [stderr]    |        ^^^
[INFO] [stderr] ...
[INFO] [stderr] 20 |     fn from_key(json: JsonValue, key: &str) -> Result<Self, Error> {
[INFO] [stderr]    |        ^^^^^^^^
[INFO] [stderr] ...
[INFO] [stderr] 25 |     pub(crate) fn get(self, key: &str) -> Result<Self, Error> {
[INFO] [stderr]    |                   ^^^
[INFO] [stderr] 
[INFO] [stderr] warning: field `created_at` is never read
[INFO] [stderr]   --> src/models/chat_stream.rs:12:16
[INFO] [stderr]    |
[INFO] [stderr] 11 | pub(crate) struct ChatStream<'a> {
[INFO] [stderr]    |                   ---------- field in this struct
[INFO] [stderr] 12 |     pub(crate) created_at: OffsetDateTime,
[INFO] [stderr]    |                ^^^^^^^^^^
[INFO] [stderr] 
[INFO] [stderr] warning: associated items `new`, `with_adapter`, `start`, `stop`, and `await_next` are never used
[INFO] [stderr]   --> src/models/chat_stream.rs:18:19
[INFO] [stderr]    |
[INFO] [stderr] 17 | impl<'a> ChatStream<'a> {
[INFO] [stderr]    | ----------------------- associated items in this implementation
[INFO] [stderr] 18 |     pub(crate) fn new<T>(stream: T) -> Self
[INFO] [stderr]    |                   ^^^
[INFO] [stderr] ...
[INFO] [stderr] 32 |     pub(crate) fn with_adapter<T, F>(stream: T, adapter: F) -> Self
[INFO] [stderr]    |                   ^^^^^^^^^^^^
[INFO] [stderr] ...
[INFO] [stderr] 46 |     pub(crate) async fn start(&self) {
[INFO] [stderr]    |                         ^^^^^
[INFO] [stderr] ...
[INFO] [stderr] 50 |     pub(crate) async fn stop(&self) {
[INFO] [stderr]    |                         ^^^^
[INFO] [stderr] ...
[INFO] [stderr] 54 |     pub(crate) async fn await_next(&mut self) -> Option<ChatMessage> {
[INFO] [stderr]    |                         ^^^^^^^^^^
[INFO] [stderr] 
[INFO] [stderr] warning: methods `prepare` and `to_statement` are never used
[INFO] [stderr]   --> src/utils/repo_statement.rs:48:25
[INFO] [stderr]    |
[INFO] [stderr] 39 | impl RepoStatement {
[INFO] [stderr]    | ------------------ methods in this implementation
[INFO] [stderr] ...
[INFO] [stderr] 48 |     pub(crate) async fn prepare(&mut self, client: &Client) -> Result<(), Error> {
[INFO] [stderr]    |                         ^^^^^^^
[INFO] [stderr] ...
[INFO] [stderr] 66 |     fn to_statement(&self) -> &dyn ToStatement {
[INFO] [stderr]    |        ^^^^^^^^^^^^
[INFO] [stderr] 
[INFO] [stderr] warning: `chatserver` (lib) generated 9 warnings (run `cargo fix --lib -p chatserver` to apply 2 suggestions)
[INFO] [stderr] warning: `chatserver` (bin "chatserver") generated 3 warnings (3 duplicates)
[INFO] [stderr] warning: unused import: `AsyncTestContext`
[INFO] [stderr]   --> src/api/message.rs:34:24
[INFO] [stderr]    |
[INFO] [stderr] 34 |     use test_context::{AsyncTestContext, test_context};
[INFO] [stderr]    |                        ^^^^^^^^^^^^^^^^
[INFO] [stderr] 
[INFO] [stderr] warning: field `repo` is never read
[INFO] [stderr]   --> src/api/tests.rs:16:5
[INFO] [stderr]    |
[INFO] [stderr] 14 | pub(crate) struct ServerTestContext {
[INFO] [stderr]    |                   ----------------- field in this struct
[INFO] [stderr] 15 |     pub(crate) config: Config,
[INFO] [stderr] 16 |     repo: Arc<ChatMessageRepository>,
[INFO] [stderr]    |     ^^^^
[INFO] [stderr]    |
[INFO] [stderr]    = note: `ServerTestContext` has a derived impl for the trait `Debug`, but this is intentionally ignored during dead code analysis
[INFO] [stderr]    = note: `#[warn(dead_code)]` on by default
[INFO] [stderr] 
[INFO] [stderr] warning: field `config` is never read
[INFO] [stderr]    --> src/dal/chat_message_repository.rs:167:9
[INFO] [stderr]     |
[INFO] [stderr] 166 |     struct ChatMessageRepoTestContext {
[INFO] [stderr]     |            -------------------------- field in this struct
[INFO] [stderr] 167 |         config: Config,
[INFO] [stderr]     |         ^^^^^^
[INFO] [stderr] 
[INFO] [stderr] warning: `chatserver` (bin "chatserver" test) generated 4 warnings (3 duplicates) (run `cargo fix --bin "chatserver" --tests` to apply 1 suggestion)
[INFO] [stderr] warning: `chatserver` (lib test) generated 10 warnings (8 duplicates)
[INFO] [stderr]     Finished test [unoptimized + debuginfo] target(s) in 0.09s
[INFO] [stderr]      Running unittests src/lib.rs (/opt/rustwide/target/debug/deps/chatserver-95ae96080182ff7e)
[INFO] [stdout] 
[INFO] [stdout] running 5 tests
[INFO] [stdout] test logger::tests::test_get_level ... ok
[INFO] [stdout] test dal::chat_message_repository::test::repo_add_message ... FAILED
[INFO] [stdout] test dal::chat_message_repository::test::repo_get_messages_from_user ... FAILED
[INFO] [stdout] test dal::chat_message_repository::test::repo_get_messages_from_channel ... FAILED
[INFO] [stdout] test api::message::tests::api_test_message_post ... FAILED
[INFO] [stdout] 
[INFO] [stdout] failures:
[INFO] [stdout] 
[INFO] [stdout] ---- dal::chat_message_repository::test::repo_add_message stdout ----
[INFO] [stdout] thread 'dal::chat_message_repository::test::repo_add_message' panicked at src/dal/chat_message_repository.rs:174:60:
[INFO] [stdout] called `Result::unwrap()` on an `Err` value: Io(Os { code: 2, kind: NotFound, message: "No such file or directory" })
[INFO] [stdout] stack backtrace:
[INFO] [stdout]    0:     0x56297aca48cc - std::backtrace_rs::backtrace::libunwind::trace::ha637c64ce894333a
[INFO] [stdout]                                at /rustc/82e1608dfa6e0b5569232559e3d385fea5a93112/library/std/src/../../backtrace/src/backtrace/libunwind.rs:104:5
[INFO] [stdout]    1:     0x56297aca48cc - std::backtrace_rs::backtrace::trace_unsynchronized::h47f62dea28e0c88d
[INFO] [stdout]                                at /rustc/82e1608dfa6e0b5569232559e3d385fea5a93112/library/std/src/../../backtrace/src/backtrace/mod.rs:66:5
[INFO] [stdout]    2:     0x56297aca48cc - std::sys_common::backtrace::_print_fmt::h9eef0abe20ede486
[INFO] [stdout]                                at /rustc/82e1608dfa6e0b5569232559e3d385fea5a93112/library/std/src/sys_common/backtrace.rs:67:5
[INFO] [stdout]    3:     0x56297aca48cc - <std::sys_common::backtrace::_print::DisplayBacktrace as core::fmt::Display>::fmt::hed7f999df88cc644
[INFO] [stdout]                                at /rustc/82e1608dfa6e0b5569232559e3d385fea5a93112/library/std/src/sys_common/backtrace.rs:44:22
[INFO] [stdout]    4:     0x56297acd0650 - core::fmt::rt::Argument::fmt::h1539a9308b8d058d
[INFO] [stdout]                                at /rustc/82e1608dfa6e0b5569232559e3d385fea5a93112/library/core/src/fmt/rt.rs:142:9
[INFO] [stdout]    5:     0x56297acd0650 - core::fmt::write::h3a39390d8560d9c9
[INFO] [stdout]                                at /rustc/82e1608dfa6e0b5569232559e3d385fea5a93112/library/core/src/fmt/mod.rs:1120:17
[INFO] [stdout]    6:     0x56297aca190f - std::io::Write::write_fmt::h040b369f3a0f9cbc
[INFO] [stdout]                                at /rustc/82e1608dfa6e0b5569232559e3d385fea5a93112/library/std/src/io/mod.rs:1762:15
[INFO] [stdout]    7:     0x56297aca46b4 - std::sys_common::backtrace::_print::h894006fb5c6f3d45
[INFO] [stdout]                                at /rustc/82e1608dfa6e0b5569232559e3d385fea5a93112/library/std/src/sys_common/backtrace.rs:47:5
[INFO] [stdout]    8:     0x56297aca46b4 - std::sys_common::backtrace::print::h23a2d212c6fff936
[INFO] [stdout]                                at /rustc/82e1608dfa6e0b5569232559e3d385fea5a93112/library/std/src/sys_common/backtrace.rs:34:9
[INFO] [stdout]    9:     0x56297aca6377 - std::panicking::default_hook::{{closure}}::h8a1d2ee00185001a
[INFO] [stdout]   10:     0x56297aca6063 - std::panicking::default_hook::h6038f2eba384e475
[INFO] [stdout]                                at /rustc/82e1608dfa6e0b5569232559e3d385fea5a93112/library/std/src/panicking.rs:289:9
[INFO] [stdout]   11:     0x56297a704527 - <alloc::boxed::Box<F,A> as core::ops::function::Fn<Args>>::call::h0ad024c9bdc6d768
[INFO] [stdout]                                at /rustc/82e1608dfa6e0b5569232559e3d385fea5a93112/library/alloc/src/boxed.rs:2021:9
[INFO] [stdout]   12:     0x56297a704527 - test::test_main::{{closure}}::h7500b54257359db6
[INFO] [stdout]                                at /rustc/82e1608dfa6e0b5569232559e3d385fea5a93112/library/test/src/lib.rs:138:21
[INFO] [stdout]   13:     0x56297aca6988 - <alloc::boxed::Box<F,A> as core::ops::function::Fn<Args>>::call::h1f8f335eaa9cfaee
[INFO] [stdout]                                at /rustc/82e1608dfa6e0b5569232559e3d385fea5a93112/library/alloc/src/boxed.rs:2021:9
[INFO] [stdout]   14:     0x56297aca6988 - std::panicking::rust_panic_with_hook::h2b5517d590cab22e
[INFO] [stdout]                                at /rustc/82e1608dfa6e0b5569232559e3d385fea5a93112/library/std/src/panicking.rs:783:13
[INFO] [stdout]   15:     0x56297aca66de - std::panicking::begin_panic_handler::{{closure}}::h233112c06e0ef43e
[INFO] [stdout]                                at /rustc/82e1608dfa6e0b5569232559e3d385fea5a93112/library/std/src/panicking.rs:657:13
[INFO] [stdout]   16:     0x56297aca4d96 - std::sys_common::backtrace::__rust_end_short_backtrace::h6e893f24d7ebbff8
[INFO] [stdout]                                at /rustc/82e1608dfa6e0b5569232559e3d385fea5a93112/library/std/src/sys_common/backtrace.rs:170:18
[INFO] [stdout]   17:     0x56297aca6442 - rust_begin_unwind
[INFO] [stdout]                                at /rustc/82e1608dfa6e0b5569232559e3d385fea5a93112/library/std/src/panicking.rs:645:5
[INFO] [stdout]   18:     0x56297a61e4c5 - core::panicking::panic_fmt::hbf0e066aabfa482c
[INFO] [stdout]                                at /rustc/82e1608dfa6e0b5569232559e3d385fea5a93112/library/core/src/panicking.rs:72:14
[INFO] [stdout]   19:     0x56297a61ea93 - core::result::unwrap_failed::hddb4fea594200c52
[INFO] [stdout]                                at /rustc/82e1608dfa6e0b5569232559e3d385fea5a93112/library/core/src/result.rs:1653:5
[INFO] [stdout]   20:     0x56297a6873dc - core::result::Result<T,E>::unwrap::hf415ac2c8d78b41a
[INFO] [stdout]                                at /rustc/82e1608dfa6e0b5569232559e3d385fea5a93112/library/core/src/result.rs:1077:23
[INFO] [stdout]   21:     0x56297a671ff9 - <chatserver::dal::chat_message_repository::test::ChatMessageRepoTestContext as test_context::AsyncTestContext>::setup::{{closure}}::h431d763d606b8ca1
[INFO] [stdout]                                at /opt/rustwide/workdir/src/dal/chat_message_repository.rs:174:26
[INFO] [stdout]   22:     0x56297a69487d - <core::pin::Pin<P> as core::future::future::Future>::poll::h23a33c6f7078c6b9
[INFO] [stdout]                                at /rustc/82e1608dfa6e0b5569232559e3d385fea5a93112/library/core/src/future/future.rs:125:9
[INFO] [stdout]   23:     0x56297a672c6b - chatserver::dal::chat_message_repository::test::repo_add_message::{{closure}}::hc27f970c217df14f
[INFO] [stdout]                                at /opt/rustwide/workdir/src/dal/chat_message_repository.rs:184:5
[INFO] [stdout]   24:     0x56297a694a2d - <core::pin::Pin<P> as core::future::future::Future>::poll::hb628b17e563bab4e
[INFO] [stdout]                                at /rustc/82e1608dfa6e0b5569232559e3d385fea5a93112/library/core/src/future/future.rs:125:9
[INFO] [stdout]   25:     0x56297a6949ba - <core::pin::Pin<P> as core::future::future::Future>::poll::h5d207e706e6a1e32
[INFO] [stdout]                                at /rustc/82e1608dfa6e0b5569232559e3d385fea5a93112/library/core/src/future/future.rs:125:9
[INFO] [stdout]   26:     0x56297a6458b3 - tokio::runtime::scheduler::current_thread::CoreGuard::block_on::{{closure}}::{{closure}}::{{closure}}::h07faee89f0ec3f8a
[INFO] [stdout]                                at /opt/rustwide/cargo-home/registry/src/index.crates.io-6f17d22bba15001f/tokio-1.25.0/src/runtime/scheduler/current_thread.rs:541:57
[INFO] [stdout]   27:     0x56297a64553f - tokio::runtime::coop::with_budget::heedcf8ab33540c47
[INFO] [stdout]                                at /opt/rustwide/cargo-home/registry/src/index.crates.io-6f17d22bba15001f/tokio-1.25.0/src/runtime/coop.rs:102:5
[INFO] [stdout]   28:     0x56297a64553f - tokio::runtime::coop::budget::hbc94cfd15419dcb5
[INFO] [stdout]                                at /opt/rustwide/cargo-home/registry/src/index.crates.io-6f17d22bba15001f/tokio-1.25.0/src/runtime/coop.rs:68:5
[INFO] [stdout]   29:     0x56297a64553f - tokio::runtime::scheduler::current_thread::CoreGuard::block_on::{{closure}}::{{closure}}::h19734b08ad6b716a
[INFO] [stdout]                                at /opt/rustwide/cargo-home/registry/src/index.crates.io-6f17d22bba15001f/tokio-1.25.0/src/runtime/scheduler/current_thread.rs:541:25
[INFO] [stdout]   30:     0x56297a64206d - tokio::runtime::scheduler::current_thread::Context::enter::h2c7e8e76ec3cdf1a
[INFO] [stdout]                                at /opt/rustwide/cargo-home/registry/src/index.crates.io-6f17d22bba15001f/tokio-1.25.0/src/runtime/scheduler/current_thread.rs:350:19
[INFO] [stdout]   31:     0x56297a643d72 - tokio::runtime::scheduler::current_thread::CoreGuard::block_on::{{closure}}::h2c53cf872bdfd9fb
[INFO] [stdout]                                at /opt/rustwide/cargo-home/registry/src/index.crates.io-6f17d22bba15001f/tokio-1.25.0/src/runtime/scheduler/current_thread.rs:540:36
[INFO] [stdout]   32:     0x56297a6439c2 - tokio::runtime::scheduler::current_thread::CoreGuard::enter::{{closure}}::hab73c0b7357acae2
[INFO] [stdout]                                at /opt/rustwide/cargo-home/registry/src/index.crates.io-6f17d22bba15001f/tokio-1.25.0/src/runtime/scheduler/current_thread.rs:615:57
[INFO] [stdout]   33:     0x56297a6b9e4c - tokio::macros::scoped_tls::ScopedKey<T>::set::h743270cd0b679655
[INFO] [stdout]                                at /opt/rustwide/cargo-home/registry/src/index.crates.io-6f17d22bba15001f/tokio-1.25.0/src/macros/scoped_tls.rs:61:9
[INFO] [stdout]   34:     0x56297a6436c6 - tokio::runtime::scheduler::current_thread::CoreGuard::enter::h72171f73158f58b4
[INFO] [stdout]                                at /opt/rustwide/cargo-home/registry/src/index.crates.io-6f17d22bba15001f/tokio-1.25.0/src/runtime/scheduler/current_thread.rs:615:27
[INFO] [stdout]   35:     0x56297a643a8b - tokio::runtime::scheduler::current_thread::CoreGuard::block_on::h70dc72c06f53eed7
[INFO] [stdout]                                at /opt/rustwide/cargo-home/registry/src/index.crates.io-6f17d22bba15001f/tokio-1.25.0/src/runtime/scheduler/current_thread.rs:530:19
[INFO] [stdout]   36:     0x56297a640dbc - tokio::runtime::scheduler::current_thread::CurrentThread::block_on::h296eeb0373de2123
[INFO] [stdout]                                at /opt/rustwide/cargo-home/registry/src/index.crates.io-6f17d22bba15001f/tokio-1.25.0/src/runtime/scheduler/current_thread.rs:154:24
[INFO] [stdout]   37:     0x56297a6ae79a - tokio::runtime::runtime::Runtime::block_on::h0c7f30a68f8d4e6e
[INFO] [stdout]                                at /opt/rustwide/cargo-home/registry/src/index.crates.io-6f17d22bba15001f/tokio-1.25.0/src/runtime/runtime.rs:282:47
[INFO] [stdout]   38:     0x56297a672997 - chatserver::dal::chat_message_repository::test::repo_add_message::hd226290c618f5a28
[INFO] [stdout]                                at /opt/rustwide/workdir/src/dal/chat_message_repository.rs:184:5
[INFO] [stdout]   39:     0x56297a6727fc - chatserver::dal::chat_message_repository::test::repo_add_message::{{closure}}::h92777009995438fe
[INFO] [stdout]                                at /opt/rustwide/workdir/src/dal/chat_message_repository.rs:186:68
[INFO] [stdout]   40:     0x56297a61ff96 - core::ops::function::FnOnce::call_once::h493a9afd935537f5
[INFO] [stdout]                                at /rustc/82e1608dfa6e0b5569232559e3d385fea5a93112/library/core/src/ops/function.rs:250:5
[INFO] [stdout]   41:     0x56297a709b7f - core::ops::function::FnOnce::call_once::h2b5d431d5046312d
[INFO] [stdout]                                at /rustc/82e1608dfa6e0b5569232559e3d385fea5a93112/library/core/src/ops/function.rs:250:5
[INFO] [stdout]   42:     0x56297a709b7f - test::__rust_begin_short_backtrace::h7714669af176e207
[INFO] [stdout]                                at /rustc/82e1608dfa6e0b5569232559e3d385fea5a93112/library/test/src/lib.rs:628:18
[INFO] [stdout]   43:     0x56297a708b95 - test::run_test_in_process::{{closure}}::h85218797dcbcec12
[INFO] [stdout]                                at /rustc/82e1608dfa6e0b5569232559e3d385fea5a93112/library/test/src/lib.rs:651:60
[INFO] [stdout]   44:     0x56297a708b95 - <core::panic::unwind_safe::AssertUnwindSafe<F> as core::ops::function::FnOnce<()>>::call_once::h76c106ea31c14d7b
[INFO] [stdout]                                at /rustc/82e1608dfa6e0b5569232559e3d385fea5a93112/library/core/src/panic/unwind_safe.rs:272:9
[INFO] [stdout]   45:     0x56297a708b95 - std::panicking::try::do_call::h3bd5d0f6620ee946
[INFO] [stdout]                                at /rustc/82e1608dfa6e0b5569232559e3d385fea5a93112/library/std/src/panicking.rs:552:40
[INFO] [stdout]   46:     0x56297a708b95 - std::panicking::try::h232e535e4744fe31
[INFO] [stdout]                                at /rustc/82e1608dfa6e0b5569232559e3d385fea5a93112/library/std/src/panicking.rs:516:19
[INFO] [stdout]   47:     0x56297a708b95 - std::panic::catch_unwind::h3ce3bd6ca8dbac68
[INFO] [stdout]                                at /rustc/82e1608dfa6e0b5569232559e3d385fea5a93112/library/std/src/panic.rs:142:14
[INFO] [stdout]   48:     0x56297a708b95 - test::run_test_in_process::hc97b257c9621286a
[INFO] [stdout]                                at /rustc/82e1608dfa6e0b5569232559e3d385fea5a93112/library/test/src/lib.rs:651:27
[INFO] [stdout]   49:     0x56297a708b95 - test::run_test::{{closure}}::h2aa798823a438d38
[INFO] [stdout]                                at /rustc/82e1608dfa6e0b5569232559e3d385fea5a93112/library/test/src/lib.rs:574:43
[INFO] [stdout]   50:     0x56297a6d0e56 - test::run_test::{{closure}}::h87d231c78fb59832
[INFO] [stdout]                                at /rustc/82e1608dfa6e0b5569232559e3d385fea5a93112/library/test/src/lib.rs:602:41
[INFO] [stdout]   51:     0x56297a6d0e56 - std::sys_common::backtrace::__rust_begin_short_backtrace::he6df152596625789
[INFO] [stdout]                                at /rustc/82e1608dfa6e0b5569232559e3d385fea5a93112/library/std/src/sys_common/backtrace.rs:154:18
[INFO] [stdout]   52:     0x56297a6d5f07 - std::thread::Builder::spawn_unchecked_::{{closure}}::{{closure}}::ha94be15d1e0acf36
[INFO] [stdout]                                at /rustc/82e1608dfa6e0b5569232559e3d385fea5a93112/library/std/src/thread/mod.rs:529:17
[INFO] [stdout]   53:     0x56297a6d5f07 - <core::panic::unwind_safe::AssertUnwindSafe<F> as core::ops::function::FnOnce<()>>::call_once::h9dc6bd6372f16606
[INFO] [stdout]                                at /rustc/82e1608dfa6e0b5569232559e3d385fea5a93112/library/core/src/panic/unwind_safe.rs:272:9
[INFO] [stdout]   54:     0x56297a6d5f07 - std::panicking::try::do_call::h9057517f80303cd4
[INFO] [stdout]                                at /rustc/82e1608dfa6e0b5569232559e3d385fea5a93112/library/std/src/panicking.rs:552:40
[INFO] [stdout]   55:     0x56297a6d5f07 - std::panicking::try::he3a30b11ee45340c
[INFO] [stdout]                                at /rustc/82e1608dfa6e0b5569232559e3d385fea5a93112/library/std/src/panicking.rs:516:19
[INFO] [stdout]   56:     0x56297a6d5f07 - std::panic::catch_unwind::h410458cfd3528b8b
[INFO] [stdout]                                at /rustc/82e1608dfa6e0b5569232559e3d385fea5a93112/library/std/src/panic.rs:142:14
[INFO] [stdout]   57:     0x56297a6d5f07 - std::thread::Builder::spawn_unchecked_::{{closure}}::h72ac3bdb567b737b
[INFO] [stdout]                                at /rustc/82e1608dfa6e0b5569232559e3d385fea5a93112/library/std/src/thread/mod.rs:528:30
[INFO] [stdout]   58:     0x56297a6d5f07 - core::ops::function::FnOnce::call_once{{vtable.shim}}::h38f34da3654a8344
[INFO] [stdout]                                at /rustc/82e1608dfa6e0b5569232559e3d385fea5a93112/library/core/src/ops/function.rs:250:5
[INFO] [stdout]   59:     0x56297acab615 - <alloc::boxed::Box<F,A> as core::ops::function::FnOnce<Args>>::call_once::hc7eafaff61e32df9
[INFO] [stdout]                                at /rustc/82e1608dfa6e0b5569232559e3d385fea5a93112/library/alloc/src/boxed.rs:2007:9
[INFO] [stdout]   60:     0x56297acab615 - <alloc::boxed::Box<F,A> as core::ops::function::FnOnce<Args>>::call_once::h6ba4a5de48dd2304
[INFO] [stdout]                                at /rustc/82e1608dfa6e0b5569232559e3d385fea5a93112/library/alloc/src/boxed.rs:2007:9
[INFO] [stdout]   61:     0x56297acab615 - std::sys::unix::thread::Thread::new::thread_start::he469335aef763e45
[INFO] [stdout]                                at /rustc/82e1608dfa6e0b5569232559e3d385fea5a93112/library/std/src/sys/unix/thread.rs:108:17
[INFO] [stdout]   62:     0x7fadaf106ac3 - <unknown>
[INFO] [stdout]   63:     0x7fadaf197bf4 - __clone
[INFO] [stdout]   64:                0x0 - <unknown>
[INFO] [stdout] 
[INFO] [stdout] ---- dal::chat_message_repository::test::repo_get_messages_from_user stdout ----
[INFO] [stdout] thread 'dal::chat_message_repository::test::repo_get_messages_from_user' panicked at src/dal/chat_message_repository.rs:174:60:
[INFO] [stdout] called `Result::unwrap()` on an `Err` value: Io(Os { code: 2, kind: NotFound, message: "No such file or directory" })
[INFO] [stdout] stack backtrace:
[INFO] [stdout]    0:     0x56297aca48cc - std::backtrace_rs::backtrace::libunwind::trace::ha637c64ce894333a
[INFO] [stdout]                                at /rustc/82e1608dfa6e0b5569232559e3d385fea5a93112/library/std/src/../../backtrace/src/backtrace/libunwind.rs:104:5
[INFO] [stdout]    1:     0x56297aca48cc - std::backtrace_rs::backtrace::trace_unsynchronized::h47f62dea28e0c88d
[INFO] [stdout]                                at /rustc/82e1608dfa6e0b5569232559e3d385fea5a93112/library/std/src/../../backtrace/src/backtrace/mod.rs:66:5
[INFO] [stdout]    2:     0x56297aca48cc - std::sys_common::backtrace::_print_fmt::h9eef0abe20ede486
[INFO] [stdout]                                at /rustc/82e1608dfa6e0b5569232559e3d385fea5a93112/library/std/src/sys_common/backtrace.rs:67:5
[INFO] [stdout]    3:     0x56297aca48cc - <std::sys_common::backtrace::_print::DisplayBacktrace as core::fmt::Display>::fmt::hed7f999df88cc644
[INFO] [stdout]                                at /rustc/82e1608dfa6e0b5569232559e3d385fea5a93112/library/std/src/sys_common/backtrace.rs:44:22
[INFO] [stdout]    4:     0x56297acd0650 - core::fmt::rt::Argument::fmt::h1539a9308b8d058d
[INFO] [stdout]                                at /rustc/82e1608dfa6e0b5569232559e3d385fea5a93112/library/core/src/fmt/rt.rs:142:9
[INFO] [stdout]    5:     0x56297acd0650 - core::fmt::write::h3a39390d8560d9c9
[INFO] [stdout]                                at /rustc/82e1608dfa6e0b5569232559e3d385fea5a93112/library/core/src/fmt/mod.rs:1120:17
[INFO] [stdout]    6:     0x56297aca190f - std::io::Write::write_fmt::h040b369f3a0f9cbc
[INFO] [stdout]                                at /rustc/82e1608dfa6e0b5569232559e3d385fea5a93112/library/std/src/io/mod.rs:1762:15
[INFO] [stdout]    7:     0x56297aca46b4 - std::sys_common::backtrace::_print::h894006fb5c6f3d45
[INFO] [stdout]                                at /rustc/82e1608dfa6e0b5569232559e3d385fea5a93112/library/std/src/sys_common/backtrace.rs:47:5
[INFO] [stdout]    8:     0x56297aca46b4 - std::sys_common::backtrace::print::h23a2d212c6fff936
[INFO] [stdout]                                at /rustc/82e1608dfa6e0b5569232559e3d385fea5a93112/library/std/src/sys_common/backtrace.rs:34:9
[INFO] [stdout]    9:     0x56297aca6377 - std::panicking::default_hook::{{closure}}::h8a1d2ee00185001a
[INFO] [stdout]   10:     0x56297aca6063 - std::panicking::default_hook::h6038f2eba384e475
[INFO] [stdout]                                at /rustc/82e1608dfa6e0b5569232559e3d385fea5a93112/library/std/src/panicking.rs:289:9
[INFO] [stdout]   11:     0x56297a704527 - <alloc::boxed::Box<F,A> as core::ops::function::Fn<Args>>::call::h0ad024c9bdc6d768
[INFO] [stdout]                                at /rustc/82e1608dfa6e0b5569232559e3d385fea5a93112/library/alloc/src/boxed.rs:2021:9
[INFO] [stdout]   12:     0x56297a704527 - test::test_main::{{closure}}::h7500b54257359db6
[INFO] [stdout]                                at /rustc/82e1608dfa6e0b5569232559e3d385fea5a93112/library/test/src/lib.rs:138:21
[INFO] [stdout]   13:     0x56297aca6988 - <alloc::boxed::Box<F,A> as core::ops::function::Fn<Args>>::call::h1f8f335eaa9cfaee
[INFO] [stdout]                                at /rustc/82e1608dfa6e0b5569232559e3d385fea5a93112/library/alloc/src/boxed.rs:2021:9
[INFO] [stdout]   14:     0x56297aca6988 - std::panicking::rust_panic_with_hook::h2b5517d590cab22e
[INFO] [stdout]                                at /rustc/82e1608dfa6e0b5569232559e3d385fea5a93112/library/std/src/panicking.rs:783:13
[INFO] [stdout]   15:     0x56297aca66de - std::panicking::begin_panic_handler::{{closure}}::h233112c06e0ef43e
[INFO] [stdout]                                at /rustc/82e1608dfa6e0b5569232559e3d385fea5a93112/library/std/src/panicking.rs:657:13
[INFO] [stdout]   16:     0x56297aca4d96 - std::sys_common::backtrace::__rust_end_short_backtrace::h6e893f24d7ebbff8
[INFO] [stdout]                                at /rustc/82e1608dfa6e0b5569232559e3d385fea5a93112/library/std/src/sys_common/backtrace.rs:170:18
[INFO] [stdout]   17:     0x56297aca6442 - rust_begin_unwind
[INFO] [stdout]                                at /rustc/82e1608dfa6e0b5569232559e3d385fea5a93112/library/std/src/panicking.rs:645:5
[INFO] [stdout]   18:     0x56297a61e4c5 - core::panicking::panic_fmt::hbf0e066aabfa482c
[INFO] [stdout]                                at /rustc/82e1608dfa6e0b5569232559e3d385fea5a93112/library/core/src/panicking.rs:72:14
[INFO] [stdout]   19:     0x56297a61ea93 - core::result::unwrap_failed::hddb4fea594200c52
[INFO] [stdout]                                at /rustc/82e1608dfa6e0b5569232559e3d385fea5a93112/library/core/src/result.rs:1653:5
[INFO] [stdout]   20:     0x56297a6873dc - core::result::Result<T,E>::unwrap::hf415ac2c8d78b41a
[INFO] [stdout]                                at /rustc/82e1608dfa6e0b5569232559e3d385fea5a93112/library/core/src/result.rs:1077:23
[INFO] [stdout]   21:     0x56297a671ff9 - <chatserver::dal::chat_message_repository::test::ChatMessageRepoTestContext as test_context::AsyncTestContext>::setup::{{closure}}::h431d763d606b8ca1
[INFO] [stdout]                                at /opt/rustwide/workdir/src/dal/chat_message_repository.rs:174:26
[INFO] [stdout]   22:     0x56297a69487d - <core::pin::Pin<P> as core::future::future::Future>::poll::h23a33c6f7078c6b9
[INFO] [stdout]                                at /rustc/82e1608dfa6e0b5569232559e3d385fea5a93112/library/core/src/future/future.rs:125:9
[INFO] [stdout]   23:     0x56297a67539b - chatserver::dal::chat_message_repository::test::repo_get_messages_from_user::{{closure}}::hf85a5bc57b777bf6
[INFO] [stdout]                                at /opt/rustwide/workdir/src/dal/chat_message_repository.rs:212:5
[INFO] [stdout]   24:     0x56297a694a2d - <core::pin::Pin<P> as core::future::future::Future>::poll::hb628b17e563bab4e
[INFO] [stdout]                                at /rustc/82e1608dfa6e0b5569232559e3d385fea5a93112/library/core/src/future/future.rs:125:9
[INFO] [stdout]   25:     0x56297a6949ba - <core::pin::Pin<P> as core::future::future::Future>::poll::h5d207e706e6a1e32
[INFO] [stdout]                                at /rustc/82e1608dfa6e0b5569232559e3d385fea5a93112/library/core/src/future/future.rs:125:9
[INFO] [stdout]   26:     0x56297a6458b3 - tokio::runtime::scheduler::current_thread::CoreGuard::block_on::{{closure}}::{{closure}}::{{closure}}::h07faee89f0ec3f8a
[INFO] [stdout]                                at /opt/rustwide/cargo-home/registry/src/index.crates.io-6f17d22bba15001f/tokio-1.25.0/src/runtime/scheduler/current_thread.rs:541:57
[INFO] [stdout]   27:     0x56297a64553f - tokio::runtime::coop::with_budget::heedcf8ab33540c47
[INFO] [stdout]                                at /opt/rustwide/cargo-home/registry/src/index.crates.io-6f17d22bba15001f/tokio-1.25.0/src/runtime/coop.rs:102:5
[INFO] [stdout]   28:     0x56297a64553f - tokio::runtime::coop::budget::hbc94cfd15419dcb5
[INFO] [stdout]                                at /opt/rustwide/cargo-home/registry/src/index.crates.io-6f17d22bba15001f/tokio-1.25.0/src/runtime/coop.rs:68:5
[INFO] [stdout]   29:     0x56297a64553f - tokio::runtime::scheduler::current_thread::CoreGuard::block_on::{{closure}}::{{closure}}::h19734b08ad6b716a
[INFO] [stdout]                                at /opt/rustwide/cargo-home/registry/src/index.crates.io-6f17d22bba15001f/tokio-1.25.0/src/runtime/scheduler/current_thread.rs:541:25
[INFO] [stdout]   30:     0x56297a64206d - tokio::runtime::scheduler::current_thread::Context::enter::h2c7e8e76ec3cdf1a
[INFO] [stdout]                                at /opt/rustwide/cargo-home/registry/src/index.crates.io-6f17d22bba15001f/tokio-1.25.0/src/runtime/scheduler/current_thread.rs:350:19
[INFO] [stdout]   31:     0x56297a643d72 - tokio::runtime::scheduler::current_thread::CoreGuard::block_on::{{closure}}::h2c53cf872bdfd9fb
[INFO] [stdout]                                at /opt/rustwide/cargo-home/registry/src/index.crates.io-6f17d22bba15001f/tokio-1.25.0/src/runtime/scheduler/current_thread.rs:540:36
[INFO] [stdout]   32:     0x56297a6439c2 - tokio::runtime::scheduler::current_thread::CoreGuard::enter::{{closure}}::hab73c0b7357acae2
[INFO] [stdout]                                at /opt/rustwide/cargo-home/registry/src/index.crates.io-6f17d22bba15001f/tokio-1.25.0/src/runtime/scheduler/current_thread.rs:615:57
[INFO] [stdout]   33:     0x56297a6b9e4c - tokio::macros::scoped_tls::ScopedKey<T>::set::h743270cd0b679655
[INFO] [stdout]                                at /opt/rustwide/cargo-home/registry/src/index.crates.io-6f17d22bba15001f/tokio-1.25.0/src/macros/scoped_tls.rs:61:9
[INFO] [stdout]   34:     0x56297a6436c6 - tokio::runtime::scheduler::current_thread::CoreGuard::enter::h72171f73158f58b4
[INFO] [stdout]                                at /opt/rustwide/cargo-home/registry/src/index.crates.io-6f17d22bba15001f/tokio-1.25.0/src/runtime/scheduler/current_thread.rs:615:27
[INFO] [stdout]   35:     0x56297a643a8b - tokio::runtime::scheduler::current_thread::CoreGuard::block_on::h70dc72c06f53eed7
[INFO] [stdout]                                at /opt/rustwide/cargo-home/registry/src/index.crates.io-6f17d22bba15001f/tokio-1.25.0/src/runtime/scheduler/current_thread.rs:530:19
[INFO] [stdout]   36:     0x56297a640dbc - tokio::runtime::scheduler::current_thread::CurrentThread::block_on::h296eeb0373de2123
[INFO] [stdout]                                at /opt/rustwide/cargo-home/registry/src/index.crates.io-6f17d22bba15001f/tokio-1.25.0/src/runtime/scheduler/current_thread.rs:154:24
[INFO] [stdout]   37:     0x56297a6ae79a - tokio::runtime::runtime::Runtime::block_on::h0c7f30a68f8d4e6e
[INFO] [stdout]                                at /opt/rustwide/cargo-home/registry/src/index.crates.io-6f17d22bba15001f/tokio-1.25.0/src/runtime/runtime.rs:282:47
[INFO] [stdout]   38:     0x56297a6750c7 - chatserver::dal::chat_message_repository::test::repo_get_messages_from_user::h3539545fb99f0139
[INFO] [stdout]                                at /opt/rustwide/workdir/src/dal/chat_message_repository.rs:212:5
[INFO] [stdout]   39:     0x56297a674f2c - chatserver::dal::chat_message_repository::test::repo_get_messages_from_user::{{closure}}::hf6b33d850fbb0833
[INFO] [stdout]                                at /opt/rustwide/workdir/src/dal/chat_message_repository.rs:214:79
[INFO] [stdout]   40:     0x56297a620366 - core::ops::function::FnOnce::call_once::hc182edd6f3785bee
[INFO] [stdout]                                at /rustc/82e1608dfa6e0b5569232559e3d385fea5a93112/library/core/src/ops/function.rs:250:5
[INFO] [stdout]   41:     0x56297a709b7f - core::ops::function::FnOnce::call_once::h2b5d431d5046312d
[INFO] [stdout]                                at /rustc/82e1608dfa6e0b5569232559e3d385fea5a93112/library/core/src/ops/function.rs:250:5
[INFO] [stdout]   42:     0x56297a709b7f - test::__rust_begin_short_backtrace::h7714669af176e207
[INFO] [stdout]                                at /rustc/82e1608dfa6e0b5569232559e3d385fea5a93112/library/test/src/lib.rs:628:18
[INFO] [stdout]   43:     0x56297a708b95 - test::run_test_in_process::{{closure}}::h85218797dcbcec12
[INFO] [stdout]                                at /rustc/82e1608dfa6e0b5569232559e3d385fea5a93112/library/test/src/lib.rs:651:60
[INFO] [stdout]   44:     0x56297a708b95 - <core::panic::unwind_safe::AssertUnwindSafe<F> as core::ops::function::FnOnce<()>>::call_once::h76c106ea31c14d7b
[INFO] [stdout]                                at /rustc/82e1608dfa6e0b5569232559e3d385fea5a93112/library/core/src/panic/unwind_safe.rs:272:9
[INFO] [stdout]   45:     0x56297a708b95 - std::panicking::try::do_call::h3bd5d0f6620ee946
[INFO] [stdout]                                at /rustc/82e1608dfa6e0b5569232559e3d385fea5a93112/library/std/src/panicking.rs:552:40
[INFO] [stdout]   46:     0x56297a708b95 - std::panicking::try::h232e535e4744fe31
[INFO] [stdout]                                at /rustc/82e1608dfa6e0b5569232559e3d385fea5a93112/library/std/src/panicking.rs:516:19
[INFO] [stdout]   47:     0x56297a708b95 - std::panic::catch_unwind::h3ce3bd6ca8dbac68
[INFO] [stdout]                                at /rustc/82e1608dfa6e0b5569232559e3d385fea5a93112/library/std/src/panic.rs:142:14
[INFO] [stdout]   48:     0x56297a708b95 - test::run_test_in_process::hc97b257c9621286a
[INFO] [stdout]                                at /rustc/82e1608dfa6e0b5569232559e3d385fea5a93112/library/test/src/lib.rs:651:27
[INFO] [stdout]   49:     0x56297a708b95 - test::run_test::{{closure}}::h2aa798823a438d38
[INFO] [stdout]                                at /rustc/82e1608dfa6e0b5569232559e3d385fea5a93112/library/test/src/lib.rs:574:43
[INFO] [stdout]   50:     0x56297a6d0e56 - test::run_test::{{closure}}::h87d231c78fb59832
[INFO] [stdout]                                at /rustc/82e1608dfa6e0b5569232559e3d385fea5a93112/library/test/src/lib.rs:602:41
[INFO] [stdout]   51:     0x56297a6d0e56 - std::sys_common::backtrace::__rust_begin_short_backtrace::he6df152596625789
[INFO] [stdout]                                at /rustc/82e1608dfa6e0b5569232559e3d385fea5a93112/library/std/src/sys_common/backtrace.rs:154:18
[INFO] [stdout]   52:     0x56297a6d5f07 - std::thread::Builder::spawn_unchecked_::{{closure}}::{{closure}}::ha94be15d1e0acf36
[INFO] [stdout]                                at /rustc/82e1608dfa6e0b5569232559e3d385fea5a93112/library/std/src/thread/mod.rs:529:17
[INFO] [stdout]   53:     0x56297a6d5f07 - <core::panic::unwind_safe::AssertUnwindSafe<F> as core::ops::function::FnOnce<()>>::call_once::h9dc6bd6372f16606
[INFO] [stdout]                                at /rustc/82e1608dfa6e0b5569232559e3d385fea5a93112/library/core/src/panic/unwind_safe.rs:272:9
[INFO] [stdout]   54:     0x56297a6d5f07 - std::panicking::try::do_call::h9057517f80303cd4
[INFO] [stdout]                                at /rustc/82e1608dfa6e0b5569232559e3d385fea5a93112/library/std/src/panicking.rs:552:40
[INFO] [stdout]   55:     0x56297a6d5f07 - std::panicking::try::he3a30b11ee45340c
[INFO] [stdout]                                at /rustc/82e1608dfa6e0b5569232559e3d385fea5a93112/library/std/src/panicking.rs:516:19
[INFO] [stdout]   56:     0x56297a6d5f07 - std::panic::catch_unwind::h410458cfd3528b8b
[INFO] [stdout]                                at /rustc/82e1608dfa6e0b5569232559e3d385fea5a93112/library/std/src/panic.rs:142:14
[INFO] [stdout]   57:     0x56297a6d5f07 - std::thread::Builder::spawn_unchecked_::{{closure}}::h72ac3bdb567b737b
[INFO] [stdout]                                at /rustc/82e1608dfa6e0b5569232559e3d385fea5a93112/library/std/src/thread/mod.rs:528:30
[INFO] [stdout]   58:     0x56297a6d5f07 - core::ops::function::FnOnce::call_once{{vtable.shim}}::h38f34da3654a8344
[INFO] [stdout]                                at /rustc/82e1608dfa6e0b5569232559e3d385fea5a93112/library/core/src/ops/function.rs:250:5
[INFO] [stdout]   59:     0x56297acab615 - <alloc::boxed::Box<F,A> as core::ops::function::FnOnce<Args>>::call_once::hc7eafaff61e32df9
[INFO] [stdout]                                at /rustc/82e1608dfa6e0b5569232559e3d385fea5a93112/library/alloc/src/boxed.rs:2007:9
[INFO] [stdout]   60:     0x56297acab615 - <alloc::boxed::Box<F,A> as core::ops::function::FnOnce<Args>>::call_once::h6ba4a5de48dd2304
[INFO] [stdout]                                at /rustc/82e1608dfa6e0b5569232559e3d385fea5a93112/library/alloc/src/boxed.rs:2007:9
[INFO] [stdout]   61:     0x56297acab615 - std::sys::unix::thread::Thread::new::thread_start::he469335aef763e45
[INFO] [stdout]                                at /rustc/82e1608dfa6e0b5569232559e3d385fea5a93112/library/std/src/sys/unix/thread.rs:108:17
[INFO] [stdout]   62:     0x7fadaf106ac3 - <unknown>
[INFO] [stdout]   63:     0x7fadaf197bf4 - __clone
[INFO] [stdout]   64:                0x0 - <unknown>
[INFO] [stdout] 
[INFO] [stdout] ---- dal::chat_message_repository::test::repo_get_messages_from_channel stdout ----
[INFO] [stdout] thread 'dal::chat_message_repository::test::repo_get_messages_from_channel' panicked at src/dal/chat_message_repository.rs:174:60:
[INFO] [stdout] called `Result::unwrap()` on an `Err` value: Io(Os { code: 2, kind: NotFound, message: "No such file or directory" })
[INFO] [stdout] stack backtrace:
[INFO] [stdout]    0:     0x56297aca48cc - std::backtrace_rs::backtrace::libunwind::trace::ha637c64ce894333a
[INFO] [stdout]                                at /rustc/82e1608dfa6e0b5569232559e3d385fea5a93112/library/std/src/../../backtrace/src/backtrace/libunwind.rs:104:5
[INFO] [stdout]    1:     0x56297aca48cc - std::backtrace_rs::backtrace::trace_unsynchronized::h47f62dea28e0c88d
[INFO] [stdout]                                at /rustc/82e1608dfa6e0b5569232559e3d385fea5a93112/library/std/src/../../backtrace/src/backtrace/mod.rs:66:5
[INFO] [stdout]    2:     0x56297aca48cc - std::sys_common::backtrace::_print_fmt::h9eef0abe20ede486
[INFO] [stdout]                                at /rustc/82e1608dfa6e0b5569232559e3d385fea5a93112/library/std/src/sys_common/backtrace.rs:67:5
[INFO] [stdout]    3:     0x56297aca48cc - <std::sys_common::backtrace::_print::DisplayBacktrace as core::fmt::Display>::fmt::hed7f999df88cc644
[INFO] [stdout]                                at /rustc/82e1608dfa6e0b5569232559e3d385fea5a93112/library/std/src/sys_common/backtrace.rs:44:22
[INFO] [stdout]    4:     0x56297acd0650 - core::fmt::rt::Argument::fmt::h1539a9308b8d058d
[INFO] [stdout]                                at /rustc/82e1608dfa6e0b5569232559e3d385fea5a93112/library/core/src/fmt/rt.rs:142:9
[INFO] [stdout]    5:     0x56297acd0650 - core::fmt::write::h3a39390d8560d9c9
[INFO] [stdout]                                at /rustc/82e1608dfa6e0b5569232559e3d385fea5a93112/library/core/src/fmt/mod.rs:1120:17
[INFO] [stdout]    6:     0x56297aca190f - std::io::Write::write_fmt::h040b369f3a0f9cbc
[INFO] [stdout]                                at /rustc/82e1608dfa6e0b5569232559e3d385fea5a93112/library/std/src/io/mod.rs:1762:15
[INFO] [stdout]    7:     0x56297aca46b4 - std::sys_common::backtrace::_print::h894006fb5c6f3d45
[INFO] [stdout]                                at /rustc/82e1608dfa6e0b5569232559e3d385fea5a93112/library/std/src/sys_common/backtrace.rs:47:5
[INFO] [stdout]    8:     0x56297aca46b4 - std::sys_common::backtrace::print::h23a2d212c6fff936
[INFO] [stdout]                                at /rustc/82e1608dfa6e0b5569232559e3d385fea5a93112/library/std/src/sys_common/backtrace.rs:34:9
[INFO] [stdout]    9:     0x56297aca6377 - std::panicking::default_hook::{{closure}}::h8a1d2ee00185001a
[INFO] [stdout]   10:     0x56297aca6063 - std::panicking::default_hook::h6038f2eba384e475
[INFO] [stdout]                                at /rustc/82e1608dfa6e0b5569232559e3d385fea5a93112/library/std/src/panicking.rs:289:9
[INFO] [stdout]   11:     0x56297a704527 - <alloc::boxed::Box<F,A> as core::ops::function::Fn<Args>>::call::h0ad024c9bdc6d768
[INFO] [stdout]                                at /rustc/82e1608dfa6e0b5569232559e3d385fea5a93112/library/alloc/src/boxed.rs:2021:9
[INFO] [stdout]   12:     0x56297a704527 - test::test_main::{{closure}}::h7500b54257359db6
[INFO] [stdout]                                at /rustc/82e1608dfa6e0b5569232559e3d385fea5a93112/library/test/src/lib.rs:138:21
[INFO] [stdout]   13:     0x56297aca6988 - <alloc::boxed::Box<F,A> as core::ops::function::Fn<Args>>::call::h1f8f335eaa9cfaee
[INFO] [stdout]                                at /rustc/82e1608dfa6e0b5569232559e3d385fea5a93112/library/alloc/src/boxed.rs:2021:9
[INFO] [stdout]   14:     0x56297aca6988 - std::panicking::rust_panic_with_hook::h2b5517d590cab22e
[INFO] [stdout]                                at /rustc/82e1608dfa6e0b5569232559e3d385fea5a93112/library/std/src/panicking.rs:783:13
[INFO] [stdout]   15:     0x56297aca66de - std::panicking::begin_panic_handler::{{closure}}::h233112c06e0ef43e
[INFO] [stdout]                                at /rustc/82e1608dfa6e0b5569232559e3d385fea5a93112/library/std/src/panicking.rs:657:13
[INFO] [stdout]   16:     0x56297aca4d96 - std::sys_common::backtrace::__rust_end_short_backtrace::h6e893f24d7ebbff8
[INFO] [stdout]                                at /rustc/82e1608dfa6e0b5569232559e3d385fea5a93112/library/std/src/sys_common/backtrace.rs:170:18
[INFO] [stdout]   17:     0x56297aca6442 - rust_begin_unwind
[INFO] [stdout]                                at /rustc/82e1608dfa6e0b5569232559e3d385fea5a93112/library/std/src/panicking.rs:645:5
[INFO] [stdout]   18:     0x56297a61e4c5 - core::panicking::panic_fmt::hbf0e066aabfa482c
[INFO] [stdout]                                at /rustc/82e1608dfa6e0b5569232559e3d385fea5a93112/library/core/src/panicking.rs:72:14
[INFO] [stdout]   19:     0x56297a61ea93 - core::result::unwrap_failed::hddb4fea594200c52
[INFO] [stdout]                                at /rustc/82e1608dfa6e0b5569232559e3d385fea5a93112/library/core/src/result.rs:1653:5
[INFO] [stdout]   20:     0x56297a6873dc - core::result::Result<T,E>::unwrap::hf415ac2c8d78b41a
[INFO] [stdout]                                at /rustc/82e1608dfa6e0b5569232559e3d385fea5a93112/library/core/src/result.rs:1077:23
[INFO] [stdout]   21:     0x56297a671ff9 - <chatserver::dal::chat_message_repository::test::ChatMessageRepoTestContext as test_context::AsyncTestContext>::setup::{{closure}}::h431d763d606b8ca1
[INFO] [stdout]                                at /opt/rustwide/workdir/src/dal/chat_message_repository.rs:174:26
[INFO] [stdout]   22:     0x56297a69487d - <core::pin::Pin<P> as core::future::future::Future>::poll::h23a33c6f7078c6b9
[INFO] [stdout]                                at /rustc/82e1608dfa6e0b5569232559e3d385fea5a93112/library/core/src/future/future.rs:125:9
[INFO] [stdout]   23:     0x56297a673feb - chatserver::dal::chat_message_repository::test::repo_get_messages_from_channel::{{closure}}::hfe23c7559e7728cf
[INFO] [stdout]                                at /opt/rustwide/workdir/src/dal/chat_message_repository.rs:193:5
[INFO] [stdout]   24:     0x56297a694a2d - <core::pin::Pin<P> as core::future::future::Future>::poll::hb628b17e563bab4e
[INFO] [stdout]                                at /rustc/82e1608dfa6e0b5569232559e3d385fea5a93112/library/core/src/future/future.rs:125:9
[INFO] [stdout]   25:     0x56297a6949ba - <core::pin::Pin<P> as core::future::future::Future>::poll::h5d207e706e6a1e32
[INFO] [stdout]                                at /rustc/82e1608dfa6e0b5569232559e3d385fea5a93112/library/core/src/future/future.rs:125:9
[INFO] [stdout]   26:     0x56297a6458b3 - tokio::runtime::scheduler::current_thread::CoreGuard::block_on::{{closure}}::{{closure}}::{{closure}}::h07faee89f0ec3f8a
[INFO] [stdout]                                at /opt/rustwide/cargo-home/registry/src/index.crates.io-6f17d22bba15001f/tokio-1.25.0/src/runtime/scheduler/current_thread.rs:541:57
[INFO] [stdout]   27:     0x56297a64553f - tokio::runtime::coop::with_budget::heedcf8ab33540c47
[INFO] [stdout]                                at /opt/rustwide/cargo-home/registry/src/index.crates.io-6f17d22bba15001f/tokio-1.25.0/src/runtime/coop.rs:102:5
[INFO] [stdout]   28:     0x56297a64553f - tokio::runtime::coop::budget::hbc94cfd15419dcb5
[INFO] [stdout]                                at /opt/rustwide/cargo-home/registry/src/index.crates.io-6f17d22bba15001f/tokio-1.25.0/src/runtime/coop.rs:68:5
[INFO] [stdout]   29:     0x56297a64553f - tokio::runtime::scheduler::current_thread::CoreGuard::block_on::{{closure}}::{{closure}}::h19734b08ad6b716a
[INFO] [stdout]                                at /opt/rustwide/cargo-home/registry/src/index.crates.io-6f17d22bba15001f/tokio-1.25.0/src/runtime/scheduler/current_thread.rs:541:25
[INFO] [stdout]   30:     0x56297a64206d - tokio::runtime::scheduler::current_thread::Context::enter::h2c7e8e76ec3cdf1a
[INFO] [stdout]                                at /opt/rustwide/cargo-home/registry/src/index.crates.io-6f17d22bba15001f/tokio-1.25.0/src/runtime/scheduler/current_thread.rs:350:19
[INFO] [stdout]   31:     0x56297a643d72 - tokio::runtime::scheduler::current_thread::CoreGuard::block_on::{{closure}}::h2c53cf872bdfd9fb
[INFO] [stdout]                                at /opt/rustwide/cargo-home/registry/src/index.crates.io-6f17d22bba15001f/tokio-1.25.0/src/runtime/scheduler/current_thread.rs:540:36
[INFO] [stdout]   32:     0x56297a6439c2 - tokio::runtime::scheduler::current_thread::CoreGuard::enter::{{closure}}::hab73c0b7357acae2
[INFO] [stdout]                                at /opt/rustwide/cargo-home/registry/src/index.crates.io-6f17d22bba15001f/tokio-1.25.0/src/runtime/scheduler/current_thread.rs:615:57
[INFO] [stdout]   33:     0x56297a6b9e4c - tokio::macros::scoped_tls::ScopedKey<T>::set::h743270cd0b679655
[INFO] [stdout]                                at /opt/rustwide/cargo-home/registry/src/index.crates.io-6f17d22bba15001f/tokio-1.25.0/src/macros/scoped_tls.rs:61:9
[INFO] [stdout]   34:     0x56297a6436c6 - tokio::runtime::scheduler::current_thread::CoreGuard::enter::h72171f73158f58b4
[INFO] [stdout]                                at /opt/rustwide/cargo-home/registry/src/index.crates.io-6f17d22bba15001f/tokio-1.25.0/src/runtime/scheduler/current_thread.rs:615:27
[INFO] [stdout]   35:     0x56297a643a8b - tokio::runtime::scheduler::current_thread::CoreGuard::block_on::h70dc72c06f53eed7
[INFO] [stdout]                                at /opt/rustwide/cargo-home/registry/src/index.crates.io-6f17d22bba15001f/tokio-1.25.0/src/runtime/scheduler/current_thread.rs:530:19
[INFO] [stdout]   36:     0x56297a640dbc - tokio::runtime::scheduler::current_thread::CurrentThread::block_on::h296eeb0373de2123
[INFO] [stdout]                                at /opt/rustwide/cargo-home/registry/src/index.crates.io-6f17d22bba15001f/tokio-1.25.0/src/runtime/scheduler/current_thread.rs:154:24
[INFO] [stdout]   37:     0x56297a6ae79a - tokio::runtime::runtime::Runtime::block_on::h0c7f30a68f8d4e6e
[INFO] [stdout]                                at /opt/rustwide/cargo-home/registry/src/index.crates.io-6f17d22bba15001f/tokio-1.25.0/src/runtime/runtime.rs:282:47
[INFO] [stdout]   38:     0x56297a673d17 - chatserver::dal::chat_message_repository::test::repo_get_messages_from_channel::h98d204b5709efe54
[INFO] [stdout]                                at /opt/rustwide/workdir/src/dal/chat_message_repository.rs:193:5
[INFO] [stdout]   39:     0x56297a673b7c - chatserver::dal::chat_message_repository::test::repo_get_messages_from_channel::{{closure}}::hac423be6e2568c6b
[INFO] [stdout]                                at /opt/rustwide/workdir/src/dal/chat_message_repository.rs:195:82
[INFO] [stdout]   40:     0x56297a620246 - core::ops::function::FnOnce::call_once::ha661143f4535ed38
[INFO] [stdout]                                at /rustc/82e1608dfa6e0b5569232559e3d385fea5a93112/library/core/src/ops/function.rs:250:5
[INFO] [stdout]   41:     0x56297a709b7f - core::ops::function::FnOnce::call_once::h2b5d431d5046312d
[INFO] [stdout]                                at /rustc/82e1608dfa6e0b5569232559e3d385fea5a93112/library/core/src/ops/function.rs:250:5
[INFO] [stdout]   42:     0x56297a709b7f - test::__rust_begin_short_backtrace::h7714669af176e207
[INFO] [stdout]                                at /rustc/82e1608dfa6e0b5569232559e3d385fea5a93112/library/test/src/lib.rs:628:18
[INFO] [stdout]   43:     0x56297a708b95 - test::run_test_in_process::{{closure}}::h85218797dcbcec12
[INFO] [stdout]                                at /rustc/82e1608dfa6e0b5569232559e3d385fea5a93112/library/test/src/lib.rs:651:60
[INFO] [stdout]   44:     0x56297a708b95 - <core::panic::unwind_safe::AssertUnwindSafe<F> as core::ops::function::FnOnce<()>>::call_once::h76c106ea31c14d7b
[INFO] [stdout]                                at /rustc/82e1608dfa6e0b5569232559e3d385fea5a93112/library/core/src/panic/unwind_safe.rs:272:9
[INFO] [stdout]   45:     0x56297a708b95 - std::panicking::try::do_call::h3bd5d0f6620ee946
[INFO] [stdout]                                at /rustc/82e1608dfa6e0b5569232559e3d385fea5a93112/library/std/src/panicking.rs:552:40
[INFO] [stdout]   46:     0x56297a708b95 - std::panicking::try::h232e535e4744fe31
[INFO] [stdout]                                at /rustc/82e1608dfa6e0b5569232559e3d385fea5a93112/library/std/src/panicking.rs:516:19
[INFO] [stdout]   47:     0x56297a708b95 - std::panic::catch_unwind::h3ce3bd6ca8dbac68
[INFO] [stdout]                                at /rustc/82e1608dfa6e0b5569232559e3d385fea5a93112/library/std/src/panic.rs:142:14
[INFO] [stdout]   48:     0x56297a708b95 - test::run_test_in_process::hc97b257c9621286a
[INFO] [stdout]                                at /rustc/82e1608dfa6e0b5569232559e3d385fea5a93112/library/test/src/lib.rs:651:27
[INFO] [stdout]   49:     0x56297a708b95 - test::run_test::{{closure}}::h2aa798823a438d38
[INFO] [stdout]                                at /rustc/82e1608dfa6e0b5569232559e3d385fea5a93112/library/test/src/lib.rs:574:43
[INFO] [stdout]   50:     0x56297a6d0e56 - test::run_test::{{closure}}::h87d231c78fb59832
[INFO] [stdout]                                at /rustc/82e1608dfa6e0b5569232559e3d385fea5a93112/library/test/src/lib.rs:602:41
[INFO] [stdout]   51:     0x56297a6d0e56 - std::sys_common::backtrace::__rust_begin_short_backtrace::he6df152596625789
[INFO] [stdout]                                at /rustc/82e1608dfa6e0b5569232559e3d385fea5a93112/library/std/src/sys_common/backtrace.rs:154:18
[INFO] [stdout]   52:     0x56297a6d5f07 - std::thread::Builder::spawn_unchecked_::{{closure}}::{{closure}}::ha94be15d1e0acf36
[INFO] [stdout]                                at /rustc/82e1608dfa6e0b5569232559e3d385fea5a93112/library/std/src/thread/mod.rs:529:17
[INFO] [stdout]   53:     0x56297a6d5f07 - <core::panic::unwind_safe::AssertUnwindSafe<F> as core::ops::function::FnOnce<()>>::call_once::h9dc6bd6372f16606
[INFO] [stdout]                                at /rustc/82e1608dfa6e0b5569232559e3d385fea5a93112/library/core/src/panic/unwind_safe.rs:272:9
[INFO] [stdout]   54:     0x56297a6d5f07 - std::panicking::try::do_call::h9057517f80303cd4
[INFO] [stdout]                                at /rustc/82e1608dfa6e0b5569232559e3d385fea5a93112/library/std/src/panicking.rs:552:40
[INFO] [stdout]   55:     0x56297a6d5f07 - std::panicking::try::he3a30b11ee45340c
[INFO] [stdout]                                at /rustc/82e1608dfa6e0b5569232559e3d385fea5a93112/library/std/src/panicking.rs:516:19
[INFO] [stdout]   56:     0x56297a6d5f07 - std::panic::catch_unwind::h410458cfd3528b8b
[INFO] [stdout]                                at /rustc/82e1608dfa6e0b5569232559e3d385fea5a93112/library/std/src/panic.rs:142:14
[INFO] [stdout]   57:     0x56297a6d5f07 - std::thread::Builder::spawn_unchecked_::{{closure}}::h72ac3bdb567b737b
[INFO] [stdout]                                at /rustc/82e1608dfa6e0b5569232559e3d385fea5a93112/library/std/src/thread/mod.rs:528:30
[INFO] [stdout]   58:     0x56297a6d5f07 - core::ops::function::FnOnce::call_once{{vtable.shim}}::h38f34da3654a8344
[INFO] [stdout]                                at /rustc/82e1608dfa6e0b5569232559e3d385fea5a93112/library/core/src/ops/function.rs:250:5
[INFO] [stdout]   59:     0x56297acab615 - <alloc::boxed::Box<F,A> as core::ops::function::FnOnce<Args>>::call_once::hc7eafaff61e32df9
[INFO] [stdout]                                at /rustc/82e1608dfa6e0b5569232559e3d385fea5a93112/library/alloc/src/boxed.rs:2007:9
[INFO] [stdout]   60:     0x56297acab615 - <alloc::boxed::Box<F,A> as core::ops::function::FnOnce<Args>>::call_once::h6ba4a5de48dd2304
[INFO] [stdout]                                at /rustc/82e1608dfa6e0b5569232559e3d385fea5a93112/library/alloc/src/boxed.rs:2007:9
[INFO] [stdout]   61:     0x56297acab615 - std::sys::unix::thread::Thread::new::thread_start::he469335aef763e45
[INFO] [stdout]                                at /rustc/82e1608dfa6e0b5569232559e3d385fea5a93112/library/std/src/sys/unix/thread.rs:108:17
[INFO] [stdout]   62:     0x7fadaf106ac3 - <unknown>
[INFO] [stdout]   63:     0x7fadaf197bf4 - __clone
[INFO] [stdout]   64:                0x0 - <unknown>
[INFO] [stdout] 
[INFO] [stdout] ---- api::message::tests::api_test_message_post stdout ----
[INFO] [stdout] thread 'api::message::tests::api_test_message_post' panicked at src/api/tests.rs:22:56:
[INFO] [stdout] called `Result::unwrap()` on an `Err` value: Io(Os { code: 2, kind: NotFound, message: "No such file or directory" })
[INFO] [stdout] stack backtrace:
[INFO] [stdout]    0:     0x56297aca48cc - std::backtrace_rs::backtrace::libunwind::trace::ha637c64ce894333a
[INFO] [stdout]                                at /rustc/82e1608dfa6e0b5569232559e3d385fea5a93112/library/std/src/../../backtrace/src/backtrace/libunwind.rs:104:5
[INFO] [stdout]    1:     0x56297aca48cc - std::backtrace_rs::backtrace::trace_unsynchronized::h47f62dea28e0c88d
[INFO] [stdout]                                at /rustc/82e1608dfa6e0b5569232559e3d385fea5a93112/library/std/src/../../backtrace/src/backtrace/mod.rs:66:5
[INFO] [stdout]    2:     0x56297aca48cc - std::sys_common::backtrace::_print_fmt::h9eef0abe20ede486
[INFO] [stdout]                                at /rustc/82e1608dfa6e0b5569232559e3d385fea5a93112/library/std/src/sys_common/backtrace.rs:67:5
[INFO] [stdout]    3:     0x56297aca48cc - <std::sys_common::backtrace::_print::DisplayBacktrace as core::fmt::Display>::fmt::hed7f999df88cc644
[INFO] [stdout]                                at /rustc/82e1608dfa6e0b5569232559e3d385fea5a93112/library/std/src/sys_common/backtrace.rs:44:22
[INFO] [stdout]    4:     0x56297acd0650 - core::fmt::rt::Argument::fmt::h1539a9308b8d058d
[INFO] [stdout]                                at /rustc/82e1608dfa6e0b5569232559e3d385fea5a93112/library/core/src/fmt/rt.rs:142:9
[INFO] [stdout]    5:     0x56297acd0650 - core::fmt::write::h3a39390d8560d9c9
[INFO] [stdout]                                at /rustc/82e1608dfa6e0b5569232559e3d385fea5a93112/library/core/src/fmt/mod.rs:1120:17
[INFO] [stdout]    6:     0x56297aca190f - std::io::Write::write_fmt::h040b369f3a0f9cbc
[INFO] [stdout]                                at /rustc/82e1608dfa6e0b5569232559e3d385fea5a93112/library/std/src/io/mod.rs:1762:15
[INFO] [stdout]    7:     0x56297aca46b4 - std::sys_common::backtrace::_print::h894006fb5c6f3d45
[INFO] [stdout]                                at /rustc/82e1608dfa6e0b5569232559e3d385fea5a93112/library/std/src/sys_common/backtrace.rs:47:5
[INFO] [stdout]    8:     0x56297aca46b4 - std::sys_common::backtrace::print::h23a2d212c6fff936
[INFO] [stdout]                                at /rustc/82e1608dfa6e0b5569232559e3d385fea5a93112/library/std/src/sys_common/backtrace.rs:34:9
[INFO] [stdout]    9:     0x56297aca6377 - std::panicking::default_hook::{{closure}}::h8a1d2ee00185001a
[INFO] [stdout]   10:     0x56297aca6063 - std::panicking::default_hook::h6038f2eba384e475
[INFO] [stdout]                                at /rustc/82e1608dfa6e0b5569232559e3d385fea5a93112/library/std/src/panicking.rs:289:9
[INFO] [stdout]   11:     0x56297a704527 - <alloc::boxed::Box<F,A> as core::ops::function::Fn<Args>>::call::h0ad024c9bdc6d768
[INFO] [stdout]                                at /rustc/82e1608dfa6e0b5569232559e3d385fea5a93112/library/alloc/src/boxed.rs:2021:9
[INFO] [stdout]   12:     0x56297a704527 - test::test_main::{{closure}}::h7500b54257359db6
[INFO] [stdout]                                at /rustc/82e1608dfa6e0b5569232559e3d385fea5a93112/library/test/src/lib.rs:138:21
[INFO] [stdout]   13:     0x56297aca6988 - <alloc::boxed::Box<F,A> as core::ops::function::Fn<Args>>::call::h1f8f335eaa9cfaee
[INFO] [stdout]                                at /rustc/82e1608dfa6e0b5569232559e3d385fea5a93112/library/alloc/src/boxed.rs:2021:9
[INFO] [stdout]   14:     0x56297aca6988 - std::panicking::rust_panic_with_hook::h2b5517d590cab22e
[INFO] [stdout]                                at /rustc/82e1608dfa6e0b5569232559e3d385fea5a93112/library/std/src/panicking.rs:783:13
[INFO] [stdout]   15:     0x56297aca66de - std::panicking::begin_panic_handler::{{closure}}::h233112c06e0ef43e
[INFO] [stdout]                                at /rustc/82e1608dfa6e0b5569232559e3d385fea5a93112/library/std/src/panicking.rs:657:13
[INFO] [stdout]   16:     0x56297aca4d96 - std::sys_common::backtrace::__rust_end_short_backtrace::h6e893f24d7ebbff8
[INFO] [stdout]                                at /rustc/82e1608dfa6e0b5569232559e3d385fea5a93112/library/std/src/sys_common/backtrace.rs:170:18
[INFO] [stdout]   17:     0x56297aca6442 - rust_begin_unwind
[INFO] [stdout]                                at /rustc/82e1608dfa6e0b5569232559e3d385fea5a93112/library/std/src/panicking.rs:645:5
[INFO] [stdout]   18:     0x56297a61e4c5 - core::panicking::panic_fmt::hbf0e066aabfa482c
[INFO] [stdout]                                at /rustc/82e1608dfa6e0b5569232559e3d385fea5a93112/library/core/src/panicking.rs:72:14
[INFO] [stdout]   19:     0x56297a61ea93 - core::result::unwrap_failed::hddb4fea594200c52
[INFO] [stdout]                                at /rustc/82e1608dfa6e0b5569232559e3d385fea5a93112/library/core/src/result.rs:1653:5
[INFO] [stdout]   20:     0x56297a6873dc - core::result::Result<T,E>::unwrap::hf415ac2c8d78b41a
[INFO] [stdout]                                at /rustc/82e1608dfa6e0b5569232559e3d385fea5a93112/library/core/src/result.rs:1077:23
[INFO] [stdout]   21:     0x56297a671784 - <chatserver::api::tests::ServerTestContext as test_context::AsyncTestContext>::setup::{{closure}}::h4a23e99da33dc2bd
[INFO] [stdout]                                at /opt/rustwide/workdir/src/api/tests.rs:22:22
[INFO] [stdout]   22:     0x56297a694b5d - <core::pin::Pin<P> as core::future::future::Future>::poll::hd09d41df0753a1b8
[INFO] [stdout]                                at /rustc/82e1608dfa6e0b5569232559e3d385fea5a93112/library/core/src/future/future.rs:125:9
[INFO] [stdout]   23:     0x56297a670b20 - chatserver::api::message::tests::api_test_message_post::{{closure}}::heae1a786c6b9e69b
[INFO] [stdout]                                at /opt/rustwide/workdir/src/api/message.rs:41:5
[INFO] [stdout]   24:     0x56297a6ba9d8 - <tokio::task::local::RunUntil<T> as core::future::future::Future>::poll::{{closure}}::h7569b12e6e1fd625
[INFO] [stdout]                                at /opt/rustwide/cargo-home/registry/src/index.crates.io-6f17d22bba15001f/tokio-1.25.0/src/task/local.rs:923:42
[INFO] [stdout]   25:     0x56297a6b9956 - tokio::task::local::LocalSet::with::{{closure}}::hdf8a1faafecac882
[INFO] [stdout]                                at /opt/rustwide/cargo-home/registry/src/index.crates.io-6f17d22bba15001f/tokio-1.25.0/src/task/local.rs:684:13
[INFO] [stdout]   26:     0x56297a659ec8 - std::thread::local::LocalKey<T>::try_with::h64758423e01dd441
[INFO] [stdout]                                at /rustc/82e1608dfa6e0b5569232559e3d385fea5a93112/library/std/src/thread/local.rs:270:16
[INFO] [stdout]   27:     0x56297a6594ec - std::thread::local::LocalKey<T>::with::h79655f6fc84b51db
[INFO] [stdout]                                at /rustc/82e1608dfa6e0b5569232559e3d385fea5a93112/library/std/src/thread/local.rs:246:9
[INFO] [stdout]   28:     0x56297a6b9876 - tokio::task::local::LocalSet::with::h4635f7f793815d22
[INFO] [stdout]                                at /opt/rustwide/cargo-home/registry/src/index.crates.io-6f17d22bba15001f/tokio-1.25.0/src/task/local.rs:667:9
[INFO] [stdout]   29:     0x56297a6ba919 - <tokio::task::local::RunUntil<T> as core::future::future::Future>::poll::hff04498ff337e4e3
[INFO] [stdout]                                at /opt/rustwide/cargo-home/registry/src/index.crates.io-6f17d22bba15001f/tokio-1.25.0/src/task/local.rs:913:9
[INFO] [stdout]   30:     0x56297a6b9cc0 - tokio::task::local::LocalSet::run_until::{{closure}}::hcf3a6d68e2952112
[INFO] [stdout]                                at /opt/rustwide/cargo-home/registry/src/index.crates.io-6f17d22bba15001f/tokio-1.25.0/src/task/local.rs:573:19
[INFO] [stdout]   31:     0x56297a694bba - <core::pin::Pin<P> as core::future::future::Future>::poll::hdd7b680c68cac6d5
[INFO] [stdout]                                at /rustc/82e1608dfa6e0b5569232559e3d385fea5a93112/library/core/src/future/future.rs:125:9
[INFO] [stdout]   32:     0x56297a645903 - tokio::runtime::scheduler::current_thread::CoreGuard::block_on::{{closure}}::{{closure}}::{{closure}}::h6b9394274557f507
[INFO] [stdout]                                at /opt/rustwide/cargo-home/registry/src/index.crates.io-6f17d22bba15001f/tokio-1.25.0/src/runtime/scheduler/current_thread.rs:541:57
[INFO] [stdout]   33:     0x56297a64576f - tokio::runtime::coop::with_budget::hdc8a8261ce478895
[INFO] [stdout]                                at /opt/rustwide/cargo-home/registry/src/index.crates.io-6f17d22bba15001f/tokio-1.25.0/src/runtime/coop.rs:102:5
[INFO] [stdout]   34:     0x56297a64576f - tokio::runtime::coop::budget::hf01338eb263ecb80
[INFO] [stdout]                                at /opt/rustwide/cargo-home/registry/src/index.crates.io-6f17d22bba15001f/tokio-1.25.0/src/runtime/coop.rs:68:5
[INFO] [stdout]   35:     0x56297a64576f - tokio::runtime::scheduler::current_thread::CoreGuard::block_on::{{closure}}::{{closure}}::h6e61541b34c2b200
[INFO] [stdout]                                at /opt/rustwide/cargo-home/registry/src/index.crates.io-6f17d22bba15001f/tokio-1.25.0/src/runtime/scheduler/current_thread.rs:541:25
[INFO] [stdout]   36:     0x56297a642a2d - tokio::runtime::scheduler::current_thread::Context::enter::he8844394bf86b6f7
[INFO] [stdout]                                at /opt/rustwide/cargo-home/registry/src/index.crates.io-6f17d22bba15001f/tokio-1.25.0/src/runtime/scheduler/current_thread.rs:350:19
[INFO] [stdout]   37:     0x56297a6449e2 - tokio::runtime::scheduler::current_thread::CoreGuard::block_on::{{closure}}::hfac498b6bfe74386
[INFO] [stdout]                                at /opt/rustwide/cargo-home/registry/src/index.crates.io-6f17d22bba15001f/tokio-1.25.0/src/runtime/scheduler/current_thread.rs:540:36
[INFO] [stdout]   38:     0x56297a643982 - tokio::runtime::scheduler::current_thread::CoreGuard::enter::{{closure}}::h16f03a4a904b1a2a
[INFO] [stdout]                                at /opt/rustwide/cargo-home/registry/src/index.crates.io-6f17d22bba15001f/tokio-1.25.0/src/runtime/scheduler/current_thread.rs:615:57
[INFO] [stdout]   39:     0x56297a6b9f7c - tokio::macros::scoped_tls::ScopedKey<T>::set::h9212cb3c597d6452
[INFO] [stdout]                                at /opt/rustwide/cargo-home/registry/src/index.crates.io-6f17d22bba15001f/tokio-1.25.0/src/macros/scoped_tls.rs:61:9
[INFO] [stdout]   40:     0x56297a643276 - tokio::runtime::scheduler::current_thread::CoreGuard::enter::h34aff2c325204823
[INFO] [stdout]                                at /opt/rustwide/cargo-home/registry/src/index.crates.io-6f17d22bba15001f/tokio-1.25.0/src/runtime/scheduler/current_thread.rs:615:27
[INFO] [stdout]   41:     0x56297a6439fb - tokio::runtime::scheduler::current_thread::CoreGuard::block_on::h47bafebc929fb74a
[INFO] [stdout]                                at /opt/rustwide/cargo-home/registry/src/index.crates.io-6f17d22bba15001f/tokio-1.25.0/src/runtime/scheduler/current_thread.rs:530:19
[INFO] [stdout]   42:     0x56297a6412bd - tokio::runtime::scheduler::current_thread::CurrentThread::block_on::h75391e1670e97209
[INFO] [stdout]                                at /opt/rustwide/cargo-home/registry/src/index.crates.io-6f17d22bba15001f/tokio-1.25.0/src/runtime/scheduler/current_thread.rs:154:24
[INFO] [stdout]   43:     0x56297a6ae949 - tokio::runtime::runtime::Runtime::block_on::hb2728f54591edbcc
[INFO] [stdout]                                at /opt/rustwide/cargo-home/registry/src/index.crates.io-6f17d22bba15001f/tokio-1.25.0/src/runtime/runtime.rs:282:47
[INFO] [stdout]   44:     0x56297a6b9a38 - tokio::task::local::LocalSet::block_on::h50b6766ef96a5733
[INFO] [stdout]                                at /opt/rustwide/cargo-home/registry/src/index.crates.io-6f17d22bba15001f/tokio-1.25.0/src/task/local.rs:534:9
[INFO] [stdout]   45:     0x56297a69f3e6 - actix_rt::runtime::Runtime::block_on::hc999b83a50e44f07
[INFO] [stdout]                                at /opt/rustwide/cargo-home/registry/src/index.crates.io-6f17d22bba15001f/actix-rt-2.8.0/src/runtime.rs:82:9
[INFO] [stdout]   46:     0x56297a6aed16 - actix_rt::system::SystemRunner::block_on::hd2c93ff2bcb7f085
[INFO] [stdout]                                at /opt/rustwide/cargo-home/registry/src/index.crates.io-6f17d22bba15001f/actix-rt-2.8.0/src/system.rs:210:9
[INFO] [stdout]   47:     0x56297a670891 - chatserver::api::message::tests::api_test_message_post::h3ef24683983b3311
[INFO] [stdout]                                at /opt/rustwide/workdir/src/api/message.rs:42:5
[INFO] [stdout]   48:     0x56297a67081c - chatserver::api::message::tests::api_test_message_post::{{closure}}::hff259a13c7b7c23d
[INFO] [stdout]                                at /opt/rustwide/workdir/src/api/message.rs:43:64
[INFO] [stdout]   49:     0x56297a620206 - core::ops::function::FnOnce::call_once::h979c5dccbaba9016
[INFO] [stdout]                                at /rustc/82e1608dfa6e0b5569232559e3d385fea5a93112/library/core/src/ops/function.rs:250:5
[INFO] [stdout]   50:     0x56297a709b7f - core::ops::function::FnOnce::call_once::h2b5d431d5046312d
[INFO] [stdout]                                at /rustc/82e1608dfa6e0b5569232559e3d385fea5a93112/library/core/src/ops/function.rs:250:5
[INFO] [stdout]   51:     0x56297a709b7f - test::__rust_begin_short_backtrace::h7714669af176e207
[INFO] [stdout]                                at /rustc/82e1608dfa6e0b5569232559e3d385fea5a93112/library/test/src/lib.rs:628:18
[INFO] [stdout]   52:     0x56297a708b95 - test::run_test_in_process::{{closure}}::h85218797dcbcec12
[INFO] [stdout]                                at /rustc/82e1608dfa6e0b5569232559e3d385fea5a93112/library/test/src/lib.rs:651:60
[INFO] [stdout]   53:     0x56297a708b95 - <core::panic::unwind_safe::AssertUnwindSafe<F> as core::ops::function::FnOnce<()>>::call_once::h76c106ea31c14d7b
[INFO] [stdout]                                at /rustc/82e1608dfa6e0b5569232559e3d385fea5a93112/library/core/src/panic/unwind_safe.rs:272:9
[INFO] [stdout]   54:     0x56297a708b95 - std::panicking::try::do_call::h3bd5d0f6620ee946
[INFO] [stdout]                                at /rustc/82e1608dfa6e0b5569232559e3d385fea5a93112/library/std/src/panicking.rs:552:40
[INFO] [stdout]   55:     0x56297a708b95 - std::panicking::try::h232e535e4744fe31
[INFO] [stdout]                                at /rustc/82e1608dfa6e0b5569232559e3d385fea5a93112/library/std/src/panicking.rs:516:19
[INFO] [stdout]   56:     0x56297a708b95 - std::panic::catch_unwind::h3ce3bd6ca8dbac68
[INFO] [stdout]                                at /rustc/82e1608dfa6e0b5569232559e3d385fea5a93112/library/std/src/panic.rs:142:14
[INFO] [stdout]   57:     0x56297a708b95 - test::run_test_in_process::hc97b257c9621286a
[INFO] [stdout]                                at /rustc/82e1608dfa6e0b5569232559e3d385fea5a93112/library/test/src/lib.rs:651:27
[INFO] [stdout]   58:     0x56297a708b95 - test::run_test::{{closure}}::h2aa798823a438d38
[INFO] [stdout]                                at /rustc/82e1608dfa6e0b5569232559e3d385fea5a93112/library/test/src/lib.rs:574:43
[INFO] [stdout]   59:     0x56297a6d0e56 - test::run_test::{{closure}}::h87d231c78fb59832
[INFO] [stdout]                                at /rustc/82e1608dfa6e0b5569232559e3d385fea5a93112/library/test/src/lib.rs:602:41
[INFO] [stdout]   60:     0x56297a6d0e56 - std::sys_common::backtrace::__rust_begin_short_backtrace::he6df152596625789
[INFO] [stdout]                                at /rustc/82e1608dfa6e0b5569232559e3d385fea5a93112/library/std/src/sys_common/backtrace.rs:154:18
[INFO] [stdout]   61:     0x56297a6d5f07 - std::thread::Builder::spawn_unchecked_::{{closure}}::{{closure}}::ha94be15d1e0acf36
[INFO] [stdout]                                at /rustc/82e1608dfa6e0b5569232559e3d385fea5a93112/library/std/src/thread/mod.rs:529:17
[INFO] [stdout]   62:     0x56297a6d5f07 - <core::panic::unwind_safe::AssertUnwindSafe<F> as core::ops::function::FnOnce<()>>::call_once::h9dc6bd6372f16606
[INFO] [stdout]                                at /rustc/82e1608dfa6e0b5569232559e3d385fea5a93112/library/core/src/panic/unwind_safe.rs:272:9
[INFO] [stdout]   63:     0x56297a6d5f07 - std::panicking::try::do_call::h9057517f80303cd4
[INFO] [stdout]                                at /rustc/82e1608dfa6e0b5569232559e3d385fea5a93112/library/std/src/panicking.rs:552:40
[INFO] [stdout]   64:     0x56297a6d5f07 - std::panicking::try::he3a30b11ee45340c
[INFO] [stdout]                                at /rustc/82e1608dfa6e0b5569232559e3d385fea5a93112/library/std/src/panicking.rs:516:19
[INFO] [stdout]   65:     0x56297a6d5f07 - std::panic::catch_unwind::h410458cfd3528b8b
[INFO] [stdout]                                at /rustc/82e1608dfa6e0b5569232559e3d385fea5a93112/library/std/src/panic.rs:142:14
[INFO] [stdout]   66:     0x56297a6d5f07 - std::thread::Builder::spawn_unchecked_::{{closure}}::h72ac3bdb567b737b
[INFO] [stdout]                                at /rustc/82e1608dfa6e0b5569232559e3d385fea5a93112/library/std/src/thread/mod.rs:528:30
[INFO] [stdout]   67:     0x56297a6d5f07 - core::ops::function::FnOnce::call_once{{vtable.shim}}::h38f34da3654a8344
[INFO] [stdout]                                at /rustc/82e1608dfa6e0b5569232559e3d385fea5a93112/library/core/src/ops/function.rs:250:5
[INFO] [stdout]   68:     0x56297acab615 - <alloc::boxed::Box<F,A> as core::ops::function::FnOnce<Args>>::call_once::hc7eafaff61e32df9
[INFO] [stdout]                                at /rustc/82e1608dfa6e0b5569232559e3d385fea5a93112/library/alloc/src/boxed.rs:2007:9
[INFO] [stdout]   69:     0x56297acab615 - <alloc::boxed::Box<F,A> as core::ops::function::FnOnce<Args>>::call_once::h6ba4a5de48dd2304
[INFO] [stdout]                                at /rustc/82e1608dfa6e0b5569232559e3d385fea5a93112/library/alloc/src/boxed.rs:2007:9
[INFO] [stdout]   70:     0x56297acab615 - std::sys::unix::thread::Thread::new::thread_start::he469335aef763e45
[INFO] [stdout]                                at /rustc/82e1608dfa6e0b5569232559e3d385fea5a93112/library/std/src/sys/unix/thread.rs:108:17
[INFO] [stdout]   71:     0x7fadaf106ac3 - <unknown>
[INFO] [stdout]   72:     0x7fadaf197bf4 - __clone
[INFO] [stdout]   73:                0x0 - <unknown>
[INFO] [stdout] 
[INFO] [stdout] 
[INFO] [stdout] failures:
[INFO] [stdout]     api::message::tests::api_test_message_post
[INFO] [stdout]     dal::chat_message_repository::test::repo_add_message
[INFO] [stdout]     dal::chat_message_repository::test::repo_get_messages_from_channel
[INFO] [stdout]     dal::chat_message_repository::test::repo_get_messages_from_user
[INFO] [stdout] 
[INFO] [stdout] test result: FAILED. 1 passed; 4 failed; 0 ignored; 0 measured; 0 filtered out; finished in 0.05s
[INFO] [stdout] 
[INFO] [stderr] error: test failed, to rerun pass `--lib`
[INFO] running `Command { std: "docker" "inspect" "a117acb365c8a3e0ad08614d1a8a2f82d31dcc912b2e1ddb9cda1857a98dde3e", kill_on_drop: false }`
[INFO] running `Command { std: "docker" "rm" "-f" "a117acb365c8a3e0ad08614d1a8a2f82d31dcc912b2e1ddb9cda1857a98dde3e", kill_on_drop: false }`
[INFO] [stdout] a117acb365c8a3e0ad08614d1a8a2f82d31dcc912b2e1ddb9cda1857a98dde3e
