[INFO] cloning repository https://github.com/noandrea/costoflife-rs
[INFO] running `Command { std: "git" "-c" "credential.helper=" "-c" "credential.helper=/workspace/cargo-home/bin/git-credential-null" "clone" "--bare" "https://github.com/noandrea/costoflife-rs" "/workspace/cache/git-repos/https%3A%2F%2Fgithub.com%2Fnoandrea%2Fcostoflife-rs", kill_on_drop: false }`
[INFO] [stderr] Cloning into bare repository '/workspace/cache/git-repos/https%3A%2F%2Fgithub.com%2Fnoandrea%2Fcostoflife-rs'...
[INFO] running `Command { std: "git" "rev-parse" "HEAD", kill_on_drop: false }`
[INFO] [stdout] c75b26f868c22c527d75aa4704176e80a22e82b0
[INFO] testing noandrea/costoflife-rs against 1.75.0 for beta-1.76-1
[INFO] running `Command { std: "git" "clone" "/workspace/cache/git-repos/https%3A%2F%2Fgithub.com%2Fnoandrea%2Fcostoflife-rs" "/workspace/builds/worker-1-tc1/source", kill_on_drop: false }`
[INFO] [stderr] Cloning into '/workspace/builds/worker-1-tc1/source'...
[INFO] [stderr] done.
[INFO] validating manifest of git repo https://github.com/noandrea/costoflife-rs on toolchain 1.75.0
[INFO] running `Command { std: CARGO_HOME="/workspace/cargo-home" RUSTUP_HOME="/workspace/rustup-home" "/workspace/cargo-home/bin/cargo" "+1.75.0" "metadata" "--manifest-path" "Cargo.toml" "--no-deps", kill_on_drop: false }`
[INFO] started tweaking git repo https://github.com/noandrea/costoflife-rs
[INFO] finished tweaking git repo https://github.com/noandrea/costoflife-rs
[INFO] tweaked toml for git repo https://github.com/noandrea/costoflife-rs written to /workspace/builds/worker-1-tc1/source/Cargo.toml
[INFO] crate git repo https://github.com/noandrea/costoflife-rs already has a lockfile, it will not be regenerated
[INFO] running `Command { std: CARGO_HOME="/workspace/cargo-home" RUSTUP_HOME="/workspace/rustup-home" "/workspace/cargo-home/bin/cargo" "+1.75.0" "fetch" "--manifest-path" "Cargo.toml", kill_on_drop: false }`
[INFO] [stderr]  Downloading crates ...
[INFO] [stderr]   Downloaded wasm-bindgen-test v0.3.30
[INFO] [stderr]   Downloaded wasm-bindgen-test-macro v0.3.30
[INFO] [stderr]   Downloaded simsearch v0.2.3
[INFO] [stderr]   Downloaded clap v3.1.14
[INFO] running `Command { std: "docker" "create" "-v" "/var/lib/crater-agent-workspace/builds/worker-1-tc1/target:/opt/rustwide/target:rw,Z" "-v" "/var/lib/crater-agent-workspace/builds/worker-1-tc1/source:/opt/rustwide/workdir:ro,Z" "-v" "/var/lib/crater-agent-workspace/cargo-home:/opt/rustwide/cargo-home:ro,Z" "-v" "/var/lib/crater-agent-workspace/rustup-home:/opt/rustwide/rustup-home:ro,Z" "-e" "SOURCE_DIR=/opt/rustwide/workdir" "-e" "CARGO_TARGET_DIR=/opt/rustwide/target" "-e" "CARGO_HOME=/opt/rustwide/cargo-home" "-e" "RUSTUP_HOME=/opt/rustwide/rustup-home" "-w" "/opt/rustwide/workdir" "-m" "1610612736" "--user" "0:0" "--network" "none" "ghcr.io/rust-lang/crates-build-env/linux@sha256:2788e3201cd34a07e3172128adcd8b3090168a8e3bcc40d7c032b9dda1df7d1c" "/opt/rustwide/cargo-home/bin/cargo" "+1.75.0" "metadata" "--no-deps" "--format-version=1", kill_on_drop: false }`
[INFO] [stdout] 5cbac62e34f8bce7248be56ec18641d57b631a881eb76b1a2c343efde19171fe
[INFO] running `Command { std: "docker" "start" "-a" "5cbac62e34f8bce7248be56ec18641d57b631a881eb76b1a2c343efde19171fe", kill_on_drop: false }`
[INFO] running `Command { std: "docker" "inspect" "5cbac62e34f8bce7248be56ec18641d57b631a881eb76b1a2c343efde19171fe", kill_on_drop: false }`
[INFO] running `Command { std: "docker" "rm" "-f" "5cbac62e34f8bce7248be56ec18641d57b631a881eb76b1a2c343efde19171fe", kill_on_drop: false }`
[INFO] [stdout] 5cbac62e34f8bce7248be56ec18641d57b631a881eb76b1a2c343efde19171fe
[INFO] running `Command { std: "docker" "create" "-v" "/var/lib/crater-agent-workspace/builds/worker-1-tc1/target:/opt/rustwide/target:rw,Z" "-v" "/var/lib/crater-agent-workspace/builds/worker-1-tc1/source:/opt/rustwide/workdir:ro,Z" "-v" "/var/lib/crater-agent-workspace/cargo-home:/opt/rustwide/cargo-home:ro,Z" "-v" "/var/lib/crater-agent-workspace/rustup-home:/opt/rustwide/rustup-home:ro,Z" "-e" "SOURCE_DIR=/opt/rustwide/workdir" "-e" "CARGO_TARGET_DIR=/opt/rustwide/target" "-e" "CARGO_INCREMENTAL=0" "-e" "RUST_BACKTRACE=full" "-e" "RUSTFLAGS=--cap-lints=warn" "-e" "RUSTDOCFLAGS=--cap-lints=warn" "-e" "CARGO_HOME=/opt/rustwide/cargo-home" "-e" "RUSTUP_HOME=/opt/rustwide/rustup-home" "-w" "/opt/rustwide/workdir" "-m" "1610612736" "--user" "0:0" "--network" "none" "ghcr.io/rust-lang/crates-build-env/linux@sha256:2788e3201cd34a07e3172128adcd8b3090168a8e3bcc40d7c032b9dda1df7d1c" "/opt/rustwide/cargo-home/bin/cargo" "+1.75.0" "build" "--frozen" "--message-format=json", kill_on_drop: false }`
[INFO] [stdout] 12336734594a56cdff583f9fbb6ccc29d77733cd7c9dec1f940f29643b5a032b
[INFO] running `Command { std: "docker" "start" "-a" "12336734594a56cdff583f9fbb6ccc29d77733cd7c9dec1f940f29643b5a032b", kill_on_drop: false }`
[INFO] [stderr]    Compiling autocfg v1.1.0
[INFO] [stderr]    Compiling libc v0.2.125
[INFO] [stderr]    Compiling cfg-if v1.0.0
[INFO] [stderr]    Compiling proc-macro2 v1.0.37
[INFO] [stderr]    Compiling typenum v1.15.0
[INFO] [stderr]    Compiling unicode-xid v0.2.2
[INFO] [stderr]    Compiling version_check v0.9.4
[INFO] [stderr]    Compiling wasm-bindgen-shared v0.2.80
[INFO] [stderr]    Compiling memchr v2.5.0
[INFO] [stderr]    Compiling syn v1.0.92
[INFO] [stderr]    Compiling generic-array v0.14.5
[INFO] [stderr]    Compiling log v0.4.16
[INFO] [stderr]    Compiling num-traits v0.2.14
[INFO] [stderr]    Compiling num-integer v0.1.45
[INFO] [stderr]    Compiling bumpalo v3.9.1
[INFO] [stderr]    Compiling quote v1.0.18
[INFO] [stderr]    Compiling lazy_static v1.4.0
[INFO] [stderr]    Compiling num-bigint v0.4.3
[INFO] [stderr]    Compiling indexmap v1.8.1
[INFO] [stderr]    Compiling aho-corasick v0.7.18
[INFO] [stderr]    Compiling cc v1.0.73
[INFO] [stderr]    Compiling regex-syntax v0.6.25
[INFO] [stderr]    Compiling unicode-width v0.1.9
[INFO] [stderr]    Compiling terminal_size v0.1.17
[INFO] [stderr]    Compiling fastrand v1.7.0
[INFO] [stderr]    Compiling strsim v0.10.0
[INFO] [stderr]    Compiling remove_dir_all v0.5.3
[INFO] [stderr]    Compiling os_str_bytes v6.0.0
[INFO] [stderr]    Compiling hashbrown v0.11.2
[INFO] [stderr]    Compiling wasm-bindgen v0.2.80
[INFO] [stderr]    Compiling block-buffer v0.10.2
[INFO] [stderr]    Compiling crypto-common v0.1.3
[INFO] [stderr]    Compiling blake3 v1.3.1
[INFO] [stderr]    Compiling subtle v2.4.1
[INFO] [stderr]    Compiling once_cell v1.10.0
[INFO] [stderr]    Compiling clap_lex v0.2.0
[INFO] [stderr]    Compiling digest v0.10.3
[INFO] [stderr]    Compiling tempfile v3.3.0
[INFO] [stderr]    Compiling time v0.1.44
[INFO] [stderr]    Compiling atty v0.2.14
[INFO] [stderr]    Compiling dirs-sys-next v0.1.2
[INFO] [stderr]    Compiling bitflags v1.3.2
[INFO] [stderr]    Compiling termcolor v1.1.3
[INFO] [stderr]    Compiling deunicode v0.4.3
[INFO] [stderr]    Compiling zeroize v1.5.5
[INFO] [stderr]    Compiling triple_accel v0.3.4
[INFO] [stderr]    Compiling regex v1.5.5
[INFO] [stderr]    Compiling arrayvec v0.7.2
[INFO] [stderr]    Compiling arrayref v0.3.6
[INFO] [stderr]    Compiling textwrap v0.15.0
[INFO] [stderr]    Compiling constant_time_eq v0.1.5
[INFO] [stderr]    Compiling wasm-bindgen-backend v0.2.80
[INFO] [stderr]    Compiling clap v3.1.14
[INFO] [stderr]    Compiling wasm-bindgen-macro-support v0.2.80
[INFO] [stderr]    Compiling console v0.15.0
[INFO] [stderr]    Compiling simsearch v0.2.3
[INFO] [stderr]    Compiling bigdecimal v0.3.0
[INFO] [stderr]    Compiling dialoguer v0.10.0
[INFO] [stderr]    Compiling slug v0.1.4
[INFO] [stderr]    Compiling directories-next v2.0.0
[INFO] [stderr]    Compiling chrono v0.4.19
[INFO] [stderr]    Compiling pad v0.1.6
[INFO] [stderr]    Compiling wasm-bindgen-macro v0.2.80
[INFO] [stderr]    Compiling costoflife v0.3.2 (/opt/rustwide/workdir)
[INFO] [stdout] warning: unused import: `std::str::FromStr`
[INFO] [stdout]  --> src/ledger.rs:9:5
[INFO] [stdout]   |
[INFO] [stdout] 9 | use std::str::FromStr;
[INFO] [stdout]   |     ^^^^^^^^^^^^^^^^^
[INFO] [stdout]   |
[INFO] [stdout]   = note: `#[warn(unused_imports)]` on by default
[INFO] [stdout] 
[INFO] [stdout] 
[INFO] [stdout] warning: unused import: `Password`
[INFO] [stdout]  --> src/interaction.rs:3:55
[INFO] [stdout]   |
[INFO] [stdout] 3 | use dialoguer::{theme::ColorfulTheme, Confirm, Input, Password, Select};
[INFO] [stdout]   |                                                       ^^^^^^^^
[INFO] [stdout] 
[INFO] [stdout] 
[INFO] [stdout] warning: unreachable statement
[INFO] [stdout]    --> src/interaction.rs:128:5
[INFO] [stdout]     |
[INFO] [stdout] 120 | /     loop {
[INFO] [stdout] 121 | |         let v = input("how much does it cost?", NonEmpty);
[INFO] [stdout] 122 | |         amount = match parse_amount(&v) {
[INFO] [stdout] 123 | |             Some(a) => a,
[INFO] [stdout] 124 | |             None => continue,
[INFO] [stdout] 125 | |         }
[INFO] [stdout] 126 | |     }
[INFO] [stdout]     | |_____- any code following this expression is unreachable
[INFO] [stdout] 127 |       // tags
[INFO] [stdout] 128 |       let mut tags: Vec<String> = Vec::new();
[INFO] [stdout]     |       ^^^^^^^^^^^^^^^^^^^^^^^^^^^^^^^^^^^^^^^ unreachable statement
[INFO] [stdout]     |
[INFO] [stdout]     = note: `#[warn(unreachable_code)]` on by default
[INFO] [stdout] 
[INFO] [stdout] 
[INFO] [stdout] warning: unused variable: `name`
[INFO] [stdout]    --> src/interaction.rs:117:9
[INFO] [stdout]     |
[INFO] [stdout] 117 |     let name = input("What it is it about?", NonEmpty);
[INFO] [stdout]     |         ^^^^ help: if this is intentional, prefix it with an underscore: `_name`
[INFO] [stdout]     |
[INFO] [stdout]     = note: `#[warn(unused_variables)]` on by default
[INFO] [stdout] 
[INFO] [stdout] 
[INFO] [stdout] warning: variable `amount` is assigned to, but never used
[INFO] [stdout]    --> src/interaction.rs:119:13
[INFO] [stdout]     |
[INFO] [stdout] 119 |     let mut amount = parse_amount("0.0").unwrap();
[INFO] [stdout]     |             ^^^^^^
[INFO] [stdout]     |
[INFO] [stdout]     = note: consider using `_amount` instead
[INFO] [stdout] 
[INFO] [stdout] 
[INFO] [stdout] warning: value assigned to `amount` is never read
[INFO] [stdout]    --> src/interaction.rs:122:9
[INFO] [stdout]     |
[INFO] [stdout] 122 |         amount = match parse_amount(&v) {
[INFO] [stdout]     |         ^^^^^^
[INFO] [stdout]     |
[INFO] [stdout]     = help: maybe it is overwritten before being read?
[INFO] [stdout]     = note: `#[warn(unused_assignments)]` on by default
[INFO] [stdout] 
[INFO] [stdout] 
[INFO] [stdout] warning: unused variable: `starts_on`
[INFO] [stdout]    --> src/interaction.rs:132:9
[INFO] [stdout]     |
[INFO] [stdout] 132 |     let starts_on = today();
[INFO] [stdout]     |         ^^^^^^^^^ help: if this is intentional, prefix it with an underscore: `_starts_on`
[INFO] [stdout] 
[INFO] [stdout] 
[INFO] [stdout] warning: method `size` is never used
[INFO] [stdout]    --> src/ledger.rs:154:12
[INFO] [stdout]     |
[INFO] [stdout] 17  | impl DataStore {
[INFO] [stdout]     | -------------- method in this implementation
[INFO] [stdout] ...
[INFO] [stdout] 154 |     pub fn size(&self, on: Option<NaiveDate>) -> usize {
[INFO] [stdout]     |            ^^^^
[INFO] [stdout]     |
[INFO] [stdout]     = note: `#[warn(dead_code)]` on by default
[INFO] [stdout] 
[INFO] [stdout] 
[INFO] [stdout] warning: variants `Yes` and `No` are never constructed
[INFO] [stdout]   --> src/interaction.rs:10:5
[INFO] [stdout]    |
[INFO] [stdout] 9  | pub enum PolarAnswer {
[INFO] [stdout]    |          ----------- variants in this enum
[INFO] [stdout] 10 |     Yes,
[INFO] [stdout]    |     ^^^
[INFO] [stdout] 11 |     No,
[INFO] [stdout]    |     ^^
[INFO] [stdout] 
[INFO] [stdout] 
[INFO] [stdout] warning: associated items `to_bool` and `from_bool` are never used
[INFO] [stdout]   --> src/interaction.rs:15:12
[INFO] [stdout]    |
[INFO] [stdout] 14 | impl PolarAnswer {
[INFO] [stdout]    | ---------------- associated items in this implementation
[INFO] [stdout] 15 |     pub fn to_bool(&self) -> bool {
[INFO] [stdout]    |            ^^^^^^^
[INFO] [stdout] ...
[INFO] [stdout] 22 |     pub fn from_bool(v: bool) -> PolarAnswer {
[INFO] [stdout]    |            ^^^^^^^^^
[INFO] [stdout] 
[INFO] [stdout] 
[INFO] [stdout] warning: variants `NonEmpty` and `Empty` are never constructed
[INFO] [stdout]   --> src/interaction.rs:32:5
[INFO] [stdout]    |
[INFO] [stdout] 31 | pub enum Feat {
[INFO] [stdout]    |          ---- variants in this enum
[INFO] [stdout] 32 |     NonEmpty,
[INFO] [stdout]    |     ^^^^^^^^
[INFO] [stdout] 33 |     Empty,
[INFO] [stdout]    |     ^^^^^
[INFO] [stdout] 
[INFO] [stdout] 
[INFO] [stdout] warning: method `to_bool` is never used
[INFO] [stdout]   --> src/interaction.rs:37:8
[INFO] [stdout]    |
[INFO] [stdout] 36 | impl Feat {
[INFO] [stdout]    | --------- method in this implementation
[INFO] [stdout] 37 |     fn to_bool(&self) -> bool {
[INFO] [stdout]    |        ^^^^^^^
[INFO] [stdout] 
[INFO] [stdout] 
[INFO] [stdout] warning: function `confirm` is never used
[INFO] [stdout]   --> src/interaction.rs:46:8
[INFO] [stdout]    |
[INFO] [stdout] 46 | pub fn confirm(q: &str, def: PolarAnswer) -> PolarAnswer {
[INFO] [stdout]    |        ^^^^^^^
[INFO] [stdout] 
[INFO] [stdout] 
[INFO] [stdout] warning: function `input` is never used
[INFO] [stdout]   --> src/interaction.rs:57:8
[INFO] [stdout]    |
[INFO] [stdout] 57 | pub fn input(q: &str, empty: Feat) -> String {
[INFO] [stdout]    |        ^^^^^
[INFO] [stdout] 
[INFO] [stdout] 
[INFO] [stdout] warning: function `select_opt` is never used
[INFO] [stdout]   --> src/interaction.rs:66:8
[INFO] [stdout]    |
[INFO] [stdout] 66 | pub fn select_opt<'a, T: ?Sized>(q: &str, opts: Vec<(&'a str, &'a T)>) -> Option<&'a T> {
[INFO] [stdout]    |        ^^^^^^^^^^
[INFO] [stdout] 
[INFO] [stdout] 
[INFO] [stdout] warning: function `select` is never used
[INFO] [stdout]   --> src/interaction.rs:85:8
[INFO] [stdout]    |
[INFO] [stdout] 85 | pub fn select<'a, T: ?Sized>(q: &str, opts: Vec<(&'a str, &'a T)>) -> &'a T {
[INFO] [stdout]    |        ^^^^^^
[INFO] [stdout] 
[INFO] [stdout] 
[INFO] [stdout] warning: function `menu` is never used
[INFO] [stdout]    --> src/interaction.rs:101:8
[INFO] [stdout]     |
[INFO] [stdout] 101 | pub fn menu() -> Option<String> {
[INFO] [stdout]     |        ^^^^
[INFO] [stdout] 
[INFO] [stdout] 
[INFO] [stdout] warning: function `new_tx` is never used
[INFO] [stdout]    --> src/interaction.rs:116:8
[INFO] [stdout]     |
[INFO] [stdout] 116 | pub fn new_tx() -> Result<TxRecord, CostOfLifeError> {
[INFO] [stdout]     |        ^^^^^^
[INFO] [stdout] 
[INFO] [stdout] 
[INFO] [stdout] warning: 18 warnings emitted
[INFO] [stdout] 
[INFO] [stdout] 
[INFO] [stderr]     Finished dev [unoptimized + debuginfo] target(s) in 15.21s
[INFO] running `Command { std: "docker" "inspect" "12336734594a56cdff583f9fbb6ccc29d77733cd7c9dec1f940f29643b5a032b", kill_on_drop: false }`
[INFO] running `Command { std: "docker" "rm" "-f" "12336734594a56cdff583f9fbb6ccc29d77733cd7c9dec1f940f29643b5a032b", kill_on_drop: false }`
[INFO] [stdout] 12336734594a56cdff583f9fbb6ccc29d77733cd7c9dec1f940f29643b5a032b
[INFO] running `Command { std: "docker" "create" "-v" "/var/lib/crater-agent-workspace/builds/worker-1-tc1/target:/opt/rustwide/target:rw,Z" "-v" "/var/lib/crater-agent-workspace/builds/worker-1-tc1/source:/opt/rustwide/workdir:ro,Z" "-v" "/var/lib/crater-agent-workspace/cargo-home:/opt/rustwide/cargo-home:ro,Z" "-v" "/var/lib/crater-agent-workspace/rustup-home:/opt/rustwide/rustup-home:ro,Z" "-e" "SOURCE_DIR=/opt/rustwide/workdir" "-e" "CARGO_TARGET_DIR=/opt/rustwide/target" "-e" "CARGO_INCREMENTAL=0" "-e" "RUST_BACKTRACE=full" "-e" "RUSTFLAGS=--cap-lints=warn" "-e" "RUSTDOCFLAGS=--cap-lints=warn" "-e" "CARGO_HOME=/opt/rustwide/cargo-home" "-e" "RUSTUP_HOME=/opt/rustwide/rustup-home" "-w" "/opt/rustwide/workdir" "-m" "1610612736" "--user" "0:0" "--network" "none" "ghcr.io/rust-lang/crates-build-env/linux@sha256:2788e3201cd34a07e3172128adcd8b3090168a8e3bcc40d7c032b9dda1df7d1c" "/opt/rustwide/cargo-home/bin/cargo" "+1.75.0" "test" "--frozen" "--no-run" "--message-format=json", kill_on_drop: false }`
[INFO] [stdout] 8e1da2eddbf314a293fb50d19b72d5ed33907aae00b0586dcede1c65c017039d
[INFO] running `Command { std: "docker" "start" "-a" "8e1da2eddbf314a293fb50d19b72d5ed33907aae00b0586dcede1c65c017039d", kill_on_drop: false }`
[INFO] [stderr]    Compiling js-sys v0.3.57
[INFO] [stderr]    Compiling console_error_panic_hook v0.1.7
[INFO] [stderr]    Compiling wasm-bindgen-test-macro v0.3.30
[INFO] [stderr]    Compiling scoped-tls v1.0.0
[INFO] [stderr]    Compiling wasm-bindgen-futures v0.4.30
[INFO] [stderr]    Compiling wasm-bindgen-test v0.3.30
[INFO] [stderr]    Compiling costoflife v0.3.2 (/opt/rustwide/workdir)
[INFO] [stdout] warning: unused import: `Password`
[INFO] [stdout]  --> src/interaction.rs:3:55
[INFO] [stdout]   |
[INFO] [stdout] 3 | use dialoguer::{theme::ColorfulTheme, Confirm, Input, Password, Select};
[INFO] [stdout]   |                                                       ^^^^^^^^
[INFO] [stdout]   |
[INFO] [stdout]   = note: `#[warn(unused_imports)]` on by default
[INFO] [stdout] 
[INFO] [stdout] 
[INFO] [stdout] warning: unreachable statement
[INFO] [stdout]    --> src/interaction.rs:128:5
[INFO] [stdout]     |
[INFO] [stdout] 120 | /     loop {
[INFO] [stdout] 121 | |         let v = input("how much does it cost?", NonEmpty);
[INFO] [stdout] 122 | |         amount = match parse_amount(&v) {
[INFO] [stdout] 123 | |             Some(a) => a,
[INFO] [stdout] 124 | |             None => continue,
[INFO] [stdout] 125 | |         }
[INFO] [stdout] 126 | |     }
[INFO] [stdout]     | |_____- any code following this expression is unreachable
[INFO] [stdout] 127 |       // tags
[INFO] [stdout] 128 |       let mut tags: Vec<String> = Vec::new();
[INFO] [stdout]     |       ^^^^^^^^^^^^^^^^^^^^^^^^^^^^^^^^^^^^^^^ unreachable statement
[INFO] [stdout]     |
[INFO] [stdout]     = note: `#[warn(unreachable_code)]` on by default
[INFO] [stdout] 
[INFO] [stdout] 
[INFO] [stdout] warning: unused variable: `name`
[INFO] [stdout]    --> src/interaction.rs:117:9
[INFO] [stdout]     |
[INFO] [stdout] 117 |     let name = input("What it is it about?", NonEmpty);
[INFO] [stdout]     |         ^^^^ help: if this is intentional, prefix it with an underscore: `_name`
[INFO] [stdout]     |
[INFO] [stdout]     = note: `#[warn(unused_variables)]` on by default
[INFO] [stdout] 
[INFO] [stdout] 
[INFO] [stdout] warning: variable `amount` is assigned to, but never used
[INFO] [stdout]    --> src/interaction.rs:119:13
[INFO] [stdout]     |
[INFO] [stdout] 119 |     let mut amount = parse_amount("0.0").unwrap();
[INFO] [stdout]     |             ^^^^^^
[INFO] [stdout]     |
[INFO] [stdout]     = note: consider using `_amount` instead
[INFO] [stdout] 
[INFO] [stdout] 
[INFO] [stdout] warning: value assigned to `amount` is never read
[INFO] [stdout]    --> src/interaction.rs:122:9
[INFO] [stdout]     |
[INFO] [stdout] 122 |         amount = match parse_amount(&v) {
[INFO] [stdout]     |         ^^^^^^
[INFO] [stdout]     |
[INFO] [stdout]     = help: maybe it is overwritten before being read?
[INFO] [stdout]     = note: `#[warn(unused_assignments)]` on by default
[INFO] [stdout] 
[INFO] [stdout] 
[INFO] [stdout] warning: unused variable: `starts_on`
[INFO] [stdout]    --> src/interaction.rs:132:9
[INFO] [stdout]     |
[INFO] [stdout] 132 |     let starts_on = today();
[INFO] [stdout]     |         ^^^^^^^^^ help: if this is intentional, prefix it with an underscore: `_starts_on`
[INFO] [stdout] 
[INFO] [stdout] 
[INFO] [stdout] warning: variants `Yes` and `No` are never constructed
[INFO] [stdout]   --> src/interaction.rs:10:5
[INFO] [stdout]    |
[INFO] [stdout] 9  | pub enum PolarAnswer {
[INFO] [stdout]    |          ----------- variants in this enum
[INFO] [stdout] 10 |     Yes,
[INFO] [stdout]    |     ^^^
[INFO] [stdout] 11 |     No,
[INFO] [stdout]    |     ^^
[INFO] [stdout]    |
[INFO] [stdout]    = note: `#[warn(dead_code)]` on by default
[INFO] [stdout] 
[INFO] [stdout] 
[INFO] [stdout] warning: associated items `to_bool` and `from_bool` are never used
[INFO] [stdout]   --> src/interaction.rs:15:12
[INFO] [stdout]    |
[INFO] [stdout] 14 | impl PolarAnswer {
[INFO] [stdout]    | ---------------- associated items in this implementation
[INFO] [stdout] 15 |     pub fn to_bool(&self) -> bool {
[INFO] [stdout]    |            ^^^^^^^
[INFO] [stdout] ...
[INFO] [stdout] 22 |     pub fn from_bool(v: bool) -> PolarAnswer {
[INFO] [stdout]    |            ^^^^^^^^^
[INFO] [stdout] 
[INFO] [stdout] 
[INFO] [stdout] warning: variants `NonEmpty` and `Empty` are never constructed
[INFO] [stdout]   --> src/interaction.rs:32:5
[INFO] [stdout]    |
[INFO] [stdout] 31 | pub enum Feat {
[INFO] [stdout]    |          ---- variants in this enum
[INFO] [stdout] 32 |     NonEmpty,
[INFO] [stdout]    |     ^^^^^^^^
[INFO] [stdout] 33 |     Empty,
[INFO] [stdout]    |     ^^^^^
[INFO] [stdout] 
[INFO] [stdout] 
[INFO] [stdout] warning: method `to_bool` is never used
[INFO] [stdout]   --> src/interaction.rs:37:8
[INFO] [stdout]    |
[INFO] [stdout] 36 | impl Feat {
[INFO] [stdout]    | --------- method in this implementation
[INFO] [stdout] 37 |     fn to_bool(&self) -> bool {
[INFO] [stdout]    |        ^^^^^^^
[INFO] [stdout] 
[INFO] [stdout] 
[INFO] [stdout] warning: function `confirm` is never used
[INFO] [stdout]   --> src/interaction.rs:46:8
[INFO] [stdout]    |
[INFO] [stdout] 46 | pub fn confirm(q: &str, def: PolarAnswer) -> PolarAnswer {
[INFO] [stdout]    |        ^^^^^^^
[INFO] [stdout] 
[INFO] [stdout] 
[INFO] [stdout] warning: function `input` is never used
[INFO] [stdout]   --> src/interaction.rs:57:8
[INFO] [stdout]    |
[INFO] [stdout] 57 | pub fn input(q: &str, empty: Feat) -> String {
[INFO] [stdout]    |        ^^^^^
[INFO] [stdout] 
[INFO] [stdout] 
[INFO] [stdout] warning: function `select_opt` is never used
[INFO] [stdout]   --> src/interaction.rs:66:8
[INFO] [stdout]    |
[INFO] [stdout] 66 | pub fn select_opt<'a, T: ?Sized>(q: &str, opts: Vec<(&'a str, &'a T)>) -> Option<&'a T> {
[INFO] [stdout]    |        ^^^^^^^^^^
[INFO] [stdout] 
[INFO] [stdout] 
[INFO] [stdout] warning: function `select` is never used
[INFO] [stdout]   --> src/interaction.rs:85:8
[INFO] [stdout]    |
[INFO] [stdout] 85 | pub fn select<'a, T: ?Sized>(q: &str, opts: Vec<(&'a str, &'a T)>) -> &'a T {
[INFO] [stdout]    |        ^^^^^^
[INFO] [stdout] 
[INFO] [stdout] 
[INFO] [stdout] warning: function `menu` is never used
[INFO] [stdout]    --> src/interaction.rs:101:8
[INFO] [stdout]     |
[INFO] [stdout] 101 | pub fn menu() -> Option<String> {
[INFO] [stdout]     |        ^^^^
[INFO] [stdout] 
[INFO] [stdout] 
[INFO] [stdout] warning: function `new_tx` is never used
[INFO] [stdout]    --> src/interaction.rs:116:8
[INFO] [stdout]     |
[INFO] [stdout] 116 | pub fn new_tx() -> Result<TxRecord, CostOfLifeError> {
[INFO] [stdout]     |        ^^^^^^
[INFO] [stdout] 
[INFO] [stdout] 
[INFO] [stdout] warning: 16 warnings emitted
[INFO] [stdout] 
[INFO] [stdout] 
[INFO] [stderr]     Finished test [unoptimized + debuginfo] target(s) in 3.60s
[INFO] running `Command { std: "docker" "inspect" "8e1da2eddbf314a293fb50d19b72d5ed33907aae00b0586dcede1c65c017039d", kill_on_drop: false }`
[INFO] running `Command { std: "docker" "rm" "-f" "8e1da2eddbf314a293fb50d19b72d5ed33907aae00b0586dcede1c65c017039d", kill_on_drop: false }`
[INFO] [stdout] 8e1da2eddbf314a293fb50d19b72d5ed33907aae00b0586dcede1c65c017039d
[INFO] running `Command { std: "docker" "create" "-v" "/var/lib/crater-agent-workspace/builds/worker-1-tc1/target:/opt/rustwide/target:rw,Z" "-v" "/var/lib/crater-agent-workspace/builds/worker-1-tc1/source:/opt/rustwide/workdir:ro,Z" "-v" "/var/lib/crater-agent-workspace/cargo-home:/opt/rustwide/cargo-home:ro,Z" "-v" "/var/lib/crater-agent-workspace/rustup-home:/opt/rustwide/rustup-home:ro,Z" "-e" "SOURCE_DIR=/opt/rustwide/workdir" "-e" "CARGO_TARGET_DIR=/opt/rustwide/target" "-e" "CARGO_INCREMENTAL=0" "-e" "RUST_BACKTRACE=full" "-e" "RUSTFLAGS=--cap-lints=warn" "-e" "RUSTDOCFLAGS=--cap-lints=warn" "-e" "CARGO_HOME=/opt/rustwide/cargo-home" "-e" "RUSTUP_HOME=/opt/rustwide/rustup-home" "-w" "/opt/rustwide/workdir" "-m" "1610612736" "--user" "0:0" "--network" "none" "ghcr.io/rust-lang/crates-build-env/linux@sha256:2788e3201cd34a07e3172128adcd8b3090168a8e3bcc40d7c032b9dda1df7d1c" "/opt/rustwide/cargo-home/bin/cargo" "+1.75.0" "test" "--frozen", kill_on_drop: false }`
[INFO] [stdout] f6aec4be17c47fe606484cde7a3cf6e0d270e3ab5de838e0247a8b437559fd9a
[INFO] running `Command { std: "docker" "start" "-a" "f6aec4be17c47fe606484cde7a3cf6e0d270e3ab5de838e0247a8b437559fd9a", kill_on_drop: false }`
[INFO] [stderr] warning: unused import: `Password`
[INFO] [stderr]  --> src/interaction.rs:3:55
[INFO] [stderr]   |
[INFO] [stderr] 3 | use dialoguer::{theme::ColorfulTheme, Confirm, Input, Password, Select};
[INFO] [stderr]   |                                                       ^^^^^^^^
[INFO] [stderr]   |
[INFO] [stderr]   = note: `#[warn(unused_imports)]` on by default
[INFO] [stderr] 
[INFO] [stderr] warning: unreachable statement
[INFO] [stderr]    --> src/interaction.rs:128:5
[INFO] [stderr]     |
[INFO] [stderr] 120 | /     loop {
[INFO] [stderr] 121 | |         let v = input("how much does it cost?", NonEmpty);
[INFO] [stderr] 122 | |         amount = match parse_amount(&v) {
[INFO] [stderr] 123 | |             Some(a) => a,
[INFO] [stderr] 124 | |             None => continue,
[INFO] [stderr] 125 | |         }
[INFO] [stderr] 126 | |     }
[INFO] [stderr]     | |_____- any code following this expression is unreachable
[INFO] [stderr] 127 |       // tags
[INFO] [stderr] 128 |       let mut tags: Vec<String> = Vec::new();
[INFO] [stderr]     |       ^^^^^^^^^^^^^^^^^^^^^^^^^^^^^^^^^^^^^^^ unreachable statement
[INFO] [stderr]     |
[INFO] [stderr]     = note: `#[warn(unreachable_code)]` on by default
[INFO] [stderr] 
[INFO] [stderr] warning: unused variable: `name`
[INFO] [stderr]    --> src/interaction.rs:117:9
[INFO] [stderr]     |
[INFO] [stderr] 117 |     let name = input("What it is it about?", NonEmpty);
[INFO] [stderr]     |         ^^^^ help: if this is intentional, prefix it with an underscore: `_name`
[INFO] [stderr]     |
[INFO] [stderr]     = note: `#[warn(unused_variables)]` on by default
[INFO] [stderr] 
[INFO] [stderr] warning: variable `amount` is assigned to, but never used
[INFO] [stderr]    --> src/interaction.rs:119:13
[INFO] [stderr]     |
[INFO] [stderr] 119 |     let mut amount = parse_amount("0.0").unwrap();
[INFO] [stderr]     |             ^^^^^^
[INFO] [stderr]     |
[INFO] [stderr]     = note: consider using `_amount` instead
[INFO] [stderr] 
[INFO] [stderr] warning: value assigned to `amount` is never read
[INFO] [stderr]    --> src/interaction.rs:122:9
[INFO] [stderr]     |
[INFO] [stderr] 122 |         amount = match parse_amount(&v) {
[INFO] [stderr]     |         ^^^^^^
[INFO] [stderr]     |
[INFO] [stderr]     = help: maybe it is overwritten before being read?
[INFO] [stderr]     = note: `#[warn(unused_assignments)]` on by default
[INFO] [stderr] 
[INFO] [stderr] warning: unused variable: `starts_on`
[INFO] [stderr]    --> src/interaction.rs:132:9
[INFO] [stderr]     |
[INFO] [stderr] 132 |     let starts_on = today();
[INFO] [stderr]     |         ^^^^^^^^^ help: if this is intentional, prefix it with an underscore: `_starts_on`
[INFO] [stderr] 
[INFO] [stderr] warning: variants `Yes` and `No` are never constructed
[INFO] [stderr]   --> src/interaction.rs:10:5
[INFO] [stderr]    |
[INFO] [stderr] 9  | pub enum PolarAnswer {
[INFO] [stderr]    |          ----------- variants in this enum
[INFO] [stderr] 10 |     Yes,
[INFO] [stderr]    |     ^^^
[INFO] [stderr] 11 |     No,
[INFO] [stderr]    |     ^^
[INFO] [stderr]    |
[INFO] [stderr]    = note: `#[warn(dead_code)]` on by default
[INFO] [stderr] 
[INFO] [stderr] warning: associated items `to_bool` and `from_bool` are never used
[INFO] [stderr]   --> src/interaction.rs:15:12
[INFO] [stderr]    |
[INFO] [stderr] 14 | impl PolarAnswer {
[INFO] [stderr]    | ---------------- associated items in this implementation
[INFO] [stderr] 15 |     pub fn to_bool(&self) -> bool {
[INFO] [stderr]    |            ^^^^^^^
[INFO] [stderr] ...
[INFO] [stderr] 22 |     pub fn from_bool(v: bool) -> PolarAnswer {
[INFO] [stderr]    |            ^^^^^^^^^
[INFO] [stderr] 
[INFO] [stderr] warning: variants `NonEmpty` and `Empty` are never constructed
[INFO] [stderr]   --> src/interaction.rs:32:5
[INFO] [stderr]    |
[INFO] [stderr] 31 | pub enum Feat {
[INFO] [stderr]    |          ---- variants in this enum
[INFO] [stderr] 32 |     NonEmpty,
[INFO] [stderr]    |     ^^^^^^^^
[INFO] [stderr] 33 |     Empty,
[INFO] [stderr]    |     ^^^^^
[INFO] [stderr] 
[INFO] [stderr] warning: method `to_bool` is never used
[INFO] [stderr]   --> src/interaction.rs:37:8
[INFO] [stderr]    |
[INFO] [stderr] 36 | impl Feat {
[INFO] [stderr]    | --------- method in this implementation
[INFO] [stderr] 37 |     fn to_bool(&self) -> bool {
[INFO] [stderr]    |        ^^^^^^^
[INFO] [stderr] 
[INFO] [stderr] warning: function `confirm` is never used
[INFO] [stderr]   --> src/interaction.rs:46:8
[INFO] [stderr]    |
[INFO] [stderr] 46 | pub fn confirm(q: &str, def: PolarAnswer) -> PolarAnswer {
[INFO] [stderr]    |        ^^^^^^^
[INFO] [stderr] 
[INFO] [stderr] warning: function `input` is never used
[INFO] [stderr]   --> src/interaction.rs:57:8
[INFO] [stderr]    |
[INFO] [stderr] 57 | pub fn input(q: &str, empty: Feat) -> String {
[INFO] [stderr]    |        ^^^^^
[INFO] [stderr] 
[INFO] [stderr] warning: function `select_opt` is never used
[INFO] [stderr]   --> src/interaction.rs:66:8
[INFO] [stderr]    |
[INFO] [stderr] 66 | pub fn select_opt<'a, T: ?Sized>(q: &str, opts: Vec<(&'a str, &'a T)>) -> Option<&'a T> {
[INFO] [stderr]    |        ^^^^^^^^^^
[INFO] [stderr] 
[INFO] [stderr] warning: function `select` is never used
[INFO] [stderr]   --> src/interaction.rs:85:8
[INFO] [stderr]    |
[INFO] [stderr] 85 | pub fn select<'a, T: ?Sized>(q: &str, opts: Vec<(&'a str, &'a T)>) -> &'a T {
[INFO] [stderr]    |        ^^^^^^
[INFO] [stderr] 
[INFO] [stderr] warning: function `menu` is never used
[INFO] [stderr]    --> src/interaction.rs:101:8
[INFO] [stderr]     |
[INFO] [stderr] 101 | pub fn menu() -> Option<String> {
[INFO] [stderr]     |        ^^^^
[INFO] [stderr] 
[INFO] [stderr] warning: function `new_tx` is never used
[INFO] [stderr]    --> src/interaction.rs:116:8
[INFO] [stderr]     |
[INFO] [stderr] 116 | pub fn new_tx() -> Result<TxRecord, CostOfLifeError> {
[INFO] [stderr]     |        ^^^^^^
[INFO] [stderr] 
[INFO] [stderr] warning: `costoflife` (bin "costoflife" test) generated 16 warnings (run `cargo fix --bin "costoflife" --tests` to apply 3 suggestions)
[INFO] [stderr]     Finished test [unoptimized + debuginfo] target(s) in 0.05s
[INFO] [stderr]      Running unittests src/lib.rs (/opt/rustwide/target/debug/deps/costoflife-7120216aff951534)
[INFO] [stdout] 
[INFO] [stdout] running 7 tests
[INFO] [stdout] test utils::tests::test_parsers ... ok
[INFO] [stdout] test wasm_tests::test_greetings ... ok
[INFO] [stdout] test tests::test_lifetime ... ok
[INFO] [stdout] test tests::test_extract ... ok
[INFO] [stdout] test wasm_tests::test_per_diem ... ok
[INFO] [stdout] test tests::test_costoflife ... FAILED
[INFO] [stdout] test tests::test_tx ... FAILED
[INFO] [stdout] 
[INFO] [stdout] failures:
[INFO] [stdout] 
[INFO] [stdout] ---- tests::test_costoflife stdout ----
[INFO] [stdout] thread 'tests::test_costoflife' panicked at src/lib.rs:437:51:
[INFO] [stdout] called `Option::unwrap()` on a `None` value
[INFO] [stdout] stack backtrace:
[INFO] [stdout]    0:     0x5574b28164ac - std::backtrace_rs::backtrace::libunwind::trace::ha637c64ce894333a
[INFO] [stdout]                                at /rustc/82e1608dfa6e0b5569232559e3d385fea5a93112/library/std/src/../../backtrace/src/backtrace/libunwind.rs:104:5
[INFO] [stdout]    1:     0x5574b28164ac - std::backtrace_rs::backtrace::trace_unsynchronized::h47f62dea28e0c88d
[INFO] [stdout]                                at /rustc/82e1608dfa6e0b5569232559e3d385fea5a93112/library/std/src/../../backtrace/src/backtrace/mod.rs:66:5
[INFO] [stdout]    2:     0x5574b28164ac - std::sys_common::backtrace::_print_fmt::h9eef0abe20ede486
[INFO] [stdout]                                at /rustc/82e1608dfa6e0b5569232559e3d385fea5a93112/library/std/src/sys_common/backtrace.rs:67:5
[INFO] [stdout]    3:     0x5574b28164ac - <std::sys_common::backtrace::_print::DisplayBacktrace as core::fmt::Display>::fmt::hed7f999df88cc644
[INFO] [stdout]                                at /rustc/82e1608dfa6e0b5569232559e3d385fea5a93112/library/std/src/sys_common/backtrace.rs:44:22
[INFO] [stdout]    4:     0x5574b2841140 - core::fmt::rt::Argument::fmt::h1539a9308b8d058d
[INFO] [stdout]                                at /rustc/82e1608dfa6e0b5569232559e3d385fea5a93112/library/core/src/fmt/rt.rs:142:9
[INFO] [stdout]    5:     0x5574b2841140 - core::fmt::write::h3a39390d8560d9c9
[INFO] [stdout]                                at /rustc/82e1608dfa6e0b5569232559e3d385fea5a93112/library/core/src/fmt/mod.rs:1120:17
[INFO] [stdout]    6:     0x5574b2813e5f - std::io::Write::write_fmt::h040b369f3a0f9cbc
[INFO] [stdout]                                at /rustc/82e1608dfa6e0b5569232559e3d385fea5a93112/library/std/src/io/mod.rs:1762:15
[INFO] [stdout]    7:     0x5574b2816294 - std::sys_common::backtrace::_print::h894006fb5c6f3d45
[INFO] [stdout]                                at /rustc/82e1608dfa6e0b5569232559e3d385fea5a93112/library/std/src/sys_common/backtrace.rs:47:5
[INFO] [stdout]    8:     0x5574b2816294 - std::sys_common::backtrace::print::h23a2d212c6fff936
[INFO] [stdout]                                at /rustc/82e1608dfa6e0b5569232559e3d385fea5a93112/library/std/src/sys_common/backtrace.rs:34:9
[INFO] [stdout]    9:     0x5574b2817f57 - std::panicking::default_hook::{{closure}}::h8a1d2ee00185001a
[INFO] [stdout]   10:     0x5574b2817c43 - std::panicking::default_hook::h6038f2eba384e475
[INFO] [stdout]                                at /rustc/82e1608dfa6e0b5569232559e3d385fea5a93112/library/std/src/panicking.rs:289:9
[INFO] [stdout]   11:     0x5574b2615f47 - <alloc::boxed::Box<F,A> as core::ops::function::Fn<Args>>::call::h0ad024c9bdc6d768
[INFO] [stdout]                                at /rustc/82e1608dfa6e0b5569232559e3d385fea5a93112/library/alloc/src/boxed.rs:2021:9
[INFO] [stdout]   12:     0x5574b2615f47 - test::test_main::{{closure}}::h7500b54257359db6
[INFO] [stdout]                                at /rustc/82e1608dfa6e0b5569232559e3d385fea5a93112/library/test/src/lib.rs:138:21
[INFO] [stdout]   13:     0x5574b2818568 - <alloc::boxed::Box<F,A> as core::ops::function::Fn<Args>>::call::h1f8f335eaa9cfaee
[INFO] [stdout]                                at /rustc/82e1608dfa6e0b5569232559e3d385fea5a93112/library/alloc/src/boxed.rs:2021:9
[INFO] [stdout]   14:     0x5574b2818568 - std::panicking::rust_panic_with_hook::h2b5517d590cab22e
[INFO] [stdout]                                at /rustc/82e1608dfa6e0b5569232559e3d385fea5a93112/library/std/src/panicking.rs:783:13
[INFO] [stdout]   15:     0x5574b2818289 - std::panicking::begin_panic_handler::{{closure}}::h233112c06e0ef43e
[INFO] [stdout]                                at /rustc/82e1608dfa6e0b5569232559e3d385fea5a93112/library/std/src/panicking.rs:649:13
[INFO] [stdout]   16:     0x5574b2816976 - std::sys_common::backtrace::__rust_end_short_backtrace::h6e893f24d7ebbff8
[INFO] [stdout]                                at /rustc/82e1608dfa6e0b5569232559e3d385fea5a93112/library/std/src/sys_common/backtrace.rs:170:18
[INFO] [stdout]   17:     0x5574b2818022 - rust_begin_unwind
[INFO] [stdout]                                at /rustc/82e1608dfa6e0b5569232559e3d385fea5a93112/library/std/src/panicking.rs:645:5
[INFO] [stdout]   18:     0x5574b25ae2a5 - core::panicking::panic_fmt::hbf0e066aabfa482c
[INFO] [stdout]                                at /rustc/82e1608dfa6e0b5569232559e3d385fea5a93112/library/core/src/panicking.rs:72:14
[INFO] [stdout]   19:     0x5574b25ae343 - core::panicking::panic::h195fc2a96298d4c3
[INFO] [stdout]                                at /rustc/82e1608dfa6e0b5569232559e3d385fea5a93112/library/core/src/panicking.rs:127:5
[INFO] [stdout]   20:     0x5574b25d2a35 - core::option::Option<T>::unwrap::hbdc3dc18f9355ed1
[INFO] [stdout]                                at /rustc/82e1608dfa6e0b5569232559e3d385fea5a93112/library/core/src/option.rs:931:21
[INFO] [stdout]   21:     0x5574b25cc0fc - costoflife::TxRecord::from::{{closure}}::h45faf6847a49be57
[INFO] [stdout]                                at /opt/rustwide/workdir/src/lib.rs:437:49
[INFO] [stdout]   22:     0x5574b25d23c4 - core::option::Option<T>::map::ha26e4e94ec63c81f
[INFO] [stdout]                                at /rustc/82e1608dfa6e0b5569232559e3d385fea5a93112/library/core/src/option.rs:1072:29
[INFO] [stdout]   23:     0x5574b25cbb54 - costoflife::TxRecord::from::hd5715ff27ab7789a
[INFO] [stdout]                                at /opt/rustwide/workdir/src/lib.rs:437:18
[INFO] [stdout]   24:     0x5574b25cb848 - costoflife::TxRecord::new::hcbfc09d8d9cf46b2
[INFO] [stdout]                                at /opt/rustwide/workdir/src/lib.rs:375:9
[INFO] [stdout]   25:     0x5574b25b8014 - costoflife::tests::test_costoflife::hf2b4b0bcdc2fb155
[INFO] [stdout]                                at /opt/rustwide/workdir/src/lib.rs:941:13
[INFO] [stdout]   26:     0x5574b25b7fb7 - costoflife::tests::test_costoflife::{{closure}}::hca7148ac67a5cc50
[INFO] [stdout]                                at /opt/rustwide/workdir/src/lib.rs:938:25
[INFO] [stdout]   27:     0x5574b25d8106 - core::ops::function::FnOnce::call_once::hc1bd8b4f8138c012
[INFO] [stdout]                                at /rustc/82e1608dfa6e0b5569232559e3d385fea5a93112/library/core/src/ops/function.rs:250:5
[INFO] [stdout]   28:     0x5574b261b59f - core::ops::function::FnOnce::call_once::h2b5d431d5046312d
[INFO] [stdout]                                at /rustc/82e1608dfa6e0b5569232559e3d385fea5a93112/library/core/src/ops/function.rs:250:5
[INFO] [stdout]   29:     0x5574b261b59f - test::__rust_begin_short_backtrace::h7714669af176e207
[INFO] [stdout]                                at /rustc/82e1608dfa6e0b5569232559e3d385fea5a93112/library/test/src/lib.rs:628:18
[INFO] [stdout]   30:     0x5574b261a5b5 - test::run_test_in_process::{{closure}}::h85218797dcbcec12
[INFO] [stdout]                                at /rustc/82e1608dfa6e0b5569232559e3d385fea5a93112/library/test/src/lib.rs:651:60
[INFO] [stdout]   31:     0x5574b261a5b5 - <core::panic::unwind_safe::AssertUnwindSafe<F> as core::ops::function::FnOnce<()>>::call_once::h76c106ea31c14d7b
[INFO] [stdout]                                at /rustc/82e1608dfa6e0b5569232559e3d385fea5a93112/library/core/src/panic/unwind_safe.rs:272:9
[INFO] [stdout]   32:     0x5574b261a5b5 - std::panicking::try::do_call::h3bd5d0f6620ee946
[INFO] [stdout]                                at /rustc/82e1608dfa6e0b5569232559e3d385fea5a93112/library/std/src/panicking.rs:552:40
[INFO] [stdout]   33:     0x5574b261a5b5 - std::panicking::try::h232e535e4744fe31
[INFO] [stdout]                                at /rustc/82e1608dfa6e0b5569232559e3d385fea5a93112/library/std/src/panicking.rs:516:19
[INFO] [stdout]   34:     0x5574b261a5b5 - std::panic::catch_unwind::h3ce3bd6ca8dbac68
[INFO] [stdout]                                at /rustc/82e1608dfa6e0b5569232559e3d385fea5a93112/library/std/src/panic.rs:142:14
[INFO] [stdout]   35:     0x5574b261a5b5 - test::run_test_in_process::hc97b257c9621286a
[INFO] [stdout]                                at /rustc/82e1608dfa6e0b5569232559e3d385fea5a93112/library/test/src/lib.rs:651:27
[INFO] [stdout]   36:     0x5574b261a5b5 - test::run_test::{{closure}}::h2aa798823a438d38
[INFO] [stdout]                                at /rustc/82e1608dfa6e0b5569232559e3d385fea5a93112/library/test/src/lib.rs:574:43
[INFO] [stdout]   37:     0x5574b25e2876 - test::run_test::{{closure}}::h87d231c78fb59832
[INFO] [stdout]                                at /rustc/82e1608dfa6e0b5569232559e3d385fea5a93112/library/test/src/lib.rs:602:41
[INFO] [stdout]   38:     0x5574b25e2876 - std::sys_common::backtrace::__rust_begin_short_backtrace::he6df152596625789
[INFO] [stdout]                                at /rustc/82e1608dfa6e0b5569232559e3d385fea5a93112/library/std/src/sys_common/backtrace.rs:154:18
[INFO] [stdout]   39:     0x5574b25e7927 - std::thread::Builder::spawn_unchecked_::{{closure}}::{{closure}}::ha94be15d1e0acf36
[INFO] [stdout]                                at /rustc/82e1608dfa6e0b5569232559e3d385fea5a93112/library/std/src/thread/mod.rs:529:17
[INFO] [stdout]   40:     0x5574b25e7927 - <core::panic::unwind_safe::AssertUnwindSafe<F> as core::ops::function::FnOnce<()>>::call_once::h9dc6bd6372f16606
[INFO] [stdout]                                at /rustc/82e1608dfa6e0b5569232559e3d385fea5a93112/library/core/src/panic/unwind_safe.rs:272:9
[INFO] [stdout]   41:     0x5574b25e7927 - std::panicking::try::do_call::h9057517f80303cd4
[INFO] [stdout]                                at /rustc/82e1608dfa6e0b5569232559e3d385fea5a93112/library/std/src/panicking.rs:552:40
[INFO] [stdout]   42:     0x5574b25e7927 - std::panicking::try::he3a30b11ee45340c
[INFO] [stdout]                                at /rustc/82e1608dfa6e0b5569232559e3d385fea5a93112/library/std/src/panicking.rs:516:19
[INFO] [stdout]   43:     0x5574b25e7927 - std::panic::catch_unwind::h410458cfd3528b8b
[INFO] [stdout]                                at /rustc/82e1608dfa6e0b5569232559e3d385fea5a93112/library/std/src/panic.rs:142:14
[INFO] [stdout]   44:     0x5574b25e7927 - std::thread::Builder::spawn_unchecked_::{{closure}}::h72ac3bdb567b737b
[INFO] [stdout]                                at /rustc/82e1608dfa6e0b5569232559e3d385fea5a93112/library/std/src/thread/mod.rs:528:30
[INFO] [stdout]   45:     0x5574b25e7927 - core::ops::function::FnOnce::call_once{{vtable.shim}}::h38f34da3654a8344
[INFO] [stdout]                                at /rustc/82e1608dfa6e0b5569232559e3d385fea5a93112/library/core/src/ops/function.rs:250:5
[INFO] [stdout]   46:     0x5574b281d005 - <alloc::boxed::Box<F,A> as core::ops::function::FnOnce<Args>>::call_once::hc7eafaff61e32df9
[INFO] [stdout]                                at /rustc/82e1608dfa6e0b5569232559e3d385fea5a93112/library/alloc/src/boxed.rs:2007:9
[INFO] [stdout]   47:     0x5574b281d005 - <alloc::boxed::Box<F,A> as core::ops::function::FnOnce<Args>>::call_once::h6ba4a5de48dd2304
[INFO] [stdout]                                at /rustc/82e1608dfa6e0b5569232559e3d385fea5a93112/library/alloc/src/boxed.rs:2007:9
[INFO] [stdout]   48:     0x5574b281d005 - std::sys::unix::thread::Thread::new::thread_start::he469335aef763e45
[INFO] [stdout]                                at /rustc/82e1608dfa6e0b5569232559e3d385fea5a93112/library/std/src/sys/unix/thread.rs:108:17
[INFO] [stdout]   49:     0x7f43d157dac3 - <unknown>
[INFO] [stdout]   50:     0x7f43d160ebf4 - __clone
[INFO] [stdout]   51:                0x0 - <unknown>
[INFO] [stdout] 
[INFO] [stdout] ---- tests::test_tx stdout ----
[INFO] [stdout] thread 'tests::test_tx' panicked at src/lib.rs:437:51:
[INFO] [stdout] called `Option::unwrap()` on a `None` value
[INFO] [stdout] stack backtrace:
[INFO] [stdout]    0:     0x5574b28164ac - std::backtrace_rs::backtrace::libunwind::trace::ha637c64ce894333a
[INFO] [stdout]                                at /rustc/82e1608dfa6e0b5569232559e3d385fea5a93112/library/std/src/../../backtrace/src/backtrace/libunwind.rs:104:5
[INFO] [stdout]    1:     0x5574b28164ac - std::backtrace_rs::backtrace::trace_unsynchronized::h47f62dea28e0c88d
[INFO] [stdout]                                at /rustc/82e1608dfa6e0b5569232559e3d385fea5a93112/library/std/src/../../backtrace/src/backtrace/mod.rs:66:5
[INFO] [stdout]    2:     0x5574b28164ac - std::sys_common::backtrace::_print_fmt::h9eef0abe20ede486
[INFO] [stdout]                                at /rustc/82e1608dfa6e0b5569232559e3d385fea5a93112/library/std/src/sys_common/backtrace.rs:67:5
[INFO] [stdout]    3:     0x5574b28164ac - <std::sys_common::backtrace::_print::DisplayBacktrace as core::fmt::Display>::fmt::hed7f999df88cc644
[INFO] [stdout]                                at /rustc/82e1608dfa6e0b5569232559e3d385fea5a93112/library/std/src/sys_common/backtrace.rs:44:22
[INFO] [stdout]    4:     0x5574b2841140 - core::fmt::rt::Argument::fmt::h1539a9308b8d058d
[INFO] [stdout]                                at /rustc/82e1608dfa6e0b5569232559e3d385fea5a93112/library/core/src/fmt/rt.rs:142:9
[INFO] [stdout]    5:     0x5574b2841140 - core::fmt::write::h3a39390d8560d9c9
[INFO] [stdout]                                at /rustc/82e1608dfa6e0b5569232559e3d385fea5a93112/library/core/src/fmt/mod.rs:1120:17
[INFO] [stdout]    6:     0x5574b2813e5f - std::io::Write::write_fmt::h040b369f3a0f9cbc
[INFO] [stdout]                                at /rustc/82e1608dfa6e0b5569232559e3d385fea5a93112/library/std/src/io/mod.rs:1762:15
[INFO] [stdout]    7:     0x5574b2816294 - std::sys_common::backtrace::_print::h894006fb5c6f3d45
[INFO] [stdout]                                at /rustc/82e1608dfa6e0b5569232559e3d385fea5a93112/library/std/src/sys_common/backtrace.rs:47:5
[INFO] [stdout]    8:     0x5574b2816294 - std::sys_common::backtrace::print::h23a2d212c6fff936
[INFO] [stdout]                                at /rustc/82e1608dfa6e0b5569232559e3d385fea5a93112/library/std/src/sys_common/backtrace.rs:34:9
[INFO] [stdout]    9:     0x5574b2817f57 - std::panicking::default_hook::{{closure}}::h8a1d2ee00185001a
[INFO] [stdout]   10:     0x5574b2817c43 - std::panicking::default_hook::h6038f2eba384e475
[INFO] [stdout]                                at /rustc/82e1608dfa6e0b5569232559e3d385fea5a93112/library/std/src/panicking.rs:289:9
[INFO] [stdout]   11:     0x5574b2615f47 - <alloc::boxed::Box<F,A> as core::ops::function::Fn<Args>>::call::h0ad024c9bdc6d768
[INFO] [stdout]                                at /rustc/82e1608dfa6e0b5569232559e3d385fea5a93112/library/alloc/src/boxed.rs:2021:9
[INFO] [stdout]   12:     0x5574b2615f47 - test::test_main::{{closure}}::h7500b54257359db6
[INFO] [stdout]                                at /rustc/82e1608dfa6e0b5569232559e3d385fea5a93112/library/test/src/lib.rs:138:21
[INFO] [stdout]   13:     0x5574b2818568 - <alloc::boxed::Box<F,A> as core::ops::function::Fn<Args>>::call::h1f8f335eaa9cfaee
[INFO] [stdout]                                at /rustc/82e1608dfa6e0b5569232559e3d385fea5a93112/library/alloc/src/boxed.rs:2021:9
[INFO] [stdout]   14:     0x5574b2818568 - std::panicking::rust_panic_with_hook::h2b5517d590cab22e
[INFO] [stdout]                                at /rustc/82e1608dfa6e0b5569232559e3d385fea5a93112/library/std/src/panicking.rs:783:13
[INFO] [stdout]   15:     0x5574b2818289 - std::panicking::begin_panic_handler::{{closure}}::h233112c06e0ef43e
[INFO] [stdout]                                at /rustc/82e1608dfa6e0b5569232559e3d385fea5a93112/library/std/src/panicking.rs:649:13
[INFO] [stdout]   16:     0x5574b2816976 - std::sys_common::backtrace::__rust_end_short_backtrace::h6e893f24d7ebbff8
[INFO] [stdout]                                at /rustc/82e1608dfa6e0b5569232559e3d385fea5a93112/library/std/src/sys_common/backtrace.rs:170:18
[INFO] [stdout]   17:     0x5574b2818022 - rust_begin_unwind
[INFO] [stdout]                                at /rustc/82e1608dfa6e0b5569232559e3d385fea5a93112/library/std/src/panicking.rs:645:5
[INFO] [stdout]   18:     0x5574b25ae2a5 - core::panicking::panic_fmt::hbf0e066aabfa482c
[INFO] [stdout]                                at /rustc/82e1608dfa6e0b5569232559e3d385fea5a93112/library/core/src/panicking.rs:72:14
[INFO] [stdout]   19:     0x5574b25ae343 - core::panicking::panic::h195fc2a96298d4c3
[INFO] [stdout]                                at /rustc/82e1608dfa6e0b5569232559e3d385fea5a93112/library/core/src/panicking.rs:127:5
[INFO] [stdout]   20:     0x5574b25d2a35 - core::option::Option<T>::unwrap::hbdc3dc18f9355ed1
[INFO] [stdout]                                at /rustc/82e1608dfa6e0b5569232559e3d385fea5a93112/library/core/src/option.rs:931:21
[INFO] [stdout]   21:     0x5574b25cc0fc - costoflife::TxRecord::from::{{closure}}::h45faf6847a49be57
[INFO] [stdout]                                at /opt/rustwide/workdir/src/lib.rs:437:49
[INFO] [stdout]   22:     0x5574b25d23c4 - core::option::Option<T>::map::ha26e4e94ec63c81f
[INFO] [stdout]                                at /rustc/82e1608dfa6e0b5569232559e3d385fea5a93112/library/core/src/option.rs:1072:29
[INFO] [stdout]   23:     0x5574b25cbb54 - costoflife::TxRecord::from::hd5715ff27ab7789a
[INFO] [stdout]                                at /opt/rustwide/workdir/src/lib.rs:437:18
[INFO] [stdout]   24:     0x5574b25b3e3a - costoflife::tests::test_tx::h863f967b962f1a88
[INFO] [stdout]                                at /opt/rustwide/workdir/src/lib.rs:643:17
[INFO] [stdout]   25:     0x5574b25b2367 - costoflife::tests::test_tx::{{closure}}::hd1c496b02394151a
[INFO] [stdout]                                at /opt/rustwide/workdir/src/lib.rs:549:17
[INFO] [stdout]   26:     0x5574b25d8066 - core::ops::function::FnOnce::call_once::h734ed01b8d9309ba
[INFO] [stdout]                                at /rustc/82e1608dfa6e0b5569232559e3d385fea5a93112/library/core/src/ops/function.rs:250:5
[INFO] [stdout]   27:     0x5574b261b59f - core::ops::function::FnOnce::call_once::h2b5d431d5046312d
[INFO] [stdout]                                at /rustc/82e1608dfa6e0b5569232559e3d385fea5a93112/library/core/src/ops/function.rs:250:5
[INFO] [stdout]   28:     0x5574b261b59f - test::__rust_begin_short_backtrace::h7714669af176e207
[INFO] [stdout]                                at /rustc/82e1608dfa6e0b5569232559e3d385fea5a93112/library/test/src/lib.rs:628:18
[INFO] [stdout]   29:     0x5574b261a5b5 - test::run_test_in_process::{{closure}}::h85218797dcbcec12
[INFO] [stdout]                                at /rustc/82e1608dfa6e0b5569232559e3d385fea5a93112/library/test/src/lib.rs:651:60
[INFO] [stdout]   30:     0x5574b261a5b5 - <core::panic::unwind_safe::AssertUnwindSafe<F> as core::ops::function::FnOnce<()>>::call_once::h76c106ea31c14d7b
[INFO] [stdout]                                at /rustc/82e1608dfa6e0b5569232559e3d385fea5a93112/library/core/src/panic/unwind_safe.rs:272:9
[INFO] [stdout]   31:     0x5574b261a5b5 - std::panicking::try::do_call::h3bd5d0f6620ee946
[INFO] [stdout]                                at /rustc/82e1608dfa6e0b5569232559e3d385fea5a93112/library/std/src/panicking.rs:552:40
[INFO] [stdout]   32:     0x5574b261a5b5 - std::panicking::try::h232e535e4744fe31
[INFO] [stdout]                                at /rustc/82e1608dfa6e0b5569232559e3d385fea5a93112/library/std/src/panicking.rs:516:19
[INFO] [stdout]   33:     0x5574b261a5b5 - std::panic::catch_unwind::h3ce3bd6ca8dbac68
[INFO] [stdout]                                at /rustc/82e1608dfa6e0b5569232559e3d385fea5a93112/library/std/src/panic.rs:142:14
[INFO] [stdout]   34:     0x5574b261a5b5 - test::run_test_in_process::hc97b257c9621286a
[INFO] [stdout]                                at /rustc/82e1608dfa6e0b5569232559e3d385fea5a93112/library/test/src/lib.rs:651:27
[INFO] [stdout]   35:     0x5574b261a5b5 - test::run_test::{{closure}}::h2aa798823a438d38
[INFO] [stdout]                                at /rustc/82e1608dfa6e0b5569232559e3d385fea5a93112/library/test/src/lib.rs:574:43
[INFO] [stdout]   36:     0x5574b25e2876 - test::run_test::{{closure}}::h87d231c78fb59832
[INFO] [stdout]                                at /rustc/82e1608dfa6e0b5569232559e3d385fea5a93112/library/test/src/lib.rs:602:41
[INFO] [stdout]   37:     0x5574b25e2876 - std::sys_common::backtrace::__rust_begin_short_backtrace::he6df152596625789
[INFO] [stdout]                                at /rustc/82e1608dfa6e0b5569232559e3d385fea5a93112/library/std/src/sys_common/backtrace.rs:154:18
[INFO] [stdout]   38:     0x5574b25e7927 - std::thread::Builder::spawn_unchecked_::{{closure}}::{{closure}}::ha94be15d1e0acf36
[INFO] [stdout]                                at /rustc/82e1608dfa6e0b5569232559e3d385fea5a93112/library/std/src/thread/mod.rs:529:17
[INFO] [stdout]   39:     0x5574b25e7927 - <core::panic::unwind_safe::AssertUnwindSafe<F> as core::ops::function::FnOnce<()>>::call_once::h9dc6bd6372f16606
[INFO] [stdout]                                at /rustc/82e1608dfa6e0b5569232559e3d385fea5a93112/library/core/src/panic/unwind_safe.rs:272:9
[INFO] [stdout]   40:     0x5574b25e7927 - std::panicking::try::do_call::h9057517f80303cd4
[INFO] [stdout]                                at /rustc/82e1608dfa6e0b5569232559e3d385fea5a93112/library/std/src/panicking.rs:552:40
[INFO] [stdout]   41:     0x5574b25e7927 - std::panicking::try::he3a30b11ee45340c
[INFO] [stdout]                                at /rustc/82e1608dfa6e0b5569232559e3d385fea5a93112/library/std/src/panicking.rs:516:19
[INFO] [stdout]   42:     0x5574b25e7927 - std::panic::catch_unwind::h410458cfd3528b8b
[INFO] [stdout]                                at /rustc/82e1608dfa6e0b5569232559e3d385fea5a93112/library/std/src/panic.rs:142:14
[INFO] [stdout]   43:     0x5574b25e7927 - std::thread::Builder::spawn_unchecked_::{{closure}}::h72ac3bdb567b737b
[INFO] [stdout]                                at /rustc/82e1608dfa6e0b5569232559e3d385fea5a93112/library/std/src/thread/mod.rs:528:30
[INFO] [stdout]   44:     0x5574b25e7927 - core::ops::function::FnOnce::call_once{{vtable.shim}}::h38f34da3654a8344
[INFO] [stdout]                                at /rustc/82e1608dfa6e0b5569232559e3d385fea5a93112/library/core/src/ops/function.rs:250:5
[INFO] [stdout]   45:     0x5574b281d005 - <alloc::boxed::Box<F,A> as core::ops::function::FnOnce<Args>>::call_once::hc7eafaff61e32df9
[INFO] [stdout]                                at /rustc/82e1608dfa6e0b5569232559e3d385fea5a93112/library/alloc/src/boxed.rs:2007:9
[INFO] [stdout]   46:     0x5574b281d005 - <alloc::boxed::Box<F,A> as core::ops::function::FnOnce<Args>>::call_once::h6ba4a5de48dd2304
[INFO] [stdout]                                at /rustc/82e1608dfa6e0b5569232559e3d385fea5a93112/library/alloc/src/boxed.rs:2007:9
[INFO] [stdout]   47:     0x5574b281d005 - std::sys::unix::thread::Thread::new::thread_start::he469335aef763e45
[INFO] [stdout]                                at /rustc/82e1608dfa6e0b5569232559e3d385fea5a93112/library/std/src/sys/unix/thread.rs:108:17
[INFO] [stdout]   48:     0x7f43d157dac3 - <unknown>
[INFO] [stdout]   49:     0x7f43d160ebf4 - __clone
[INFO] [stdout]   50:                0x0 - <unknown>
[INFO] [stdout] 
[INFO] [stdout] 
[INFO] [stdout] failures:
[INFO] [stdout]     tests::test_costoflife
[INFO] [stdout]     tests::test_tx
[INFO] [stdout] 
[INFO] [stdout] test result: FAILED. 5 passed; 2 failed; 0 ignored; 0 measured; 0 filtered out; finished in 0.02s
[INFO] [stdout] 
[INFO] [stderr] error: test failed, to rerun pass `--lib`
[INFO] running `Command { std: "docker" "inspect" "f6aec4be17c47fe606484cde7a3cf6e0d270e3ab5de838e0247a8b437559fd9a", kill_on_drop: false }`
[INFO] running `Command { std: "docker" "rm" "-f" "f6aec4be17c47fe606484cde7a3cf6e0d270e3ab5de838e0247a8b437559fd9a", kill_on_drop: false }`
[INFO] [stdout] f6aec4be17c47fe606484cde7a3cf6e0d270e3ab5de838e0247a8b437559fd9a
