[INFO] cloning repository https://github.com/noahdahlman/polygon-rs
[INFO] running `Command { std: "git" "-c" "credential.helper=" "-c" "credential.helper=/workspace/cargo-home/bin/git-credential-null" "clone" "--bare" "https://github.com/noahdahlman/polygon-rs" "/workspace/cache/git-repos/https%3A%2F%2Fgithub.com%2Fnoahdahlman%2Fpolygon-rs", kill_on_drop: false }`
[INFO] [stderr] Cloning into bare repository '/workspace/cache/git-repos/https%3A%2F%2Fgithub.com%2Fnoahdahlman%2Fpolygon-rs'...
[INFO] running `Command { std: "git" "rev-parse" "HEAD", kill_on_drop: false }`
[INFO] [stdout] f9992f28308bdb4d5b2ff369f0311f0163c4be36
[INFO] testing noahdahlman/polygon-rs against 1.75.0 for beta-1.76-1
[INFO] running `Command { std: "git" "clone" "/workspace/cache/git-repos/https%3A%2F%2Fgithub.com%2Fnoahdahlman%2Fpolygon-rs" "/workspace/builds/worker-6-tc1/source", kill_on_drop: false }`
[INFO] [stderr] Cloning into '/workspace/builds/worker-6-tc1/source'...
[INFO] [stderr] done.
[INFO] validating manifest of git repo https://github.com/noahdahlman/polygon-rs on toolchain 1.75.0
[INFO] running `Command { std: CARGO_HOME="/workspace/cargo-home" RUSTUP_HOME="/workspace/rustup-home" "/workspace/cargo-home/bin/cargo" "+1.75.0" "metadata" "--manifest-path" "Cargo.toml" "--no-deps", kill_on_drop: false }`
[INFO] started tweaking git repo https://github.com/noahdahlman/polygon-rs
[INFO] finished tweaking git repo https://github.com/noahdahlman/polygon-rs
[INFO] tweaked toml for git repo https://github.com/noahdahlman/polygon-rs written to /workspace/builds/worker-6-tc1/source/Cargo.toml
[INFO] crate git repo https://github.com/noahdahlman/polygon-rs already has a lockfile, it will not be regenerated
[INFO] running `Command { std: CARGO_HOME="/workspace/cargo-home" RUSTUP_HOME="/workspace/rustup-home" "/workspace/cargo-home/bin/cargo" "+1.75.0" "fetch" "--manifest-path" "Cargo.toml", kill_on_drop: false }`
[INFO] [stderr]  Downloading crates ...
[INFO] [stderr]   Downloaded mockito v0.32.3
[INFO] running `Command { std: "docker" "create" "-v" "/var/lib/crater-agent-workspace/builds/worker-6-tc1/target:/opt/rustwide/target:rw,Z" "-v" "/var/lib/crater-agent-workspace/builds/worker-6-tc1/source:/opt/rustwide/workdir:ro,Z" "-v" "/var/lib/crater-agent-workspace/cargo-home:/opt/rustwide/cargo-home:ro,Z" "-v" "/var/lib/crater-agent-workspace/rustup-home:/opt/rustwide/rustup-home:ro,Z" "-e" "SOURCE_DIR=/opt/rustwide/workdir" "-e" "CARGO_TARGET_DIR=/opt/rustwide/target" "-e" "CARGO_HOME=/opt/rustwide/cargo-home" "-e" "RUSTUP_HOME=/opt/rustwide/rustup-home" "-w" "/opt/rustwide/workdir" "-m" "1610612736" "--user" "0:0" "--network" "none" "ghcr.io/rust-lang/crates-build-env/linux@sha256:2788e3201cd34a07e3172128adcd8b3090168a8e3bcc40d7c032b9dda1df7d1c" "/opt/rustwide/cargo-home/bin/cargo" "+1.75.0" "metadata" "--no-deps" "--format-version=1", kill_on_drop: false }`
[INFO] [stdout] a253284be17e110a90ff3c19909fab0d60fc858710d20e209ebaae60b61746a1
[INFO] running `Command { std: "docker" "start" "-a" "a253284be17e110a90ff3c19909fab0d60fc858710d20e209ebaae60b61746a1", kill_on_drop: false }`
[INFO] running `Command { std: "docker" "inspect" "a253284be17e110a90ff3c19909fab0d60fc858710d20e209ebaae60b61746a1", kill_on_drop: false }`
[INFO] running `Command { std: "docker" "rm" "-f" "a253284be17e110a90ff3c19909fab0d60fc858710d20e209ebaae60b61746a1", kill_on_drop: false }`
[INFO] [stdout] a253284be17e110a90ff3c19909fab0d60fc858710d20e209ebaae60b61746a1
[INFO] running `Command { std: "docker" "create" "-v" "/var/lib/crater-agent-workspace/builds/worker-6-tc1/target:/opt/rustwide/target:rw,Z" "-v" "/var/lib/crater-agent-workspace/builds/worker-6-tc1/source:/opt/rustwide/workdir:ro,Z" "-v" "/var/lib/crater-agent-workspace/cargo-home:/opt/rustwide/cargo-home:ro,Z" "-v" "/var/lib/crater-agent-workspace/rustup-home:/opt/rustwide/rustup-home:ro,Z" "-e" "SOURCE_DIR=/opt/rustwide/workdir" "-e" "CARGO_TARGET_DIR=/opt/rustwide/target" "-e" "CARGO_INCREMENTAL=0" "-e" "RUST_BACKTRACE=full" "-e" "RUSTFLAGS=--cap-lints=warn" "-e" "RUSTDOCFLAGS=--cap-lints=warn" "-e" "CARGO_HOME=/opt/rustwide/cargo-home" "-e" "RUSTUP_HOME=/opt/rustwide/rustup-home" "-w" "/opt/rustwide/workdir" "-m" "1610612736" "--user" "0:0" "--network" "none" "ghcr.io/rust-lang/crates-build-env/linux@sha256:2788e3201cd34a07e3172128adcd8b3090168a8e3bcc40d7c032b9dda1df7d1c" "/opt/rustwide/cargo-home/bin/cargo" "+1.75.0" "build" "--frozen" "--message-format=json", kill_on_drop: false }`
[INFO] [stdout] eb37d701a56cbbd3256c625f91bf57d781c65407730a191a4048cc7678e0c43d
[INFO] running `Command { std: "docker" "start" "-a" "eb37d701a56cbbd3256c625f91bf57d781c65407730a191a4048cc7678e0c43d", kill_on_drop: false }`
[INFO] [stderr]    Compiling autocfg v1.1.0
[INFO] [stderr]    Compiling proc-macro2 v1.0.50
[INFO] [stderr]    Compiling unicode-ident v1.0.6
[INFO] [stderr]    Compiling quote v1.0.23
[INFO] [stderr]    Compiling syn v1.0.107
[INFO] [stderr]    Compiling libc v0.2.139
[INFO] [stderr]    Compiling cfg-if v1.0.0
[INFO] [stderr]    Compiling log v0.4.17
[INFO] [stderr]    Compiling once_cell v1.17.0
[INFO] [stderr]    Compiling pin-project-lite v0.2.9
[INFO] [stderr]    Compiling parking_lot_core v0.9.6
[INFO] [stderr]    Compiling cc v1.0.78
[INFO] [stderr]    Compiling pkg-config v0.3.26
[INFO] [stderr]    Compiling smallvec v1.10.0
[INFO] [stderr]    Compiling futures-core v0.3.25
[INFO] [stderr]    Compiling memchr v2.5.0
[INFO] [stderr]    Compiling bytes v1.3.0
[INFO] [stderr]    Compiling scopeguard v1.1.0
[INFO] [stderr]    Compiling itoa v1.0.5
[INFO] [stderr]    Compiling futures-task v0.3.25
[INFO] [stderr]    Compiling tracing-core v0.1.30
[INFO] [stderr]    Compiling foreign-types-shared v0.1.1
[INFO] [stderr]    Compiling futures-util v0.3.25
[INFO] [stderr]    Compiling openssl v0.10.45
[INFO] [stderr]    Compiling fnv v1.0.7
[INFO] [stderr]    Compiling serde_derive v1.0.152
[INFO] [stderr]    Compiling foreign-types v0.3.2
[INFO] [stderr]    Compiling lock_api v0.4.9
[INFO] [stderr]    Compiling tokio v1.25.0
[INFO] [stderr]    Compiling indexmap v1.9.2
[INFO] [stderr]    Compiling slab v0.4.7
[INFO] [stderr]    Compiling futures-sink v0.3.25
[INFO] [stderr]    Compiling http v0.2.8
[INFO] [stderr]    Compiling bitflags v1.3.2
[INFO] [stderr]    Compiling httparse v1.8.0
[INFO] [stderr]    Compiling serde v1.0.152
[INFO] [stderr]    Compiling native-tls v0.2.11
[INFO] [stderr]    Compiling tracing v0.1.37
[INFO] [stderr]    Compiling pin-utils v0.1.0
[INFO] [stderr]    Compiling tinyvec_macros v0.1.0
[INFO] [stderr]    Compiling hashbrown v0.12.3
[INFO] [stderr]    Compiling futures-channel v0.3.25
[INFO] [stderr]    Compiling tinyvec v1.6.0
[INFO] [stderr]    Compiling openssl-probe v0.1.5
[INFO] [stderr]    Compiling try-lock v0.2.4
[INFO] [stderr]    Compiling percent-encoding v2.2.0
[INFO] [stderr]    Compiling want v0.3.0
[INFO] [stderr]    Compiling form_urlencoded v1.1.0
[INFO] [stderr]    Compiling serde_json v1.0.91
[INFO] [stderr]    Compiling encoding_rs v0.8.31
[INFO] [stderr]    Compiling ryu v1.0.12
[INFO] [stderr]    Compiling num_cpus v1.15.0
[INFO] [stderr]    Compiling socket2 v0.4.7
[INFO] [stderr]    Compiling mio v0.8.5
[INFO] [stderr]    Compiling signal-hook-registry v1.4.0
[INFO] [stderr]    Compiling tower-service v0.3.2
[INFO] [stderr]    Compiling httpdate v1.0.2
[INFO] [stderr]    Compiling parking_lot v0.12.1
[INFO] [stderr]    Compiling unicode-bidi v0.3.10
[INFO] [stderr]    Compiling eyre v0.6.8
[INFO] [stderr]    Compiling async-trait v0.1.64
[INFO] [stderr]    Compiling openssl-sys v0.9.80
[INFO] [stderr]    Compiling http-body v0.4.5
[INFO] [stderr]    Compiling unicode-normalization v0.1.22
[INFO] [stderr]    Compiling mime v0.3.16
[INFO] [stderr]    Compiling base64 v0.21.0
[INFO] [stderr]    Compiling indenter v0.3.3
[INFO] [stderr]    Compiling ipnet v2.7.1
[INFO] [stderr]    Compiling dotenv v0.15.0
[INFO] [stderr]    Compiling idna v0.3.0
[INFO] [stderr]    Compiling url v2.3.1
[INFO] [stderr]    Compiling tokio-macros v1.8.2
[INFO] [stderr]    Compiling openssl-macros v0.1.0
[INFO] [stderr]    Compiling tokio-util v0.7.4
[INFO] [stderr]    Compiling tokio-native-tls v0.3.0
[INFO] [stderr]    Compiling h2 v0.3.15
[INFO] [stderr]    Compiling serde_urlencoded v0.7.1
[INFO] [stderr]    Compiling hyper v0.14.23
[INFO] [stderr]    Compiling hyper-tls v0.5.0
[INFO] [stderr]    Compiling reqwest v0.11.14
[INFO] [stderr]    Compiling poly-rs v0.1.0 (/opt/rustwide/workdir)
[INFO] [stdout] warning: unused import: `Ticker`
[INFO] [stdout]  --> src/polygon/api.rs:2:37
[INFO] [stdout]   |
[INFO] [stdout] 2 | use super::common::{ResponseObject, Ticker};
[INFO] [stdout]   |                                     ^^^^^^
[INFO] [stdout]   |
[INFO] [stdout]   = note: `#[warn(unused_imports)]` on by default
[INFO] [stdout] 
[INFO] [stdout] 
[INFO] [stdout] warning: unused import: `std::fs::File`
[INFO] [stdout]  --> src/polygon/common.rs:2:5
[INFO] [stdout]   |
[INFO] [stdout] 2 | use std::fs::File;
[INFO] [stdout]   |     ^^^^^^^^^^^^^
[INFO] [stdout] 
[INFO] [stdout] 
[INFO] [stdout] warning: unused import: `std::io::Write`
[INFO] [stdout]  --> src/polygon/common.rs:3:5
[INFO] [stdout]   |
[INFO] [stdout] 3 | use std::io::Write;
[INFO] [stdout]   |     ^^^^^^^^^^^^^^
[INFO] [stdout] 
[INFO] [stdout] 
[INFO] [stdout] warning: method `financials` is never used
[INFO] [stdout]   --> src/polygon/api.rs:74:18
[INFO] [stdout]    |
[INFO] [stdout] 47 | impl Polygon {
[INFO] [stdout]    | ------------ method in this implementation
[INFO] [stdout] ...
[INFO] [stdout] 74 |     pub async fn financials(&self, symbol: String) -> Result<ResponseObject> {
[INFO] [stdout]    |                  ^^^^^^^^^^
[INFO] [stdout]    |
[INFO] [stdout]    = note: `#[warn(dead_code)]` on by default
[INFO] [stdout] 
[INFO] [stdout] 
[INFO] [stdout] warning: constant `FINANCIALS` is never used
[INFO] [stdout]  --> src/polygon/constants.rs:2:11
[INFO] [stdout]   |
[INFO] [stdout] 2 | pub const FINANCIALS: &str = "/vX/reference/financials";
[INFO] [stdout]   |           ^^^^^^^^^^
[INFO] [stdout] 
[INFO] [stdout] 
[INFO] [stdout] warning: 5 warnings emitted
[INFO] [stdout] 
[INFO] [stdout] 
[INFO] [stderr]     Finished dev [unoptimized + debuginfo] target(s) in 14.10s
[INFO] running `Command { std: "docker" "inspect" "eb37d701a56cbbd3256c625f91bf57d781c65407730a191a4048cc7678e0c43d", kill_on_drop: false }`
[INFO] running `Command { std: "docker" "rm" "-f" "eb37d701a56cbbd3256c625f91bf57d781c65407730a191a4048cc7678e0c43d", kill_on_drop: false }`
[INFO] [stdout] eb37d701a56cbbd3256c625f91bf57d781c65407730a191a4048cc7678e0c43d
[INFO] running `Command { std: "docker" "create" "-v" "/var/lib/crater-agent-workspace/builds/worker-6-tc1/target:/opt/rustwide/target:rw,Z" "-v" "/var/lib/crater-agent-workspace/builds/worker-6-tc1/source:/opt/rustwide/workdir:ro,Z" "-v" "/var/lib/crater-agent-workspace/cargo-home:/opt/rustwide/cargo-home:ro,Z" "-v" "/var/lib/crater-agent-workspace/rustup-home:/opt/rustwide/rustup-home:ro,Z" "-e" "SOURCE_DIR=/opt/rustwide/workdir" "-e" "CARGO_TARGET_DIR=/opt/rustwide/target" "-e" "CARGO_INCREMENTAL=0" "-e" "RUST_BACKTRACE=full" "-e" "RUSTFLAGS=--cap-lints=warn" "-e" "RUSTDOCFLAGS=--cap-lints=warn" "-e" "CARGO_HOME=/opt/rustwide/cargo-home" "-e" "RUSTUP_HOME=/opt/rustwide/rustup-home" "-w" "/opt/rustwide/workdir" "-m" "1610612736" "--user" "0:0" "--network" "none" "ghcr.io/rust-lang/crates-build-env/linux@sha256:2788e3201cd34a07e3172128adcd8b3090168a8e3bcc40d7c032b9dda1df7d1c" "/opt/rustwide/cargo-home/bin/cargo" "+1.75.0" "test" "--frozen" "--no-run" "--message-format=json", kill_on_drop: false }`
[INFO] [stdout] 90e80ef3eab89cf662c1988a51931fbe8f5ba8c6754e1f368c970d9462ca0809
[INFO] running `Command { std: "docker" "start" "-a" "90e80ef3eab89cf662c1988a51931fbe8f5ba8c6754e1f368c970d9462ca0809", kill_on_drop: false }`
[INFO] [stderr]    Compiling syn v1.0.107
[INFO] [stderr]    Compiling futures-channel v0.3.25
[INFO] [stderr]    Compiling futures-task v0.3.25
[INFO] [stderr]    Compiling futures-util v0.3.25
[INFO] [stderr]    Compiling crossbeam-utils v0.8.14
[INFO] [stderr]    Compiling futures-io v0.3.26
[INFO] [stderr]    Compiling memoffset v0.7.1
[INFO] [stderr]    Compiling num-traits v0.2.15
[INFO] [stderr]    Compiling crossbeam-epoch v0.9.13
[INFO] [stderr]    Compiling either v1.8.1
[INFO] [stderr]    Compiling aho-corasick v0.7.20
[INFO] [stderr]    Compiling regex-syntax v0.6.28
[INFO] [stderr]    Compiling getrandom v0.2.8
[INFO] [stderr]    Compiling rayon-core v1.10.2
[INFO] [stderr]    Compiling lazy_static v1.4.0
[INFO] [stderr]    Compiling atty v0.2.14
[INFO] [stderr]    Compiling plotters-backend v0.3.4
[INFO] [stderr]    Compiling ppv-lite86 v0.2.17
[INFO] [stderr]    Compiling rand_core v0.6.4
[INFO] [stderr]    Compiling itertools v0.10.5
[INFO] [stderr]    Compiling unicode-width v0.1.10
[INFO] [stderr]    Compiling predicates-core v1.0.5
[INFO] [stderr]    Compiling csv-core v0.1.10
[INFO] [stderr]    Compiling textwrap v0.11.0
[INFO] [stderr]    Compiling plotters-svg v0.3.3
[INFO] [stderr]    Compiling deadpool-runtime v0.1.2
[INFO] [stderr]    Compiling normalize-line-endings v0.3.0
[INFO] [stderr]    Compiling cast v0.3.0
[INFO] [stderr]    Compiling retain_mut v0.1.9
[INFO] [stderr]    Compiling difflib v0.4.0
[INFO] [stderr]    Compiling same-file v1.0.6
[INFO] [stderr]    Compiling half v1.8.2
[INFO] [stderr]    Compiling termtree v0.4.0
[INFO] [stderr]    Compiling clap v2.34.0
[INFO] [stderr]    Compiling rand_chacha v0.3.1
[INFO] [stderr]    Compiling predicates-tree v1.0.7
[INFO] [stderr]    Compiling walkdir v2.3.2
[INFO] [stderr]    Compiling colored v2.0.0
[INFO] [stderr]    Compiling oorandom v11.1.3
[INFO] [stderr]    Compiling similar v2.2.1
[INFO] [stderr]    Compiling fragile v2.0.0
[INFO] [stderr]    Compiling downcast v0.11.0
[INFO] [stderr]    Compiling crossbeam-channel v0.5.6
[INFO] [stderr]    Compiling rand v0.8.5
[INFO] [stderr]    Compiling crossbeam-deque v0.8.2
[INFO] [stderr]    Compiling float-cmp v0.9.0
[INFO] [stderr]    Compiling plotters v0.3.4
[INFO] [stderr]    Compiling criterion-plot v0.4.5
[INFO] [stderr]    Compiling rayon v1.6.1
[INFO] [stderr]    Compiling regex v1.7.1
[INFO] [stderr]    Compiling predicates v2.1.5
[INFO] [stderr]    Compiling serde_derive v1.0.152
[INFO] [stderr]    Compiling tokio-macros v1.8.2
[INFO] [stderr]    Compiling futures-macro v0.3.25
[INFO] [stderr]    Compiling openssl-macros v0.1.0
[INFO] [stderr]    Compiling async-trait v0.1.64
[INFO] [stderr]    Compiling mockall_derive v0.11.3
[INFO] [stderr]    Compiling openssl v0.10.45
[INFO] [stderr]    Compiling tokio v1.25.0
[INFO] [stderr]    Compiling mockall v0.11.3
[INFO] [stderr]    Compiling serde v1.0.152
[INFO] [stderr]    Compiling native-tls v0.2.11
[INFO] [stderr]    Compiling futures-executor v0.3.25
[INFO] [stderr]    Compiling futures v0.3.25
[INFO] [stderr]    Compiling tokio-util v0.7.4
[INFO] [stderr]    Compiling tokio-native-tls v0.3.0
[INFO] [stderr]    Compiling deadpool v0.9.5
[INFO] [stderr]    Compiling h2 v0.3.15
[INFO] [stderr]    Compiling serde_json v1.0.91
[INFO] [stderr]    Compiling serde_urlencoded v0.7.1
[INFO] [stderr]    Compiling csv v1.2.0
[INFO] [stderr]    Compiling serde_cbor v0.11.2
[INFO] [stderr]    Compiling tinytemplate v1.2.1
[INFO] [stderr]    Compiling assert-json-diff v2.0.2
[INFO] [stderr]    Compiling criterion v0.3.6
[INFO] [stderr]    Compiling hyper v0.14.23
[INFO] [stderr]    Compiling hyper-tls v0.5.0
[INFO] [stderr]    Compiling mockito v0.32.3
[INFO] [stderr]    Compiling reqwest v0.11.14
[INFO] [stderr]    Compiling poly-rs v0.1.0 (/opt/rustwide/workdir)
[INFO] [stdout] warning: unused import: `std::fs::File`
[INFO] [stdout]  --> src/polygon/common.rs:2:5
[INFO] [stdout]   |
[INFO] [stdout] 2 | use std::fs::File;
[INFO] [stdout]   |     ^^^^^^^^^^^^^
[INFO] [stdout]   |
[INFO] [stdout]   = note: `#[warn(unused_imports)]` on by default
[INFO] [stdout] 
[INFO] [stdout] 
[INFO] [stdout] warning: method `save` is never used
[INFO] [stdout]   --> src/polygon/common.rs:48:12
[INFO] [stdout]    |
[INFO] [stdout] 47 | impl ResponseObject {
[INFO] [stdout]    | ------------------- method in this implementation
[INFO] [stdout] 48 |     pub fn save(&self) {
[INFO] [stdout]    |            ^^^^
[INFO] [stdout]    |
[INFO] [stdout]    = note: `#[warn(dead_code)]` on by default
[INFO] [stdout] 
[INFO] [stdout] 
[INFO] [stdout] warning: 2 warnings emitted
[INFO] [stdout] 
[INFO] [stdout] 
[INFO] [stderr]     Finished test [unoptimized + debuginfo] target(s) in 16.08s
[INFO] running `Command { std: "docker" "inspect" "90e80ef3eab89cf662c1988a51931fbe8f5ba8c6754e1f368c970d9462ca0809", kill_on_drop: false }`
[INFO] running `Command { std: "docker" "rm" "-f" "90e80ef3eab89cf662c1988a51931fbe8f5ba8c6754e1f368c970d9462ca0809", kill_on_drop: false }`
[INFO] [stdout] 90e80ef3eab89cf662c1988a51931fbe8f5ba8c6754e1f368c970d9462ca0809
[INFO] running `Command { std: "docker" "create" "-v" "/var/lib/crater-agent-workspace/builds/worker-6-tc1/target:/opt/rustwide/target:rw,Z" "-v" "/var/lib/crater-agent-workspace/builds/worker-6-tc1/source:/opt/rustwide/workdir:ro,Z" "-v" "/var/lib/crater-agent-workspace/cargo-home:/opt/rustwide/cargo-home:ro,Z" "-v" "/var/lib/crater-agent-workspace/rustup-home:/opt/rustwide/rustup-home:ro,Z" "-e" "SOURCE_DIR=/opt/rustwide/workdir" "-e" "CARGO_TARGET_DIR=/opt/rustwide/target" "-e" "CARGO_INCREMENTAL=0" "-e" "RUST_BACKTRACE=full" "-e" "RUSTFLAGS=--cap-lints=warn" "-e" "RUSTDOCFLAGS=--cap-lints=warn" "-e" "CARGO_HOME=/opt/rustwide/cargo-home" "-e" "RUSTUP_HOME=/opt/rustwide/rustup-home" "-w" "/opt/rustwide/workdir" "-m" "1610612736" "--user" "0:0" "--network" "none" "ghcr.io/rust-lang/crates-build-env/linux@sha256:2788e3201cd34a07e3172128adcd8b3090168a8e3bcc40d7c032b9dda1df7d1c" "/opt/rustwide/cargo-home/bin/cargo" "+1.75.0" "test" "--frozen", kill_on_drop: false }`
[INFO] [stdout] 8a93d35c09bfa8c3393829e4ae7837870f7ed77116b4c5c189460691701df856
[INFO] running `Command { std: "docker" "start" "-a" "8a93d35c09bfa8c3393829e4ae7837870f7ed77116b4c5c189460691701df856", kill_on_drop: false }`
[INFO] [stderr] warning: unused import: `std::fs::File`
[INFO] [stderr]  --> src/polygon/common.rs:2:5
[INFO] [stderr]   |
[INFO] [stderr] 2 | use std::fs::File;
[INFO] [stderr]   |     ^^^^^^^^^^^^^
[INFO] [stderr]   |
[INFO] [stderr]   = note: `#[warn(unused_imports)]` on by default
[INFO] [stderr] 
[INFO] [stderr] warning: method `save` is never used
[INFO] [stderr]   --> src/polygon/common.rs:48:12
[INFO] [stderr]    |
[INFO] [stderr] 47 | impl ResponseObject {
[INFO] [stderr]    | ------------------- method in this implementation
[INFO] [stderr] 48 |     pub fn save(&self) {
[INFO] [stderr]    |            ^^^^
[INFO] [stderr]    |
[INFO] [stderr]    = note: `#[warn(dead_code)]` on by default
[INFO] [stderr] 
[INFO] [stderr] warning: `poly-rs` (bin "poly-rs" test) generated 2 warnings (run `cargo fix --bin "poly-rs" --tests` to apply 1 suggestion)
[INFO] [stderr]     Finished test [unoptimized + debuginfo] target(s) in 0.09s
[INFO] [stderr]      Running unittests src/main.rs (/opt/rustwide/target/debug/deps/poly_rs-675f2a8c433dff2e)
[INFO] [stdout] 
[INFO] [stdout] running 2 tests
[INFO] [stdout] test polygon::api::test::test_polygon_markets ... FAILED
[INFO] [stdout] test polygon::api::test::test_polygon_financials ... FAILED
[INFO] [stdout] 
[INFO] [stdout] failures:
[INFO] [stdout] 
[INFO] [stdout] ---- polygon::api::test::test_polygon_markets stdout ----
[INFO] [stdout] thread 'polygon::api::test::test_polygon_markets' panicked at src/polygon/api.rs:66:37:
[INFO] [stdout] Polygon API key not in env variables...: NotPresent
[INFO] [stdout] stack backtrace:
[INFO] [stdout]    0:     0x5619238cf17c - std::backtrace_rs::backtrace::libunwind::trace::ha637c64ce894333a
[INFO] [stdout]                                at /rustc/82e1608dfa6e0b5569232559e3d385fea5a93112/library/std/src/../../backtrace/src/backtrace/libunwind.rs:104:5
[INFO] [stdout]    1:     0x5619238cf17c - std::backtrace_rs::backtrace::trace_unsynchronized::h47f62dea28e0c88d
[INFO] [stdout]                                at /rustc/82e1608dfa6e0b5569232559e3d385fea5a93112/library/std/src/../../backtrace/src/backtrace/mod.rs:66:5
[INFO] [stdout]    2:     0x5619238cf17c - std::sys_common::backtrace::_print_fmt::h9eef0abe20ede486
[INFO] [stdout]                                at /rustc/82e1608dfa6e0b5569232559e3d385fea5a93112/library/std/src/sys_common/backtrace.rs:67:5
[INFO] [stdout]    3:     0x5619238cf17c - <std::sys_common::backtrace::_print::DisplayBacktrace as core::fmt::Display>::fmt::hed7f999df88cc644
[INFO] [stdout]                                at /rustc/82e1608dfa6e0b5569232559e3d385fea5a93112/library/std/src/sys_common/backtrace.rs:44:22
[INFO] [stdout]    4:     0x5619238fc220 - core::fmt::rt::Argument::fmt::h1539a9308b8d058d
[INFO] [stdout]                                at /rustc/82e1608dfa6e0b5569232559e3d385fea5a93112/library/core/src/fmt/rt.rs:142:9
[INFO] [stdout]    5:     0x5619238fc220 - core::fmt::write::h3a39390d8560d9c9
[INFO] [stdout]                                at /rustc/82e1608dfa6e0b5569232559e3d385fea5a93112/library/core/src/fmt/mod.rs:1120:17
[INFO] [stdout]    6:     0x5619238cbf7f - std::io::Write::write_fmt::h040b369f3a0f9cbc
[INFO] [stdout]                                at /rustc/82e1608dfa6e0b5569232559e3d385fea5a93112/library/std/src/io/mod.rs:1762:15
[INFO] [stdout]    7:     0x5619238cef64 - std::sys_common::backtrace::_print::h894006fb5c6f3d45
[INFO] [stdout]                                at /rustc/82e1608dfa6e0b5569232559e3d385fea5a93112/library/std/src/sys_common/backtrace.rs:47:5
[INFO] [stdout]    8:     0x5619238cef64 - std::sys_common::backtrace::print::h23a2d212c6fff936
[INFO] [stdout]                                at /rustc/82e1608dfa6e0b5569232559e3d385fea5a93112/library/std/src/sys_common/backtrace.rs:34:9
[INFO] [stdout]    9:     0x5619238d0c27 - std::panicking::default_hook::{{closure}}::h8a1d2ee00185001a
[INFO] [stdout]   10:     0x5619238d0913 - std::panicking::default_hook::h6038f2eba384e475
[INFO] [stdout]                                at /rustc/82e1608dfa6e0b5569232559e3d385fea5a93112/library/std/src/panicking.rs:289:9
[INFO] [stdout]   11:     0x5619233d10a7 - <alloc::boxed::Box<F,A> as core::ops::function::Fn<Args>>::call::h0ad024c9bdc6d768
[INFO] [stdout]                                at /rustc/82e1608dfa6e0b5569232559e3d385fea5a93112/library/alloc/src/boxed.rs:2021:9
[INFO] [stdout]   12:     0x5619233d10a7 - test::test_main::{{closure}}::h7500b54257359db6
[INFO] [stdout]                                at /rustc/82e1608dfa6e0b5569232559e3d385fea5a93112/library/test/src/lib.rs:138:21
[INFO] [stdout]   13:     0x5619238d1238 - <alloc::boxed::Box<F,A> as core::ops::function::Fn<Args>>::call::h1f8f335eaa9cfaee
[INFO] [stdout]                                at /rustc/82e1608dfa6e0b5569232559e3d385fea5a93112/library/alloc/src/boxed.rs:2021:9
[INFO] [stdout]   14:     0x5619238d1238 - std::panicking::rust_panic_with_hook::h2b5517d590cab22e
[INFO] [stdout]                                at /rustc/82e1608dfa6e0b5569232559e3d385fea5a93112/library/std/src/panicking.rs:783:13
[INFO] [stdout]   15:     0x5619238d0f8e - std::panicking::begin_panic_handler::{{closure}}::h233112c06e0ef43e
[INFO] [stdout]                                at /rustc/82e1608dfa6e0b5569232559e3d385fea5a93112/library/std/src/panicking.rs:657:13
[INFO] [stdout]   16:     0x5619238cf646 - std::sys_common::backtrace::__rust_end_short_backtrace::h6e893f24d7ebbff8
[INFO] [stdout]                                at /rustc/82e1608dfa6e0b5569232559e3d385fea5a93112/library/std/src/sys_common/backtrace.rs:170:18
[INFO] [stdout]   17:     0x5619238d0cf2 - rust_begin_unwind
[INFO] [stdout]                                at /rustc/82e1608dfa6e0b5569232559e3d385fea5a93112/library/std/src/panicking.rs:645:5
[INFO] [stdout]   18:     0x56192308d695 - core::panicking::panic_fmt::hbf0e066aabfa482c
[INFO] [stdout]                                at /rustc/82e1608dfa6e0b5569232559e3d385fea5a93112/library/core/src/panicking.rs:72:14
[INFO] [stdout]   19:     0x56192308dc63 - core::result::unwrap_failed::hddb4fea594200c52
[INFO] [stdout]                                at /rustc/82e1608dfa6e0b5569232559e3d385fea5a93112/library/core/src/result.rs:1653:5
[INFO] [stdout]   20:     0x5619230b1a06 - core::result::Result<T,E>::expect::hc1730bda52124a19
[INFO] [stdout]                                at /rustc/82e1608dfa6e0b5569232559e3d385fea5a93112/library/core/src/result.rs:1034:23
[INFO] [stdout]   21:     0x5619230b60e0 - poly_rs::polygon::api::Polygon::api_key::h94538547efd005e5
[INFO] [stdout]                                at /opt/rustwide/workdir/src/polygon/api.rs:66:9
[INFO] [stdout]   22:     0x5619230b78e7 - <poly_rs::polygon::api::Polygon as poly_rs::polygon::api::API>::fetch::{{closure}}::ha136e52746b1b085
[INFO] [stdout]                                at /opt/rustwide/workdir/src/polygon/api.rs:27:59
[INFO] [stdout]   23:     0x5619230b4c9d - <core::pin::Pin<P> as core::future::future::Future>::poll::hc69f0bd51efb1e61
[INFO] [stdout]                                at /rustc/82e1608dfa6e0b5569232559e3d385fea5a93112/library/core/src/future/future.rs:125:9
[INFO] [stdout]   24:     0x5619230b669d - poly_rs::polygon::api::Polygon::markets::{{closure}}::h953d49a9001d81f3
[INFO] [stdout]                                at /opt/rustwide/workdir/src/polygon/api.rs:71:40
[INFO] [stdout]   25:     0x5619230912b2 - poly_rs::polygon::api::test::test_polygon_markets::{{closure}}::h9c324250e60ead0d
[INFO] [stdout]                                at /opt/rustwide/workdir/src/polygon/api.rs:108:14
[INFO] [stdout]   26:     0x5619230b4bd8 - <core::pin::Pin<P> as core::future::future::Future>::poll::h27d9e689f2e79607
[INFO] [stdout]                                at /rustc/82e1608dfa6e0b5569232559e3d385fea5a93112/library/core/src/future/future.rs:125:9
[INFO] [stdout]   27:     0x5619230b4c2b - <core::pin::Pin<P> as core::future::future::Future>::poll::hc578bce58a6bacfd
[INFO] [stdout]                                at /rustc/82e1608dfa6e0b5569232559e3d385fea5a93112/library/core/src/future/future.rs:125:9
[INFO] [stdout]   28:     0x5619230b4894 - tokio::runtime::scheduler::current_thread::CoreGuard::block_on::{{closure}}::{{closure}}::{{closure}}::h107842c3d36f45fd
[INFO] [stdout]                                at /opt/rustwide/cargo-home/registry/src/index.crates.io-6f17d22bba15001f/tokio-1.25.0/src/runtime/scheduler/current_thread.rs:541:57
[INFO] [stdout]   29:     0x5619230b477a - tokio::runtime::coop::with_budget::hb11873a48344481f
[INFO] [stdout]                                at /opt/rustwide/cargo-home/registry/src/index.crates.io-6f17d22bba15001f/tokio-1.25.0/src/runtime/coop.rs:102:5
[INFO] [stdout]   30:     0x5619230b477a - tokio::runtime::coop::budget::hd2894addb7d34588
[INFO] [stdout]                                at /opt/rustwide/cargo-home/registry/src/index.crates.io-6f17d22bba15001f/tokio-1.25.0/src/runtime/coop.rs:68:5
[INFO] [stdout]   31:     0x5619230b477a - tokio::runtime::scheduler::current_thread::CoreGuard::block_on::{{closure}}::{{closure}}::h11ff4f640319b47f
[INFO] [stdout]                                at /opt/rustwide/cargo-home/registry/src/index.crates.io-6f17d22bba15001f/tokio-1.25.0/src/runtime/scheduler/current_thread.rs:541:25
[INFO] [stdout]   32:     0x5619230b2f8c - tokio::runtime::scheduler::current_thread::Context::enter::haf6fda94ebd35114
[INFO] [stdout]                                at /opt/rustwide/cargo-home/registry/src/index.crates.io-6f17d22bba15001f/tokio-1.25.0/src/runtime/scheduler/current_thread.rs:350:19
[INFO] [stdout]   33:     0x5619230b3d72 - tokio::runtime::scheduler::current_thread::CoreGuard::block_on::{{closure}}::h003404991f2925d5
[INFO] [stdout]                                at /opt/rustwide/cargo-home/registry/src/index.crates.io-6f17d22bba15001f/tokio-1.25.0/src/runtime/scheduler/current_thread.rs:540:36
[INFO] [stdout]   34:     0x5619230b3a8b - tokio::runtime::scheduler::current_thread::CoreGuard::enter::{{closure}}::h0eae09e94174bdde
[INFO] [stdout]                                at /opt/rustwide/cargo-home/registry/src/index.crates.io-6f17d22bba15001f/tokio-1.25.0/src/runtime/scheduler/current_thread.rs:615:57
[INFO] [stdout]   35:     0x5619230a738d - tokio::macros::scoped_tls::ScopedKey<T>::set::ha72f1f2f378b6a8d
[INFO] [stdout]                                at /opt/rustwide/cargo-home/registry/src/index.crates.io-6f17d22bba15001f/tokio-1.25.0/src/macros/scoped_tls.rs:61:9
[INFO] [stdout]   36:     0x5619230b381f - tokio::runtime::scheduler::current_thread::CoreGuard::enter::h42601faf52ccc382
[INFO] [stdout]                                at /opt/rustwide/cargo-home/registry/src/index.crates.io-6f17d22bba15001f/tokio-1.25.0/src/runtime/scheduler/current_thread.rs:615:27
[INFO] [stdout]   37:     0x5619230b3abc - tokio::runtime::scheduler::current_thread::CoreGuard::block_on::h18fad9e3940f26ad
[INFO] [stdout]                                at /opt/rustwide/cargo-home/registry/src/index.crates.io-6f17d22bba15001f/tokio-1.25.0/src/runtime/scheduler/current_thread.rs:530:19
[INFO] [stdout]   38:     0x5619230b2a3d - tokio::runtime::scheduler::current_thread::CurrentThread::block_on::h60ebb07d8ac5bf27
[INFO] [stdout]                                at /opt/rustwide/cargo-home/registry/src/index.crates.io-6f17d22bba15001f/tokio-1.25.0/src/runtime/scheduler/current_thread.rs:154:24
[INFO] [stdout]   39:     0x5619230ad32d - tokio::runtime::runtime::Runtime::block_on::hc956e951a9e2d583
[INFO] [stdout]                                at /opt/rustwide/cargo-home/registry/src/index.crates.io-6f17d22bba15001f/tokio-1.25.0/src/runtime/runtime.rs:282:47
[INFO] [stdout]   40:     0x5619230907eb - poly_rs::polygon::api::test::test_polygon_markets::h8f9d20b702a0ec42
[INFO] [stdout]                                at /opt/rustwide/workdir/src/polygon/api.rs:123:9
[INFO] [stdout]   41:     0x561923090667 - poly_rs::polygon::api::test::test_polygon_markets::{{closure}}::ha8542533183af446
[INFO] [stdout]                                at /opt/rustwide/workdir/src/polygon/api.rs:89:36
[INFO] [stdout]   42:     0x56192308e136 - core::ops::function::FnOnce::call_once::h5a07472d59557da4
[INFO] [stdout]                                at /rustc/82e1608dfa6e0b5569232559e3d385fea5a93112/library/core/src/ops/function.rs:250:5
[INFO] [stdout]   43:     0x5619233d66ff - core::ops::function::FnOnce::call_once::h2b5d431d5046312d
[INFO] [stdout]                                at /rustc/82e1608dfa6e0b5569232559e3d385fea5a93112/library/core/src/ops/function.rs:250:5
[INFO] [stdout]   44:     0x5619233d66ff - test::__rust_begin_short_backtrace::h7714669af176e207
[INFO] [stdout]                                at /rustc/82e1608dfa6e0b5569232559e3d385fea5a93112/library/test/src/lib.rs:628:18
[INFO] [stdout]   45:     0x5619233d5715 - test::run_test_in_process::{{closure}}::h85218797dcbcec12
[INFO] [stdout]                                at /rustc/82e1608dfa6e0b5569232559e3d385fea5a93112/library/test/src/lib.rs:651:60
[INFO] [stdout]   46:     0x5619233d5715 - <core::panic::unwind_safe::AssertUnwindSafe<F> as core::ops::function::FnOnce<()>>::call_once::h76c106ea31c14d7b
[INFO] [stdout]                                at /rustc/82e1608dfa6e0b5569232559e3d385fea5a93112/library/core/src/panic/unwind_safe.rs:272:9
[INFO] [stdout]   47:     0x5619233d5715 - std::panicking::try::do_call::h3bd5d0f6620ee946
[INFO] [stdout]                                at /rustc/82e1608dfa6e0b5569232559e3d385fea5a93112/library/std/src/panicking.rs:552:40
[INFO] [stdout]   48:     0x5619233d5715 - std::panicking::try::h232e535e4744fe31
[INFO] [stdout]                                at /rustc/82e1608dfa6e0b5569232559e3d385fea5a93112/library/std/src/panicking.rs:516:19
[INFO] [stdout]   49:     0x5619233d5715 - std::panic::catch_unwind::h3ce3bd6ca8dbac68
[INFO] [stdout]                                at /rustc/82e1608dfa6e0b5569232559e3d385fea5a93112/library/std/src/panic.rs:142:14
[INFO] [stdout]   50:     0x5619233d5715 - test::run_test_in_process::hc97b257c9621286a
[INFO] [stdout]                                at /rustc/82e1608dfa6e0b5569232559e3d385fea5a93112/library/test/src/lib.rs:651:27
[INFO] [stdout]   51:     0x5619233d5715 - test::run_test::{{closure}}::h2aa798823a438d38
[INFO] [stdout]                                at /rustc/82e1608dfa6e0b5569232559e3d385fea5a93112/library/test/src/lib.rs:574:43
[INFO] [stdout]   52:     0x56192339d9d6 - test::run_test::{{closure}}::h87d231c78fb59832
[INFO] [stdout]                                at /rustc/82e1608dfa6e0b5569232559e3d385fea5a93112/library/test/src/lib.rs:602:41
[INFO] [stdout]   53:     0x56192339d9d6 - std::sys_common::backtrace::__rust_begin_short_backtrace::he6df152596625789
[INFO] [stdout]                                at /rustc/82e1608dfa6e0b5569232559e3d385fea5a93112/library/std/src/sys_common/backtrace.rs:154:18
[INFO] [stdout]   54:     0x5619233a2a87 - std::thread::Builder::spawn_unchecked_::{{closure}}::{{closure}}::ha94be15d1e0acf36
[INFO] [stdout]                                at /rustc/82e1608dfa6e0b5569232559e3d385fea5a93112/library/std/src/thread/mod.rs:529:17
[INFO] [stdout]   55:     0x5619233a2a87 - <core::panic::unwind_safe::AssertUnwindSafe<F> as core::ops::function::FnOnce<()>>::call_once::h9dc6bd6372f16606
[INFO] [stdout]                                at /rustc/82e1608dfa6e0b5569232559e3d385fea5a93112/library/core/src/panic/unwind_safe.rs:272:9
[INFO] [stdout]   56:     0x5619233a2a87 - std::panicking::try::do_call::h9057517f80303cd4
[INFO] [stdout]                                at /rustc/82e1608dfa6e0b5569232559e3d385fea5a93112/library/std/src/panicking.rs:552:40
[INFO] [stdout]   57:     0x5619233a2a87 - std::panicking::try::he3a30b11ee45340c
[INFO] [stdout]                                at /rustc/82e1608dfa6e0b5569232559e3d385fea5a93112/library/std/src/panicking.rs:516:19
[INFO] [stdout]   58:     0x5619233a2a87 - std::panic::catch_unwind::h410458cfd3528b8b
[INFO] [stdout]                                at /rustc/82e1608dfa6e0b5569232559e3d385fea5a93112/library/std/src/panic.rs:142:14
[INFO] [stdout]   59:     0x5619233a2a87 - std::thread::Builder::spawn_unchecked_::{{closure}}::h72ac3bdb567b737b
[INFO] [stdout]                                at /rustc/82e1608dfa6e0b5569232559e3d385fea5a93112/library/std/src/thread/mod.rs:528:30
[INFO] [stdout]   60:     0x5619233a2a87 - core::ops::function::FnOnce::call_once{{vtable.shim}}::h38f34da3654a8344
[INFO] [stdout]                                at /rustc/82e1608dfa6e0b5569232559e3d385fea5a93112/library/core/src/ops/function.rs:250:5
[INFO] [stdout]   61:     0x5619238d5f55 - <alloc::boxed::Box<F,A> as core::ops::function::FnOnce<Args>>::call_once::hc7eafaff61e32df9
[INFO] [stdout]                                at /rustc/82e1608dfa6e0b5569232559e3d385fea5a93112/library/alloc/src/boxed.rs:2007:9
[INFO] [stdout]   62:     0x5619238d5f55 - <alloc::boxed::Box<F,A> as core::ops::function::FnOnce<Args>>::call_once::h6ba4a5de48dd2304
[INFO] [stdout]                                at /rustc/82e1608dfa6e0b5569232559e3d385fea5a93112/library/alloc/src/boxed.rs:2007:9
[INFO] [stdout]   63:     0x5619238d5f55 - std::sys::unix::thread::Thread::new::thread_start::he469335aef763e45
[INFO] [stdout]                                at /rustc/82e1608dfa6e0b5569232559e3d385fea5a93112/library/std/src/sys/unix/thread.rs:108:17
[INFO] [stdout]   64:     0x7fe705b3aac3 - <unknown>
[INFO] [stdout]   65:     0x7fe705bcbbf4 - __clone
[INFO] [stdout]   66:                0x0 - <unknown>
[INFO] [stdout] 
[INFO] [stdout] ---- polygon::api::test::test_polygon_financials stdout ----
[INFO] [stdout] thread 'polygon::api::test::test_polygon_financials' panicked at src/polygon/api.rs:66:37:
[INFO] [stdout] Polygon API key not in env variables...: NotPresent
[INFO] [stdout] stack backtrace:
[INFO] [stdout]    0:     0x5619238cf17c - std::backtrace_rs::backtrace::libunwind::trace::ha637c64ce894333a
[INFO] [stdout]                                at /rustc/82e1608dfa6e0b5569232559e3d385fea5a93112/library/std/src/../../backtrace/src/backtrace/libunwind.rs:104:5
[INFO] [stdout]    1:     0x5619238cf17c - std::backtrace_rs::backtrace::trace_unsynchronized::h47f62dea28e0c88d
[INFO] [stdout]                                at /rustc/82e1608dfa6e0b5569232559e3d385fea5a93112/library/std/src/../../backtrace/src/backtrace/mod.rs:66:5
[INFO] [stdout]    2:     0x5619238cf17c - std::sys_common::backtrace::_print_fmt::h9eef0abe20ede486
[INFO] [stdout]                                at /rustc/82e1608dfa6e0b5569232559e3d385fea5a93112/library/std/src/sys_common/backtrace.rs:67:5
[INFO] [stdout]    3:     0x5619238cf17c - <std::sys_common::backtrace::_print::DisplayBacktrace as core::fmt::Display>::fmt::hed7f999df88cc644
[INFO] [stdout]                                at /rustc/82e1608dfa6e0b5569232559e3d385fea5a93112/library/std/src/sys_common/backtrace.rs:44:22
[INFO] [stdout]    4:     0x5619238fc220 - core::fmt::rt::Argument::fmt::h1539a9308b8d058d
[INFO] [stdout]                                at /rustc/82e1608dfa6e0b5569232559e3d385fea5a93112/library/core/src/fmt/rt.rs:142:9
[INFO] [stdout]    5:     0x5619238fc220 - core::fmt::write::h3a39390d8560d9c9
[INFO] [stdout]                                at /rustc/82e1608dfa6e0b5569232559e3d385fea5a93112/library/core/src/fmt/mod.rs:1120:17
[INFO] [stdout]    6:     0x5619238cbf7f - std::io::Write::write_fmt::h040b369f3a0f9cbc
[INFO] [stdout]                                at /rustc/82e1608dfa6e0b5569232559e3d385fea5a93112/library/std/src/io/mod.rs:1762:15
[INFO] [stdout]    7:     0x5619238cef64 - std::sys_common::backtrace::_print::h894006fb5c6f3d45
[INFO] [stdout]                                at /rustc/82e1608dfa6e0b5569232559e3d385fea5a93112/library/std/src/sys_common/backtrace.rs:47:5
[INFO] [stdout]    8:     0x5619238cef64 - std::sys_common::backtrace::print::h23a2d212c6fff936
[INFO] [stdout]                                at /rustc/82e1608dfa6e0b5569232559e3d385fea5a93112/library/std/src/sys_common/backtrace.rs:34:9
[INFO] [stdout]    9:     0x5619238d0c27 - std::panicking::default_hook::{{closure}}::h8a1d2ee00185001a
[INFO] [stdout]   10:     0x5619238d0913 - std::panicking::default_hook::h6038f2eba384e475
[INFO] [stdout]                                at /rustc/82e1608dfa6e0b5569232559e3d385fea5a93112/library/std/src/panicking.rs:289:9
[INFO] [stdout]   11:     0x5619233d10a7 - <alloc::boxed::Box<F,A> as core::ops::function::Fn<Args>>::call::h0ad024c9bdc6d768
[INFO] [stdout]                                at /rustc/82e1608dfa6e0b5569232559e3d385fea5a93112/library/alloc/src/boxed.rs:2021:9
[INFO] [stdout]   12:     0x5619233d10a7 - test::test_main::{{closure}}::h7500b54257359db6
[INFO] [stdout]                                at /rustc/82e1608dfa6e0b5569232559e3d385fea5a93112/library/test/src/lib.rs:138:21
[INFO] [stdout]   13:     0x5619238d1238 - <alloc::boxed::Box<F,A> as core::ops::function::Fn<Args>>::call::h1f8f335eaa9cfaee
[INFO] [stdout]                                at /rustc/82e1608dfa6e0b5569232559e3d385fea5a93112/library/alloc/src/boxed.rs:2021:9
[INFO] [stdout]   14:     0x5619238d1238 - std::panicking::rust_panic_with_hook::h2b5517d590cab22e
[INFO] [stdout]                                at /rustc/82e1608dfa6e0b5569232559e3d385fea5a93112/library/std/src/panicking.rs:783:13
[INFO] [stdout]   15:     0x5619238d0f8e - std::panicking::begin_panic_handler::{{closure}}::h233112c06e0ef43e
[INFO] [stdout]                                at /rustc/82e1608dfa6e0b5569232559e3d385fea5a93112/library/std/src/panicking.rs:657:13
[INFO] [stdout]   16:     0x5619238cf646 - std::sys_common::backtrace::__rust_end_short_backtrace::h6e893f24d7ebbff8
[INFO] [stdout]                                at /rustc/82e1608dfa6e0b5569232559e3d385fea5a93112/library/std/src/sys_common/backtrace.rs:170:18
[INFO] [stdout]   17:     0x5619238d0cf2 - rust_begin_unwind
[INFO] [stdout]                                at /rustc/82e1608dfa6e0b5569232559e3d385fea5a93112/library/std/src/panicking.rs:645:5
[INFO] [stdout]   18:     0x56192308d695 - core::panicking::panic_fmt::hbf0e066aabfa482c
[INFO] [stdout]                                at /rustc/82e1608dfa6e0b5569232559e3d385fea5a93112/library/core/src/panicking.rs:72:14
[INFO] [stdout]   19:     0x56192308dc63 - core::result::unwrap_failed::hddb4fea594200c52
[INFO] [stdout]                                at /rustc/82e1608dfa6e0b5569232559e3d385fea5a93112/library/core/src/result.rs:1653:5
[INFO] [stdout]   20:     0x5619230b1a06 - core::result::Result<T,E>::expect::hc1730bda52124a19
[INFO] [stdout]                                at /rustc/82e1608dfa6e0b5569232559e3d385fea5a93112/library/core/src/result.rs:1034:23
[INFO] [stdout]   21:     0x5619230b60e0 - poly_rs::polygon::api::Polygon::api_key::h94538547efd005e5
[INFO] [stdout]                                at /opt/rustwide/workdir/src/polygon/api.rs:66:9
[INFO] [stdout]   22:     0x5619230b78e7 - <poly_rs::polygon::api::Polygon as poly_rs::polygon::api::API>::fetch::{{closure}}::ha136e52746b1b085
[INFO] [stdout]                                at /opt/rustwide/workdir/src/polygon/api.rs:27:59
[INFO] [stdout]   23:     0x5619230b4c9d - <core::pin::Pin<P> as core::future::future::Future>::poll::hc69f0bd51efb1e61
[INFO] [stdout]                                at /rustc/82e1608dfa6e0b5569232559e3d385fea5a93112/library/core/src/future/future.rs:125:9
[INFO] [stdout]   24:     0x5619230b71da - poly_rs::polygon::api::Polygon::financials::{{closure}}::h6aaab92250f6cc85
[INFO] [stdout]                                at /opt/rustwide/workdir/src/polygon/api.rs:79:10
[INFO] [stdout]   25:     0x561923092bbc - poly_rs::polygon::api::test::test_polygon_financials::{{closure}}::h06ed1fac8a1f9cf7
[INFO] [stdout]                                at /opt/rustwide/workdir/src/polygon/api.rs:145:68
[INFO] [stdout]   26:     0x5619230b4bd8 - <core::pin::Pin<P> as core::future::future::Future>::poll::h27d9e689f2e79607
[INFO] [stdout]                                at /rustc/82e1608dfa6e0b5569232559e3d385fea5a93112/library/core/src/future/future.rs:125:9
[INFO] [stdout]   27:     0x5619230b4c2b - <core::pin::Pin<P> as core::future::future::Future>::poll::hc578bce58a6bacfd
[INFO] [stdout]                                at /rustc/82e1608dfa6e0b5569232559e3d385fea5a93112/library/core/src/future/future.rs:125:9
[INFO] [stdout]   28:     0x5619230b4894 - tokio::runtime::scheduler::current_thread::CoreGuard::block_on::{{closure}}::{{closure}}::{{closure}}::h107842c3d36f45fd
[INFO] [stdout]                                at /opt/rustwide/cargo-home/registry/src/index.crates.io-6f17d22bba15001f/tokio-1.25.0/src/runtime/scheduler/current_thread.rs:541:57
[INFO] [stdout]   29:     0x5619230b477a - tokio::runtime::coop::with_budget::hb11873a48344481f
[INFO] [stdout]                                at /opt/rustwide/cargo-home/registry/src/index.crates.io-6f17d22bba15001f/tokio-1.25.0/src/runtime/coop.rs:102:5
[INFO] [stdout]   30:     0x5619230b477a - tokio::runtime::coop::budget::hd2894addb7d34588
[INFO] [stdout]                                at /opt/rustwide/cargo-home/registry/src/index.crates.io-6f17d22bba15001f/tokio-1.25.0/src/runtime/coop.rs:68:5
[INFO] [stdout]   31:     0x5619230b477a - tokio::runtime::scheduler::current_thread::CoreGuard::block_on::{{closure}}::{{closure}}::h11ff4f640319b47f
[INFO] [stdout]                                at /opt/rustwide/cargo-home/registry/src/index.crates.io-6f17d22bba15001f/tokio-1.25.0/src/runtime/scheduler/current_thread.rs:541:25
[INFO] [stdout]   32:     0x5619230b2f8c - tokio::runtime::scheduler::current_thread::Context::enter::haf6fda94ebd35114
[INFO] [stdout]                                at /opt/rustwide/cargo-home/registry/src/index.crates.io-6f17d22bba15001f/tokio-1.25.0/src/runtime/scheduler/current_thread.rs:350:19
[INFO] [stdout]   33:     0x5619230b3d72 - tokio::runtime::scheduler::current_thread::CoreGuard::block_on::{{closure}}::h003404991f2925d5
[INFO] [stdout]                                at /opt/rustwide/cargo-home/registry/src/index.crates.io-6f17d22bba15001f/tokio-1.25.0/src/runtime/scheduler/current_thread.rs:540:36
[INFO] [stdout]   34:     0x5619230b3a8b - tokio::runtime::scheduler::current_thread::CoreGuard::enter::{{closure}}::h0eae09e94174bdde
[INFO] [stdout]                                at /opt/rustwide/cargo-home/registry/src/index.crates.io-6f17d22bba15001f/tokio-1.25.0/src/runtime/scheduler/current_thread.rs:615:57
[INFO] [stdout]   35:     0x5619230a738d - tokio::macros::scoped_tls::ScopedKey<T>::set::ha72f1f2f378b6a8d
[INFO] [stdout]                                at /opt/rustwide/cargo-home/registry/src/index.crates.io-6f17d22bba15001f/tokio-1.25.0/src/macros/scoped_tls.rs:61:9
[INFO] [stdout]   36:     0x5619230b381f - tokio::runtime::scheduler::current_thread::CoreGuard::enter::h42601faf52ccc382
[INFO] [stdout]                                at /opt/rustwide/cargo-home/registry/src/index.crates.io-6f17d22bba15001f/tokio-1.25.0/src/runtime/scheduler/current_thread.rs:615:27
[INFO] [stdout]   37:     0x5619230b3abc - tokio::runtime::scheduler::current_thread::CoreGuard::block_on::h18fad9e3940f26ad
[INFO] [stdout]                                at /opt/rustwide/cargo-home/registry/src/index.crates.io-6f17d22bba15001f/tokio-1.25.0/src/runtime/scheduler/current_thread.rs:530:19
[INFO] [stdout]   38:     0x5619230b2a3d - tokio::runtime::scheduler::current_thread::CurrentThread::block_on::h60ebb07d8ac5bf27
[INFO] [stdout]                                at /opt/rustwide/cargo-home/registry/src/index.crates.io-6f17d22bba15001f/tokio-1.25.0/src/runtime/scheduler/current_thread.rs:154:24
[INFO] [stdout]   39:     0x5619230ad32d - tokio::runtime::runtime::Runtime::block_on::hc956e951a9e2d583
[INFO] [stdout]                                at /opt/rustwide/cargo-home/registry/src/index.crates.io-6f17d22bba15001f/tokio-1.25.0/src/runtime/runtime.rs:282:47
[INFO] [stdout]   40:     0x561923091e6b - poly_rs::polygon::api::test::test_polygon_financials::h99d4ecbd31021eb3
[INFO] [stdout]                                at /opt/rustwide/workdir/src/polygon/api.rs:151:9
[INFO] [stdout]   41:     0x561923091ce7 - poly_rs::polygon::api::test::test_polygon_financials::{{closure}}::h594ea9083e54229d
[INFO] [stdout]                                at /opt/rustwide/workdir/src/polygon/api.rs:127:39
[INFO] [stdout]   42:     0x56192308e176 - core::ops::function::FnOnce::call_once::h6b50fc0a197862f8
[INFO] [stdout]                                at /rustc/82e1608dfa6e0b5569232559e3d385fea5a93112/library/core/src/ops/function.rs:250:5
[INFO] [stdout]   43:     0x5619233d66ff - core::ops::function::FnOnce::call_once::h2b5d431d5046312d
[INFO] [stdout]                                at /rustc/82e1608dfa6e0b5569232559e3d385fea5a93112/library/core/src/ops/function.rs:250:5
[INFO] [stdout]   44:     0x5619233d66ff - test::__rust_begin_short_backtrace::h7714669af176e207
[INFO] [stdout]                                at /rustc/82e1608dfa6e0b5569232559e3d385fea5a93112/library/test/src/lib.rs:628:18
[INFO] [stdout]   45:     0x5619233d5715 - test::run_test_in_process::{{closure}}::h85218797dcbcec12
[INFO] [stdout]                                at /rustc/82e1608dfa6e0b5569232559e3d385fea5a93112/library/test/src/lib.rs:651:60
[INFO] [stdout]   46:     0x5619233d5715 - <core::panic::unwind_safe::AssertUnwindSafe<F> as core::ops::function::FnOnce<()>>::call_once::h76c106ea31c14d7b
[INFO] [stdout]                                at /rustc/82e1608dfa6e0b5569232559e3d385fea5a93112/library/core/src/panic/unwind_safe.rs:272:9
[INFO] [stdout]   47:     0x5619233d5715 - std::panicking::try::do_call::h3bd5d0f6620ee946
[INFO] [stdout]                                at /rustc/82e1608dfa6e0b5569232559e3d385fea5a93112/library/std/src/panicking.rs:552:40
[INFO] [stdout]   48:     0x5619233d5715 - std::panicking::try::h232e535e4744fe31
[INFO] [stdout]                                at /rustc/82e1608dfa6e0b5569232559e3d385fea5a93112/library/std/src/panicking.rs:516:19
[INFO] [stdout]   49:     0x5619233d5715 - std::panic::catch_unwind::h3ce3bd6ca8dbac68
[INFO] [stdout]                                at /rustc/82e1608dfa6e0b5569232559e3d385fea5a93112/library/std/src/panic.rs:142:14
[INFO] [stdout]   50:     0x5619233d5715 - test::run_test_in_process::hc97b257c9621286a
[INFO] [stdout]                                at /rustc/82e1608dfa6e0b5569232559e3d385fea5a93112/library/test/src/lib.rs:651:27
[INFO] [stdout]   51:     0x5619233d5715 - test::run_test::{{closure}}::h2aa798823a438d38
[INFO] [stdout]                                at /rustc/82e1608dfa6e0b5569232559e3d385fea5a93112/library/test/src/lib.rs:574:43
[INFO] [stdout]   52:     0x56192339d9d6 - test::run_test::{{closure}}::h87d231c78fb59832
[INFO] [stdout]                                at /rustc/82e1608dfa6e0b5569232559e3d385fea5a93112/library/test/src/lib.rs:602:41
[INFO] [stdout]   53:     0x56192339d9d6 - std::sys_common::backtrace::__rust_begin_short_backtrace::he6df152596625789
[INFO] [stdout]                                at /rustc/82e1608dfa6e0b5569232559e3d385fea5a93112/library/std/src/sys_common/backtrace.rs:154:18
[INFO] [stdout]   54:     0x5619233a2a87 - std::thread::Builder::spawn_unchecked_::{{closure}}::{{closure}}::ha94be15d1e0acf36
[INFO] [stdout]                                at /rustc/82e1608dfa6e0b5569232559e3d385fea5a93112/library/std/src/thread/mod.rs:529:17
[INFO] [stdout]   55:     0x5619233a2a87 - <core::panic::unwind_safe::AssertUnwindSafe<F> as core::ops::function::FnOnce<()>>::call_once::h9dc6bd6372f16606
[INFO] [stdout]                                at /rustc/82e1608dfa6e0b5569232559e3d385fea5a93112/library/core/src/panic/unwind_safe.rs:272:9
[INFO] [stdout]   56:     0x5619233a2a87 - std::panicking::try::do_call::h9057517f80303cd4
[INFO] [stdout]                                at /rustc/82e1608dfa6e0b5569232559e3d385fea5a93112/library/std/src/panicking.rs:552:40
[INFO] [stdout]   57:     0x5619233a2a87 - std::panicking::try::he3a30b11ee45340c
[INFO] [stdout]                                at /rustc/82e1608dfa6e0b5569232559e3d385fea5a93112/library/std/src/panicking.rs:516:19
[INFO] [stdout]   58:     0x5619233a2a87 - std::panic::catch_unwind::h410458cfd3528b8b
[INFO] [stdout]                                at /rustc/82e1608dfa6e0b5569232559e3d385fea5a93112/library/std/src/panic.rs:142:14
[INFO] [stdout]   59:     0x5619233a2a87 - std::thread::Builder::spawn_unchecked_::{{closure}}::h72ac3bdb567b737b
[INFO] [stdout]                                at /rustc/82e1608dfa6e0b5569232559e3d385fea5a93112/library/std/src/thread/mod.rs:528:30
[INFO] [stdout]   60:     0x5619233a2a87 - core::ops::function::FnOnce::call_once{{vtable.shim}}::h38f34da3654a8344
[INFO] [stdout]                                at /rustc/82e1608dfa6e0b5569232559e3d385fea5a93112/library/core/src/ops/function.rs:250:5
[INFO] [stdout]   61:     0x5619238d5f55 - <alloc::boxed::Box<F,A> as core::ops::function::FnOnce<Args>>::call_once::hc7eafaff61e32df9
[INFO] [stdout]                                at /rustc/82e1608dfa6e0b5569232559e3d385fea5a93112/library/alloc/src/boxed.rs:2007:9
[INFO] [stdout]   62:     0x5619238d5f55 - <alloc::boxed::Box<F,A> as core::ops::function::FnOnce<Args>>::call_once::h6ba4a5de48dd2304
[INFO] [stdout]                                at /rustc/82e1608dfa6e0b5569232559e3d385fea5a93112/library/alloc/src/boxed.rs:2007:9
[INFO] [stdout]   63:     0x5619238d5f55 - std::sys::unix::thread::Thread::new::thread_start::he469335aef763e45
[INFO] [stdout]                                at /rustc/82e1608dfa6e0b5569232559e3d385fea5a93112/library/std/src/sys/unix/thread.rs:108:17
[INFO] [stdout]   64:     0x7fe705b3aac3 - <unknown>
[INFO] [stdout]   65:     0x7fe705bcbbf4 - __clone
[INFO] [stdout]   66:                0x0 - <unknown>
[INFO] [stdout] 
[INFO] [stdout] 
[INFO] [stdout] failures:
[INFO] [stdout]     polygon::api::test::test_polygon_financials
[INFO] [stdout]     polygon::api::test::test_polygon_markets
[INFO] [stdout] 
[INFO] [stdout] test result: FAILED. 0 passed; 2 failed; 0 ignored; 0 measured; 0 filtered out; finished in 0.20s
[INFO] [stdout] 
[INFO] [stderr] error: test failed, to rerun pass `--bin poly-rs`
[INFO] running `Command { std: "docker" "inspect" "8a93d35c09bfa8c3393829e4ae7837870f7ed77116b4c5c189460691701df856", kill_on_drop: false }`
[INFO] running `Command { std: "docker" "rm" "-f" "8a93d35c09bfa8c3393829e4ae7837870f7ed77116b4c5c189460691701df856", kill_on_drop: false }`
[INFO] [stdout] 8a93d35c09bfa8c3393829e4ae7837870f7ed77116b4c5c189460691701df856
