[INFO] cloning repository https://github.com/njshockey/keysmith-rs
[INFO] running `Command { std: "git" "-c" "credential.helper=" "-c" "credential.helper=/workspace/cargo-home/bin/git-credential-null" "clone" "--bare" "https://github.com/njshockey/keysmith-rs" "/workspace/cache/git-repos/https%3A%2F%2Fgithub.com%2Fnjshockey%2Fkeysmith-rs", kill_on_drop: false }`
[INFO] [stderr] Cloning into bare repository '/workspace/cache/git-repos/https%3A%2F%2Fgithub.com%2Fnjshockey%2Fkeysmith-rs'...
[INFO] running `Command { std: "git" "rev-parse" "HEAD", kill_on_drop: false }`
[INFO] [stdout] 5942302f793f1e82fee9bedf8fb1aebacb701908
[INFO] testing njshockey/keysmith-rs against 1.75.0 for beta-1.76-1
[INFO] running `Command { std: "git" "clone" "/workspace/cache/git-repos/https%3A%2F%2Fgithub.com%2Fnjshockey%2Fkeysmith-rs" "/workspace/builds/worker-4-tc1/source", kill_on_drop: false }`
[INFO] [stderr] Cloning into '/workspace/builds/worker-4-tc1/source'...
[INFO] [stderr] done.
[INFO] validating manifest of git repo https://github.com/njshockey/keysmith-rs on toolchain 1.75.0
[INFO] running `Command { std: CARGO_HOME="/workspace/cargo-home" RUSTUP_HOME="/workspace/rustup-home" "/workspace/cargo-home/bin/cargo" "+1.75.0" "metadata" "--manifest-path" "Cargo.toml" "--no-deps", kill_on_drop: false }`
[INFO] started tweaking git repo https://github.com/njshockey/keysmith-rs
[INFO] finished tweaking git repo https://github.com/njshockey/keysmith-rs
[INFO] tweaked toml for git repo https://github.com/njshockey/keysmith-rs written to /workspace/builds/worker-4-tc1/source/Cargo.toml
[INFO] crate git repo https://github.com/njshockey/keysmith-rs already has a lockfile, it will not be regenerated
[INFO] running `Command { std: CARGO_HOME="/workspace/cargo-home" RUSTUP_HOME="/workspace/rustup-home" "/workspace/cargo-home/bin/cargo" "+1.75.0" "fetch" "--manifest-path" "Cargo.toml", kill_on_drop: false }`
[INFO] [stderr] warning: virtual workspace defaulting to `resolver = "1"` despite one or more workspace members being on edition 2021 which implies `resolver = "2"`
[INFO] [stderr] note: to keep the current resolver, specify `workspace.resolver = "1"` in the workspace root's manifest
[INFO] [stderr] note: to use the edition 2021 resolver, specify `workspace.resolver = "2"` in the workspace root's manifest
[INFO] [stderr] note: for more details see https://doc.rust-lang.org/cargo/reference/resolver.html#resolver-versions
[INFO] running `Command { std: "docker" "create" "-v" "/var/lib/crater-agent-workspace/builds/worker-4-tc1/target:/opt/rustwide/target:rw,Z" "-v" "/var/lib/crater-agent-workspace/builds/worker-4-tc1/source:/opt/rustwide/workdir:ro,Z" "-v" "/var/lib/crater-agent-workspace/cargo-home:/opt/rustwide/cargo-home:ro,Z" "-v" "/var/lib/crater-agent-workspace/rustup-home:/opt/rustwide/rustup-home:ro,Z" "-e" "SOURCE_DIR=/opt/rustwide/workdir" "-e" "CARGO_TARGET_DIR=/opt/rustwide/target" "-e" "CARGO_HOME=/opt/rustwide/cargo-home" "-e" "RUSTUP_HOME=/opt/rustwide/rustup-home" "-w" "/opt/rustwide/workdir" "-m" "1610612736" "--user" "0:0" "--network" "none" "ghcr.io/rust-lang/crates-build-env/linux@sha256:2788e3201cd34a07e3172128adcd8b3090168a8e3bcc40d7c032b9dda1df7d1c" "/opt/rustwide/cargo-home/bin/cargo" "+1.75.0" "metadata" "--no-deps" "--format-version=1", kill_on_drop: false }`
[INFO] [stdout] d9451a2abf83ae1f04b4f828dae15a110f4191bd2e58b1e1fe957087f44b538e
[INFO] running `Command { std: "docker" "start" "-a" "d9451a2abf83ae1f04b4f828dae15a110f4191bd2e58b1e1fe957087f44b538e", kill_on_drop: false }`
[INFO] running `Command { std: "docker" "inspect" "d9451a2abf83ae1f04b4f828dae15a110f4191bd2e58b1e1fe957087f44b538e", kill_on_drop: false }`
[INFO] running `Command { std: "docker" "rm" "-f" "d9451a2abf83ae1f04b4f828dae15a110f4191bd2e58b1e1fe957087f44b538e", kill_on_drop: false }`
[INFO] [stdout] d9451a2abf83ae1f04b4f828dae15a110f4191bd2e58b1e1fe957087f44b538e
[INFO] running `Command { std: "docker" "create" "-v" "/var/lib/crater-agent-workspace/builds/worker-4-tc1/target:/opt/rustwide/target:rw,Z" "-v" "/var/lib/crater-agent-workspace/builds/worker-4-tc1/source:/opt/rustwide/workdir:ro,Z" "-v" "/var/lib/crater-agent-workspace/cargo-home:/opt/rustwide/cargo-home:ro,Z" "-v" "/var/lib/crater-agent-workspace/rustup-home:/opt/rustwide/rustup-home:ro,Z" "-e" "SOURCE_DIR=/opt/rustwide/workdir" "-e" "CARGO_TARGET_DIR=/opt/rustwide/target" "-e" "CARGO_INCREMENTAL=0" "-e" "RUST_BACKTRACE=full" "-e" "RUSTFLAGS=--cap-lints=warn" "-e" "RUSTDOCFLAGS=--cap-lints=warn" "-e" "CARGO_HOME=/opt/rustwide/cargo-home" "-e" "RUSTUP_HOME=/opt/rustwide/rustup-home" "-w" "/opt/rustwide/workdir" "-m" "1610612736" "--user" "0:0" "--network" "none" "ghcr.io/rust-lang/crates-build-env/linux@sha256:2788e3201cd34a07e3172128adcd8b3090168a8e3bcc40d7c032b9dda1df7d1c" "/opt/rustwide/cargo-home/bin/cargo" "+1.75.0" "build" "--frozen" "--message-format=json", kill_on_drop: false }`
[INFO] [stdout] a72f14b128dbadf7b6f6a3f54d5720b3d6cbfc6db132be6e269ffe2da018294c
[INFO] running `Command { std: "docker" "start" "-a" "a72f14b128dbadf7b6f6a3f54d5720b3d6cbfc6db132be6e269ffe2da018294c", kill_on_drop: false }`
[INFO] [stderr] warning: virtual workspace defaulting to `resolver = "1"` despite one or more workspace members being on edition 2021 which implies `resolver = "2"`
[INFO] [stderr] note: to keep the current resolver, specify `workspace.resolver = "1"` in the workspace root's manifest
[INFO] [stderr] note: to use the edition 2021 resolver, specify `workspace.resolver = "2"` in the workspace root's manifest
[INFO] [stderr] note: for more details see https://doc.rust-lang.org/cargo/reference/resolver.html#resolver-versions
[INFO] [stderr]    Compiling libc v0.2.147
[INFO] [stderr]    Compiling autocfg v1.1.0
[INFO] [stderr]    Compiling cfg-if v1.0.0
[INFO] [stderr]    Compiling ppv-lite86 v0.2.17
[INFO] [stderr]    Compiling iana-time-zone v0.1.56
[INFO] [stderr]    Compiling num-traits v0.2.15
[INFO] [stderr]    Compiling getrandom v0.2.8
[INFO] [stderr]    Compiling time v0.1.45
[INFO] [stderr]    Compiling rand_core v0.6.4
[INFO] [stderr]    Compiling rand_chacha v0.3.1
[INFO] [stderr]    Compiling rand v0.8.5
[INFO] [stderr]    Compiling chrono v0.4.26
[INFO] [stderr]    Compiling keysmith v0.4.0 (/opt/rustwide/workdir/keysmith)
[INFO] [stderr]     Finished dev [unoptimized + debuginfo] target(s) in 3.24s
[INFO] running `Command { std: "docker" "inspect" "a72f14b128dbadf7b6f6a3f54d5720b3d6cbfc6db132be6e269ffe2da018294c", kill_on_drop: false }`
[INFO] running `Command { std: "docker" "rm" "-f" "a72f14b128dbadf7b6f6a3f54d5720b3d6cbfc6db132be6e269ffe2da018294c", kill_on_drop: false }`
[INFO] [stdout] a72f14b128dbadf7b6f6a3f54d5720b3d6cbfc6db132be6e269ffe2da018294c
[INFO] running `Command { std: "docker" "create" "-v" "/var/lib/crater-agent-workspace/builds/worker-4-tc1/target:/opt/rustwide/target:rw,Z" "-v" "/var/lib/crater-agent-workspace/builds/worker-4-tc1/source:/opt/rustwide/workdir:ro,Z" "-v" "/var/lib/crater-agent-workspace/cargo-home:/opt/rustwide/cargo-home:ro,Z" "-v" "/var/lib/crater-agent-workspace/rustup-home:/opt/rustwide/rustup-home:ro,Z" "-e" "SOURCE_DIR=/opt/rustwide/workdir" "-e" "CARGO_TARGET_DIR=/opt/rustwide/target" "-e" "CARGO_INCREMENTAL=0" "-e" "RUST_BACKTRACE=full" "-e" "RUSTFLAGS=--cap-lints=warn" "-e" "RUSTDOCFLAGS=--cap-lints=warn" "-e" "CARGO_HOME=/opt/rustwide/cargo-home" "-e" "RUSTUP_HOME=/opt/rustwide/rustup-home" "-w" "/opt/rustwide/workdir" "-m" "1610612736" "--user" "0:0" "--network" "none" "ghcr.io/rust-lang/crates-build-env/linux@sha256:2788e3201cd34a07e3172128adcd8b3090168a8e3bcc40d7c032b9dda1df7d1c" "/opt/rustwide/cargo-home/bin/cargo" "+1.75.0" "test" "--frozen" "--no-run" "--message-format=json", kill_on_drop: false }`
[INFO] [stdout] 2826c35c8ca78ead333528ffe5c79aa13fd5041505d2a31aef4208a742167550
[INFO] running `Command { std: "docker" "start" "-a" "2826c35c8ca78ead333528ffe5c79aa13fd5041505d2a31aef4208a742167550", kill_on_drop: false }`
[INFO] [stderr] warning: virtual workspace defaulting to `resolver = "1"` despite one or more workspace members being on edition 2021 which implies `resolver = "2"`
[INFO] [stderr] note: to keep the current resolver, specify `workspace.resolver = "1"` in the workspace root's manifest
[INFO] [stderr] note: to use the edition 2021 resolver, specify `workspace.resolver = "2"` in the workspace root's manifest
[INFO] [stderr] note: for more details see https://doc.rust-lang.org/cargo/reference/resolver.html#resolver-versions
[INFO] [stderr]    Compiling keysmith v0.4.0 (/opt/rustwide/workdir/keysmith)
[INFO] [stderr]     Finished test [unoptimized + debuginfo] target(s) in 0.43s
[INFO] running `Command { std: "docker" "inspect" "2826c35c8ca78ead333528ffe5c79aa13fd5041505d2a31aef4208a742167550", kill_on_drop: false }`
[INFO] running `Command { std: "docker" "rm" "-f" "2826c35c8ca78ead333528ffe5c79aa13fd5041505d2a31aef4208a742167550", kill_on_drop: false }`
[INFO] [stdout] 2826c35c8ca78ead333528ffe5c79aa13fd5041505d2a31aef4208a742167550
[INFO] running `Command { std: "docker" "create" "-v" "/var/lib/crater-agent-workspace/builds/worker-4-tc1/target:/opt/rustwide/target:rw,Z" "-v" "/var/lib/crater-agent-workspace/builds/worker-4-tc1/source:/opt/rustwide/workdir:ro,Z" "-v" "/var/lib/crater-agent-workspace/cargo-home:/opt/rustwide/cargo-home:ro,Z" "-v" "/var/lib/crater-agent-workspace/rustup-home:/opt/rustwide/rustup-home:ro,Z" "-e" "SOURCE_DIR=/opt/rustwide/workdir" "-e" "CARGO_TARGET_DIR=/opt/rustwide/target" "-e" "CARGO_INCREMENTAL=0" "-e" "RUST_BACKTRACE=full" "-e" "RUSTFLAGS=--cap-lints=warn" "-e" "RUSTDOCFLAGS=--cap-lints=warn" "-e" "CARGO_HOME=/opt/rustwide/cargo-home" "-e" "RUSTUP_HOME=/opt/rustwide/rustup-home" "-w" "/opt/rustwide/workdir" "-m" "1610612736" "--user" "0:0" "--network" "none" "ghcr.io/rust-lang/crates-build-env/linux@sha256:2788e3201cd34a07e3172128adcd8b3090168a8e3bcc40d7c032b9dda1df7d1c" "/opt/rustwide/cargo-home/bin/cargo" "+1.75.0" "test" "--frozen", kill_on_drop: false }`
[INFO] [stdout] e77539ce6b5915d63d4e58ef96c8017876fbdaf7439d25aca0a0d70e26b4e810
[INFO] running `Command { std: "docker" "start" "-a" "e77539ce6b5915d63d4e58ef96c8017876fbdaf7439d25aca0a0d70e26b4e810", kill_on_drop: false }`
[INFO] [stderr] warning: virtual workspace defaulting to `resolver = "1"` despite one or more workspace members being on edition 2021 which implies `resolver = "2"`
[INFO] [stderr] note: to keep the current resolver, specify `workspace.resolver = "1"` in the workspace root's manifest
[INFO] [stderr] note: to use the edition 2021 resolver, specify `workspace.resolver = "2"` in the workspace root's manifest
[INFO] [stderr] note: for more details see https://doc.rust-lang.org/cargo/reference/resolver.html#resolver-versions
[INFO] [stderr]     Finished test [unoptimized + debuginfo] target(s) in 0.03s
[INFO] [stderr]      Running unittests src/lib.rs (/opt/rustwide/target/debug/deps/keysmith-7b1904cdeb79aa4f)
[INFO] [stdout] 
[INFO] [stdout] running 30 tests
[INFO] [stdout] test char::tests::test_uuidn_char ... ok
[INFO] [stdout] test char::tests::test_get_char_from_set ... ok
[INFO] [stdout] test date::tests::test_date ... ok
[INFO] [stdout] test char::tests::test_uuid4_char ... ok
[INFO] [stdout] test char::tests::test_char ... ok
[INFO] [stdout] test date::tests::test_datetime ... ok
[INFO] [stdout] test date::tests::test_date_slashes ... ok
[INFO] [stdout] test date::tests::test_date_no_seps ... ok
[INFO] [stdout] test date::tests::test_datetime_pretty ... ok
[INFO] [stdout] test date::tests::test_datetime_no_seps ... ok
[INFO] [stdout] test date::tests::test_time_hyphen ... ok
[INFO] [stdout] test date::tests::test_time_no_secs ... ok
[INFO] [stdout] test date::tests::test_time_no_secs_hyphen ... ok
[INFO] [stdout] test date::tests::test_time ... ok
[INFO] [stdout] test date::tests::test_time_no_seps ... ok
[INFO] [stdout] test date::tests::test_time_no_secs_no_seps ... ok
[INFO] [stdout] test key::tests::test_correct_characters_letters_upper ... ok
[INFO] [stdout] test key::tests::test_correct_characters_nums ... ok
[INFO] [stdout] test key::tests::test_correct_characters_letters_lower ... ok
[INFO] [stdout] test key::tests::test_correct_characters_key ... ok
[INFO] [stdout] test key::tests::test_correct_characters_letters ... ok
[INFO] [stdout] test key::tests::test_correct_characters_nums_and_letters ... ok
[INFO] [stdout] test key::tests::test_correct_characters_nums_and_letters_lower ... ok
[INFO] [stdout] test key::tests::test_correct_characters_nums_and_letters_upper ... ok
[INFO] [stdout] test key::tests::test_correct_characters_special_chars ... ok
[INFO] [stdout] test key::tests::test_correct_characters_special_chars_unsafe ... ok
[INFO] [stdout] test key::tests::test_length ... ok
[INFO] [stdout] test timestamp::tests::test_gen_timestamp ... ok
[INFO] [stdout] test uuid::tests::test_uuid4 ... ok
[INFO] [stdout] test uuid::tests::test_uuidn ... ok
[INFO] [stdout] 
[INFO] [stdout] test result: ok. 30 passed; 0 failed; 0 ignored; 0 measured; 0 filtered out; finished in 0.01s
[INFO] [stdout] 
[INFO] [stderr]    Doc-tests keysmith
[INFO] [stdout] 
[INFO] [stdout] running 9 tests
[INFO] [stdout] test keysmith/src/char.rs - char::get_charset_from_opts (line 87) ... FAILED
[INFO] [stdout] test keysmith/src/lib.rs - (line 88) ... ok
[INFO] [stdout] test keysmith/src/lib.rs - (line 103) ... ok
[INFO] [stdout] test keysmith/src/lib.rs - (line 42) ... ok
[INFO] [stdout] test keysmith/src/lib.rs - (line 147) ... ok
[INFO] [stdout] test keysmith/src/lib.rs - (line 121) ... ok
[INFO] [stdout] test keysmith/src/lib.rs - (line 68) ... ok
[INFO] [stdout] test keysmith/src/lib.rs - (line 134) ... ok
[INFO] [stdout] test keysmith/src/lib.rs - (line 160) ... ok
[INFO] [stdout] 
[INFO] [stdout] failures:
[INFO] [stdout] 
[INFO] [stdout] ---- keysmith/src/char.rs - char::get_charset_from_opts (line 87) stdout ----
[INFO] [stdout] error[E0422]: cannot find struct, variant or union type `GenCharOpts` in this scope
[INFO] [stdout]  --> keysmith/src/char.rs:88:12
[INFO] [stdout]   |
[INFO] [stdout] 3 | let opts = GenCharOpts {
[INFO] [stdout]   |            ^^^^^^^^^^^ not found in this scope
[INFO] [stdout]   |
[INFO] [stdout] help: consider importing this struct
[INFO] [stdout]   |
[INFO] [stdout] 2 + use keysmith::char::GenCharOpts;
[INFO] [stdout]   |
[INFO] [stdout] 
[INFO] [stdout] error: aborting due to previous error
[INFO] [stdout] 
[INFO] [stdout] For more information about this error, try `rustc --explain E0422`.
[INFO] [stdout] Couldn't compile the test.
[INFO] [stdout] 
[INFO] [stdout] failures:
[INFO] [stdout]     keysmith/src/char.rs - char::get_charset_from_opts (line 87)
[INFO] [stdout] 
[INFO] [stdout] test result: FAILED. 8 passed; 1 failed; 0 ignored; 0 measured; 0 filtered out; finished in 0.54s
[INFO] [stdout] 
[INFO] [stderr] error: doctest failed, to rerun pass `--doc`
[INFO] running `Command { std: "docker" "inspect" "e77539ce6b5915d63d4e58ef96c8017876fbdaf7439d25aca0a0d70e26b4e810", kill_on_drop: false }`
[INFO] running `Command { std: "docker" "rm" "-f" "e77539ce6b5915d63d4e58ef96c8017876fbdaf7439d25aca0a0d70e26b4e810", kill_on_drop: false }`
[INFO] [stdout] e77539ce6b5915d63d4e58ef96c8017876fbdaf7439d25aca0a0d70e26b4e810
[INFO] testing njshockey/keysmith-rs against beta-2023-12-22 for beta-1.76-1
[INFO] running `Command { std: "git" "clone" "/workspace/cache/git-repos/https%3A%2F%2Fgithub.com%2Fnjshockey%2Fkeysmith-rs" "/workspace/builds/worker-4-tc2/source", kill_on_drop: false }`
[INFO] [stderr] Cloning into '/workspace/builds/worker-4-tc2/source'...
[INFO] [stderr] done.
[INFO] validating manifest of git repo https://github.com/njshockey/keysmith-rs on toolchain beta-2023-12-22
[INFO] running `Command { std: CARGO_HOME="/workspace/cargo-home" RUSTUP_HOME="/workspace/rustup-home" "/workspace/cargo-home/bin/cargo" "+beta-2023-12-22" "metadata" "--manifest-path" "Cargo.toml" "--no-deps", kill_on_drop: false }`
[INFO] started tweaking git repo https://github.com/njshockey/keysmith-rs
[INFO] finished tweaking git repo https://github.com/njshockey/keysmith-rs
[INFO] tweaked toml for git repo https://github.com/njshockey/keysmith-rs written to /workspace/builds/worker-4-tc2/source/Cargo.toml
[INFO] crate git repo https://github.com/njshockey/keysmith-rs already has a lockfile, it will not be regenerated
[INFO] running `Command { std: CARGO_HOME="/workspace/cargo-home" RUSTUP_HOME="/workspace/rustup-home" "/workspace/cargo-home/bin/cargo" "+beta-2023-12-22" "fetch" "--manifest-path" "Cargo.toml", kill_on_drop: false }`
[INFO] [stderr] warning: virtual workspace defaulting to `resolver = "1"` despite one or more workspace members being on edition 2021 which implies `resolver = "2"`
[INFO] [stderr] note: to keep the current resolver, specify `workspace.resolver = "1"` in the workspace root's manifest
[INFO] [stderr] note: to use the edition 2021 resolver, specify `workspace.resolver = "2"` in the workspace root's manifest
[INFO] [stderr] note: for more details see https://doc.rust-lang.org/cargo/reference/resolver.html#resolver-versions
[INFO] running `Command { std: "docker" "create" "-v" "/var/lib/crater-agent-workspace/builds/worker-4-tc2/target:/opt/rustwide/target:rw,Z" "-v" "/var/lib/crater-agent-workspace/builds/worker-4-tc2/source:/opt/rustwide/workdir:ro,Z" "-v" "/var/lib/crater-agent-workspace/cargo-home:/opt/rustwide/cargo-home:ro,Z" "-v" "/var/lib/crater-agent-workspace/rustup-home:/opt/rustwide/rustup-home:ro,Z" "-e" "SOURCE_DIR=/opt/rustwide/workdir" "-e" "CARGO_TARGET_DIR=/opt/rustwide/target" "-e" "CARGO_HOME=/opt/rustwide/cargo-home" "-e" "RUSTUP_HOME=/opt/rustwide/rustup-home" "-w" "/opt/rustwide/workdir" "-m" "1610612736" "--user" "0:0" "--network" "none" "ghcr.io/rust-lang/crates-build-env/linux@sha256:2788e3201cd34a07e3172128adcd8b3090168a8e3bcc40d7c032b9dda1df7d1c" "/opt/rustwide/cargo-home/bin/cargo" "+beta-2023-12-22" "metadata" "--no-deps" "--format-version=1", kill_on_drop: false }`
[INFO] [stdout] 0bf009920a164b2b97504f345125f733aef6d0f08b472066d1ad5517386785ed
[INFO] running `Command { std: "docker" "start" "-a" "0bf009920a164b2b97504f345125f733aef6d0f08b472066d1ad5517386785ed", kill_on_drop: false }`
[INFO] running `Command { std: "docker" "inspect" "0bf009920a164b2b97504f345125f733aef6d0f08b472066d1ad5517386785ed", kill_on_drop: false }`
[INFO] running `Command { std: "docker" "rm" "-f" "0bf009920a164b2b97504f345125f733aef6d0f08b472066d1ad5517386785ed", kill_on_drop: false }`
[INFO] [stdout] 0bf009920a164b2b97504f345125f733aef6d0f08b472066d1ad5517386785ed
[INFO] running `Command { std: "docker" "create" "-v" "/var/lib/crater-agent-workspace/builds/worker-4-tc2/target:/opt/rustwide/target:rw,Z" "-v" "/var/lib/crater-agent-workspace/builds/worker-4-tc2/source:/opt/rustwide/workdir:ro,Z" "-v" "/var/lib/crater-agent-workspace/cargo-home:/opt/rustwide/cargo-home:ro,Z" "-v" "/var/lib/crater-agent-workspace/rustup-home:/opt/rustwide/rustup-home:ro,Z" "-e" "SOURCE_DIR=/opt/rustwide/workdir" "-e" "CARGO_TARGET_DIR=/opt/rustwide/target" "-e" "CARGO_INCREMENTAL=0" "-e" "RUST_BACKTRACE=full" "-e" "RUSTFLAGS=--cap-lints=warn" "-e" "RUSTDOCFLAGS=--cap-lints=warn" "-e" "CARGO_HOME=/opt/rustwide/cargo-home" "-e" "RUSTUP_HOME=/opt/rustwide/rustup-home" "-w" "/opt/rustwide/workdir" "-m" "1610612736" "--user" "0:0" "--network" "none" "ghcr.io/rust-lang/crates-build-env/linux@sha256:2788e3201cd34a07e3172128adcd8b3090168a8e3bcc40d7c032b9dda1df7d1c" "/opt/rustwide/cargo-home/bin/cargo" "+beta-2023-12-22" "build" "--frozen" "--message-format=json", kill_on_drop: false }`
[INFO] [stdout] 0ad8e0bf6a351e03d1d24db9b8c72bddf3f93c4e882caa65c8162acfaa6bb6b1
[INFO] running `Command { std: "docker" "start" "-a" "0ad8e0bf6a351e03d1d24db9b8c72bddf3f93c4e882caa65c8162acfaa6bb6b1", kill_on_drop: false }`
[INFO] [stderr] warning: virtual workspace defaulting to `resolver = "1"` despite one or more workspace members being on edition 2021 which implies `resolver = "2"`
[INFO] [stderr] note: to keep the current resolver, specify `workspace.resolver = "1"` in the workspace root's manifest
[INFO] [stderr] note: to use the edition 2021 resolver, specify `workspace.resolver = "2"` in the workspace root's manifest
[INFO] [stderr] note: for more details see https://doc.rust-lang.org/cargo/reference/resolver.html#resolver-versions
[INFO] [stderr]    Compiling libc v0.2.147
[INFO] [stderr]    Compiling autocfg v1.1.0
[INFO] [stderr]    Compiling cfg-if v1.0.0
[INFO] [stderr]    Compiling ppv-lite86 v0.2.17
[INFO] [stderr]    Compiling iana-time-zone v0.1.56
[INFO] [stderr]    Compiling num-traits v0.2.15
[INFO] [stderr]    Compiling getrandom v0.2.8
[INFO] [stderr]    Compiling time v0.1.45
[INFO] [stderr]    Compiling rand_core v0.6.4
[INFO] [stderr]    Compiling rand_chacha v0.3.1
[INFO] [stderr]    Compiling chrono v0.4.26
[INFO] [stderr]    Compiling rand v0.8.5
[INFO] [stderr]    Compiling keysmith v0.4.0 (/opt/rustwide/workdir/keysmith)
[INFO] [stderr]     Finished dev [unoptimized + debuginfo] target(s) in 2.48s
[INFO] running `Command { std: "docker" "inspect" "0ad8e0bf6a351e03d1d24db9b8c72bddf3f93c4e882caa65c8162acfaa6bb6b1", kill_on_drop: false }`
[INFO] running `Command { std: "docker" "rm" "-f" "0ad8e0bf6a351e03d1d24db9b8c72bddf3f93c4e882caa65c8162acfaa6bb6b1", kill_on_drop: false }`
[INFO] [stdout] 0ad8e0bf6a351e03d1d24db9b8c72bddf3f93c4e882caa65c8162acfaa6bb6b1
[INFO] running `Command { std: "docker" "create" "-v" "/var/lib/crater-agent-workspace/builds/worker-4-tc2/target:/opt/rustwide/target:rw,Z" "-v" "/var/lib/crater-agent-workspace/builds/worker-4-tc2/source:/opt/rustwide/workdir:ro,Z" "-v" "/var/lib/crater-agent-workspace/cargo-home:/opt/rustwide/cargo-home:ro,Z" "-v" "/var/lib/crater-agent-workspace/rustup-home:/opt/rustwide/rustup-home:ro,Z" "-e" "SOURCE_DIR=/opt/rustwide/workdir" "-e" "CARGO_TARGET_DIR=/opt/rustwide/target" "-e" "CARGO_INCREMENTAL=0" "-e" "RUST_BACKTRACE=full" "-e" "RUSTFLAGS=--cap-lints=warn" "-e" "RUSTDOCFLAGS=--cap-lints=warn" "-e" "CARGO_HOME=/opt/rustwide/cargo-home" "-e" "RUSTUP_HOME=/opt/rustwide/rustup-home" "-w" "/opt/rustwide/workdir" "-m" "1610612736" "--user" "0:0" "--network" "none" "ghcr.io/rust-lang/crates-build-env/linux@sha256:2788e3201cd34a07e3172128adcd8b3090168a8e3bcc40d7c032b9dda1df7d1c" "/opt/rustwide/cargo-home/bin/cargo" "+beta-2023-12-22" "test" "--frozen" "--no-run" "--message-format=json", kill_on_drop: false }`
[INFO] [stdout] e48b034e752810288af9127f112f38a791463d03e9270f70c4e7fec99a3830ad
[INFO] running `Command { std: "docker" "start" "-a" "e48b034e752810288af9127f112f38a791463d03e9270f70c4e7fec99a3830ad", kill_on_drop: false }`
[INFO] [stderr] warning: virtual workspace defaulting to `resolver = "1"` despite one or more workspace members being on edition 2021 which implies `resolver = "2"`
[INFO] [stderr] note: to keep the current resolver, specify `workspace.resolver = "1"` in the workspace root's manifest
[INFO] [stderr] note: to use the edition 2021 resolver, specify `workspace.resolver = "2"` in the workspace root's manifest
[INFO] [stderr] note: for more details see https://doc.rust-lang.org/cargo/reference/resolver.html#resolver-versions
[INFO] [stderr]    Compiling keysmith v0.4.0 (/opt/rustwide/workdir/keysmith)
[INFO] [stderr]     Finished test [unoptimized + debuginfo] target(s) in 0.43s
[INFO] running `Command { std: "docker" "inspect" "e48b034e752810288af9127f112f38a791463d03e9270f70c4e7fec99a3830ad", kill_on_drop: false }`
[INFO] running `Command { std: "docker" "rm" "-f" "e48b034e752810288af9127f112f38a791463d03e9270f70c4e7fec99a3830ad", kill_on_drop: false }`
[INFO] [stdout] e48b034e752810288af9127f112f38a791463d03e9270f70c4e7fec99a3830ad
[INFO] running `Command { std: "docker" "create" "-v" "/var/lib/crater-agent-workspace/builds/worker-4-tc2/target:/opt/rustwide/target:rw,Z" "-v" "/var/lib/crater-agent-workspace/builds/worker-4-tc2/source:/opt/rustwide/workdir:ro,Z" "-v" "/var/lib/crater-agent-workspace/cargo-home:/opt/rustwide/cargo-home:ro,Z" "-v" "/var/lib/crater-agent-workspace/rustup-home:/opt/rustwide/rustup-home:ro,Z" "-e" "SOURCE_DIR=/opt/rustwide/workdir" "-e" "CARGO_TARGET_DIR=/opt/rustwide/target" "-e" "CARGO_INCREMENTAL=0" "-e" "RUST_BACKTRACE=full" "-e" "RUSTFLAGS=--cap-lints=warn" "-e" "RUSTDOCFLAGS=--cap-lints=warn" "-e" "CARGO_HOME=/opt/rustwide/cargo-home" "-e" "RUSTUP_HOME=/opt/rustwide/rustup-home" "-w" "/opt/rustwide/workdir" "-m" "1610612736" "--user" "0:0" "--network" "none" "ghcr.io/rust-lang/crates-build-env/linux@sha256:2788e3201cd34a07e3172128adcd8b3090168a8e3bcc40d7c032b9dda1df7d1c" "/opt/rustwide/cargo-home/bin/cargo" "+beta-2023-12-22" "test" "--frozen", kill_on_drop: false }`
[INFO] [stdout] 1f4169f36d185cf6450e458bc521ffbe268e25fa0b9259d9ea658c9158490be6
[INFO] running `Command { std: "docker" "start" "-a" "1f4169f36d185cf6450e458bc521ffbe268e25fa0b9259d9ea658c9158490be6", kill_on_drop: false }`
[INFO] [stderr] warning: virtual workspace defaulting to `resolver = "1"` despite one or more workspace members being on edition 2021 which implies `resolver = "2"`
[INFO] [stderr] note: to keep the current resolver, specify `workspace.resolver = "1"` in the workspace root's manifest
[INFO] [stderr] note: to use the edition 2021 resolver, specify `workspace.resolver = "2"` in the workspace root's manifest
[INFO] [stderr] note: for more details see https://doc.rust-lang.org/cargo/reference/resolver.html#resolver-versions
[INFO] [stderr]     Finished test [unoptimized + debuginfo] target(s) in 0.02s
[INFO] [stderr]      Running unittests src/lib.rs (/opt/rustwide/target/debug/deps/keysmith-34e334f45957a354)
[INFO] [stdout] 
[INFO] [stdout] running 30 tests
[INFO] [stdout] test char::tests::test_get_char_from_set ... ok
[INFO] [stdout] test char::tests::test_uuid4_char ... ok
[INFO] [stdout] test char::tests::test_char ... ok
[INFO] [stdout] test date::tests::test_date ... ok
[INFO] [stdout] test char::tests::test_uuidn_char ... ok
[INFO] [stdout] test date::tests::test_date_no_seps ... ok
[INFO] [stdout] test date::tests::test_date_slashes ... ok
[INFO] [stdout] test date::tests::test_datetime ... ok
[INFO] [stdout] test date::tests::test_datetime_no_seps ... ok
[INFO] [stdout] test date::tests::test_datetime_pretty ... ok
[INFO] [stdout] test date::tests::test_time ... ok
[INFO] [stdout] test date::tests::test_time_no_secs ... ok
[INFO] [stdout] test date::tests::test_time_hyphen ... ok
[INFO] [stdout] test date::tests::test_time_no_secs_no_seps ... ok
[INFO] [stdout] test date::tests::test_time_no_secs_hyphen ... ok
[INFO] [stdout] test date::tests::test_time_no_seps ... ok
[INFO] [stdout] test key::tests::test_correct_characters_key ... ok
[INFO] [stdout] test key::tests::test_correct_characters_letters ... ok
[INFO] [stdout] test key::tests::test_correct_characters_letters_lower ... ok
[INFO] [stdout] test timestamp::tests::test_gen_timestamp ... ok
[INFO] [stdout] test key::tests::test_correct_characters_nums_and_letters_lower ... ok
[INFO] [stdout] test key::tests::test_correct_characters_nums_and_letters_upper ... ok
[INFO] [stdout] test key::tests::test_correct_characters_nums ... ok
[INFO] [stdout] test key::tests::test_correct_characters_nums_and_letters ... ok
[INFO] [stdout] test key::tests::test_correct_characters_letters_upper ... ok
[INFO] [stdout] test uuid::tests::test_uuidn ... ok
[INFO] [stdout] test key::tests::test_correct_characters_special_chars_unsafe ... ok
[INFO] [stdout] test key::tests::test_length ... ok
[INFO] [stdout] test uuid::tests::test_uuid4 ... ok
[INFO] [stdout] test key::tests::test_correct_characters_special_chars ... ok
[INFO] [stdout] 
[INFO] [stdout] test result: ok. 30 passed; 0 failed; 0 ignored; 0 measured; 0 filtered out; finished in 0.00s
[INFO] [stdout] 
[INFO] [stderr]    Doc-tests keysmith
[INFO] [stdout] 
[INFO] [stdout] running 9 tests
[INFO] [stdout] test keysmith/src/char.rs - char::get_charset_from_opts (line 87) ... FAILED
[INFO] [stdout] test keysmith/src/lib.rs - (line 42) ... ok
[INFO] [stdout] test keysmith/src/lib.rs - (line 68) ... ok
[INFO] [stdout] test keysmith/src/lib.rs - (line 147) ... ok
[INFO] [stdout] test keysmith/src/lib.rs - (line 134) ... ok
[INFO] [stdout] test keysmith/src/lib.rs - (line 103) ... ok
[INFO] [stdout] test keysmith/src/lib.rs - (line 88) ... ok
[INFO] [stdout] test keysmith/src/lib.rs - (line 160) ... ok
[INFO] [stdout] test keysmith/src/lib.rs - (line 121) ... ok
[INFO] [stdout] 
[INFO] [stdout] failures:
[INFO] [stdout] 
[INFO] [stdout] ---- keysmith/src/char.rs - char::get_charset_from_opts (line 87) stdout ----
[INFO] [stdout] error[E0422]: cannot find struct, variant or union type `GenCharOpts` in this scope
[INFO] [stdout]  --> keysmith/src/char.rs:88:12
[INFO] [stdout]   |
[INFO] [stdout] 3 | let opts = GenCharOpts {
[INFO] [stdout]   |            ^^^^^^^^^^^ not found in this scope
[INFO] [stdout]   |
[INFO] [stdout] help: consider importing this struct
[INFO] [stdout]   |
[INFO] [stdout] 2 + use keysmith::char::GenCharOpts;
[INFO] [stdout]   |
[INFO] [stdout] 
[INFO] [stdout] error: aborting due to 1 previous error
[INFO] [stdout] 
[INFO] [stdout] For more information about this error, try `rustc --explain E0422`.
[INFO] [stdout] Couldn't compile the test.
[INFO] [stdout] 
[INFO] [stdout] failures:
[INFO] [stdout]     keysmith/src/char.rs - char::get_charset_from_opts (line 87)
[INFO] [stdout] 
[INFO] [stdout] test result: FAILED. 8 passed; 1 failed; 0 ignored; 0 measured; 0 filtered out; finished in 0.44s
[INFO] [stdout] 
[INFO] [stderr] error: doctest failed, to rerun pass `--doc`
[INFO] running `Command { std: "docker" "inspect" "1f4169f36d185cf6450e458bc521ffbe268e25fa0b9259d9ea658c9158490be6", kill_on_drop: false }`
[INFO] running `Command { std: "docker" "rm" "-f" "1f4169f36d185cf6450e458bc521ffbe268e25fa0b9259d9ea658c9158490be6", kill_on_drop: false }`
[INFO] [stdout] 1f4169f36d185cf6450e458bc521ffbe268e25fa0b9259d9ea658c9158490be6
