[INFO] cloning repository https://github.com/niebayes/schemaless-arrow-ipc
[INFO] running `Command { std: "git" "-c" "credential.helper=" "-c" "credential.helper=/workspace/cargo-home/bin/git-credential-null" "clone" "--bare" "https://github.com/niebayes/schemaless-arrow-ipc" "/workspace/cache/git-repos/https%3A%2F%2Fgithub.com%2Fniebayes%2Fschemaless-arrow-ipc", kill_on_drop: false }`
[INFO] [stderr] Cloning into bare repository '/workspace/cache/git-repos/https%3A%2F%2Fgithub.com%2Fniebayes%2Fschemaless-arrow-ipc'...
[INFO] running `Command { std: "git" "rev-parse" "HEAD", kill_on_drop: false }`
[INFO] [stdout] 72054c291ad96a15a7c2f3aca9645202c3f45029
[INFO] testing niebayes/schemaless-arrow-ipc against 1.75.0 for beta-1.76-1
[INFO] running `Command { std: "git" "clone" "/workspace/cache/git-repos/https%3A%2F%2Fgithub.com%2Fniebayes%2Fschemaless-arrow-ipc" "/workspace/builds/worker-6-tc1/source", kill_on_drop: false }`
[INFO] [stderr] Cloning into '/workspace/builds/worker-6-tc1/source'...
[INFO] [stderr] done.
[INFO] validating manifest of git repo https://github.com/niebayes/schemaless-arrow-ipc on toolchain 1.75.0
[INFO] running `Command { std: CARGO_HOME="/workspace/cargo-home" RUSTUP_HOME="/workspace/rustup-home" "/workspace/cargo-home/bin/cargo" "+1.75.0" "metadata" "--manifest-path" "Cargo.toml" "--no-deps", kill_on_drop: false }`
[INFO] started tweaking git repo https://github.com/niebayes/schemaless-arrow-ipc
[INFO] finished tweaking git repo https://github.com/niebayes/schemaless-arrow-ipc
[INFO] tweaked toml for git repo https://github.com/niebayes/schemaless-arrow-ipc written to /workspace/builds/worker-6-tc1/source/Cargo.toml
[INFO] crate git repo https://github.com/niebayes/schemaless-arrow-ipc already has a lockfile, it will not be regenerated
[INFO] running `Command { std: CARGO_HOME="/workspace/cargo-home" RUSTUP_HOME="/workspace/rustup-home" "/workspace/cargo-home/bin/cargo" "+1.75.0" "fetch" "--manifest-path" "Cargo.toml", kill_on_drop: false }`
[INFO] [stderr]  Downloading crates ...
[INFO] [stderr]   Downloaded arrow-select v40.0.0
[INFO] [stderr]   Downloaded arrow-data v40.0.0
[INFO] [stderr]   Downloaded arrow-schema v40.0.0
[INFO] [stderr]   Downloaded arrow-buffer v40.0.0
[INFO] [stderr]   Downloaded arrow-cast v40.0.0
[INFO] [stderr]   Downloaded arrow-array v40.0.0
[INFO] running `Command { std: "docker" "create" "-v" "/var/lib/crater-agent-workspace/builds/worker-6-tc1/target:/opt/rustwide/target:rw,Z" "-v" "/var/lib/crater-agent-workspace/builds/worker-6-tc1/source:/opt/rustwide/workdir:ro,Z" "-v" "/var/lib/crater-agent-workspace/cargo-home:/opt/rustwide/cargo-home:ro,Z" "-v" "/var/lib/crater-agent-workspace/rustup-home:/opt/rustwide/rustup-home:ro,Z" "-e" "SOURCE_DIR=/opt/rustwide/workdir" "-e" "CARGO_TARGET_DIR=/opt/rustwide/target" "-e" "CARGO_HOME=/opt/rustwide/cargo-home" "-e" "RUSTUP_HOME=/opt/rustwide/rustup-home" "-w" "/opt/rustwide/workdir" "-m" "1610612736" "--user" "0:0" "--network" "none" "ghcr.io/rust-lang/crates-build-env/linux@sha256:2788e3201cd34a07e3172128adcd8b3090168a8e3bcc40d7c032b9dda1df7d1c" "/opt/rustwide/cargo-home/bin/cargo" "+1.75.0" "metadata" "--no-deps" "--format-version=1", kill_on_drop: false }`
[INFO] [stdout] 1cb4080f08c8d5cbbddb997e3f723a2a372bf273027f5ecae52a340dc16796ad
[INFO] running `Command { std: "docker" "start" "-a" "1cb4080f08c8d5cbbddb997e3f723a2a372bf273027f5ecae52a340dc16796ad", kill_on_drop: false }`
[INFO] running `Command { std: "docker" "inspect" "1cb4080f08c8d5cbbddb997e3f723a2a372bf273027f5ecae52a340dc16796ad", kill_on_drop: false }`
[INFO] running `Command { std: "docker" "rm" "-f" "1cb4080f08c8d5cbbddb997e3f723a2a372bf273027f5ecae52a340dc16796ad", kill_on_drop: false }`
[INFO] [stdout] 1cb4080f08c8d5cbbddb997e3f723a2a372bf273027f5ecae52a340dc16796ad
[INFO] running `Command { std: "docker" "create" "-v" "/var/lib/crater-agent-workspace/builds/worker-6-tc1/target:/opt/rustwide/target:rw,Z" "-v" "/var/lib/crater-agent-workspace/builds/worker-6-tc1/source:/opt/rustwide/workdir:ro,Z" "-v" "/var/lib/crater-agent-workspace/cargo-home:/opt/rustwide/cargo-home:ro,Z" "-v" "/var/lib/crater-agent-workspace/rustup-home:/opt/rustwide/rustup-home:ro,Z" "-e" "SOURCE_DIR=/opt/rustwide/workdir" "-e" "CARGO_TARGET_DIR=/opt/rustwide/target" "-e" "CARGO_INCREMENTAL=0" "-e" "RUST_BACKTRACE=full" "-e" "RUSTFLAGS=--cap-lints=warn" "-e" "RUSTDOCFLAGS=--cap-lints=warn" "-e" "CARGO_HOME=/opt/rustwide/cargo-home" "-e" "RUSTUP_HOME=/opt/rustwide/rustup-home" "-w" "/opt/rustwide/workdir" "-m" "1610612736" "--user" "0:0" "--network" "none" "ghcr.io/rust-lang/crates-build-env/linux@sha256:2788e3201cd34a07e3172128adcd8b3090168a8e3bcc40d7c032b9dda1df7d1c" "/opt/rustwide/cargo-home/bin/cargo" "+1.75.0" "build" "--frozen" "--message-format=json", kill_on_drop: false }`
[INFO] [stdout] 1389b7f0c29284e1d0a5b8a6ee1f3f156594cb86fc6e38310c0e516f271660a8
[INFO] running `Command { std: "docker" "start" "-a" "1389b7f0c29284e1d0a5b8a6ee1f3f156594cb86fc6e38310c0e516f271660a8", kill_on_drop: false }`
[INFO] [stderr]    Compiling num-traits v0.2.17
[INFO] [stderr]    Compiling num-integer v0.1.45
[INFO] [stderr]    Compiling num-bigint v0.4.4
[INFO] [stderr]    Compiling num-rational v0.4.1
[INFO] [stderr]    Compiling num-iter v0.1.43
[INFO] [stderr]    Compiling libc v0.2.150
[INFO] [stderr]    Compiling static_assertions v1.1.0
[INFO] [stderr]    Compiling zerocopy v0.7.29
[INFO] [stderr]    Compiling arrow-schema v40.0.0
[INFO] [stderr]    Compiling iana-time-zone v0.1.58
[INFO] [stderr]    Compiling once_cell v1.19.0
[INFO] [stderr]    Compiling hashbrown v0.13.2
[INFO] [stderr]    Compiling ahash v0.8.6
[INFO] [stderr]    Compiling rustc_version v0.4.0
[INFO] [stderr]    Compiling lexical-util v0.8.5
[INFO] [stderr]    Compiling flatbuffers v23.5.26
[INFO] [stderr]    Compiling lexical-write-integer v0.8.5
[INFO] [stderr]    Compiling lexical-parse-integer v0.8.6
[INFO] [stderr]    Compiling lexical-parse-float v0.8.5
[INFO] [stderr]    Compiling lexical-write-float v0.8.5
[INFO] [stderr]    Compiling getrandom v0.2.11
[INFO] [stderr]    Compiling lexical-core v0.8.5
[INFO] [stderr]    Compiling num-complex v0.4.4
[INFO] [stderr]    Compiling half v2.3.1
[INFO] [stderr]    Compiling chrono v0.4.31
[INFO] [stderr]    Compiling num v0.4.1
[INFO] [stderr]    Compiling arrow-buffer v40.0.0
[INFO] [stderr]    Compiling arrow-data v40.0.0
[INFO] [stderr]    Compiling arrow-array v40.0.0
[INFO] [stderr]    Compiling arrow-select v40.0.0
[INFO] [stderr]    Compiling arrow-cast v40.0.0
[INFO] [stderr]    Compiling schemaless-arrow-ipc v0.1.0 (/opt/rustwide/workdir)
[INFO] [stderr]     Finished dev [unoptimized + debuginfo] target(s) in 7.78s
[INFO] running `Command { std: "docker" "inspect" "1389b7f0c29284e1d0a5b8a6ee1f3f156594cb86fc6e38310c0e516f271660a8", kill_on_drop: false }`
[INFO] running `Command { std: "docker" "rm" "-f" "1389b7f0c29284e1d0a5b8a6ee1f3f156594cb86fc6e38310c0e516f271660a8", kill_on_drop: false }`
[INFO] [stdout] 1389b7f0c29284e1d0a5b8a6ee1f3f156594cb86fc6e38310c0e516f271660a8
[INFO] running `Command { std: "docker" "create" "-v" "/var/lib/crater-agent-workspace/builds/worker-6-tc1/target:/opt/rustwide/target:rw,Z" "-v" "/var/lib/crater-agent-workspace/builds/worker-6-tc1/source:/opt/rustwide/workdir:ro,Z" "-v" "/var/lib/crater-agent-workspace/cargo-home:/opt/rustwide/cargo-home:ro,Z" "-v" "/var/lib/crater-agent-workspace/rustup-home:/opt/rustwide/rustup-home:ro,Z" "-e" "SOURCE_DIR=/opt/rustwide/workdir" "-e" "CARGO_TARGET_DIR=/opt/rustwide/target" "-e" "CARGO_INCREMENTAL=0" "-e" "RUST_BACKTRACE=full" "-e" "RUSTFLAGS=--cap-lints=warn" "-e" "RUSTDOCFLAGS=--cap-lints=warn" "-e" "CARGO_HOME=/opt/rustwide/cargo-home" "-e" "RUSTUP_HOME=/opt/rustwide/rustup-home" "-w" "/opt/rustwide/workdir" "-m" "1610612736" "--user" "0:0" "--network" "none" "ghcr.io/rust-lang/crates-build-env/linux@sha256:2788e3201cd34a07e3172128adcd8b3090168a8e3bcc40d7c032b9dda1df7d1c" "/opt/rustwide/cargo-home/bin/cargo" "+1.75.0" "test" "--frozen" "--no-run" "--message-format=json", kill_on_drop: false }`
[INFO] [stdout] e4181fef5cb5a6c19e2b2924c2d71966ebc10acebd7adcb78cc40e84867b6612
[INFO] running `Command { std: "docker" "start" "-a" "e4181fef5cb5a6c19e2b2924c2d71966ebc10acebd7adcb78cc40e84867b6612", kill_on_drop: false }`
[INFO] [stderr]    Compiling rustix v0.38.26
[INFO] [stderr]    Compiling bitflags v2.4.1
[INFO] [stderr]    Compiling linux-raw-sys v0.4.12
[INFO] [stderr]    Compiling fastrand v2.0.1
[INFO] [stderr]    Compiling tempfile v3.8.1
[INFO] [stderr]    Compiling schemaless-arrow-ipc v0.1.0 (/opt/rustwide/workdir)
[INFO] [stderr]     Finished test [unoptimized + debuginfo] target(s) in 4.42s
[INFO] running `Command { std: "docker" "inspect" "e4181fef5cb5a6c19e2b2924c2d71966ebc10acebd7adcb78cc40e84867b6612", kill_on_drop: false }`
[INFO] running `Command { std: "docker" "rm" "-f" "e4181fef5cb5a6c19e2b2924c2d71966ebc10acebd7adcb78cc40e84867b6612", kill_on_drop: false }`
[INFO] [stdout] e4181fef5cb5a6c19e2b2924c2d71966ebc10acebd7adcb78cc40e84867b6612
[INFO] running `Command { std: "docker" "create" "-v" "/var/lib/crater-agent-workspace/builds/worker-6-tc1/target:/opt/rustwide/target:rw,Z" "-v" "/var/lib/crater-agent-workspace/builds/worker-6-tc1/source:/opt/rustwide/workdir:ro,Z" "-v" "/var/lib/crater-agent-workspace/cargo-home:/opt/rustwide/cargo-home:ro,Z" "-v" "/var/lib/crater-agent-workspace/rustup-home:/opt/rustwide/rustup-home:ro,Z" "-e" "SOURCE_DIR=/opt/rustwide/workdir" "-e" "CARGO_TARGET_DIR=/opt/rustwide/target" "-e" "CARGO_INCREMENTAL=0" "-e" "RUST_BACKTRACE=full" "-e" "RUSTFLAGS=--cap-lints=warn" "-e" "RUSTDOCFLAGS=--cap-lints=warn" "-e" "CARGO_HOME=/opt/rustwide/cargo-home" "-e" "RUSTUP_HOME=/opt/rustwide/rustup-home" "-w" "/opt/rustwide/workdir" "-m" "1610612736" "--user" "0:0" "--network" "none" "ghcr.io/rust-lang/crates-build-env/linux@sha256:2788e3201cd34a07e3172128adcd8b3090168a8e3bcc40d7c032b9dda1df7d1c" "/opt/rustwide/cargo-home/bin/cargo" "+1.75.0" "test" "--frozen", kill_on_drop: false }`
[INFO] [stdout] 64ba03d7457e0b2c1906554944d8ab6e457f239648afc8c4771f761af0179348
[INFO] running `Command { std: "docker" "start" "-a" "64ba03d7457e0b2c1906554944d8ab6e457f239648afc8c4771f761af0179348", kill_on_drop: false }`
[INFO] [stderr]     Finished test [unoptimized + debuginfo] target(s) in 0.04s
[INFO] [stderr]      Running unittests src/lib.rs (/opt/rustwide/target/debug/deps/schemaless_arrow_ipc-b16428717f05c078)
[INFO] [stdout] 
[INFO] [stdout] running 29 tests
[INFO] [stdout] test reader::tests::test_no_columns_batch ... ok
[INFO] [stdout] test convert::tests::schema_from_bytes ... ok
[INFO] [stdout] test reader::tests::test_arrow_single_float_row ... ok
[INFO] [stdout] test convert::tests::convert_schema_round_trip ... ok
[INFO] [stdout] test reader::tests::test_roundtrip_stream_dict_of_fixed_size_list_of_dict ... ok
[INFO] [stdout] test reader::tests::test_roundtrip_sparse_union ... ok
[INFO] [stdout] test reader::tests::test_roundtrip_nested_dict ... ok
[INFO] [stdout] test reader::tests::test_roundtrip_dense_union ... ok
[INFO] [stdout] test reader::tests::test_roundtrip_stream_run_array_sliced ... ok
[INFO] [stdout] test reader::tests::test_roundtrip_with_custom_metadata ... ok
[INFO] [stdout] test reader::tests::test_roundtrip_stream_nested_dict ... ok
[INFO] [stdout] test writer::tests::encode_bools_slice ... ok
[INFO] [stdout] test writer::tests::track_struct_nested_dict ... ok
[INFO] [stdout] test writer::tests::test_stream_writer_writes_array_slice ... ok
[INFO] [stdout] test reader::tests::test_roundtrip_stream_nested_dict_of_map_of_dict ... ok
[INFO] [stdout] test writer::tests::test_write_null_file_v5 ... ok
[INFO] [stdout] test reader::tests::test_roundtrip_stream_dict_of_list_of_dict ... ok
[INFO] [stdout] test writer::tests::truncate_ipc_string_array_with_all_empty_string ... ok
[INFO] [stdout] test writer::tests::encode_lists ... ok
[INFO] [stdout] test writer::tests::track_union_nested_dict ... ok
[INFO] [stdout] test writer::tests::truncate_ipc_struct_array ... ok
[INFO] [stdout] test writer::tests::test_write_union_file_v4_v5 ... ok
[INFO] [stdout] test writer::tests::truncate_ipc_record_batch_with_nulls ... ok
[INFO] [stdout] test writer::tests::test_write_file ... ok
[INFO] [stdout] test writer::tests::truncate_ipc_dictionary_array ... ok
[INFO] [stdout] test writer::tests::test_write_null_file_v4 ... ok
[INFO] [stdout] test reader::tests::test_projection_array_values ... ok
[INFO] [stdout] test writer::tests::test_run_array_unslice ... ok
[INFO] [stdout] test writer::tests::truncate_ipc_record_batch ... ok
[INFO] [stdout] 
[INFO] [stdout] test result: ok. 29 passed; 0 failed; 0 ignored; 0 measured; 0 filtered out; finished in 0.02s
[INFO] [stdout] 
[INFO] [stderr]    Doc-tests schemaless_arrow_ipc
[INFO] [stdout] 
[INFO] [stdout] running 2 tests
[INFO] [stdout] test src/writer.rs - writer::IpcDataGenerator (line 144) ... FAILED
[INFO] [stdout] test src/writer.rs - writer::StreamWriter<W>::into_inner (line 1037) ... FAILED
[INFO] [stdout] 
[INFO] [stdout] failures:
[INFO] [stdout] 
[INFO] [stdout] ---- src/writer.rs - writer::IpcDataGenerator (line 144) stdout ----
[INFO] [stdout] error[E0433]: failed to resolve: use of undeclared crate or module `arrow_ipc`
[INFO] [stdout]  --> src/writer.rs:149:5
[INFO] [stdout]   |
[INFO] [stdout] 7 | use arrow_ipc::writer::{DictionaryTracker, IpcDataGenerator, IpcWriteOptions};
[INFO] [stdout]   |     ^^^^^^^^^ use of undeclared crate or module `arrow_ipc`
[INFO] [stdout] 
[INFO] [stdout] error: aborting due to previous error
[INFO] [stdout] 
[INFO] [stdout] For more information about this error, try `rustc --explain E0433`.
[INFO] [stdout] Couldn't compile the test.
[INFO] [stdout] ---- src/writer.rs - writer::StreamWriter<W>::into_inner (line 1037) stdout ----
[INFO] [stdout] error[E0433]: failed to resolve: use of undeclared crate or module `arrow_ipc`
[INFO] [stdout]  --> src/writer.rs:1038:5
[INFO] [stdout]   |
[INFO] [stdout] 2 | use arrow_ipc::writer::{StreamWriter, IpcWriteOptions};
[INFO] [stdout]   |     ^^^^^^^^^ use of undeclared crate or module `arrow_ipc`
[INFO] [stdout] 
[INFO] [stdout] error[E0432]: unresolved import `arrow_ipc`
[INFO] [stdout]  --> src/writer.rs:1039:5
[INFO] [stdout]   |
[INFO] [stdout] 3 | use arrow_ipc::MetadataVersion;
[INFO] [stdout]   |     ^^^^^^^^^ use of undeclared crate or module `arrow_ipc`
[INFO] [stdout] 
[INFO] [stdout] error: aborting due to 2 previous errors
[INFO] [stdout] 
[INFO] [stdout] Some errors have detailed explanations: E0432, E0433.
[INFO] [stdout] For more information about an error, try `rustc --explain E0432`.
[INFO] [stdout] Couldn't compile the test.
[INFO] [stdout] 
[INFO] [stdout] failures:
[INFO] [stdout]     src/writer.rs - writer::IpcDataGenerator (line 144)
[INFO] [stdout]     src/writer.rs - writer::StreamWriter<W>::into_inner (line 1037)
[INFO] [stdout] 
[INFO] [stdout] test result: FAILED. 0 passed; 2 failed; 0 ignored; 0 measured; 0 filtered out; finished in 0.04s
[INFO] [stdout] 
[INFO] [stderr] error: doctest failed, to rerun pass `--doc`
[INFO] running `Command { std: "docker" "inspect" "64ba03d7457e0b2c1906554944d8ab6e457f239648afc8c4771f761af0179348", kill_on_drop: false }`
[INFO] running `Command { std: "docker" "rm" "-f" "64ba03d7457e0b2c1906554944d8ab6e457f239648afc8c4771f761af0179348", kill_on_drop: false }`
[INFO] [stdout] 64ba03d7457e0b2c1906554944d8ab6e457f239648afc8c4771f761af0179348
