[INFO] cloning repository https://github.com/nicoburniske/leptos_query
[INFO] running `Command { std: "git" "-c" "credential.helper=" "-c" "credential.helper=/workspace/cargo-home/bin/git-credential-null" "clone" "--bare" "https://github.com/nicoburniske/leptos_query" "/workspace/cache/git-repos/https%3A%2F%2Fgithub.com%2Fnicoburniske%2Fleptos_query", kill_on_drop: false }`
[INFO] [stderr] Cloning into bare repository '/workspace/cache/git-repos/https%3A%2F%2Fgithub.com%2Fnicoburniske%2Fleptos_query'...
[INFO] running `Command { std: "git" "rev-parse" "HEAD", kill_on_drop: false }`
[INFO] [stdout] 230556c72e6b39704c7333dab71b47a8e544a8f2
[INFO] testing nicoburniske/leptos_query against 1.75.0 for beta-1.76-1
[INFO] running `Command { std: "git" "clone" "/workspace/cache/git-repos/https%3A%2F%2Fgithub.com%2Fnicoburniske%2Fleptos_query" "/workspace/builds/worker-6-tc1/source", kill_on_drop: false }`
[INFO] [stderr] Cloning into '/workspace/builds/worker-6-tc1/source'...
[INFO] [stderr] done.
[INFO] validating manifest of git repo https://github.com/nicoburniske/leptos_query on toolchain 1.75.0
[INFO] running `Command { std: CARGO_HOME="/workspace/cargo-home" RUSTUP_HOME="/workspace/rustup-home" "/workspace/cargo-home/bin/cargo" "+1.75.0" "metadata" "--manifest-path" "Cargo.toml" "--no-deps", kill_on_drop: false }`
[INFO] started tweaking git repo https://github.com/nicoburniske/leptos_query
[INFO] finished tweaking git repo https://github.com/nicoburniske/leptos_query
[INFO] tweaked toml for git repo https://github.com/nicoburniske/leptos_query written to /workspace/builds/worker-6-tc1/source/Cargo.toml
[INFO] crate git repo https://github.com/nicoburniske/leptos_query already has a lockfile, it will not be regenerated
[INFO] running `Command { std: CARGO_HOME="/workspace/cargo-home" RUSTUP_HOME="/workspace/rustup-home" "/workspace/cargo-home/bin/cargo" "+1.75.0" "fetch" "--manifest-path" "Cargo.toml", kill_on_drop: false }`
[INFO] [stderr]     Updating crates.io index
[INFO] [stderr]  Downloading crates ...
[INFO] [stderr]   Downloaded inventory v0.3.8
[INFO] running `Command { std: "docker" "create" "-v" "/var/lib/crater-agent-workspace/builds/worker-6-tc1/target:/opt/rustwide/target:rw,Z" "-v" "/var/lib/crater-agent-workspace/builds/worker-6-tc1/source:/opt/rustwide/workdir:ro,Z" "-v" "/var/lib/crater-agent-workspace/cargo-home:/opt/rustwide/cargo-home:ro,Z" "-v" "/var/lib/crater-agent-workspace/rustup-home:/opt/rustwide/rustup-home:ro,Z" "-e" "SOURCE_DIR=/opt/rustwide/workdir" "-e" "CARGO_TARGET_DIR=/opt/rustwide/target" "-e" "CARGO_HOME=/opt/rustwide/cargo-home" "-e" "RUSTUP_HOME=/opt/rustwide/rustup-home" "-w" "/opt/rustwide/workdir" "-m" "1610612736" "--user" "0:0" "--network" "none" "ghcr.io/rust-lang/crates-build-env/linux@sha256:2788e3201cd34a07e3172128adcd8b3090168a8e3bcc40d7c032b9dda1df7d1c" "/opt/rustwide/cargo-home/bin/cargo" "+1.75.0" "metadata" "--no-deps" "--format-version=1", kill_on_drop: false }`
[INFO] [stdout] f2f1633474a877fb802dfe1eea6d1f7ad4b1641271345c6763626d5a0c44173b
[INFO] running `Command { std: "docker" "start" "-a" "f2f1633474a877fb802dfe1eea6d1f7ad4b1641271345c6763626d5a0c44173b", kill_on_drop: false }`
[INFO] running `Command { std: "docker" "inspect" "f2f1633474a877fb802dfe1eea6d1f7ad4b1641271345c6763626d5a0c44173b", kill_on_drop: false }`
[INFO] running `Command { std: "docker" "rm" "-f" "f2f1633474a877fb802dfe1eea6d1f7ad4b1641271345c6763626d5a0c44173b", kill_on_drop: false }`
[INFO] [stdout] f2f1633474a877fb802dfe1eea6d1f7ad4b1641271345c6763626d5a0c44173b
[INFO] running `Command { std: "docker" "create" "-v" "/var/lib/crater-agent-workspace/builds/worker-6-tc1/target:/opt/rustwide/target:rw,Z" "-v" "/var/lib/crater-agent-workspace/builds/worker-6-tc1/source:/opt/rustwide/workdir:ro,Z" "-v" "/var/lib/crater-agent-workspace/cargo-home:/opt/rustwide/cargo-home:ro,Z" "-v" "/var/lib/crater-agent-workspace/rustup-home:/opt/rustwide/rustup-home:ro,Z" "-e" "SOURCE_DIR=/opt/rustwide/workdir" "-e" "CARGO_TARGET_DIR=/opt/rustwide/target" "-e" "CARGO_INCREMENTAL=0" "-e" "RUST_BACKTRACE=full" "-e" "RUSTFLAGS=--cap-lints=warn" "-e" "RUSTDOCFLAGS=--cap-lints=warn" "-e" "CARGO_HOME=/opt/rustwide/cargo-home" "-e" "RUSTUP_HOME=/opt/rustwide/rustup-home" "-w" "/opt/rustwide/workdir" "-m" "1610612736" "--user" "0:0" "--network" "none" "ghcr.io/rust-lang/crates-build-env/linux@sha256:2788e3201cd34a07e3172128adcd8b3090168a8e3bcc40d7c032b9dda1df7d1c" "/opt/rustwide/cargo-home/bin/cargo" "+1.75.0" "build" "--frozen" "--message-format=json", kill_on_drop: false }`
[INFO] [stdout] f54fc5ace866cffbbf24fad5d5eeb7857f6afa7f96ea2c7e4a50c9060000ee0d
[INFO] running `Command { std: "docker" "start" "-a" "f54fc5ace866cffbbf24fad5d5eeb7857f6afa7f96ea2c7e4a50c9060000ee0d", kill_on_drop: false }`
[INFO] [stderr]    Compiling unicode-ident v1.0.10
[INFO] [stderr]    Compiling quote v1.0.29
[INFO] [stderr]    Compiling proc-macro2 v1.0.67
[INFO] [stderr]    Compiling autocfg v1.1.0
[INFO] [stderr]    Compiling version_check v0.9.4
[INFO] [stderr]    Compiling cfg-if v1.0.0
[INFO] [stderr]    Compiling once_cell v1.18.0
[INFO] [stderr]    Compiling memchr v2.5.0
[INFO] [stderr]    Compiling libc v0.2.147
[INFO] [stderr]    Compiling serde v1.0.188
[INFO] [stderr]    Compiling pin-project-lite v0.2.10
[INFO] [stderr]    Compiling futures-core v0.3.28
[INFO] [stderr]    Compiling log v0.4.19
[INFO] [stderr]    Compiling wasm-bindgen-shared v0.2.87
[INFO] [stderr]    Compiling futures-sink v0.3.28
[INFO] [stderr]    Compiling futures-task v0.3.28
[INFO] [stderr]    Compiling syn v1.0.109
[INFO] [stderr]    Compiling futures-channel v0.3.28
[INFO] [stderr]    Compiling futures-util v0.3.28
[INFO] [stderr]    Compiling bumpalo v3.13.0
[INFO] [stderr]    Compiling thiserror v1.0.43
[INFO] [stderr]    Compiling itoa v1.0.8
[INFO] [stderr]    Compiling tracing-core v0.1.31
[INFO] [stderr]    Compiling pin-utils v0.1.0
[INFO] [stderr]    Compiling proc-macro-error-attr v1.0.4
[INFO] [stderr]    Compiling proc-macro-error v1.0.4
[INFO] [stderr]    Compiling slab v0.4.8
[INFO] [stderr]    Compiling smallvec v1.11.0
[INFO] [stderr]    Compiling bytes v1.4.0
[INFO] [stderr]    Compiling futures-io v0.3.28
[INFO] [stderr]    Compiling tokio v1.29.1
[INFO] [stderr]    Compiling wasm-bindgen v0.2.87
[INFO] [stderr]    Compiling indexmap v1.9.3
[INFO] [stderr]    Compiling fnv v1.0.7
[INFO] [stderr]    Compiling percent-encoding v2.3.0
[INFO] [stderr]    Compiling unicode-xid v0.2.4
[INFO] [stderr]    Compiling tinyvec_macros v0.1.1
[INFO] [stderr]    Compiling httparse v1.8.0
[INFO] [stderr]    Compiling tinyvec v1.6.0
[INFO] [stderr]    Compiling hashbrown v0.12.3
[INFO] [stderr]    Compiling ryu v1.0.14
[INFO] [stderr]    Compiling form_urlencoded v1.2.0
[INFO] [stderr]    Compiling lock_api v0.4.10
[INFO] [stderr]    Compiling proc-macro2-diagnostics v0.10.1
[INFO] [stderr]    Compiling try-lock v0.2.4
[INFO] [stderr]    Compiling hashbrown v0.14.0
[INFO] [stderr]    Compiling equivalent v1.0.1
[INFO] [stderr]    Compiling serde_json v1.0.102
[INFO] [stderr]    Compiling parking_lot_core v0.9.8
[INFO] [stderr]    Compiling http v0.2.9
[INFO] [stderr]    Compiling unicode-bidi v0.3.13
[INFO] [stderr]    Compiling xxhash-rust v0.8.6
[INFO] [stderr]    Compiling want v0.3.1
[INFO] [stderr]    Compiling syn v2.0.37
[INFO] [stderr]    Compiling proc-macro-utils v0.8.0
[INFO] [stderr]    Compiling mio v0.8.8
[INFO] [stderr]    Compiling socket2 v0.4.9
[INFO] [stderr]    Compiling slotmap v1.0.6
[INFO] [stderr]    Compiling tower-service v0.3.2
[INFO] [stderr]    Compiling camino v1.1.6
[INFO] [stderr]    Compiling ciborium-io v0.2.1
[INFO] [stderr]    Compiling const_format_proc_macros v0.2.31
[INFO] [stderr]    Compiling indexmap v2.0.0
[INFO] [stderr]    Compiling lazy_static v1.4.0
[INFO] [stderr]    Compiling scopeguard v1.1.0
[INFO] [stderr]    Compiling unicode-normalization v0.1.22
[INFO] [stderr]    Compiling anyhow v1.0.71
[INFO] [stderr]    Compiling either v1.8.1
[INFO] [stderr]    Compiling half v1.8.2
[INFO] [stderr]    Compiling http-body v0.4.5
[INFO] [stderr]    Compiling manyhow-macros v0.8.1
[INFO] [stderr]    Compiling yansi v1.0.0-rc
[INFO] [stderr]    Compiling httpdate v1.0.2
[INFO] [stderr]    Compiling paste v1.0.13
[INFO] [stderr]    Compiling base64 v0.21.2
[INFO] [stderr]    Compiling ciborium-ll v0.2.1
[INFO] [stderr]    Compiling idna v0.4.0
[INFO] [stderr]    Compiling encoding_rs v0.8.32
[INFO] [stderr]    Compiling async-trait v0.1.71
[INFO] [stderr]    Compiling collection_literals v1.0.1
[INFO] [stderr]    Compiling mime v0.3.17
[INFO] [stderr]    Compiling interpolator v0.5.0
[INFO] [stderr]    Compiling same-file v1.0.6
[INFO] [stderr]    Compiling ipnet v2.8.0
[INFO] [stderr]    Compiling prettyplease v0.2.10
[INFO] [stderr]    Compiling utf8-width v0.1.6
[INFO] [stderr]    Compiling html-escape v0.2.13
[INFO] [stderr]    Compiling parking_lot v0.12.1
[INFO] [stderr]    Compiling walkdir v2.3.3
[INFO] [stderr]    Compiling getrandom v0.2.10
[INFO] [stderr]    Compiling aho-corasick v1.0.2
[INFO] [stderr]    Compiling url v2.4.0
[INFO] [stderr]    Compiling rustc-hash v1.1.0
[INFO] [stderr]    Compiling regex-syntax v0.7.4
[INFO] [stderr]    Compiling self_cell v1.0.1
[INFO] [stderr]    Compiling const_format v0.2.31
[INFO] [stderr]    Compiling unicode-segmentation v1.10.1
[INFO] [stderr]    Compiling minimal-lexical v0.2.1
[INFO] [stderr]    Compiling uuid v1.4.0
[INFO] [stderr]    Compiling itertools v0.11.0
[INFO] [stderr]    Compiling pathdiff v0.2.1
[INFO] [stderr]    Compiling nom v7.1.3
[INFO] [stderr]    Compiling itertools v0.10.5
[INFO] [stderr]    Compiling convert_case v0.6.0
[INFO] [stderr]    Compiling inventory v0.3.8
[INFO] [stderr]    Compiling drain_filter_polyfill v0.1.3
[INFO] [stderr]    Compiling pad-adapter v0.1.1
[INFO] [stderr]    Compiling regex-automata v0.3.3
[INFO] [stderr]    Compiling wasm-bindgen-backend v0.2.87
[INFO] [stderr]    Compiling manyhow v0.8.1
[INFO] [stderr]    Compiling wasm-bindgen-macro-support v0.2.87
[INFO] [stderr]    Compiling serde_derive v1.0.188
[INFO] [stderr]    Compiling tracing-attributes v0.1.26
[INFO] [stderr]    Compiling futures-macro v0.3.28
[INFO] [stderr]    Compiling thiserror-impl v1.0.43
[INFO] [stderr]    Compiling derive-where v1.2.1
[INFO] [stderr]    Compiling syn_derive v0.1.6
[INFO] [stderr]    Compiling pin-project-internal v1.1.2
[INFO] [stderr]    Compiling typed-builder-macro v0.18.0
[INFO] [stderr]    Compiling async-recursion v1.0.4
[INFO] [stderr]    Compiling wasm-bindgen-macro v0.2.87
[INFO] [stderr]    Compiling regex v1.9.1
[INFO] [stderr]    Compiling rstml v0.11.0
[INFO] [stderr]    Compiling quote-use v0.7.1
[INFO] [stderr]    Compiling tracing v0.1.37
[INFO] [stderr]    Compiling pin-project v1.1.2
[INFO] [stderr]    Compiling tokio-util v0.7.8
[INFO] [stderr]    Compiling typed-builder v0.18.0
[INFO] [stderr]    Compiling js-sys v0.3.64
[INFO] [stderr]    Compiling attribute-derive-macro v0.8.1
[INFO] [stderr]    Compiling attribute-derive v0.8.1
[INFO] [stderr]    Compiling h2 v0.3.20
[INFO] [stderr]    Compiling futures-executor v0.3.28
[INFO] [stderr]    Compiling futures v0.3.28
[INFO] [stderr]    Compiling wasm-bindgen-futures v0.4.37
[INFO] [stderr]    Compiling web-sys v0.3.64
[INFO] [stderr]    Compiling serde_urlencoded v0.7.1
[INFO] [stderr]    Compiling serde_qs v0.12.0
[INFO] [stderr]    Compiling serde-wasm-bindgen v0.5.0
[INFO] [stderr]    Compiling ciborium v0.2.1
[INFO] [stderr]    Compiling toml v0.5.11
[INFO] [stderr]    Compiling server_fn_macro v0.5.4
[INFO] [stderr]    Compiling leptos_hot_reload v0.5.4
[INFO] [stderr]    Compiling server_fn_macro_default v0.5.4
[INFO] [stderr]    Compiling hyper v0.14.27
[INFO] [stderr]    Compiling leptos_macro v0.5.4
[INFO] [stderr]    Compiling leptos_reactive v0.5.4
[INFO] [stderr]    Compiling config v0.13.3
[INFO] [stderr]    Compiling leptos_config v0.5.4
[INFO] [stderr]    Compiling reqwest v0.11.18
[INFO] [stderr]    Compiling server_fn v0.5.4
[INFO] [stderr]    Compiling leptos_server v0.5.4
[INFO] [stderr]    Compiling leptos_dom v0.5.4
[INFO] [stderr]    Compiling leptos v0.5.4
[INFO] [stderr]    Compiling leptos_query v0.3.0 (/opt/rustwide/workdir)
[INFO] [stderr]     Finished dev [unoptimized + debuginfo] target(s) in 18.93s
[INFO] running `Command { std: "docker" "inspect" "f54fc5ace866cffbbf24fad5d5eeb7857f6afa7f96ea2c7e4a50c9060000ee0d", kill_on_drop: false }`
[INFO] running `Command { std: "docker" "rm" "-f" "f54fc5ace866cffbbf24fad5d5eeb7857f6afa7f96ea2c7e4a50c9060000ee0d", kill_on_drop: false }`
[INFO] [stdout] f54fc5ace866cffbbf24fad5d5eeb7857f6afa7f96ea2c7e4a50c9060000ee0d
[INFO] running `Command { std: "docker" "create" "-v" "/var/lib/crater-agent-workspace/builds/worker-6-tc1/target:/opt/rustwide/target:rw,Z" "-v" "/var/lib/crater-agent-workspace/builds/worker-6-tc1/source:/opt/rustwide/workdir:ro,Z" "-v" "/var/lib/crater-agent-workspace/cargo-home:/opt/rustwide/cargo-home:ro,Z" "-v" "/var/lib/crater-agent-workspace/rustup-home:/opt/rustwide/rustup-home:ro,Z" "-e" "SOURCE_DIR=/opt/rustwide/workdir" "-e" "CARGO_TARGET_DIR=/opt/rustwide/target" "-e" "CARGO_INCREMENTAL=0" "-e" "RUST_BACKTRACE=full" "-e" "RUSTFLAGS=--cap-lints=warn" "-e" "RUSTDOCFLAGS=--cap-lints=warn" "-e" "CARGO_HOME=/opt/rustwide/cargo-home" "-e" "RUSTUP_HOME=/opt/rustwide/rustup-home" "-w" "/opt/rustwide/workdir" "-m" "1610612736" "--user" "0:0" "--network" "none" "ghcr.io/rust-lang/crates-build-env/linux@sha256:2788e3201cd34a07e3172128adcd8b3090168a8e3bcc40d7c032b9dda1df7d1c" "/opt/rustwide/cargo-home/bin/cargo" "+1.75.0" "test" "--frozen" "--no-run" "--message-format=json", kill_on_drop: false }`
[INFO] [stdout] 8dc32219f29542c7f683e008f5fbe6bee201fe6b93c0f3fe0d1448d386457294
[INFO] running `Command { std: "docker" "start" "-a" "8dc32219f29542c7f683e008f5fbe6bee201fe6b93c0f3fe0d1448d386457294", kill_on_drop: false }`
[INFO] [stderr]    Compiling leptos_query v0.3.0 (/opt/rustwide/workdir)
[INFO] [stderr]     Finished test [unoptimized + debuginfo] target(s) in 4.11s
[INFO] running `Command { std: "docker" "inspect" "8dc32219f29542c7f683e008f5fbe6bee201fe6b93c0f3fe0d1448d386457294", kill_on_drop: false }`
[INFO] running `Command { std: "docker" "rm" "-f" "8dc32219f29542c7f683e008f5fbe6bee201fe6b93c0f3fe0d1448d386457294", kill_on_drop: false }`
[INFO] [stdout] 8dc32219f29542c7f683e008f5fbe6bee201fe6b93c0f3fe0d1448d386457294
[INFO] running `Command { std: "docker" "create" "-v" "/var/lib/crater-agent-workspace/builds/worker-6-tc1/target:/opt/rustwide/target:rw,Z" "-v" "/var/lib/crater-agent-workspace/builds/worker-6-tc1/source:/opt/rustwide/workdir:ro,Z" "-v" "/var/lib/crater-agent-workspace/cargo-home:/opt/rustwide/cargo-home:ro,Z" "-v" "/var/lib/crater-agent-workspace/rustup-home:/opt/rustwide/rustup-home:ro,Z" "-e" "SOURCE_DIR=/opt/rustwide/workdir" "-e" "CARGO_TARGET_DIR=/opt/rustwide/target" "-e" "CARGO_INCREMENTAL=0" "-e" "RUST_BACKTRACE=full" "-e" "RUSTFLAGS=--cap-lints=warn" "-e" "RUSTDOCFLAGS=--cap-lints=warn" "-e" "CARGO_HOME=/opt/rustwide/cargo-home" "-e" "RUSTUP_HOME=/opt/rustwide/rustup-home" "-w" "/opt/rustwide/workdir" "-m" "1610612736" "--user" "0:0" "--network" "none" "ghcr.io/rust-lang/crates-build-env/linux@sha256:2788e3201cd34a07e3172128adcd8b3090168a8e3bcc40d7c032b9dda1df7d1c" "/opt/rustwide/cargo-home/bin/cargo" "+1.75.0" "test" "--frozen", kill_on_drop: false }`
[INFO] [stdout] a55d964000b6560584d0051b88456f103d1110e95d29809d4d3cf52b4d9bfadc
[INFO] running `Command { std: "docker" "start" "-a" "a55d964000b6560584d0051b88456f103d1110e95d29809d4d3cf52b4d9bfadc", kill_on_drop: false }`
[INFO] [stderr]     Finished test [unoptimized + debuginfo] target(s) in 0.10s
[INFO] [stderr]      Running unittests src/lib.rs (/opt/rustwide/target/debug/deps/leptos_query-33947f036eb5e083)
[INFO] [stdout] 
[INFO] [stdout] running 8 tests
[INFO] [stdout] test query_client::tests::can_invalidate_multiple ... ok
[INFO] [stdout] test query_client::tests::can_invalidate_multiple_strings ... ok
[INFO] [stdout] test query_client::tests::can_use_same_key_with_different_value_types ... ok
[INFO] [stdout] test query_client::tests::can_invalidate_while_subscribed ... ok
[INFO] [stdout] test query_client::tests::can_invalidate_subset ... ok
[INFO] [stdout] test query_client::tests::set_query_data ... ok
[INFO] [stdout] test query_client::tests::prefetch_loads_data ... ok
[INFO] [stdout] test query_client::tests::invalidate_all ... ok
[INFO] [stdout] 
[INFO] [stdout] test result: ok. 8 passed; 0 failed; 0 ignored; 0 measured; 0 filtered out; finished in 0.00s
[INFO] [stdout] 
[INFO] [stderr]    Doc-tests leptos_query
[INFO] [stdout] 
[INFO] [stdout] running 11 tests
[INFO] [stdout] test src/query_client.rs - query_client::QueryClient::invalidate_query_type (line 271) ... FAILED
[INFO] [stdout] test src/query_client.rs - query_client::QueryClient::invalidate_query (line 214) ... FAILED
[INFO] [stdout] test src/query_client.rs - query_client::QueryClient::set_query_data (line 347) ... FAILED
[INFO] [stdout] test src/query_client.rs - query_client::QueryClient::invalidate_queries (line 237) ... FAILED
[INFO] [stdout] test src/query_executor.rs - query_executor::suppress_query_load (line 26) ... FAILED
[INFO] [stdout] test src/lib.rs - (line 76) ... FAILED
[INFO] [stdout] test src/lib.rs - (line 40) ... FAILED
[INFO] [stdout] test src/use_query.rs - use_query::use_query (line 24) ... FAILED
[INFO] [stdout] test src/lib.rs - (line 25) ... ok
[INFO] [stdout] test src/query_client.rs - query_client::QueryClient::invalidate_all_queries (line 298) ... FAILED
[INFO] [stdout] test src/query_client.rs - query_client::QueryClient::size (line 317) ... FAILED
[INFO] [stdout] 
[INFO] [stdout] failures:
[INFO] [stdout] 
[INFO] [stdout] ---- src/query_client.rs - query_client::QueryClient::invalidate_query_type (line 271) stdout ----
[INFO] [stdout] error[E0412]: cannot find type `Monkey` in this scope
[INFO] [stdout]  --> src/query_client.rs:277:40
[INFO] [stdout]   |
[INFO] [stdout] 9 | client.invalidate_query_type::<String, Monkey>();
[INFO] [stdout]   |                                        ^^^^^^ not found in this scope
[INFO] [stdout]   |
[INFO] [stdout] help: you might be missing a type parameter
[INFO] [stdout]   |
[INFO] [stdout] 4 | fn main() { #[allow(non_snake_case)] fn _doctest_main_src_query_client_rs_271_0<Monkey>() {
[INFO] [stdout]   |                                                                                ++++++++
[INFO] [stdout] 
[INFO] [stdout] error: aborting due to previous error
[INFO] [stdout] 
[INFO] [stdout] For more information about this error, try `rustc --explain E0412`.
[INFO] [stdout] Couldn't compile the test.
[INFO] [stdout] ---- src/query_client.rs - query_client::QueryClient::invalidate_query (line 214) stdout ----
[INFO] [stdout] error[E0425]: cannot find function `use_query_client` in this scope
[INFO] [stdout]  --> src/query_client.rs:215:14
[INFO] [stdout]   |
[INFO] [stdout] 3 | let client = use_query_client();
[INFO] [stdout]   |              ^^^^^^^^^^^^^^^^ not found in this scope
[INFO] [stdout]   |
[INFO] [stdout] help: consider importing this function
[INFO] [stdout]   |
[INFO] [stdout] 2 + use leptos_query::use_query_client;
[INFO] [stdout]   |
[INFO] [stdout] 
[INFO] [stdout] error: aborting due to previous error
[INFO] [stdout] 
[INFO] [stdout] For more information about this error, try `rustc --explain E0425`.
[INFO] [stdout] Couldn't compile the test.
[INFO] [stdout] ---- src/query_client.rs - query_client::QueryClient::set_query_data (line 347) stdout ----
[INFO] [stdout] error[E0412]: cannot find type `Monkey` in this scope
[INFO] [stdout]  --> src/query_client.rs:353:17
[INFO] [stdout]   |
[INFO] [stdout] 9 | let new_monkey: Monkey = todo!();
[INFO] [stdout]   |                 ^^^^^^ not found in this scope
[INFO] [stdout] 
[INFO] [stdout] error[E0412]: cannot find type `Monkey` in this scope
[INFO] [stdout]   --> src/query_client.rs:356:30
[INFO] [stdout]    |
[INFO] [stdout] 12 | client.set_query_data::<u32, Monkey>(1, |_| Some(new_monkey));
[INFO] [stdout]    |                              ^^^^^^ not found in this scope
[INFO] [stdout]    |
[INFO] [stdout] help: you might be missing a type parameter
[INFO] [stdout]    |
[INFO] [stdout] 4  | fn main() { #[allow(non_snake_case)] fn _doctest_main_src_query_client_rs_347_0<Monkey>() {
[INFO] [stdout]    |                                                                                ++++++++
[INFO] [stdout] 
[INFO] [stdout] error[E0412]: cannot find type `Monkey` in this scope
[INFO] [stdout]   --> src/query_client.rs:359:30
[INFO] [stdout]    |
[INFO] [stdout] 15 | client.set_query_data::<u32, Monkey>(1, |maybe_monkey| {
[INFO] [stdout]    |                              ^^^^^^ not found in this scope
[INFO] [stdout]    |
[INFO] [stdout] help: you might be missing a type parameter
[INFO] [stdout]    |
[INFO] [stdout] 4  | fn main() { #[allow(non_snake_case)] fn _doctest_main_src_query_client_rs_347_0<Monkey>() {
[INFO] [stdout]    |                                                                                ++++++++
[INFO] [stdout] 
[INFO] [stdout] error: aborting due to 3 previous errors
[INFO] [stdout] 
[INFO] [stdout] For more information about this error, try `rustc --explain E0412`.
[INFO] [stdout] Couldn't compile the test.
[INFO] [stdout] ---- src/query_client.rs - query_client::QueryClient::invalidate_queries (line 237) stdout ----
[INFO] [stdout] error: expected `;`, found `}`
[INFO] [stdout]  --> src/query_client.rs:240:65
[INFO] [stdout]   |
[INFO] [stdout] 5 | let invalidated = client.invalidate_queries::<u32, u32, _>(keys)
[INFO] [stdout]   |                                                                 ^ help: add `;` here
[INFO] [stdout] 6 | } _doctest_main_src_query_client_rs_237_0() }
[INFO] [stdout]   | - unexpected token
[INFO] [stdout] 
[INFO] [stdout] error[E0425]: cannot find function `use_query_client` in this scope
[INFO] [stdout]  --> src/query_client.rs:238:14
[INFO] [stdout]   |
[INFO] [stdout] 3 | let client = use_query_client();
[INFO] [stdout]   |              ^^^^^^^^^^^^^^^^ not found in this scope
[INFO] [stdout]   |
[INFO] [stdout] help: consider importing this function
[INFO] [stdout]   |
[INFO] [stdout] 2 + use leptos_query::use_query_client;
[INFO] [stdout]   |
[INFO] [stdout] 
[INFO] [stdout] error: aborting due to 2 previous errors
[INFO] [stdout] 
[INFO] [stdout] For more information about this error, try `rustc --explain E0425`.
[INFO] [stdout] Couldn't compile the test.
[INFO] [stdout] ---- src/query_executor.rs - query_executor::suppress_query_load (line 26) stdout ----
[INFO] [stdout] error: cannot find macro `view` in this scope
[INFO] [stdout]  --> src/query_executor.rs:31:37
[INFO] [stdout]   |
[INFO] [stdout] 8 | leptos_axum::generate_route_list(|| view! { <App/> }).await;
[INFO] [stdout]   |                                     ^^^^
[INFO] [stdout]   |
[INFO] [stdout] help: consider importing this macro
[INFO] [stdout]   |
[INFO] [stdout] 3 + use leptos::view;
[INFO] [stdout]   |
[INFO] [stdout] 
[INFO] [stdout] error[E0728]: `await` is only allowed inside `async` functions and blocks
[INFO] [stdout]  --> src/query_executor.rs:31:55
[INFO] [stdout]   |
[INFO] [stdout] 5 | fn main() { #[allow(non_snake_case)] fn _doctest_main_src_query_executor_rs_26_0() {
[INFO] [stdout]   |                                         ---------------------------------------- this is not `async`
[INFO] [stdout] ...
[INFO] [stdout] 8 | leptos_axum::generate_route_list(|| view! { <App/> }).await;
[INFO] [stdout]   |                                                       ^^^^^ only allowed inside `async` functions and blocks
[INFO] [stdout] 
[INFO] [stdout] error[E0433]: failed to resolve: use of undeclared crate or module `leptos_axum`
[INFO] [stdout]  --> src/query_executor.rs:31:1
[INFO] [stdout]   |
[INFO] [stdout] 8 | leptos_axum::generate_route_list(|| view! { <App/> }).await;
[INFO] [stdout]   | ^^^^^^^^^^^ use of undeclared crate or module `leptos_axum`
[INFO] [stdout] 
[INFO] [stdout] error: aborting due to 3 previous errors
[INFO] [stdout] 
[INFO] [stdout] Some errors have detailed explanations: E0433, E0728.
[INFO] [stdout] For more information about an error, try `rustc --explain E0433`.
[INFO] [stdout] Couldn't compile the test.
[INFO] [stdout] ---- src/lib.rs - (line 76) stdout ----
[INFO] [stdout] error: cannot find attribute `component` in this scope
[INFO] [stdout]  --> src/lib.rs:78:3
[INFO] [stdout]   |
[INFO] [stdout] 4 | #[component]
[INFO] [stdout]   |   ^^^^^^^^^
[INFO] [stdout]   |
[INFO] [stdout] help: consider importing this attribute macro
[INFO] [stdout]   |
[INFO] [stdout] 3 + use leptos::component;
[INFO] [stdout]   |
[INFO] [stdout] 
[INFO] [stdout] error: cannot find macro `view` in this scope
[INFO] [stdout]   --> src/lib.rs:88:5
[INFO] [stdout]    |
[INFO] [stdout] 14 |     view! {
[INFO] [stdout]    |     ^^^^
[INFO] [stdout]    |
[INFO] [stdout] help: consider importing this macro
[INFO] [stdout]    |
[INFO] [stdout] 3  + use leptos::view;
[INFO] [stdout]    |
[INFO] [stdout] 
[INFO] [stdout] error[E0405]: cannot find trait `IntoView` in this scope
[INFO] [stdout]  --> src/lib.rs:79:35
[INFO] [stdout]   |
[INFO] [stdout] 5 | fn MonkeyView(id: String) -> impl IntoView {
[INFO] [stdout]   |                                   ^^^^^^^^ not found in this scope
[INFO] [stdout]   |
[INFO] [stdout] help: consider importing this trait
[INFO] [stdout]   |
[INFO] [stdout] 3 + use leptos::IntoView;
[INFO] [stdout]   |
[INFO] [stdout] 
[INFO] [stdout] error[E0422]: cannot find struct, variant or union type `QueryResult` in this scope
[INFO] [stdout]  --> src/lib.rs:80:9
[INFO] [stdout]   |
[INFO] [stdout] 6 |     let QueryResult {
[INFO] [stdout]   |         ^^^^^^^^^^^ not found in this scope
[INFO] [stdout]   |
[INFO] [stdout] help: consider importing this struct
[INFO] [stdout]   |
[INFO] [stdout] 3 + use leptos_query::QueryResult;
[INFO] [stdout]   |
[INFO] [stdout] 
[INFO] [stdout] error[E0425]: cannot find function `use_monkey_query` in this scope
[INFO] [stdout]   --> src/lib.rs:86:9
[INFO] [stdout]    |
[INFO] [stdout] 12 |     } = use_monkey_query(move || id.clone());
[INFO] [stdout]    |         ^^^^^^^^^^^^^^^^ not found in this scope
[INFO] [stdout] 
[INFO] [stdout] error: aborting due to 5 previous errors
[INFO] [stdout] 
[INFO] [stdout] Some errors have detailed explanations: E0405, E0422, E0425.
[INFO] [stdout] For more information about an error, try `rustc --explain E0405`.
[INFO] [stdout] Couldn't compile the test.
[INFO] [stdout] ---- src/lib.rs - (line 40) stdout ----
[INFO] [stdout] error[E0432]: unresolved import `serde`
[INFO] [stdout]  --> src/lib.rs:45:5
[INFO] [stdout]   |
[INFO] [stdout] 8 | use serde::*;
[INFO] [stdout]   |     ^^^^^ use of undeclared crate or module `serde`
[INFO] [stdout] 
[INFO] [stdout] error: cannot find derive macro `Deserialize` in this scope
[INFO] [stdout]   --> src/lib.rs:48:17
[INFO] [stdout]    |
[INFO] [stdout] 11 | #[derive(Clone, Deserialize, Serialize)]
[INFO] [stdout]    |                 ^^^^^^^^^^^
[INFO] [stdout] 
[INFO] [stdout] error: cannot find derive macro `Serialize` in this scope
[INFO] [stdout]   --> src/lib.rs:48:30
[INFO] [stdout]    |
[INFO] [stdout] 11 | #[derive(Clone, Deserialize, Serialize)]
[INFO] [stdout]    |                              ^^^^^^^^^
[INFO] [stdout] 
[INFO] [stdout] error[E0277]: the trait bound `Monkey: leptos::server_fn::serde::Serialize` is not satisfied
[INFO] [stdout]   --> src/lib.rs:63:9
[INFO] [stdout]    |
[INFO] [stdout] 23 |       leptos_query::use_query(
[INFO] [stdout]    |       ----------------------- required by a bound introduced by this call
[INFO] [stdout] ...
[INFO] [stdout] 26 | /         QueryOptions {
[INFO] [stdout] 27 | |             default_value: None,
[INFO] [stdout] 28 | |             refetch_interval: None,
[INFO] [stdout] 29 | |             resource_option: ResourceOption::NonBlocking,
[INFO] [stdout] 30 | |             stale_time: Some(Duration::from_secs(5)),
[INFO] [stdout] 31 | |             cache_time: Some(Duration::from_secs(60)),
[INFO] [stdout] 32 | |         },
[INFO] [stdout]    | |_________^ the trait `leptos::server_fn::serde::Serialize` is not implemented for `Monkey`
[INFO] [stdout]    |
[INFO] [stdout]    = help: the following other types implement trait `leptos::server_fn::serde::Serialize`:
[INFO] [stdout]              bool
[INFO] [stdout]              char
[INFO] [stdout]              isize
[INFO] [stdout]              i8
[INFO] [stdout]              i16
[INFO] [stdout]              i32
[INFO] [stdout]              i64
[INFO] [stdout]              i128
[INFO] [stdout]            and 161 others
[INFO] [stdout]    = note: required for `Monkey` to implement `Serializable`
[INFO] [stdout] note: required by a bound in `use_query`
[INFO] [stdout]   --> /opt/rustwide/workdir/src/use_query.rs:65:16
[INFO] [stdout]    |
[INFO] [stdout] 58 | pub fn use_query<K, V, Fu>(
[INFO] [stdout]    |        --------- required by a bound in this function
[INFO] [stdout] ...
[INFO] [stdout] 65 |     V: Clone + Serializable + 'static,
[INFO] [stdout]    |                ^^^^^^^^^^^^ required by this bound in `use_query`
[INFO] [stdout] 
[INFO] [stdout] error[E0277]: the trait bound `for<'de> Monkey: leptos::server_fn::serde::Deserialize<'de>` is not satisfied
[INFO] [stdout]   --> src/lib.rs:63:9
[INFO] [stdout]    |
[INFO] [stdout] 23 |       leptos_query::use_query(
[INFO] [stdout]    |       ----------------------- required by a bound introduced by this call
[INFO] [stdout] ...
[INFO] [stdout] 26 | /         QueryOptions {
[INFO] [stdout] 27 | |             default_value: None,
[INFO] [stdout] 28 | |             refetch_interval: None,
[INFO] [stdout] 29 | |             resource_option: ResourceOption::NonBlocking,
[INFO] [stdout] 30 | |             stale_time: Some(Duration::from_secs(5)),
[INFO] [stdout] 31 | |             cache_time: Some(Duration::from_secs(60)),
[INFO] [stdout] 32 | |         },
[INFO] [stdout]    | |_________^ the trait `for<'de> leptos::server_fn::serde::Deserialize<'de>` is not implemented for `Monkey`
[INFO] [stdout]    |
[INFO] [stdout]    = help: the following other types implement trait `leptos::server_fn::serde::Deserialize<'de>`:
[INFO] [stdout]              <bool as leptos::server_fn::serde::Deserialize<'de>>
[INFO] [stdout]              <char as leptos::server_fn::serde::Deserialize<'de>>
[INFO] [stdout]              <isize as leptos::server_fn::serde::Deserialize<'de>>
[INFO] [stdout]              <i8 as leptos::server_fn::serde::Deserialize<'de>>
[INFO] [stdout]              <i16 as leptos::server_fn::serde::Deserialize<'de>>
[INFO] [stdout]              <i32 as leptos::server_fn::serde::Deserialize<'de>>
[INFO] [stdout]              <i64 as leptos::server_fn::serde::Deserialize<'de>>
[INFO] [stdout]              <i128 as leptos::server_fn::serde::Deserialize<'de>>
[INFO] [stdout]            and 161 others
[INFO] [stdout]    = note: required for `Monkey` to implement `DeserializeOwned`
[INFO] [stdout]    = note: required for `Monkey` to implement `Serializable`
[INFO] [stdout] note: required by a bound in `use_query`
[INFO] [stdout]   --> /opt/rustwide/workdir/src/use_query.rs:65:16
[INFO] [stdout]    |
[INFO] [stdout] 58 | pub fn use_query<K, V, Fu>(
[INFO] [stdout]    |        --------- required by a bound in this function
[INFO] [stdout] ...
[INFO] [stdout] 65 |     V: Clone + Serializable + 'static,
[INFO] [stdout]    |                ^^^^^^^^^^^^ required by this bound in `use_query`
[INFO] [stdout] 
[INFO] [stdout] error: aborting due to 5 previous errors
[INFO] [stdout] 
[INFO] [stdout] Some errors have detailed explanations: E0277, E0432.
[INFO] [stdout] For more information about an error, try `rustc --explain E0277`.
[INFO] [stdout] Couldn't compile the test.
[INFO] [stdout] ---- src/use_query.rs - use_query::use_query (line 24) stdout ----
[INFO] [stdout] error[E0432]: unresolved import `serde`
[INFO] [stdout]  --> src/use_query.rs:29:5
[INFO] [stdout]   |
[INFO] [stdout] 8 | use serde::*;
[INFO] [stdout]   |     ^^^^^ use of undeclared crate or module `serde`
[INFO] [stdout] 
[INFO] [stdout] error: cannot find derive macro `Deserialize` in this scope
[INFO] [stdout]   --> src/use_query.rs:32:17
[INFO] [stdout]    |
[INFO] [stdout] 11 | #[derive(Clone, Deserialize, Serialize)]
[INFO] [stdout]    |                 ^^^^^^^^^^^
[INFO] [stdout] 
[INFO] [stdout] error: cannot find derive macro `Serialize` in this scope
[INFO] [stdout]   --> src/use_query.rs:32:30
[INFO] [stdout]    |
[INFO] [stdout] 11 | #[derive(Clone, Deserialize, Serialize)]
[INFO] [stdout]    |                              ^^^^^^^^^
[INFO] [stdout] 
[INFO] [stdout] error[E0277]: the trait bound `Monkey: leptos::server_fn::serde::Serialize` is not satisfied
[INFO] [stdout]   --> src/use_query.rs:47:9
[INFO] [stdout]    |
[INFO] [stdout] 23 |       leptos_query::use_query(
[INFO] [stdout]    |       ----------------------- required by a bound introduced by this call
[INFO] [stdout] ...
[INFO] [stdout] 26 | /         QueryOptions {
[INFO] [stdout] 27 | |             default_value: None,
[INFO] [stdout] 28 | |             refetch_interval: None,
[INFO] [stdout] 29 | |             resource_option: ResourceOption::NonBlocking,
[INFO] [stdout] 30 | |             stale_time: Some(Duration::from_secs(5)),
[INFO] [stdout] 31 | |             cache_time: Some(Duration::from_secs(60)),
[INFO] [stdout] 32 | |         },
[INFO] [stdout]    | |_________^ the trait `leptos::server_fn::serde::Serialize` is not implemented for `Monkey`
[INFO] [stdout]    |
[INFO] [stdout]    = help: the following other types implement trait `leptos::server_fn::serde::Serialize`:
[INFO] [stdout]              bool
[INFO] [stdout]              char
[INFO] [stdout]              isize
[INFO] [stdout]              i8
[INFO] [stdout]              i16
[INFO] [stdout]              i32
[INFO] [stdout]              i64
[INFO] [stdout]              i128
[INFO] [stdout]            and 161 others
[INFO] [stdout]    = note: required for `Monkey` to implement `Serializable`
[INFO] [stdout] note: required by a bound in `use_query`
[INFO] [stdout]   --> /opt/rustwide/workdir/src/use_query.rs:65:16
[INFO] [stdout]    |
[INFO] [stdout] 58 | pub fn use_query<K, V, Fu>(
[INFO] [stdout]    |        --------- required by a bound in this function
[INFO] [stdout] ...
[INFO] [stdout] 65 |     V: Clone + Serializable + 'static,
[INFO] [stdout]    |                ^^^^^^^^^^^^ required by this bound in `use_query`
[INFO] [stdout] 
[INFO] [stdout] error[E0277]: the trait bound `for<'de> Monkey: leptos::server_fn::serde::Deserialize<'de>` is not satisfied
[INFO] [stdout]   --> src/use_query.rs:47:9
[INFO] [stdout]    |
[INFO] [stdout] 23 |       leptos_query::use_query(
[INFO] [stdout]    |       ----------------------- required by a bound introduced by this call
[INFO] [stdout] ...
[INFO] [stdout] 26 | /         QueryOptions {
[INFO] [stdout] 27 | |             default_value: None,
[INFO] [stdout] 28 | |             refetch_interval: None,
[INFO] [stdout] 29 | |             resource_option: ResourceOption::NonBlocking,
[INFO] [stdout] 30 | |             stale_time: Some(Duration::from_secs(5)),
[INFO] [stdout] 31 | |             cache_time: Some(Duration::from_secs(60)),
[INFO] [stdout] 32 | |         },
[INFO] [stdout]    | |_________^ the trait `for<'de> leptos::server_fn::serde::Deserialize<'de>` is not implemented for `Monkey`
[INFO] [stdout]    |
[INFO] [stdout]    = help: the following other types implement trait `leptos::server_fn::serde::Deserialize<'de>`:
[INFO] [stdout]              <bool as leptos::server_fn::serde::Deserialize<'de>>
[INFO] [stdout]              <char as leptos::server_fn::serde::Deserialize<'de>>
[INFO] [stdout]              <isize as leptos::server_fn::serde::Deserialize<'de>>
[INFO] [stdout]              <i8 as leptos::server_fn::serde::Deserialize<'de>>
[INFO] [stdout]              <i16 as leptos::server_fn::serde::Deserialize<'de>>
[INFO] [stdout]              <i32 as leptos::server_fn::serde::Deserialize<'de>>
[INFO] [stdout]              <i64 as leptos::server_fn::serde::Deserialize<'de>>
[INFO] [stdout]              <i128 as leptos::server_fn::serde::Deserialize<'de>>
[INFO] [stdout]            and 161 others
[INFO] [stdout]    = note: required for `Monkey` to implement `DeserializeOwned`
[INFO] [stdout]    = note: required for `Monkey` to implement `Serializable`
[INFO] [stdout] note: required by a bound in `use_query`
[INFO] [stdout]   --> /opt/rustwide/workdir/src/use_query.rs:65:16
[INFO] [stdout]    |
[INFO] [stdout] 58 | pub fn use_query<K, V, Fu>(
[INFO] [stdout]    |        --------- required by a bound in this function
[INFO] [stdout] ...
[INFO] [stdout] 65 |     V: Clone + Serializable + 'static,
[INFO] [stdout]    |                ^^^^^^^^^^^^ required by this bound in `use_query`
[INFO] [stdout] 
[INFO] [stdout] error: aborting due to 5 previous errors
[INFO] [stdout] 
[INFO] [stdout] Some errors have detailed explanations: E0277, E0432.
[INFO] [stdout] For more information about an error, try `rustc --explain E0277`.
[INFO] [stdout] Couldn't compile the test.
[INFO] [stdout] ---- src/query_client.rs - query_client::QueryClient::invalidate_all_queries (line 298) stdout ----
[INFO] [stdout] Test executable failed (exit status: 101).
[INFO] [stdout] 
[INFO] [stdout] stderr:
[INFO] [stdout] thread 'main' panicked at src/query_client.rs:26:34:
[INFO] [stdout] Query Client Missing.
[INFO] [stdout] stack backtrace:
[INFO] [stdout]    0:     0x56334b7f3f5c - std::backtrace_rs::backtrace::libunwind::trace::ha637c64ce894333a
[INFO] [stdout]                                at /rustc/82e1608dfa6e0b5569232559e3d385fea5a93112/library/std/src/../../backtrace/src/backtrace/libunwind.rs:104:5
[INFO] [stdout]    1:     0x56334b7f3f5c - std::backtrace_rs::backtrace::trace_unsynchronized::h47f62dea28e0c88d
[INFO] [stdout]                                at /rustc/82e1608dfa6e0b5569232559e3d385fea5a93112/library/std/src/../../backtrace/src/backtrace/mod.rs:66:5
[INFO] [stdout]    2:     0x56334b7f3f5c - std::sys_common::backtrace::_print_fmt::h9eef0abe20ede486
[INFO] [stdout]                                at /rustc/82e1608dfa6e0b5569232559e3d385fea5a93112/library/std/src/sys_common/backtrace.rs:67:5
[INFO] [stdout]    3:     0x56334b7f3f5c - <std::sys_common::backtrace::_print::DisplayBacktrace as core::fmt::Display>::fmt::hed7f999df88cc644
[INFO] [stdout]                                at /rustc/82e1608dfa6e0b5569232559e3d385fea5a93112/library/std/src/sys_common/backtrace.rs:44:22
[INFO] [stdout]    4:     0x56334b813cd0 - core::fmt::rt::Argument::fmt::h1539a9308b8d058d
[INFO] [stdout]                                at /rustc/82e1608dfa6e0b5569232559e3d385fea5a93112/library/core/src/fmt/rt.rs:142:9
[INFO] [stdout]    5:     0x56334b813cd0 - core::fmt::write::h3a39390d8560d9c9
[INFO] [stdout]                                at /rustc/82e1608dfa6e0b5569232559e3d385fea5a93112/library/core/src/fmt/mod.rs:1120:17
[INFO] [stdout]    6:     0x56334b7f237f - std::io::Write::write_fmt::h5fc9997dfe05f882
[INFO] [stdout]                                at /rustc/82e1608dfa6e0b5569232559e3d385fea5a93112/library/std/src/io/mod.rs:1762:15
[INFO] [stdout]    7:     0x56334b7f3d44 - std::sys_common::backtrace::_print::h894006fb5c6f3d45
[INFO] [stdout]                                at /rustc/82e1608dfa6e0b5569232559e3d385fea5a93112/library/std/src/sys_common/backtrace.rs:47:5
[INFO] [stdout]    8:     0x56334b7f3d44 - std::sys_common::backtrace::print::h23a2d212c6fff936
[INFO] [stdout]                                at /rustc/82e1608dfa6e0b5569232559e3d385fea5a93112/library/std/src/sys_common/backtrace.rs:34:9
[INFO] [stdout]    9:     0x56334b7f5257 - std::panicking::default_hook::{{closure}}::h8a1d2ee00185001a
[INFO] [stdout]   10:     0x56334b7f4fbf - std::panicking::default_hook::h6038f2eba384e475
[INFO] [stdout]                                at /rustc/82e1608dfa6e0b5569232559e3d385fea5a93112/library/std/src/panicking.rs:292:9
[INFO] [stdout]   11:     0x56334b7f56d8 - std::panicking::rust_panic_with_hook::h2b5517d590cab22e
[INFO] [stdout]                                at /rustc/82e1608dfa6e0b5569232559e3d385fea5a93112/library/std/src/panicking.rs:779:13
[INFO] [stdout]   12:     0x56334b7f55be - std::panicking::begin_panic_handler::{{closure}}::h233112c06e0ef43e
[INFO] [stdout]                                at /rustc/82e1608dfa6e0b5569232559e3d385fea5a93112/library/std/src/panicking.rs:657:13
[INFO] [stdout]   13:     0x56334b7f4426 - std::sys_common::backtrace::__rust_end_short_backtrace::h6e893f24d7ebbff8
[INFO] [stdout]                                at /rustc/82e1608dfa6e0b5569232559e3d385fea5a93112/library/std/src/sys_common/backtrace.rs:170:18
[INFO] [stdout]   14:     0x56334b7f5322 - rust_begin_unwind
[INFO] [stdout]                                at /rustc/82e1608dfa6e0b5569232559e3d385fea5a93112/library/std/src/panicking.rs:645:5
[INFO] [stdout]   15:     0x56334b7b4eb5 - core::panicking::panic_fmt::hbf0e066aabfa482c
[INFO] [stdout]                                at /rustc/82e1608dfa6e0b5569232559e3d385fea5a93112/library/core/src/panicking.rs:72:14
[INFO] [stdout]   16:     0x56334b7b4e73 - core::panicking::panic_display::h68e6012a1c287ca5
[INFO] [stdout]                                at /rustc/82e1608dfa6e0b5569232559e3d385fea5a93112/library/core/src/panicking.rs:178:5
[INFO] [stdout]   17:     0x56334b7b4e73 - core::panicking::panic_str::h1ca8e3b0d2d70f80
[INFO] [stdout]                                at /rustc/82e1608dfa6e0b5569232559e3d385fea5a93112/library/core/src/panicking.rs:152:5
[INFO] [stdout]   18:     0x56334b7b4e73 - core::option::expect_failed::h1ae4bac6b7606972
[INFO] [stdout]                                at /rustc/82e1608dfa6e0b5569232559e3d385fea5a93112/library/core/src/option.rs:1985:5
[INFO] [stdout]   19:     0x56334b7b8e18 - core::option::Option<T>::expect::hc428202d49fb919e
[INFO] [stdout]                                at /rustc/82e1608dfa6e0b5569232559e3d385fea5a93112/library/core/src/option.rs:894:21
[INFO] [stdout]   20:     0x56334b7b6a8c - leptos_query::query_client::use_query_client::h317393a039468590
[INFO] [stdout]                                at /opt/rustwide/workdir/src/query_client.rs:26:5
[INFO] [stdout]   21:     0x56334b7b58a6 - encoding_rs::gb18030::Gb18030Decoder::decode_to_utf8_raw::h9a80d10d6ae8ff7c
[INFO] [stdout]                                at /opt/rustwide/cargo-home/registry/src/index.crates.io-6f17d22bba15001f/encoding_rs-0.8.32/src/macros.rs:485:44
[INFO] [stdout]   22:     0x56334b7b5886 - encoding_rs::gb18030::Gb18030Decoder::decode_to_utf8_raw::h9a80d10d6ae8ff7c
[INFO] [stdout]                                at /opt/rustwide/cargo-home/registry/src/index.crates.io-6f17d22bba15001f/encoding_rs-0.8.32/src/handles.rs:931:9
[INFO] [stdout]   23:     0x56334b7b5813 - encoding_rs::gb18030::Gb18030Decoder::decode_to_utf8_raw::h9a80d10d6ae8ff7c
[INFO] [stdout]                                at /opt/rustwide/cargo-home/registry/src/index.crates.io-6f17d22bba15001f/encoding_rs-0.8.32/src/macros.rs:576:49
[INFO] [stdout]   24:     0x56334b7b5796 - encoding_rs::gb18030::Gb18030Decoder::decode_to_utf8_raw::h9a80d10d6ae8ff7c
[INFO] [stdout]                                at /opt/rustwide/cargo-home/registry/src/index.crates.io-6f17d22bba15001f/encoding_rs-0.8.32/src/handles.rs:937:14
[INFO] [stdout]   25:     0x56334b7b57e9 - encoding_rs::gb18030::Gb18030Decoder::decode_to_utf8_raw::h9a80d10d6ae8ff7c
[INFO] [stdout]                                at /opt/rustwide/cargo-home/registry/src/index.crates.io-6f17d22bba15001f/encoding_rs-0.8.32/src/handles.rs:943:9
[INFO] [stdout]   26:     0x56334b7efcf7 - core::ops::function::impls::<impl core::ops::function::FnOnce<A> for &F>::call_once::hd95060ecd5e1ca24
[INFO] [stdout]                                at /rustc/82e1608dfa6e0b5569232559e3d385fea5a93112/library/core/src/ops/function.rs:284:13
[INFO] [stdout]   27:     0x56334b7efcf7 - std::panicking::try::do_call::h6e8cf51db32a6e4b
[INFO] [stdout]                                at /rustc/82e1608dfa6e0b5569232559e3d385fea5a93112/library/std/src/panicking.rs:552:40
[INFO] [stdout]   28:     0x56334b7efcf7 - std::panicking::try::h3a52eefe24fe3c29
[INFO] [stdout]                                at /rustc/82e1608dfa6e0b5569232559e3d385fea5a93112/library/std/src/panicking.rs:516:19
[INFO] [stdout]   29:     0x56334b7efcf7 - std::panic::catch_unwind::h24c28c23c02c3841
[INFO] [stdout]                                at /rustc/82e1608dfa6e0b5569232559e3d385fea5a93112/library/std/src/panic.rs:142:14
[INFO] [stdout]   30:     0x56334b7efcf7 - std::rt::lang_start_internal::{{closure}}::h705d3c9cbc06ef47
[INFO] [stdout]                                at /rustc/82e1608dfa6e0b5569232559e3d385fea5a93112/library/std/src/rt.rs:148:48
[INFO] [stdout]   31:     0x56334b7efcf7 - std::panicking::try::do_call::ha21f52ba13158470
[INFO] [stdout]                                at /rustc/82e1608dfa6e0b5569232559e3d385fea5a93112/library/std/src/panicking.rs:552:40
[INFO] [stdout]   32:     0x56334b7efcf7 - std::panicking::try::h5581346bf6aeb1f8
[INFO] [stdout]                                at /rustc/82e1608dfa6e0b5569232559e3d385fea5a93112/library/std/src/panicking.rs:516:19
[INFO] [stdout]   33:     0x56334b7efcf7 - std::panic::catch_unwind::h7919645a6b72e25b
[INFO] [stdout]                                at /rustc/82e1608dfa6e0b5569232559e3d385fea5a93112/library/std/src/panic.rs:142:14
[INFO] [stdout]   34:     0x56334b7efcf7 - std::rt::lang_start_internal::h12de51168669836e
[INFO] [stdout]                                at /rustc/82e1608dfa6e0b5569232559e3d385fea5a93112/library/std/src/rt.rs:148:20
[INFO] [stdout]   35:     0x56334b7b57c7 - encoding_rs::gb18030::Gb18030Decoder::decode_to_utf8_raw::h9a80d10d6ae8ff7c
[INFO] [stdout]                                at /opt/rustwide/cargo-home/registry/src/index.crates.io-6f17d22bba15001f/encoding_rs-0.8.32/src/handles.rs:939:9
[INFO] [stdout]   36:     0x56334b7b5915 - encoding_rs::gb18030::Gb18030Decoder::decode_to_utf8_raw::h9a80d10d6ae8ff7c
[INFO] [stdout]                                at /opt/rustwide/cargo-home/registry/src/index.crates.io-6f17d22bba15001f/encoding_rs-0.8.32/src/macros.rs:480:48
[INFO] [stdout]   37:     0x7f15fa474d90 - <unknown>
[INFO] [stdout]   38:     0x7f15fa474e40 - __libc_start_main
[INFO] [stdout]   39:     0x56334b7b56c5 - encoding_rs::gb18030::Gb18030Decoder::decode_to_utf8_raw::h9a80d10d6ae8ff7c
[INFO] [stdout]                                at /opt/rustwide/cargo-home/registry/src/index.crates.io-6f17d22bba15001f/encoding_rs-0.8.32/src/macros.rs:575:48
[INFO] [stdout]   40:                0x0 - <unknown>
[INFO] [stdout] 
[INFO] [stdout] 
[INFO] [stdout] ---- src/query_client.rs - query_client::QueryClient::size (line 317) stdout ----
[INFO] [stdout] Test executable failed (exit status: 101).
[INFO] [stdout] 
[INFO] [stdout] stderr:
[INFO] [stdout] thread 'main' panicked at src/query_client.rs:26:34:
[INFO] [stdout] Query Client Missing.
[INFO] [stdout] stack backtrace:
[INFO] [stdout]    0:     0x55831043319c - std::backtrace_rs::backtrace::libunwind::trace::ha637c64ce894333a
[INFO] [stdout]                                at /rustc/82e1608dfa6e0b5569232559e3d385fea5a93112/library/std/src/../../backtrace/src/backtrace/libunwind.rs:104:5
[INFO] [stdout]    1:     0x55831043319c - std::backtrace_rs::backtrace::trace_unsynchronized::h47f62dea28e0c88d
[INFO] [stdout]                                at /rustc/82e1608dfa6e0b5569232559e3d385fea5a93112/library/std/src/../../backtrace/src/backtrace/mod.rs:66:5
[INFO] [stdout]    2:     0x55831043319c - std::sys_common::backtrace::_print_fmt::h9eef0abe20ede486
[INFO] [stdout]                                at /rustc/82e1608dfa6e0b5569232559e3d385fea5a93112/library/std/src/sys_common/backtrace.rs:67:5
[INFO] [stdout]    3:     0x55831043319c - <std::sys_common::backtrace::_print::DisplayBacktrace as core::fmt::Display>::fmt::hed7f999df88cc644
[INFO] [stdout]                                at /rustc/82e1608dfa6e0b5569232559e3d385fea5a93112/library/std/src/sys_common/backtrace.rs:44:22
[INFO] [stdout]    4:     0x558310452f80 - core::fmt::rt::Argument::fmt::h1539a9308b8d058d
[INFO] [stdout]                                at /rustc/82e1608dfa6e0b5569232559e3d385fea5a93112/library/core/src/fmt/rt.rs:142:9
[INFO] [stdout]    5:     0x558310452f80 - core::fmt::write::h3a39390d8560d9c9
[INFO] [stdout]                                at /rustc/82e1608dfa6e0b5569232559e3d385fea5a93112/library/core/src/fmt/mod.rs:1120:17
[INFO] [stdout]    6:     0x5583104315bf - std::io::Write::write_fmt::h5fc9997dfe05f882
[INFO] [stdout]                                at /rustc/82e1608dfa6e0b5569232559e3d385fea5a93112/library/std/src/io/mod.rs:1762:15
[INFO] [stdout]    7:     0x558310432f84 - std::sys_common::backtrace::_print::h894006fb5c6f3d45
[INFO] [stdout]                                at /rustc/82e1608dfa6e0b5569232559e3d385fea5a93112/library/std/src/sys_common/backtrace.rs:47:5
[INFO] [stdout]    8:     0x558310432f84 - std::sys_common::backtrace::print::h23a2d212c6fff936
[INFO] [stdout]                                at /rustc/82e1608dfa6e0b5569232559e3d385fea5a93112/library/std/src/sys_common/backtrace.rs:34:9
[INFO] [stdout]    9:     0x558310434497 - std::panicking::default_hook::{{closure}}::h8a1d2ee00185001a
[INFO] [stdout]   10:     0x5583104341ff - std::panicking::default_hook::h6038f2eba384e475
[INFO] [stdout]                                at /rustc/82e1608dfa6e0b5569232559e3d385fea5a93112/library/std/src/panicking.rs:292:9
[INFO] [stdout]   11:     0x558310434918 - std::panicking::rust_panic_with_hook::h2b5517d590cab22e
[INFO] [stdout]                                at /rustc/82e1608dfa6e0b5569232559e3d385fea5a93112/library/std/src/panicking.rs:779:13
[INFO] [stdout]   12:     0x5583104347fe - std::panicking::begin_panic_handler::{{closure}}::h233112c06e0ef43e
[INFO] [stdout]                                at /rustc/82e1608dfa6e0b5569232559e3d385fea5a93112/library/std/src/panicking.rs:657:13
[INFO] [stdout]   13:     0x558310433666 - std::sys_common::backtrace::__rust_end_short_backtrace::h6e893f24d7ebbff8
[INFO] [stdout]                                at /rustc/82e1608dfa6e0b5569232559e3d385fea5a93112/library/std/src/sys_common/backtrace.rs:170:18
[INFO] [stdout]   14:     0x558310434562 - rust_begin_unwind
[INFO] [stdout]                                at /rustc/82e1608dfa6e0b5569232559e3d385fea5a93112/library/std/src/panicking.rs:645:5
[INFO] [stdout]   15:     0x5583103c9f35 - core::panicking::panic_fmt::hbf0e066aabfa482c
[INFO] [stdout]                                at /rustc/82e1608dfa6e0b5569232559e3d385fea5a93112/library/core/src/panicking.rs:72:14
[INFO] [stdout]   16:     0x5583103c9ef3 - core::panicking::panic_display::h68e6012a1c287ca5
[INFO] [stdout]                                at /rustc/82e1608dfa6e0b5569232559e3d385fea5a93112/library/core/src/panicking.rs:178:5
[INFO] [stdout]   17:     0x5583103c9ef3 - core::panicking::panic_str::h1ca8e3b0d2d70f80
[INFO] [stdout]                                at /rustc/82e1608dfa6e0b5569232559e3d385fea5a93112/library/core/src/panicking.rs:152:5
[INFO] [stdout]   18:     0x5583103c9ef3 - core::option::expect_failed::h1ae4bac6b7606972
[INFO] [stdout]                                at /rustc/82e1608dfa6e0b5569232559e3d385fea5a93112/library/core/src/option.rs:1985:5
[INFO] [stdout]   19:     0x5583103d2fb8 - core::option::Option<T>::expect::hc428202d49fb919e
[INFO] [stdout]                                at /rustc/82e1608dfa6e0b5569232559e3d385fea5a93112/library/core/src/option.rs:894:21
[INFO] [stdout]   20:     0x5583103cf72c - leptos_query::query_client::use_query_client::h317393a039468590
[INFO] [stdout]                                at /opt/rustwide/workdir/src/query_client.rs:26:5
[INFO] [stdout]   21:     0x5583103ca926 - rust_out::main::_doctest_main_src_query_client_rs_317_0::hfdb6690ddd9e88fd
[INFO] [stdout]   22:     0x5583103ca906 - rust_out::main::hc20c0d07e2402830
[INFO] [stdout]   23:     0x5583103ca893 - core::ops::function::FnOnce::call_once::hbc459743598298c4
[INFO] [stdout]   24:     0x5583103ca816 - std::sys_common::backtrace::__rust_begin_short_backtrace::h62debe7d3058b76a
[INFO] [stdout]   25:     0x5583103ca869 - std::rt::lang_start::{{closure}}::h8f486f3e1e6418b2
[INFO] [stdout]   26:     0x55831042ef37 - core::ops::function::impls::<impl core::ops::function::FnOnce<A> for &F>::call_once::hd95060ecd5e1ca24
[INFO] [stdout]                                at /rustc/82e1608dfa6e0b5569232559e3d385fea5a93112/library/core/src/ops/function.rs:284:13
[INFO] [stdout]   27:     0x55831042ef37 - std::panicking::try::do_call::h6e8cf51db32a6e4b
[INFO] [stdout]                                at /rustc/82e1608dfa6e0b5569232559e3d385fea5a93112/library/std/src/panicking.rs:552:40
[INFO] [stdout]   28:     0x55831042ef37 - std::panicking::try::h3a52eefe24fe3c29
[INFO] [stdout]                                at /rustc/82e1608dfa6e0b5569232559e3d385fea5a93112/library/std/src/panicking.rs:516:19
[INFO] [stdout]   29:     0x55831042ef37 - std::panic::catch_unwind::h24c28c23c02c3841
[INFO] [stdout]                                at /rustc/82e1608dfa6e0b5569232559e3d385fea5a93112/library/std/src/panic.rs:142:14
[INFO] [stdout]   30:     0x55831042ef37 - std::rt::lang_start_internal::{{closure}}::h705d3c9cbc06ef47
[INFO] [stdout]                                at /rustc/82e1608dfa6e0b5569232559e3d385fea5a93112/library/std/src/rt.rs:148:48
[INFO] [stdout]   31:     0x55831042ef37 - std::panicking::try::do_call::ha21f52ba13158470
[INFO] [stdout]                                at /rustc/82e1608dfa6e0b5569232559e3d385fea5a93112/library/std/src/panicking.rs:552:40
[INFO] [stdout]   32:     0x55831042ef37 - std::panicking::try::h5581346bf6aeb1f8
[INFO] [stdout]                                at /rustc/82e1608dfa6e0b5569232559e3d385fea5a93112/library/std/src/panicking.rs:516:19
[INFO] [stdout]   33:     0x55831042ef37 - std::panic::catch_unwind::h7919645a6b72e25b
[INFO] [stdout]                                at /rustc/82e1608dfa6e0b5569232559e3d385fea5a93112/library/std/src/panic.rs:142:14
[INFO] [stdout]   34:     0x55831042ef37 - std::rt::lang_start_internal::h12de51168669836e
[INFO] [stdout]                                at /rustc/82e1608dfa6e0b5569232559e3d385fea5a93112/library/std/src/rt.rs:148:20
[INFO] [stdout]   35:     0x5583103ca847 - std::rt::lang_start::h2c48f91a7bf85629
[INFO] [stdout]   36:     0x5583103ca9a5 - main
[INFO] [stdout]   37:     0x7fd2a2839d90 - <unknown>
[INFO] [stdout]   38:     0x7fd2a2839e40 - __libc_start_main
[INFO] [stdout]   39:     0x5583103ca745 - _start
[INFO] [stdout]   40:                0x0 - <unknown>
[INFO] [stdout] 
[INFO] [stdout] 
[INFO] [stdout] 
[INFO] [stdout] failures:
[INFO] [stdout]     src/lib.rs - (line 40)
[INFO] [stdout]     src/lib.rs - (line 76)
[INFO] [stdout]     src/query_client.rs - query_client::QueryClient::invalidate_all_queries (line 298)
[INFO] [stdout]     src/query_client.rs - query_client::QueryClient::invalidate_queries (line 237)
[INFO] [stdout]     src/query_client.rs - query_client::QueryClient::invalidate_query (line 214)
[INFO] [stdout]     src/query_client.rs - query_client::QueryClient::invalidate_query_type (line 271)
[INFO] [stdout]     src/query_client.rs - query_client::QueryClient::set_query_data (line 347)
[INFO] [stdout]     src/query_client.rs - query_client::QueryClient::size (line 317)
[INFO] [stdout]     src/query_executor.rs - query_executor::suppress_query_load (line 26)
[INFO] [stdout]     src/use_query.rs - use_query::use_query (line 24)
[INFO] [stdout] 
[INFO] [stdout] test result: FAILED. 1 passed; 10 failed; 0 ignored; 0 measured; 0 filtered out; finished in 2.23s
[INFO] [stdout] 
[INFO] [stderr] error: doctest failed, to rerun pass `--doc`
[INFO] running `Command { std: "docker" "inspect" "a55d964000b6560584d0051b88456f103d1110e95d29809d4d3cf52b4d9bfadc", kill_on_drop: false }`
[INFO] running `Command { std: "docker" "rm" "-f" "a55d964000b6560584d0051b88456f103d1110e95d29809d4d3cf52b4d9bfadc", kill_on_drop: false }`
[INFO] [stdout] a55d964000b6560584d0051b88456f103d1110e95d29809d4d3cf52b4d9bfadc
[INFO] testing nicoburniske/leptos_query against beta-2023-12-22 for beta-1.76-1
[INFO] running `Command { std: "git" "clone" "/workspace/cache/git-repos/https%3A%2F%2Fgithub.com%2Fnicoburniske%2Fleptos_query" "/workspace/builds/worker-6-tc2/source", kill_on_drop: false }`
[INFO] [stderr] Cloning into '/workspace/builds/worker-6-tc2/source'...
[INFO] [stderr] done.
[INFO] validating manifest of git repo https://github.com/nicoburniske/leptos_query on toolchain beta-2023-12-22
[INFO] running `Command { std: CARGO_HOME="/workspace/cargo-home" RUSTUP_HOME="/workspace/rustup-home" "/workspace/cargo-home/bin/cargo" "+beta-2023-12-22" "metadata" "--manifest-path" "Cargo.toml" "--no-deps", kill_on_drop: false }`
[INFO] started tweaking git repo https://github.com/nicoburniske/leptos_query
[INFO] finished tweaking git repo https://github.com/nicoburniske/leptos_query
[INFO] tweaked toml for git repo https://github.com/nicoburniske/leptos_query written to /workspace/builds/worker-6-tc2/source/Cargo.toml
[INFO] crate git repo https://github.com/nicoburniske/leptos_query already has a lockfile, it will not be regenerated
[INFO] running `Command { std: CARGO_HOME="/workspace/cargo-home" RUSTUP_HOME="/workspace/rustup-home" "/workspace/cargo-home/bin/cargo" "+beta-2023-12-22" "fetch" "--manifest-path" "Cargo.toml", kill_on_drop: false }`
[INFO] [stderr]     Updating crates.io index
[INFO] running `Command { std: "docker" "create" "-v" "/var/lib/crater-agent-workspace/builds/worker-6-tc2/target:/opt/rustwide/target:rw,Z" "-v" "/var/lib/crater-agent-workspace/builds/worker-6-tc2/source:/opt/rustwide/workdir:ro,Z" "-v" "/var/lib/crater-agent-workspace/cargo-home:/opt/rustwide/cargo-home:ro,Z" "-v" "/var/lib/crater-agent-workspace/rustup-home:/opt/rustwide/rustup-home:ro,Z" "-e" "SOURCE_DIR=/opt/rustwide/workdir" "-e" "CARGO_TARGET_DIR=/opt/rustwide/target" "-e" "CARGO_HOME=/opt/rustwide/cargo-home" "-e" "RUSTUP_HOME=/opt/rustwide/rustup-home" "-w" "/opt/rustwide/workdir" "-m" "1610612736" "--user" "0:0" "--network" "none" "ghcr.io/rust-lang/crates-build-env/linux@sha256:2788e3201cd34a07e3172128adcd8b3090168a8e3bcc40d7c032b9dda1df7d1c" "/opt/rustwide/cargo-home/bin/cargo" "+beta-2023-12-22" "metadata" "--no-deps" "--format-version=1", kill_on_drop: false }`
[INFO] [stdout] 4c8325b26d56e1ae693b973914c569d682b3e5e094e5c5d57fbe519d11032728
[INFO] running `Command { std: "docker" "start" "-a" "4c8325b26d56e1ae693b973914c569d682b3e5e094e5c5d57fbe519d11032728", kill_on_drop: false }`
[INFO] running `Command { std: "docker" "inspect" "4c8325b26d56e1ae693b973914c569d682b3e5e094e5c5d57fbe519d11032728", kill_on_drop: false }`
[INFO] running `Command { std: "docker" "rm" "-f" "4c8325b26d56e1ae693b973914c569d682b3e5e094e5c5d57fbe519d11032728", kill_on_drop: false }`
[INFO] [stdout] 4c8325b26d56e1ae693b973914c569d682b3e5e094e5c5d57fbe519d11032728
[INFO] running `Command { std: "docker" "create" "-v" "/var/lib/crater-agent-workspace/builds/worker-6-tc2/target:/opt/rustwide/target:rw,Z" "-v" "/var/lib/crater-agent-workspace/builds/worker-6-tc2/source:/opt/rustwide/workdir:ro,Z" "-v" "/var/lib/crater-agent-workspace/cargo-home:/opt/rustwide/cargo-home:ro,Z" "-v" "/var/lib/crater-agent-workspace/rustup-home:/opt/rustwide/rustup-home:ro,Z" "-e" "SOURCE_DIR=/opt/rustwide/workdir" "-e" "CARGO_TARGET_DIR=/opt/rustwide/target" "-e" "CARGO_INCREMENTAL=0" "-e" "RUST_BACKTRACE=full" "-e" "RUSTFLAGS=--cap-lints=warn" "-e" "RUSTDOCFLAGS=--cap-lints=warn" "-e" "CARGO_HOME=/opt/rustwide/cargo-home" "-e" "RUSTUP_HOME=/opt/rustwide/rustup-home" "-w" "/opt/rustwide/workdir" "-m" "1610612736" "--user" "0:0" "--network" "none" "ghcr.io/rust-lang/crates-build-env/linux@sha256:2788e3201cd34a07e3172128adcd8b3090168a8e3bcc40d7c032b9dda1df7d1c" "/opt/rustwide/cargo-home/bin/cargo" "+beta-2023-12-22" "build" "--frozen" "--message-format=json", kill_on_drop: false }`
[INFO] [stdout] b761f076e9b1cec5780b5b9e5c4f36a3342fdfbcc024f8c1179e2844078493c0
[INFO] running `Command { std: "docker" "start" "-a" "b761f076e9b1cec5780b5b9e5c4f36a3342fdfbcc024f8c1179e2844078493c0", kill_on_drop: false }`
[INFO] [stderr]    Compiling unicode-ident v1.0.10
[INFO] [stderr]    Compiling proc-macro2 v1.0.67
[INFO] [stderr]    Compiling quote v1.0.29
[INFO] [stderr]    Compiling autocfg v1.1.0
[INFO] [stderr]    Compiling version_check v0.9.4
[INFO] [stderr]    Compiling cfg-if v1.0.0
[INFO] [stderr]    Compiling once_cell v1.18.0
[INFO] [stderr]    Compiling libc v0.2.147
[INFO] [stderr]    Compiling memchr v2.5.0
[INFO] [stderr]    Compiling serde v1.0.188
[INFO] [stderr]    Compiling pin-project-lite v0.2.10
[INFO] [stderr]    Compiling futures-core v0.3.28
[INFO] [stderr]    Compiling log v0.4.19
[INFO] [stderr]    Compiling wasm-bindgen-shared v0.2.87
[INFO] [stderr]    Compiling futures-channel v0.3.28
[INFO] [stderr]    Compiling futures-task v0.3.28
[INFO] [stderr]    Compiling syn v1.0.109
[INFO] [stderr]    Compiling futures-sink v0.3.28
[INFO] [stderr]    Compiling thiserror v1.0.43
[INFO] [stderr]    Compiling futures-util v0.3.28
[INFO] [stderr]    Compiling itoa v1.0.8
[INFO] [stderr]    Compiling bumpalo v3.13.0
[INFO] [stderr]    Compiling tracing-core v0.1.31
[INFO] [stderr]    Compiling smallvec v1.11.0
[INFO] [stderr]    Compiling proc-macro-error-attr v1.0.4
[INFO] [stderr]    Compiling proc-macro-error v1.0.4
[INFO] [stderr]    Compiling futures-io v0.3.28
[INFO] [stderr]    Compiling pin-utils v0.1.0
[INFO] [stderr]    Compiling slab v0.4.8
[INFO] [stderr]    Compiling bytes v1.4.0
[INFO] [stderr]    Compiling tokio v1.29.1
[INFO] [stderr]    Compiling wasm-bindgen v0.2.87
[INFO] [stderr]    Compiling indexmap v1.9.3
[INFO] [stderr]    Compiling fnv v1.0.7
[INFO] [stderr]    Compiling tinyvec_macros v0.1.1
[INFO] [stderr]    Compiling percent-encoding v2.3.0
[INFO] [stderr]    Compiling unicode-xid v0.2.4
[INFO] [stderr]    Compiling tinyvec v1.6.0
[INFO] [stderr]    Compiling httparse v1.8.0
[INFO] [stderr]    Compiling hashbrown v0.12.3
[INFO] [stderr]    Compiling ryu v1.0.14
[INFO] [stderr]    Compiling form_urlencoded v1.2.0
[INFO] [stderr]    Compiling lock_api v0.4.10
[INFO] [stderr]    Compiling proc-macro2-diagnostics v0.10.1
[INFO] [stderr]    Compiling try-lock v0.2.4
[INFO] [stderr]    Compiling hashbrown v0.14.0
[INFO] [stderr]    Compiling xxhash-rust v0.8.6
[INFO] [stderr]    Compiling equivalent v1.0.1
[INFO] [stderr]    Compiling unicode-bidi v0.3.13
[INFO] [stderr]    Compiling parking_lot_core v0.9.8
[INFO] [stderr]    Compiling serde_json v1.0.102
[INFO] [stderr]    Compiling http v0.2.9
[INFO] [stderr]    Compiling syn v2.0.37
[INFO] [stderr]    Compiling mio v0.8.8
[INFO] [stderr]    Compiling socket2 v0.4.9
[INFO] [stderr]    Compiling proc-macro-utils v0.8.0
[INFO] [stderr]    Compiling want v0.3.1
[INFO] [stderr]    Compiling slotmap v1.0.6
[INFO] [stderr]    Compiling anyhow v1.0.71
[INFO] [stderr]    Compiling yansi v1.0.0-rc
[INFO] [stderr]    Compiling const_format_proc_macros v0.2.31
[INFO] [stderr]    Compiling indexmap v2.0.0
[INFO] [stderr]    Compiling unicode-normalization v0.1.22
[INFO] [stderr]    Compiling paste v1.0.13
[INFO] [stderr]    Compiling base64 v0.21.2
[INFO] [stderr]    Compiling either v1.8.1
[INFO] [stderr]    Compiling ciborium-io v0.2.1
[INFO] [stderr]    Compiling half v1.8.2
[INFO] [stderr]    Compiling httpdate v1.0.2
[INFO] [stderr]    Compiling manyhow-macros v0.8.1
[INFO] [stderr]    Compiling http-body v0.4.5
[INFO] [stderr]    Compiling tower-service v0.3.2
[INFO] [stderr]    Compiling camino v1.1.6
[INFO] [stderr]    Compiling scopeguard v1.1.0
[INFO] [stderr]    Compiling lazy_static v1.4.0
[INFO] [stderr]    Compiling idna v0.4.0
[INFO] [stderr]    Compiling ciborium-ll v0.2.1
[INFO] [stderr]    Compiling encoding_rs v0.8.32
[INFO] [stderr]    Compiling prettyplease v0.2.10
[INFO] [stderr]    Compiling mime v0.3.17
[INFO] [stderr]    Compiling utf8-width v0.1.6
[INFO] [stderr]    Compiling collection_literals v1.0.1
[INFO] [stderr]    Compiling async-trait v0.1.71
[INFO] [stderr]    Compiling ipnet v2.8.0
[INFO] [stderr]    Compiling same-file v1.0.6
[INFO] [stderr]    Compiling interpolator v0.5.0
[INFO] [stderr]    Compiling walkdir v2.3.3
[INFO] [stderr]    Compiling parking_lot v0.12.1
[INFO] [stderr]    Compiling html-escape v0.2.13
[INFO] [stderr]    Compiling url v2.4.0
[INFO] [stderr]    Compiling getrandom v0.2.10
[INFO] [stderr]    Compiling aho-corasick v1.0.2
[INFO] [stderr]    Compiling unicode-segmentation v1.10.1
[INFO] [stderr]    Compiling regex-syntax v0.7.4
[INFO] [stderr]    Compiling const_format v0.2.31
[INFO] [stderr]    Compiling self_cell v1.0.1
[INFO] [stderr]    Compiling minimal-lexical v0.2.1
[INFO] [stderr]    Compiling rustc-hash v1.1.0
[INFO] [stderr]    Compiling uuid v1.4.0
[INFO] [stderr]    Compiling itertools v0.11.0
[INFO] [stderr]    Compiling pathdiff v0.2.1
[INFO] [stderr]    Compiling nom v7.1.3
[INFO] [stderr]    Compiling itertools v0.10.5
[INFO] [stderr]    Compiling convert_case v0.6.0
[INFO] [stderr]    Compiling drain_filter_polyfill v0.1.3
[INFO] [stderr]    Compiling inventory v0.3.8
[INFO] [stderr]    Compiling pad-adapter v0.1.1
[INFO] [stderr]    Compiling regex-automata v0.3.3
[INFO] [stderr]    Compiling wasm-bindgen-backend v0.2.87
[INFO] [stderr]    Compiling manyhow v0.8.1
[INFO] [stderr]    Compiling serde_derive v1.0.188
[INFO] [stderr]    Compiling futures-macro v0.3.28
[INFO] [stderr]    Compiling thiserror-impl v1.0.43
[INFO] [stderr]    Compiling tracing-attributes v0.1.26
[INFO] [stderr]    Compiling derive-where v1.2.1
[INFO] [stderr]    Compiling syn_derive v0.1.6
[INFO] [stderr]    Compiling pin-project-internal v1.1.2
[INFO] [stderr]    Compiling wasm-bindgen-macro-support v0.2.87
[INFO] [stderr]    Compiling typed-builder-macro v0.18.0
[INFO] [stderr]    Compiling async-recursion v1.0.4
[INFO] [stderr]    Compiling regex v1.9.1
[INFO] [stderr]    Compiling wasm-bindgen-macro v0.2.87
[INFO] [stderr]    Compiling rstml v0.11.0
[INFO] [stderr]    Compiling pin-project v1.1.2
[INFO] [stderr]    Compiling quote-use v0.7.1
[INFO] [stderr]    Compiling tracing v0.1.37
[INFO] [stderr]    Compiling tokio-util v0.7.8
[INFO] [stderr]    Compiling typed-builder v0.18.0
[INFO] [stderr]    Compiling attribute-derive-macro v0.8.1
[INFO] [stderr]    Compiling js-sys v0.3.64
[INFO] [stderr]    Compiling attribute-derive v0.8.1
[INFO] [stderr]    Compiling h2 v0.3.20
[INFO] [stderr]    Compiling futures-executor v0.3.28
[INFO] [stderr]    Compiling futures v0.3.28
[INFO] [stderr]    Compiling wasm-bindgen-futures v0.4.37
[INFO] [stderr]    Compiling web-sys v0.3.64
[INFO] [stderr]    Compiling server_fn_macro v0.5.4
[INFO] [stderr]    Compiling leptos_hot_reload v0.5.4
[INFO] [stderr]    Compiling serde_urlencoded v0.7.1
[INFO] [stderr]    Compiling serde_qs v0.12.0
[INFO] [stderr]    Compiling serde-wasm-bindgen v0.5.0
[INFO] [stderr]    Compiling ciborium v0.2.1
[INFO] [stderr]    Compiling toml v0.5.11
[INFO] [stderr]    Compiling server_fn_macro_default v0.5.4
[INFO] [stderr]    Compiling leptos_macro v0.5.4
[INFO] [stderr]    Compiling leptos_reactive v0.5.4
[INFO] [stderr]    Compiling config v0.13.3
[INFO] [stderr]    Compiling hyper v0.14.27
[INFO] [stderr]    Compiling leptos_config v0.5.4
[INFO] [stderr]    Compiling reqwest v0.11.18
[INFO] [stderr]    Compiling server_fn v0.5.4
[INFO] [stderr]    Compiling leptos_server v0.5.4
[INFO] [stderr]    Compiling leptos_dom v0.5.4
[INFO] [stderr]    Compiling leptos v0.5.4
[INFO] [stderr]    Compiling leptos_query v0.3.0 (/opt/rustwide/workdir)
[INFO] [stderr]     Finished dev [unoptimized + debuginfo] target(s) in 18.59s
[INFO] running `Command { std: "docker" "inspect" "b761f076e9b1cec5780b5b9e5c4f36a3342fdfbcc024f8c1179e2844078493c0", kill_on_drop: false }`
[INFO] running `Command { std: "docker" "rm" "-f" "b761f076e9b1cec5780b5b9e5c4f36a3342fdfbcc024f8c1179e2844078493c0", kill_on_drop: false }`
[INFO] [stdout] b761f076e9b1cec5780b5b9e5c4f36a3342fdfbcc024f8c1179e2844078493c0
[INFO] running `Command { std: "docker" "create" "-v" "/var/lib/crater-agent-workspace/builds/worker-6-tc2/target:/opt/rustwide/target:rw,Z" "-v" "/var/lib/crater-agent-workspace/builds/worker-6-tc2/source:/opt/rustwide/workdir:ro,Z" "-v" "/var/lib/crater-agent-workspace/cargo-home:/opt/rustwide/cargo-home:ro,Z" "-v" "/var/lib/crater-agent-workspace/rustup-home:/opt/rustwide/rustup-home:ro,Z" "-e" "SOURCE_DIR=/opt/rustwide/workdir" "-e" "CARGO_TARGET_DIR=/opt/rustwide/target" "-e" "CARGO_INCREMENTAL=0" "-e" "RUST_BACKTRACE=full" "-e" "RUSTFLAGS=--cap-lints=warn" "-e" "RUSTDOCFLAGS=--cap-lints=warn" "-e" "CARGO_HOME=/opt/rustwide/cargo-home" "-e" "RUSTUP_HOME=/opt/rustwide/rustup-home" "-w" "/opt/rustwide/workdir" "-m" "1610612736" "--user" "0:0" "--network" "none" "ghcr.io/rust-lang/crates-build-env/linux@sha256:2788e3201cd34a07e3172128adcd8b3090168a8e3bcc40d7c032b9dda1df7d1c" "/opt/rustwide/cargo-home/bin/cargo" "+beta-2023-12-22" "test" "--frozen" "--no-run" "--message-format=json", kill_on_drop: false }`
[INFO] [stdout] 408d83880c99448a25766f129bace7cdd17c9aa00a9051617095bf636f271696
[INFO] running `Command { std: "docker" "start" "-a" "408d83880c99448a25766f129bace7cdd17c9aa00a9051617095bf636f271696", kill_on_drop: false }`
[INFO] [stderr]    Compiling leptos_query v0.3.0 (/opt/rustwide/workdir)
[INFO] [stderr]     Finished test [unoptimized + debuginfo] target(s) in 3.29s
[INFO] running `Command { std: "docker" "inspect" "408d83880c99448a25766f129bace7cdd17c9aa00a9051617095bf636f271696", kill_on_drop: false }`
[INFO] running `Command { std: "docker" "rm" "-f" "408d83880c99448a25766f129bace7cdd17c9aa00a9051617095bf636f271696", kill_on_drop: false }`
[INFO] [stdout] 408d83880c99448a25766f129bace7cdd17c9aa00a9051617095bf636f271696
[INFO] running `Command { std: "docker" "create" "-v" "/var/lib/crater-agent-workspace/builds/worker-6-tc2/target:/opt/rustwide/target:rw,Z" "-v" "/var/lib/crater-agent-workspace/builds/worker-6-tc2/source:/opt/rustwide/workdir:ro,Z" "-v" "/var/lib/crater-agent-workspace/cargo-home:/opt/rustwide/cargo-home:ro,Z" "-v" "/var/lib/crater-agent-workspace/rustup-home:/opt/rustwide/rustup-home:ro,Z" "-e" "SOURCE_DIR=/opt/rustwide/workdir" "-e" "CARGO_TARGET_DIR=/opt/rustwide/target" "-e" "CARGO_INCREMENTAL=0" "-e" "RUST_BACKTRACE=full" "-e" "RUSTFLAGS=--cap-lints=warn" "-e" "RUSTDOCFLAGS=--cap-lints=warn" "-e" "CARGO_HOME=/opt/rustwide/cargo-home" "-e" "RUSTUP_HOME=/opt/rustwide/rustup-home" "-w" "/opt/rustwide/workdir" "-m" "1610612736" "--user" "0:0" "--network" "none" "ghcr.io/rust-lang/crates-build-env/linux@sha256:2788e3201cd34a07e3172128adcd8b3090168a8e3bcc40d7c032b9dda1df7d1c" "/opt/rustwide/cargo-home/bin/cargo" "+beta-2023-12-22" "test" "--frozen", kill_on_drop: false }`
[INFO] [stdout] a4555d001e78dbc0033cd44f9a09c3c61c232e21f8d46f7ec57404860612a7e4
[INFO] running `Command { std: "docker" "start" "-a" "a4555d001e78dbc0033cd44f9a09c3c61c232e21f8d46f7ec57404860612a7e4", kill_on_drop: false }`
[INFO] [stderr]     Finished test [unoptimized + debuginfo] target(s) in 0.10s
[INFO] [stderr]      Running unittests src/lib.rs (/opt/rustwide/target/debug/deps/leptos_query-4e8a5bb150ba2aa1)
[INFO] [stdout] 
[INFO] [stdout] running 8 tests
[INFO] [stdout] test query_client::tests::can_use_same_key_with_different_value_types ... ok
[INFO] [stdout] test query_client::tests::can_invalidate_multiple_strings ... ok
[INFO] [stdout] test query_client::tests::can_invalidate_multiple ... ok
[INFO] [stdout] test query_client::tests::can_invalidate_while_subscribed ... ok
[INFO] [stdout] test query_client::tests::can_invalidate_subset ... ok
[INFO] [stdout] test query_client::tests::set_query_data ... ok
[INFO] [stdout] test query_client::tests::prefetch_loads_data ... ok
[INFO] [stdout] test query_client::tests::invalidate_all ... ok
[INFO] [stdout] 
[INFO] [stdout] test result: ok. 8 passed; 0 failed; 0 ignored; 0 measured; 0 filtered out; finished in 0.00s
[INFO] [stdout] 
[INFO] [stderr]    Doc-tests leptos_query
[INFO] [stdout] 
[INFO] [stdout] running 11 tests
[INFO] [stdout] test src/query_client.rs - query_client::QueryClient::invalidate_query (line 214) ... FAILED
[INFO] [stdout] test src/query_client.rs - query_client::QueryClient::set_query_data (line 347) ... FAILED
[INFO] [stdout] test src/query_executor.rs - query_executor::suppress_query_load (line 26) ... FAILED
[INFO] [stdout] test src/query_client.rs - query_client::QueryClient::invalidate_query_type (line 271) ... FAILED
[INFO] [stdout] test src/lib.rs - (line 76) ... FAILED
[INFO] [stdout] test src/query_client.rs - query_client::QueryClient::invalidate_queries (line 237) ... FAILED
[INFO] [stdout] test src/use_query.rs - use_query::use_query (line 24) ... FAILED
[INFO] [stdout] test src/lib.rs - (line 40) ... FAILED
[INFO] [stdout] test src/lib.rs - (line 25) ... ok
[INFO] [stdout] test src/query_client.rs - query_client::QueryClient::invalidate_all_queries (line 298) ... FAILED
[INFO] [stdout] test src/query_client.rs - query_client::QueryClient::size (line 317) ... FAILED
[INFO] [stdout] 
[INFO] [stdout] failures:
[INFO] [stdout] 
[INFO] [stdout] ---- src/query_client.rs - query_client::QueryClient::invalidate_query (line 214) stdout ----
[INFO] [stdout] error[E0425]: cannot find function `use_query_client` in this scope
[INFO] [stdout]  --> src/query_client.rs:215:14
[INFO] [stdout]   |
[INFO] [stdout] 3 | let client = use_query_client();
[INFO] [stdout]   |              ^^^^^^^^^^^^^^^^ not found in this scope
[INFO] [stdout]   |
[INFO] [stdout] help: consider importing this function
[INFO] [stdout]   |
[INFO] [stdout] 2 + use leptos_query::use_query_client;
[INFO] [stdout]   |
[INFO] [stdout] 
[INFO] [stdout] error: aborting due to 1 previous error
[INFO] [stdout] 
[INFO] [stdout] For more information about this error, try `rustc --explain E0425`.
[INFO] [stdout] Couldn't compile the test.
[INFO] [stdout] ---- src/query_client.rs - query_client::QueryClient::set_query_data (line 347) stdout ----
[INFO] [stdout] error[E0412]: cannot find type `Monkey` in this scope
[INFO] [stdout]  --> src/query_client.rs:353:17
[INFO] [stdout]   |
[INFO] [stdout] 9 | let new_monkey: Monkey = todo!();
[INFO] [stdout]   |                 ^^^^^^ not found in this scope
[INFO] [stdout] 
[INFO] [stdout] error[E0412]: cannot find type `Monkey` in this scope
[INFO] [stdout]   --> src/query_client.rs:356:30
[INFO] [stdout]    |
[INFO] [stdout] 12 | client.set_query_data::<u32, Monkey>(1, |_| Some(new_monkey));
[INFO] [stdout]    |                              ^^^^^^ not found in this scope
[INFO] [stdout]    |
[INFO] [stdout] help: you might be missing a type parameter
[INFO] [stdout]    |
[INFO] [stdout] 4  | fn main() { #[allow(non_snake_case)] fn _doctest_main_src_query_client_rs_347_0<Monkey>() {
[INFO] [stdout]    |                                                                                ++++++++
[INFO] [stdout] 
[INFO] [stdout] error[E0412]: cannot find type `Monkey` in this scope
[INFO] [stdout]   --> src/query_client.rs:359:30
[INFO] [stdout]    |
[INFO] [stdout] 15 | client.set_query_data::<u32, Monkey>(1, |maybe_monkey| {
[INFO] [stdout]    |                              ^^^^^^ not found in this scope
[INFO] [stdout]    |
[INFO] [stdout] help: you might be missing a type parameter
[INFO] [stdout]    |
[INFO] [stdout] 4  | fn main() { #[allow(non_snake_case)] fn _doctest_main_src_query_client_rs_347_0<Monkey>() {
[INFO] [stdout]    |                                                                                ++++++++
[INFO] [stdout] 
[INFO] [stdout] error: aborting due to 3 previous errors
[INFO] [stdout] 
[INFO] [stdout] For more information about this error, try `rustc --explain E0412`.
[INFO] [stdout] Couldn't compile the test.
[INFO] [stdout] ---- src/query_executor.rs - query_executor::suppress_query_load (line 26) stdout ----
[INFO] [stdout] error: cannot find macro `view` in this scope
[INFO] [stdout]  --> src/query_executor.rs:31:37
[INFO] [stdout]   |
[INFO] [stdout] 8 | leptos_axum::generate_route_list(|| view! { <App/> }).await;
[INFO] [stdout]   |                                     ^^^^
[INFO] [stdout]   |
[INFO] [stdout] help: consider importing this macro
[INFO] [stdout]   |
[INFO] [stdout] 3 + use leptos::view;
[INFO] [stdout]   |
[INFO] [stdout] 
[INFO] [stdout] error[E0728]: `await` is only allowed inside `async` functions and blocks
[INFO] [stdout]  --> src/query_executor.rs:31:55
[INFO] [stdout]   |
[INFO] [stdout] 5 | fn main() { #[allow(non_snake_case)] fn _doctest_main_src_query_executor_rs_26_0() {
[INFO] [stdout]   |                                         ---------------------------------------- this is not `async`
[INFO] [stdout] ...
[INFO] [stdout] 8 | leptos_axum::generate_route_list(|| view! { <App/> }).await;
[INFO] [stdout]   |                                                       ^^^^^ only allowed inside `async` functions and blocks
[INFO] [stdout] 
[INFO] [stdout] error[E0433]: failed to resolve: use of undeclared crate or module `leptos_axum`
[INFO] [stdout]  --> src/query_executor.rs:31:1
[INFO] [stdout]   |
[INFO] [stdout] 8 | leptos_axum::generate_route_list(|| view! { <App/> }).await;
[INFO] [stdout]   | ^^^^^^^^^^^ use of undeclared crate or module `leptos_axum`
[INFO] [stdout] 
[INFO] [stdout] error: aborting due to 3 previous errors
[INFO] [stdout] 
[INFO] [stdout] Some errors have detailed explanations: E0433, E0728.
[INFO] [stdout] For more information about an error, try `rustc --explain E0433`.
[INFO] [stdout] Couldn't compile the test.
[INFO] [stdout] ---- src/query_client.rs - query_client::QueryClient::invalidate_query_type (line 271) stdout ----
[INFO] [stdout] error[E0412]: cannot find type `Monkey` in this scope
[INFO] [stdout]  --> src/query_client.rs:277:40
[INFO] [stdout]   |
[INFO] [stdout] 9 | client.invalidate_query_type::<String, Monkey>();
[INFO] [stdout]   |                                        ^^^^^^ not found in this scope
[INFO] [stdout]   |
[INFO] [stdout] help: you might be missing a type parameter
[INFO] [stdout]   |
[INFO] [stdout] 4 | fn main() { #[allow(non_snake_case)] fn _doctest_main_src_query_client_rs_271_0<Monkey>() {
[INFO] [stdout]   |                                                                                ++++++++
[INFO] [stdout] 
[INFO] [stdout] error: aborting due to 1 previous error
[INFO] [stdout] 
[INFO] [stdout] For more information about this error, try `rustc --explain E0412`.
[INFO] [stdout] Couldn't compile the test.
[INFO] [stdout] ---- src/lib.rs - (line 76) stdout ----
[INFO] [stdout] error: cannot find attribute `component` in this scope
[INFO] [stdout]  --> src/lib.rs:78:3
[INFO] [stdout]   |
[INFO] [stdout] 4 | #[component]
[INFO] [stdout]   |   ^^^^^^^^^
[INFO] [stdout]   |
[INFO] [stdout] help: consider importing this attribute macro
[INFO] [stdout]   |
[INFO] [stdout] 3 + use leptos::component;
[INFO] [stdout]   |
[INFO] [stdout] 
[INFO] [stdout] error: cannot find macro `view` in this scope
[INFO] [stdout]   --> src/lib.rs:88:5
[INFO] [stdout]    |
[INFO] [stdout] 14 |     view! {
[INFO] [stdout]    |     ^^^^
[INFO] [stdout]    |
[INFO] [stdout] help: consider importing this macro
[INFO] [stdout]    |
[INFO] [stdout] 3  + use leptos::view;
[INFO] [stdout]    |
[INFO] [stdout] 
[INFO] [stdout] error[E0405]: cannot find trait `IntoView` in this scope
[INFO] [stdout]  --> src/lib.rs:79:35
[INFO] [stdout]   |
[INFO] [stdout] 5 | fn MonkeyView(id: String) -> impl IntoView {
[INFO] [stdout]   |                                   ^^^^^^^^ not found in this scope
[INFO] [stdout]   |
[INFO] [stdout] help: consider importing this trait
[INFO] [stdout]   |
[INFO] [stdout] 3 + use leptos::IntoView;
[INFO] [stdout]   |
[INFO] [stdout] 
[INFO] [stdout] error[E0422]: cannot find struct, variant or union type `QueryResult` in this scope
[INFO] [stdout]  --> src/lib.rs:80:9
[INFO] [stdout]   |
[INFO] [stdout] 6 |     let QueryResult {
[INFO] [stdout]   |         ^^^^^^^^^^^ not found in this scope
[INFO] [stdout]   |
[INFO] [stdout] help: consider importing this struct
[INFO] [stdout]   |
[INFO] [stdout] 3 + use leptos_query::QueryResult;
[INFO] [stdout]   |
[INFO] [stdout] 
[INFO] [stdout] error[E0425]: cannot find function `use_monkey_query` in this scope
[INFO] [stdout]   --> src/lib.rs:86:9
[INFO] [stdout]    |
[INFO] [stdout] 12 |     } = use_monkey_query(move || id.clone());
[INFO] [stdout]    |         ^^^^^^^^^^^^^^^^ not found in this scope
[INFO] [stdout] 
[INFO] [stdout] error: aborting due to 5 previous errors
[INFO] [stdout] 
[INFO] [stdout] Some errors have detailed explanations: E0405, E0422, E0425.
[INFO] [stdout] For more information about an error, try `rustc --explain E0405`.
[INFO] [stdout] Couldn't compile the test.
[INFO] [stdout] ---- src/query_client.rs - query_client::QueryClient::invalidate_queries (line 237) stdout ----
[INFO] [stdout] error: expected `;`, found `}`
[INFO] [stdout]  --> src/query_client.rs:240:65
[INFO] [stdout]   |
[INFO] [stdout] 5 | let invalidated = client.invalidate_queries::<u32, u32, _>(keys)
[INFO] [stdout]   |                                                                 ^ help: add `;` here
[INFO] [stdout] 6 | } _doctest_main_src_query_client_rs_237_0() }
[INFO] [stdout]   | - unexpected token
[INFO] [stdout] 
[INFO] [stdout] error[E0425]: cannot find function `use_query_client` in this scope
[INFO] [stdout]  --> src/query_client.rs:238:14
[INFO] [stdout]   |
[INFO] [stdout] 3 | let client = use_query_client();
[INFO] [stdout]   |              ^^^^^^^^^^^^^^^^ not found in this scope
[INFO] [stdout]   |
[INFO] [stdout] help: consider importing this function
[INFO] [stdout]   |
[INFO] [stdout] 2 + use leptos_query::use_query_client;
[INFO] [stdout]   |
[INFO] [stdout] 
[INFO] [stdout] error: aborting due to 2 previous errors
[INFO] [stdout] 
[INFO] [stdout] For more information about this error, try `rustc --explain E0425`.
[INFO] [stdout] Couldn't compile the test.
[INFO] [stdout] ---- src/use_query.rs - use_query::use_query (line 24) stdout ----
[INFO] [stdout] error[E0432]: unresolved import `serde`
[INFO] [stdout]  --> src/use_query.rs:29:5
[INFO] [stdout]   |
[INFO] [stdout] 8 | use serde::*;
[INFO] [stdout]   |     ^^^^^ use of undeclared crate or module `serde`
[INFO] [stdout] 
[INFO] [stdout] error: cannot find derive macro `Deserialize` in this scope
[INFO] [stdout]   --> src/use_query.rs:32:17
[INFO] [stdout]    |
[INFO] [stdout] 11 | #[derive(Clone, Deserialize, Serialize)]
[INFO] [stdout]    |                 ^^^^^^^^^^^
[INFO] [stdout] 
[INFO] [stdout] error: cannot find derive macro `Serialize` in this scope
[INFO] [stdout]   --> src/use_query.rs:32:30
[INFO] [stdout]    |
[INFO] [stdout] 11 | #[derive(Clone, Deserialize, Serialize)]
[INFO] [stdout]    |                              ^^^^^^^^^
[INFO] [stdout] 
[INFO] [stdout] error[E0277]: the trait bound `Monkey: leptos::server_fn::serde::Serialize` is not satisfied
[INFO] [stdout]   --> src/use_query.rs:47:9
[INFO] [stdout]    |
[INFO] [stdout] 23 |       leptos_query::use_query(
[INFO] [stdout]    |       ----------------------- required by a bound introduced by this call
[INFO] [stdout] ...
[INFO] [stdout] 26 | /         QueryOptions {
[INFO] [stdout] 27 | |             default_value: None,
[INFO] [stdout] 28 | |             refetch_interval: None,
[INFO] [stdout] 29 | |             resource_option: ResourceOption::NonBlocking,
[INFO] [stdout] 30 | |             stale_time: Some(Duration::from_secs(5)),
[INFO] [stdout] 31 | |             cache_time: Some(Duration::from_secs(60)),
[INFO] [stdout] 32 | |         },
[INFO] [stdout]    | |_________^ the trait `leptos::server_fn::serde::Serialize` is not implemented for `Monkey`
[INFO] [stdout]    |
[INFO] [stdout]    = help: the following other types implement trait `leptos::server_fn::serde::Serialize`:
[INFO] [stdout]              bool
[INFO] [stdout]              char
[INFO] [stdout]              isize
[INFO] [stdout]              i8
[INFO] [stdout]              i16
[INFO] [stdout]              i32
[INFO] [stdout]              i64
[INFO] [stdout]              i128
[INFO] [stdout]            and 161 others
[INFO] [stdout]    = note: required for `Monkey` to implement `Serializable`
[INFO] [stdout] note: required by a bound in `use_query`
[INFO] [stdout]   --> /opt/rustwide/workdir/src/use_query.rs:65:16
[INFO] [stdout]    |
[INFO] [stdout] 58 | pub fn use_query<K, V, Fu>(
[INFO] [stdout]    |        --------- required by a bound in this function
[INFO] [stdout] ...
[INFO] [stdout] 65 |     V: Clone + Serializable + 'static,
[INFO] [stdout]    |                ^^^^^^^^^^^^ required by this bound in `use_query`
[INFO] [stdout] 
[INFO] [stdout] error[E0277]: the trait bound `for<'de> Monkey: leptos::server_fn::serde::Deserialize<'de>` is not satisfied
[INFO] [stdout]   --> src/use_query.rs:47:9
[INFO] [stdout]    |
[INFO] [stdout] 23 |       leptos_query::use_query(
[INFO] [stdout]    |       ----------------------- required by a bound introduced by this call
[INFO] [stdout] ...
[INFO] [stdout] 26 | /         QueryOptions {
[INFO] [stdout] 27 | |             default_value: None,
[INFO] [stdout] 28 | |             refetch_interval: None,
[INFO] [stdout] 29 | |             resource_option: ResourceOption::NonBlocking,
[INFO] [stdout] 30 | |             stale_time: Some(Duration::from_secs(5)),
[INFO] [stdout] 31 | |             cache_time: Some(Duration::from_secs(60)),
[INFO] [stdout] 32 | |         },
[INFO] [stdout]    | |_________^ the trait `for<'de> leptos::server_fn::serde::Deserialize<'de>` is not implemented for `Monkey`
[INFO] [stdout]    |
[INFO] [stdout]    = help: the following other types implement trait `leptos::server_fn::serde::Deserialize<'de>`:
[INFO] [stdout]              <bool as leptos::server_fn::serde::Deserialize<'de>>
[INFO] [stdout]              <char as leptos::server_fn::serde::Deserialize<'de>>
[INFO] [stdout]              <isize as leptos::server_fn::serde::Deserialize<'de>>
[INFO] [stdout]              <i8 as leptos::server_fn::serde::Deserialize<'de>>
[INFO] [stdout]              <i16 as leptos::server_fn::serde::Deserialize<'de>>
[INFO] [stdout]              <i32 as leptos::server_fn::serde::Deserialize<'de>>
[INFO] [stdout]              <i64 as leptos::server_fn::serde::Deserialize<'de>>
[INFO] [stdout]              <i128 as leptos::server_fn::serde::Deserialize<'de>>
[INFO] [stdout]            and 161 others
[INFO] [stdout]    = note: required for `Monkey` to implement `DeserializeOwned`
[INFO] [stdout]    = note: required for `Monkey` to implement `Serializable`
[INFO] [stdout] note: required by a bound in `use_query`
[INFO] [stdout]   --> /opt/rustwide/workdir/src/use_query.rs:65:16
[INFO] [stdout]    |
[INFO] [stdout] 58 | pub fn use_query<K, V, Fu>(
[INFO] [stdout]    |        --------- required by a bound in this function
[INFO] [stdout] ...
[INFO] [stdout] 65 |     V: Clone + Serializable + 'static,
[INFO] [stdout]    |                ^^^^^^^^^^^^ required by this bound in `use_query`
[INFO] [stdout] 
[INFO] [stdout] error: aborting due to 5 previous errors
[INFO] [stdout] 
[INFO] [stdout] Some errors have detailed explanations: E0277, E0432.
[INFO] [stdout] For more information about an error, try `rustc --explain E0277`.
[INFO] [stdout] Couldn't compile the test.
[INFO] [stdout] ---- src/lib.rs - (line 40) stdout ----
[INFO] [stdout] error[E0432]: unresolved import `serde`
[INFO] [stdout]  --> src/lib.rs:45:5
[INFO] [stdout]   |
[INFO] [stdout] 8 | use serde::*;
[INFO] [stdout]   |     ^^^^^ use of undeclared crate or module `serde`
[INFO] [stdout] 
[INFO] [stdout] error: cannot find derive macro `Deserialize` in this scope
[INFO] [stdout]   --> src/lib.rs:48:17
[INFO] [stdout]    |
[INFO] [stdout] 11 | #[derive(Clone, Deserialize, Serialize)]
[INFO] [stdout]    |                 ^^^^^^^^^^^
[INFO] [stdout] 
[INFO] [stdout] error: cannot find derive macro `Serialize` in this scope
[INFO] [stdout]   --> src/lib.rs:48:30
[INFO] [stdout]    |
[INFO] [stdout] 11 | #[derive(Clone, Deserialize, Serialize)]
[INFO] [stdout]    |                              ^^^^^^^^^
[INFO] [stdout] 
[INFO] [stdout] error[E0277]: the trait bound `Monkey: leptos::server_fn::serde::Serialize` is not satisfied
[INFO] [stdout]   --> src/lib.rs:63:9
[INFO] [stdout]    |
[INFO] [stdout] 23 |       leptos_query::use_query(
[INFO] [stdout]    |       ----------------------- required by a bound introduced by this call
[INFO] [stdout] ...
[INFO] [stdout] 26 | /         QueryOptions {
[INFO] [stdout] 27 | |             default_value: None,
[INFO] [stdout] 28 | |             refetch_interval: None,
[INFO] [stdout] 29 | |             resource_option: ResourceOption::NonBlocking,
[INFO] [stdout] 30 | |             stale_time: Some(Duration::from_secs(5)),
[INFO] [stdout] 31 | |             cache_time: Some(Duration::from_secs(60)),
[INFO] [stdout] 32 | |         },
[INFO] [stdout]    | |_________^ the trait `leptos::server_fn::serde::Serialize` is not implemented for `Monkey`
[INFO] [stdout]    |
[INFO] [stdout]    = help: the following other types implement trait `leptos::server_fn::serde::Serialize`:
[INFO] [stdout]              bool
[INFO] [stdout]              char
[INFO] [stdout]              isize
[INFO] [stdout]              i8
[INFO] [stdout]              i16
[INFO] [stdout]              i32
[INFO] [stdout]              i64
[INFO] [stdout]              i128
[INFO] [stdout]            and 161 others
[INFO] [stdout]    = note: required for `Monkey` to implement `Serializable`
[INFO] [stdout] note: required by a bound in `use_query`
[INFO] [stdout]   --> /opt/rustwide/workdir/src/use_query.rs:65:16
[INFO] [stdout]    |
[INFO] [stdout] 58 | pub fn use_query<K, V, Fu>(
[INFO] [stdout]    |        --------- required by a bound in this function
[INFO] [stdout] ...
[INFO] [stdout] 65 |     V: Clone + Serializable + 'static,
[INFO] [stdout]    |                ^^^^^^^^^^^^ required by this bound in `use_query`
[INFO] [stdout] 
[INFO] [stdout] error[E0277]: the trait bound `for<'de> Monkey: leptos::server_fn::serde::Deserialize<'de>` is not satisfied
[INFO] [stdout]   --> src/lib.rs:63:9
[INFO] [stdout]    |
[INFO] [stdout] 23 |       leptos_query::use_query(
[INFO] [stdout]    |       ----------------------- required by a bound introduced by this call
[INFO] [stdout] ...
[INFO] [stdout] 26 | /         QueryOptions {
[INFO] [stdout] 27 | |             default_value: None,
[INFO] [stdout] 28 | |             refetch_interval: None,
[INFO] [stdout] 29 | |             resource_option: ResourceOption::NonBlocking,
[INFO] [stdout] 30 | |             stale_time: Some(Duration::from_secs(5)),
[INFO] [stdout] 31 | |             cache_time: Some(Duration::from_secs(60)),
[INFO] [stdout] 32 | |         },
[INFO] [stdout]    | |_________^ the trait `for<'de> leptos::server_fn::serde::Deserialize<'de>` is not implemented for `Monkey`
[INFO] [stdout]    |
[INFO] [stdout]    = help: the following other types implement trait `leptos::server_fn::serde::Deserialize<'de>`:
[INFO] [stdout]              <bool as leptos::server_fn::serde::Deserialize<'de>>
[INFO] [stdout]              <char as leptos::server_fn::serde::Deserialize<'de>>
[INFO] [stdout]              <isize as leptos::server_fn::serde::Deserialize<'de>>
[INFO] [stdout]              <i8 as leptos::server_fn::serde::Deserialize<'de>>
[INFO] [stdout]              <i16 as leptos::server_fn::serde::Deserialize<'de>>
[INFO] [stdout]              <i32 as leptos::server_fn::serde::Deserialize<'de>>
[INFO] [stdout]              <i64 as leptos::server_fn::serde::Deserialize<'de>>
[INFO] [stdout]              <i128 as leptos::server_fn::serde::Deserialize<'de>>
[INFO] [stdout]            and 161 others
[INFO] [stdout]    = note: required for `Monkey` to implement `DeserializeOwned`
[INFO] [stdout]    = note: required for `Monkey` to implement `Serializable`
[INFO] [stdout] note: required by a bound in `use_query`
[INFO] [stdout]   --> /opt/rustwide/workdir/src/use_query.rs:65:16
[INFO] [stdout]    |
[INFO] [stdout] 58 | pub fn use_query<K, V, Fu>(
[INFO] [stdout]    |        --------- required by a bound in this function
[INFO] [stdout] ...
[INFO] [stdout] 65 |     V: Clone + Serializable + 'static,
[INFO] [stdout]    |                ^^^^^^^^^^^^ required by this bound in `use_query`
[INFO] [stdout] 
[INFO] [stdout] error: aborting due to 5 previous errors
[INFO] [stdout] 
[INFO] [stdout] Some errors have detailed explanations: E0277, E0432.
[INFO] [stdout] For more information about an error, try `rustc --explain E0277`.
[INFO] [stdout] Couldn't compile the test.
[INFO] [stdout] ---- src/query_client.rs - query_client::QueryClient::invalidate_all_queries (line 298) stdout ----
[INFO] [stdout] Test executable failed (exit status: 101).
[INFO] [stdout] 
[INFO] [stdout] stderr:
[INFO] [stdout] thread 'main' panicked at src/query_client.rs:26:34:
[INFO] [stdout] Query Client Missing.
[INFO] [stdout] stack backtrace:
[INFO] [stdout]    0:     0x560046aede36 - std::backtrace_rs::backtrace::libunwind::trace::h261606ad26a499c1
[INFO] [stdout]                                at /rustc/0e09125c6c3c2fd70d7de961bcf0e51575235fad/library/std/src/../../backtrace/src/backtrace/libunwind.rs:104:5
[INFO] [stdout]    1:     0x560046aede36 - std::backtrace_rs::backtrace::trace_unsynchronized::hd183f0625477fb28
[INFO] [stdout]                                at /rustc/0e09125c6c3c2fd70d7de961bcf0e51575235fad/library/std/src/../../backtrace/src/backtrace/mod.rs:66:5
[INFO] [stdout]    2:     0x560046aede36 - std::sys_common::backtrace::_print_fmt::hd7f8fef21b4eda67
[INFO] [stdout]                                at /rustc/0e09125c6c3c2fd70d7de961bcf0e51575235fad/library/std/src/sys_common/backtrace.rs:68:5
[INFO] [stdout]    3:     0x560046aede36 - <std::sys_common::backtrace::_print::DisplayBacktrace as core::fmt::Display>::fmt::h623d9b51f2f453f1
[INFO] [stdout]                                at /rustc/0e09125c6c3c2fd70d7de961bcf0e51575235fad/library/std/src/sys_common/backtrace.rs:44:22
[INFO] [stdout]    4:     0x560046b0cce0 - core::fmt::rt::Argument::fmt::h9f417ac76a86f368
[INFO] [stdout]                                at /rustc/0e09125c6c3c2fd70d7de961bcf0e51575235fad/library/core/src/fmt/rt.rs:142:9
[INFO] [stdout]    5:     0x560046b0cce0 - core::fmt::write::hc9b6faf4ac2aeff7
[INFO] [stdout]                                at /rustc/0e09125c6c3c2fd70d7de961bcf0e51575235fad/library/core/src/fmt/mod.rs:1120:17
[INFO] [stdout]    6:     0x560046aec26f - std::io::Write::write_fmt::hfead1eee52c2e65e
[INFO] [stdout]                                at /rustc/0e09125c6c3c2fd70d7de961bcf0e51575235fad/library/std/src/io/mod.rs:1810:15
[INFO] [stdout]    7:     0x560046aedc14 - std::sys_common::backtrace::_print::hd5d66399c7df88a2
[INFO] [stdout]                                at /rustc/0e09125c6c3c2fd70d7de961bcf0e51575235fad/library/std/src/sys_common/backtrace.rs:47:5
[INFO] [stdout]    8:     0x560046aedc14 - std::sys_common::backtrace::print::he81ed2da642d37e5
[INFO] [stdout]                                at /rustc/0e09125c6c3c2fd70d7de961bcf0e51575235fad/library/std/src/sys_common/backtrace.rs:34:9
[INFO] [stdout]    9:     0x560046aef177 - std::panicking::default_hook::{{closure}}::h85773f4fa117163d
[INFO] [stdout]   10:     0x560046aeeed9 - std::panicking::default_hook::h6a1694a91d09b278
[INFO] [stdout]                                at /rustc/0e09125c6c3c2fd70d7de961bcf0e51575235fad/library/std/src/panicking.rs:292:9
[INFO] [stdout]   11:     0x560046aef608 - std::panicking::rust_panic_with_hook::h0a7ad96e90f7145b
[INFO] [stdout]                                at /rustc/0e09125c6c3c2fd70d7de961bcf0e51575235fad/library/std/src/panicking.rs:779:13
[INFO] [stdout]   12:     0x560046aef4e2 - std::panicking::begin_panic_handler::{{closure}}::h7919090525c6485e
[INFO] [stdout]                                at /rustc/0e09125c6c3c2fd70d7de961bcf0e51575235fad/library/std/src/panicking.rs:657:13
[INFO] [stdout]   13:     0x560046aee336 - std::sys_common::backtrace::__rust_end_short_backtrace::hf3289479464f7dfe
[INFO] [stdout]                                at /rustc/0e09125c6c3c2fd70d7de961bcf0e51575235fad/library/std/src/sys_common/backtrace.rs:171:18
[INFO] [stdout]   14:     0x560046aef240 - rust_begin_unwind
[INFO] [stdout]                                at /rustc/0e09125c6c3c2fd70d7de961bcf0e51575235fad/library/std/src/panicking.rs:645:5
[INFO] [stdout]   15:     0x560046aaeeb5 - core::panicking::panic_fmt::hcc9f77c5c132af55
[INFO] [stdout]                                at /rustc/0e09125c6c3c2fd70d7de961bcf0e51575235fad/library/core/src/panicking.rs:72:14
[INFO] [stdout]   16:     0x560046aaee73 - core::panicking::panic_display::h0204da5f51c86759
[INFO] [stdout]                                at /rustc/0e09125c6c3c2fd70d7de961bcf0e51575235fad/library/core/src/panicking.rs:196:5
[INFO] [stdout]   17:     0x560046aaee73 - core::panicking::panic_str::h384c8d5de2012701
[INFO] [stdout]                                at /rustc/0e09125c6c3c2fd70d7de961bcf0e51575235fad/library/core/src/panicking.rs:171:5
[INFO] [stdout]   18:     0x560046aaee73 - core::option::expect_failed::h6b23844cf3a4e381
[INFO] [stdout]                                at /rustc/0e09125c6c3c2fd70d7de961bcf0e51575235fad/library/core/src/option.rs:1980:5
[INFO] [stdout]   19:     0x560046ab0538 - core::option::Option<T>::expect::hb63c21165c6bc7a8
[INFO] [stdout]                                at /rustc/0e09125c6c3c2fd70d7de961bcf0e51575235fad/library/core/src/option.rs:894:21
[INFO] [stdout]   20:     0x560046ab13cc - leptos_query::query_client::use_query_client::hc09e0b930a6dba56
[INFO] [stdout]                                at /opt/rustwide/workdir/src/query_client.rs:26:5
[INFO] [stdout]   21:     0x560046aaf8b6 - rust_out::main::_doctest_main_src_query_client_rs_298_0::hc723fa6a24454ed5
[INFO] [stdout]   22:     0x560046aaf896 - rust_out::main::h71185a25be64b52e
[INFO] [stdout]   23:     0x560046aaf823 - encoding_rs::gb18030::Gb18030Decoder::decode_to_utf8_raw::h5233882f47d611e0
[INFO] [stdout]                                at /opt/rustwide/cargo-home/registry/src/index.crates.io-6f17d22bba15001f/encoding_rs-0.8.32/src/handles.rs:856:9
[INFO] [stdout]   24:     0x560046aaf7a6 - encoding_rs::gb18030::Gb18030Decoder::decode_to_utf8_raw::h5233882f47d611e0
[INFO] [stdout]                                at /opt/rustwide/cargo-home/registry/src/index.crates.io-6f17d22bba15001f/encoding_rs-0.8.32/src/handles.rs:939:9
[INFO] [stdout]   25:     0x560046aaf7f9 - encoding_rs::gb18030::Gb18030Decoder::decode_to_utf8_raw::h5233882f47d611e0
[INFO] [stdout]                                at /opt/rustwide/cargo-home/registry/src/index.crates.io-6f17d22bba15001f/encoding_rs-0.8.32/src/gb18030.rs:121:25
[INFO] [stdout]   26:     0x560046ae9ad1 - core::ops::function::impls::<impl core::ops::function::FnOnce<A> for &F>::call_once::h4eb4c5e1620f29b0
[INFO] [stdout]                                at /rustc/0e09125c6c3c2fd70d7de961bcf0e51575235fad/library/core/src/ops/function.rs:284:13
[INFO] [stdout]   27:     0x560046ae9ad1 - std::panicking::try::do_call::h73fd26535faffcdf
[INFO] [stdout]                                at /rustc/0e09125c6c3c2fd70d7de961bcf0e51575235fad/library/std/src/panicking.rs:552:40
[INFO] [stdout]   28:     0x560046ae9ad1 - std::panicking::try::h77ff1d98f0fb9f39
[INFO] [stdout]                                at /rustc/0e09125c6c3c2fd70d7de961bcf0e51575235fad/library/std/src/panicking.rs:516:19
[INFO] [stdout]   29:     0x560046ae9ad1 - std::panic::catch_unwind::hab3caf2448b95e37
[INFO] [stdout]                                at /rustc/0e09125c6c3c2fd70d7de961bcf0e51575235fad/library/std/src/panic.rs:142:14
[INFO] [stdout]   30:     0x560046ae9ad1 - std::rt::lang_start_internal::{{closure}}::h8086711f9c783f78
[INFO] [stdout]                                at /rustc/0e09125c6c3c2fd70d7de961bcf0e51575235fad/library/std/src/rt.rs:148:48
[INFO] [stdout]   31:     0x560046ae9ad1 - std::panicking::try::do_call::hf920d4dc291cd6ca
[INFO] [stdout]                                at /rustc/0e09125c6c3c2fd70d7de961bcf0e51575235fad/library/std/src/panicking.rs:552:40
[INFO] [stdout]   32:     0x560046ae9ad1 - std::panicking::try::h2b806ccc0a85db74
[INFO] [stdout]                                at /rustc/0e09125c6c3c2fd70d7de961bcf0e51575235fad/library/std/src/panicking.rs:516:19
[INFO] [stdout]   33:     0x560046ae9ad1 - std::panic::catch_unwind::h038489539c507df2
[INFO] [stdout]                                at /rustc/0e09125c6c3c2fd70d7de961bcf0e51575235fad/library/std/src/panic.rs:142:14
[INFO] [stdout]   34:     0x560046ae9ad1 - std::rt::lang_start_internal::h28503b88912e8a5c
[INFO] [stdout]                                at /rustc/0e09125c6c3c2fd70d7de961bcf0e51575235fad/library/std/src/rt.rs:148:20
[INFO] [stdout]   35:     0x560046aaf7d7 - encoding_rs::gb18030::Gb18030Decoder::decode_to_utf8_raw::h5233882f47d611e0
[INFO] [stdout]   36:     0x560046aaf925 - main
[INFO] [stdout]   37:     0x7fa9fa3b4d90 - <unknown>
[INFO] [stdout]   38:     0x7fa9fa3b4e40 - __libc_start_main
[INFO] [stdout]   39:     0x560046aaf6d5 - encoding_rs::gb18030::Gb18030Decoder::decode_to_utf8_raw::h5233882f47d611e0
[INFO] [stdout]                                at /opt/rustwide/cargo-home/registry/src/index.crates.io-6f17d22bba15001f/encoding_rs-0.8.32/src/handles.rs:939:9
[INFO] [stdout]   40:                0x0 - <unknown>
[INFO] [stdout] 
[INFO] [stdout] 
[INFO] [stdout] ---- src/query_client.rs - query_client::QueryClient::size (line 317) stdout ----
[INFO] [stdout] Test executable failed (exit status: 101).
[INFO] [stdout] 
[INFO] [stdout] stderr:
[INFO] [stdout] thread 'main' panicked at src/query_client.rs:26:34:
[INFO] [stdout] Query Client Missing.
[INFO] [stdout] stack backtrace:
[INFO] [stdout]    0:     0x56043aa4b9c6 - std::backtrace_rs::backtrace::libunwind::trace::h261606ad26a499c1
[INFO] [stdout]                                at /rustc/0e09125c6c3c2fd70d7de961bcf0e51575235fad/library/std/src/../../backtrace/src/backtrace/libunwind.rs:104:5
[INFO] [stdout]    1:     0x56043aa4b9c6 - std::backtrace_rs::backtrace::trace_unsynchronized::hd183f0625477fb28
[INFO] [stdout]                                at /rustc/0e09125c6c3c2fd70d7de961bcf0e51575235fad/library/std/src/../../backtrace/src/backtrace/mod.rs:66:5
[INFO] [stdout]    2:     0x56043aa4b9c6 - std::sys_common::backtrace::_print_fmt::hd7f8fef21b4eda67
[INFO] [stdout]                                at /rustc/0e09125c6c3c2fd70d7de961bcf0e51575235fad/library/std/src/sys_common/backtrace.rs:68:5
[INFO] [stdout]    3:     0x56043aa4b9c6 - <std::sys_common::backtrace::_print::DisplayBacktrace as core::fmt::Display>::fmt::h623d9b51f2f453f1
[INFO] [stdout]                                at /rustc/0e09125c6c3c2fd70d7de961bcf0e51575235fad/library/std/src/sys_common/backtrace.rs:44:22
[INFO] [stdout]    4:     0x56043aa6a8e0 - core::fmt::rt::Argument::fmt::h9f417ac76a86f368
[INFO] [stdout]                                at /rustc/0e09125c6c3c2fd70d7de961bcf0e51575235fad/library/core/src/fmt/rt.rs:142:9
[INFO] [stdout]    5:     0x56043aa6a8e0 - core::fmt::write::hc9b6faf4ac2aeff7
[INFO] [stdout]                                at /rustc/0e09125c6c3c2fd70d7de961bcf0e51575235fad/library/core/src/fmt/mod.rs:1120:17
[INFO] [stdout]    6:     0x56043aa49dff - std::io::Write::write_fmt::hfead1eee52c2e65e
[INFO] [stdout]                                at /rustc/0e09125c6c3c2fd70d7de961bcf0e51575235fad/library/std/src/io/mod.rs:1810:15
[INFO] [stdout]    7:     0x56043aa4b7a4 - std::sys_common::backtrace::_print::hd5d66399c7df88a2
[INFO] [stdout]                                at /rustc/0e09125c6c3c2fd70d7de961bcf0e51575235fad/library/std/src/sys_common/backtrace.rs:47:5
[INFO] [stdout]    8:     0x56043aa4b7a4 - std::sys_common::backtrace::print::he81ed2da642d37e5
[INFO] [stdout]                                at /rustc/0e09125c6c3c2fd70d7de961bcf0e51575235fad/library/std/src/sys_common/backtrace.rs:34:9
[INFO] [stdout]    9:     0x56043aa4cd07 - std::panicking::default_hook::{{closure}}::h85773f4fa117163d
[INFO] [stdout]   10:     0x56043aa4ca69 - std::panicking::default_hook::h6a1694a91d09b278
[INFO] [stdout]                                at /rustc/0e09125c6c3c2fd70d7de961bcf0e51575235fad/library/std/src/panicking.rs:292:9
[INFO] [stdout]   11:     0x56043aa4d198 - std::panicking::rust_panic_with_hook::h0a7ad96e90f7145b
[INFO] [stdout]                                at /rustc/0e09125c6c3c2fd70d7de961bcf0e51575235fad/library/std/src/panicking.rs:779:13
[INFO] [stdout]   12:     0x56043aa4d072 - std::panicking::begin_panic_handler::{{closure}}::h7919090525c6485e
[INFO] [stdout]                                at /rustc/0e09125c6c3c2fd70d7de961bcf0e51575235fad/library/std/src/panicking.rs:657:13
[INFO] [stdout]   13:     0x56043aa4bec6 - std::sys_common::backtrace::__rust_end_short_backtrace::hf3289479464f7dfe
[INFO] [stdout]                                at /rustc/0e09125c6c3c2fd70d7de961bcf0e51575235fad/library/std/src/sys_common/backtrace.rs:171:18
[INFO] [stdout]   14:     0x56043aa4cdd0 - rust_begin_unwind
[INFO] [stdout]                                at /rustc/0e09125c6c3c2fd70d7de961bcf0e51575235fad/library/std/src/panicking.rs:645:5
[INFO] [stdout]   15:     0x56043a9e2f35 - core::panicking::panic_fmt::hcc9f77c5c132af55
[INFO] [stdout]                                at /rustc/0e09125c6c3c2fd70d7de961bcf0e51575235fad/library/core/src/panicking.rs:72:14
[INFO] [stdout]   16:     0x56043a9e2ef3 - core::panicking::panic_display::h0204da5f51c86759
[INFO] [stdout]                                at /rustc/0e09125c6c3c2fd70d7de961bcf0e51575235fad/library/core/src/panicking.rs:196:5
[INFO] [stdout]   17:     0x56043a9e2ef3 - core::panicking::panic_str::h384c8d5de2012701
[INFO] [stdout]                                at /rustc/0e09125c6c3c2fd70d7de961bcf0e51575235fad/library/core/src/panicking.rs:171:5
[INFO] [stdout]   18:     0x56043a9e2ef3 - core::option::expect_failed::h6b23844cf3a4e381
[INFO] [stdout]                                at /rustc/0e09125c6c3c2fd70d7de961bcf0e51575235fad/library/core/src/option.rs:1980:5
[INFO] [stdout]   19:     0x56043a9e5f38 - core::option::Option<T>::expect::hb63c21165c6bc7a8
[INFO] [stdout]                                at /rustc/0e09125c6c3c2fd70d7de961bcf0e51575235fad/library/core/src/option.rs:894:21
[INFO] [stdout]   20:     0x56043a9e916c - leptos_query::query_client::use_query_client::hc09e0b930a6dba56
[INFO] [stdout]                                at /opt/rustwide/workdir/src/query_client.rs:26:5
[INFO] [stdout]   21:     0x56043a9e3936 - rust_out::main::_doctest_main_src_query_client_rs_317_0::h64820d2f586d4cfb
[INFO] [stdout]   22:     0x56043a9e3916 - rust_out::main::h71185a25be64b52e
[INFO] [stdout]   23:     0x56043a9e38a3 - core::ops::function::FnOnce::call_once::h0a5e8bc522cf7e26
[INFO] [stdout]   24:     0x56043a9e3826 - std::sys_common::backtrace::__rust_begin_short_backtrace::h904992c6a2208b49
[INFO] [stdout]   25:     0x56043a9e3879 - std::rt::lang_start::{{closure}}::h95a4dad7805b7c7c
[INFO] [stdout]   26:     0x56043aa47661 - core::ops::function::impls::<impl core::ops::function::FnOnce<A> for &F>::call_once::h4eb4c5e1620f29b0
[INFO] [stdout]                                at /rustc/0e09125c6c3c2fd70d7de961bcf0e51575235fad/library/core/src/ops/function.rs:284:13
[INFO] [stdout]   27:     0x56043aa47661 - std::panicking::try::do_call::h73fd26535faffcdf
[INFO] [stdout]                                at /rustc/0e09125c6c3c2fd70d7de961bcf0e51575235fad/library/std/src/panicking.rs:552:40
[INFO] [stdout]   28:     0x56043aa47661 - std::panicking::try::h77ff1d98f0fb9f39
[INFO] [stdout]                                at /rustc/0e09125c6c3c2fd70d7de961bcf0e51575235fad/library/std/src/panicking.rs:516:19
[INFO] [stdout]   29:     0x56043aa47661 - std::panic::catch_unwind::hab3caf2448b95e37
[INFO] [stdout]                                at /rustc/0e09125c6c3c2fd70d7de961bcf0e51575235fad/library/std/src/panic.rs:142:14
[INFO] [stdout]   30:     0x56043aa47661 - std::rt::lang_start_internal::{{closure}}::h8086711f9c783f78
[INFO] [stdout]                                at /rustc/0e09125c6c3c2fd70d7de961bcf0e51575235fad/library/std/src/rt.rs:148:48
[INFO] [stdout]   31:     0x56043aa47661 - std::panicking::try::do_call::hf920d4dc291cd6ca
[INFO] [stdout]                                at /rustc/0e09125c6c3c2fd70d7de961bcf0e51575235fad/library/std/src/panicking.rs:552:40
[INFO] [stdout]   32:     0x56043aa47661 - std::panicking::try::h2b806ccc0a85db74
[INFO] [stdout]                                at /rustc/0e09125c6c3c2fd70d7de961bcf0e51575235fad/library/std/src/panicking.rs:516:19
[INFO] [stdout]   33:     0x56043aa47661 - std::panic::catch_unwind::h038489539c507df2
[INFO] [stdout]                                at /rustc/0e09125c6c3c2fd70d7de961bcf0e51575235fad/library/std/src/panic.rs:142:14
[INFO] [stdout]   34:     0x56043aa47661 - std::rt::lang_start_internal::h28503b88912e8a5c
[INFO] [stdout]                                at /rustc/0e09125c6c3c2fd70d7de961bcf0e51575235fad/library/std/src/rt.rs:148:20
[INFO] [stdout]   35:     0x56043a9e3857 - std::rt::lang_start::h9942cc54b4d5350a
[INFO] [stdout]   36:     0x56043a9e39a5 - main
[INFO] [stdout]   37:     0x7fec54f1ed90 - <unknown>
[INFO] [stdout]   38:     0x7fec54f1ee40 - __libc_start_main
[INFO] [stdout]   39:     0x56043a9e3755 - _start
[INFO] [stdout]   40:                0x0 - <unknown>
[INFO] [stdout] 
[INFO] [stdout] 
[INFO] [stdout] 
[INFO] [stdout] failures:
[INFO] [stdout]     src/lib.rs - (line 40)
[INFO] [stdout]     src/lib.rs - (line 76)
[INFO] [stdout]     src/query_client.rs - query_client::QueryClient::invalidate_all_queries (line 298)
[INFO] [stdout]     src/query_client.rs - query_client::QueryClient::invalidate_queries (line 237)
[INFO] [stdout]     src/query_client.rs - query_client::QueryClient::invalidate_query (line 214)
[INFO] [stdout]     src/query_client.rs - query_client::QueryClient::invalidate_query_type (line 271)
[INFO] [stdout]     src/query_client.rs - query_client::QueryClient::set_query_data (line 347)
[INFO] [stdout]     src/query_client.rs - query_client::QueryClient::size (line 317)
[INFO] [stdout]     src/query_executor.rs - query_executor::suppress_query_load (line 26)
[INFO] [stdout]     src/use_query.rs - use_query::use_query (line 24)
[INFO] [stdout] 
[INFO] [stdout] test result: FAILED. 1 passed; 10 failed; 0 ignored; 0 measured; 0 filtered out; finished in 2.01s
[INFO] [stdout] 
[INFO] [stderr] error: doctest failed, to rerun pass `--doc`
[INFO] running `Command { std: "docker" "inspect" "a4555d001e78dbc0033cd44f9a09c3c61c232e21f8d46f7ec57404860612a7e4", kill_on_drop: false }`
[INFO] running `Command { std: "docker" "rm" "-f" "a4555d001e78dbc0033cd44f9a09c3c61c232e21f8d46f7ec57404860612a7e4", kill_on_drop: false }`
[INFO] [stdout] a4555d001e78dbc0033cd44f9a09c3c61c232e21f8d46f7ec57404860612a7e4
