[INFO] cloning repository https://github.com/nathan-at-least/iomux
[INFO] running `Command { std: "git" "-c" "credential.helper=" "-c" "credential.helper=/workspace/cargo-home/bin/git-credential-null" "clone" "--bare" "https://github.com/nathan-at-least/iomux" "/workspace/cache/git-repos/https%3A%2F%2Fgithub.com%2Fnathan-at-least%2Fiomux", kill_on_drop: false }`
[INFO] [stderr] Cloning into bare repository '/workspace/cache/git-repos/https%3A%2F%2Fgithub.com%2Fnathan-at-least%2Fiomux'...
[INFO] running `Command { std: "git" "rev-parse" "HEAD", kill_on_drop: false }`
[INFO] [stdout] 76fa8d24d4ec8d573471e63acbd1f007eefbdbd4
[INFO] testing nathan-at-least/iomux against 1.75.0 for beta-1.76-1
[INFO] running `Command { std: "git" "clone" "/workspace/cache/git-repos/https%3A%2F%2Fgithub.com%2Fnathan-at-least%2Fiomux" "/workspace/builds/worker-7-tc1/source", kill_on_drop: false }`
[INFO] [stderr] Cloning into '/workspace/builds/worker-7-tc1/source'...
[INFO] [stderr] done.
[INFO] validating manifest of git repo https://github.com/nathan-at-least/iomux on toolchain 1.75.0
[INFO] running `Command { std: CARGO_HOME="/workspace/cargo-home" RUSTUP_HOME="/workspace/rustup-home" "/workspace/cargo-home/bin/cargo" "+1.75.0" "metadata" "--manifest-path" "Cargo.toml" "--no-deps", kill_on_drop: false }`
[INFO] started tweaking git repo https://github.com/nathan-at-least/iomux
[INFO] finished tweaking git repo https://github.com/nathan-at-least/iomux
[INFO] tweaked toml for git repo https://github.com/nathan-at-least/iomux written to /workspace/builds/worker-7-tc1/source/Cargo.toml
[INFO] crate git repo https://github.com/nathan-at-least/iomux already has a lockfile, it will not be regenerated
[INFO] running `Command { std: CARGO_HOME="/workspace/cargo-home" RUSTUP_HOME="/workspace/rustup-home" "/workspace/cargo-home/bin/cargo" "+1.75.0" "fetch" "--manifest-path" "Cargo.toml", kill_on_drop: false }`
[INFO] running `Command { std: "docker" "create" "-v" "/var/lib/crater-agent-workspace/builds/worker-7-tc1/target:/opt/rustwide/target:rw,Z" "-v" "/var/lib/crater-agent-workspace/builds/worker-7-tc1/source:/opt/rustwide/workdir:ro,Z" "-v" "/var/lib/crater-agent-workspace/cargo-home:/opt/rustwide/cargo-home:ro,Z" "-v" "/var/lib/crater-agent-workspace/rustup-home:/opt/rustwide/rustup-home:ro,Z" "-e" "SOURCE_DIR=/opt/rustwide/workdir" "-e" "CARGO_TARGET_DIR=/opt/rustwide/target" "-e" "CARGO_HOME=/opt/rustwide/cargo-home" "-e" "RUSTUP_HOME=/opt/rustwide/rustup-home" "-w" "/opt/rustwide/workdir" "-m" "1610612736" "--user" "0:0" "--network" "none" "ghcr.io/rust-lang/crates-build-env/linux@sha256:2788e3201cd34a07e3172128adcd8b3090168a8e3bcc40d7c032b9dda1df7d1c" "/opt/rustwide/cargo-home/bin/cargo" "+1.75.0" "metadata" "--no-deps" "--format-version=1", kill_on_drop: false }`
[INFO] [stdout] 404579836d27f303ce8a5c6e85558a3628e6e03239afd54ec698cc2654c88e23
[INFO] running `Command { std: "docker" "start" "-a" "404579836d27f303ce8a5c6e85558a3628e6e03239afd54ec698cc2654c88e23", kill_on_drop: false }`
[INFO] running `Command { std: "docker" "inspect" "404579836d27f303ce8a5c6e85558a3628e6e03239afd54ec698cc2654c88e23", kill_on_drop: false }`
[INFO] running `Command { std: "docker" "rm" "-f" "404579836d27f303ce8a5c6e85558a3628e6e03239afd54ec698cc2654c88e23", kill_on_drop: false }`
[INFO] [stdout] 404579836d27f303ce8a5c6e85558a3628e6e03239afd54ec698cc2654c88e23
[INFO] running `Command { std: "docker" "create" "-v" "/var/lib/crater-agent-workspace/builds/worker-7-tc1/target:/opt/rustwide/target:rw,Z" "-v" "/var/lib/crater-agent-workspace/builds/worker-7-tc1/source:/opt/rustwide/workdir:ro,Z" "-v" "/var/lib/crater-agent-workspace/cargo-home:/opt/rustwide/cargo-home:ro,Z" "-v" "/var/lib/crater-agent-workspace/rustup-home:/opt/rustwide/rustup-home:ro,Z" "-e" "SOURCE_DIR=/opt/rustwide/workdir" "-e" "CARGO_TARGET_DIR=/opt/rustwide/target" "-e" "CARGO_INCREMENTAL=0" "-e" "RUST_BACKTRACE=full" "-e" "RUSTFLAGS=--cap-lints=warn" "-e" "RUSTDOCFLAGS=--cap-lints=warn" "-e" "CARGO_HOME=/opt/rustwide/cargo-home" "-e" "RUSTUP_HOME=/opt/rustwide/rustup-home" "-w" "/opt/rustwide/workdir" "-m" "1610612736" "--user" "0:0" "--network" "none" "ghcr.io/rust-lang/crates-build-env/linux@sha256:2788e3201cd34a07e3172128adcd8b3090168a8e3bcc40d7c032b9dda1df7d1c" "/opt/rustwide/cargo-home/bin/cargo" "+1.75.0" "build" "--frozen" "--message-format=json", kill_on_drop: false }`
[INFO] [stdout] 5c2b866b23af180a9f947bed2dea705604f4be7adc8f479e4ed527ede868a006
[INFO] running `Command { std: "docker" "start" "-a" "5c2b866b23af180a9f947bed2dea705604f4be7adc8f479e4ed527ede868a006", kill_on_drop: false }`
[INFO] [stderr]    Compiling cfg-if v0.1.10
[INFO] [stderr]    Compiling libc v0.2.126
[INFO] [stderr]    Compiling semver-parser v0.7.0
[INFO] [stderr]    Compiling proc-macro2 v1.0.5
[INFO] [stderr]    Compiling unicode-xid v0.2.0
[INFO] [stderr]    Compiling syn v1.0.5
[INFO] [stderr]    Compiling spin v0.5.2
[INFO] [stderr]    Compiling log v0.4.8
[INFO] [stderr]    Compiling futures-core-preview v0.3.0-alpha.19
[INFO] [stderr]    Compiling arrayvec v0.4.11
[INFO] [stderr]    Compiling lazy_static v1.4.0
[INFO] [stderr]    Compiling semver v0.9.0
[INFO] [stderr]    Compiling crossbeam-utils v0.6.6
[INFO] [stderr]    Compiling slab v0.4.2
[INFO] [stderr]    Compiling rustc_version v0.2.3
[INFO] [stderr]    Compiling scopeguard v1.0.0
[INFO] [stderr]    Compiling byteorder v1.3.2
[INFO] [stderr]    Compiling pin-project-internal v0.4.2
[INFO] [stderr]    Compiling nodrop v0.1.13
[INFO] [stderr]    Compiling futures-sink-preview v0.3.0-alpha.19
[INFO] [stderr]    Compiling futures-channel-preview v0.3.0-alpha.19
[INFO] [stderr]    Compiling memoffset v0.5.1
[INFO] [stderr]    Compiling pin-utils v0.1.0-alpha.4
[INFO] [stderr]    Compiling maybe-uninit v2.0.0
[INFO] [stderr]    Compiling memchr v2.2.1
[INFO] [stderr]    Compiling futures-util-preview v0.3.0-alpha.19
[INFO] [stderr]    Compiling quote v1.0.2
[INFO] [stderr]    Compiling iovec v0.1.2
[INFO] [stderr]    Compiling crossbeam-epoch v0.7.2
[INFO] [stderr]    Compiling tracing-core v0.1.6
[INFO] [stderr]    Compiling fnv v1.0.6
[INFO] [stderr]    Compiling bytes v0.4.12
[INFO] [stderr]    Compiling num_cpus v1.10.1
[INFO] [stderr]    Compiling parking_lot_core v0.6.2
[INFO] [stderr]    Compiling crossbeam-deque v0.7.1
[INFO] [stderr]    Compiling crossbeam-queue v0.1.2
[INFO] [stderr]    Compiling crossbeam-channel v0.3.9
[INFO] [stderr]    Compiling proc-macro2 v0.4.30
[INFO] [stderr]    Compiling smallvec v0.6.14
[INFO] [stderr]    Compiling net2 v0.2.37
[INFO] [stderr]    Compiling parking_lot v0.9.0
[INFO] [stderr]    Compiling unicode-xid v0.1.0
[INFO] [stderr]    Compiling lock_api v0.3.1
[INFO] [stderr]    Compiling mio v0.6.19
[INFO] [stderr]    Compiling syn v0.15.44
[INFO] [stderr]    Compiling arc-swap v0.4.8
[INFO] [stderr]    Compiling signal-hook-registry v1.1.1
[INFO] [stderr]    Compiling quote v0.6.13
[INFO] [stderr]    Compiling tokio-sync v0.2.0-alpha.6
[INFO] [stderr]    Compiling mio-uds v0.6.7
[INFO] [stderr]    Compiling derive_more v0.13.0
[INFO] [stderr]    Compiling tracing-attributes v0.1.4
[INFO] [stderr]    Compiling tokio-macros v0.2.0-alpha.6
[INFO] [stderr]    Compiling tracing v0.1.9
[INFO] [stderr]    Compiling tokio-executor v0.2.0-alpha.6
[INFO] [stderr]    Compiling pin-project v0.4.2
[INFO] [stderr]    Compiling tokio-io v0.2.0-alpha.6
[INFO] [stderr]    Compiling tokio-codec v0.2.0-alpha.6
[INFO] [stderr]    Compiling tokio-timer v0.3.0-alpha.6
[INFO] [stderr]    Compiling tokio-net v0.2.0-alpha.6
[INFO] [stderr]    Compiling tokio-fs v0.2.0-alpha.6
[INFO] [stderr]    Compiling tokio v0.2.0-alpha.6
[INFO] [stderr]    Compiling iomux v0.1.0 (/opt/rustwide/workdir)
[INFO] [stderr]     Finished dev [unoptimized + debuginfo] target(s) in 6.69s
[INFO] running `Command { std: "docker" "inspect" "5c2b866b23af180a9f947bed2dea705604f4be7adc8f479e4ed527ede868a006", kill_on_drop: false }`
[INFO] running `Command { std: "docker" "rm" "-f" "5c2b866b23af180a9f947bed2dea705604f4be7adc8f479e4ed527ede868a006", kill_on_drop: false }`
[INFO] [stdout] 5c2b866b23af180a9f947bed2dea705604f4be7adc8f479e4ed527ede868a006
[INFO] running `Command { std: "docker" "create" "-v" "/var/lib/crater-agent-workspace/builds/worker-7-tc1/target:/opt/rustwide/target:rw,Z" "-v" "/var/lib/crater-agent-workspace/builds/worker-7-tc1/source:/opt/rustwide/workdir:ro,Z" "-v" "/var/lib/crater-agent-workspace/cargo-home:/opt/rustwide/cargo-home:ro,Z" "-v" "/var/lib/crater-agent-workspace/rustup-home:/opt/rustwide/rustup-home:ro,Z" "-e" "SOURCE_DIR=/opt/rustwide/workdir" "-e" "CARGO_TARGET_DIR=/opt/rustwide/target" "-e" "CARGO_INCREMENTAL=0" "-e" "RUST_BACKTRACE=full" "-e" "RUSTFLAGS=--cap-lints=warn" "-e" "RUSTDOCFLAGS=--cap-lints=warn" "-e" "CARGO_HOME=/opt/rustwide/cargo-home" "-e" "RUSTUP_HOME=/opt/rustwide/rustup-home" "-w" "/opt/rustwide/workdir" "-m" "1610612736" "--user" "0:0" "--network" "none" "ghcr.io/rust-lang/crates-build-env/linux@sha256:2788e3201cd34a07e3172128adcd8b3090168a8e3bcc40d7c032b9dda1df7d1c" "/opt/rustwide/cargo-home/bin/cargo" "+1.75.0" "test" "--frozen" "--no-run" "--message-format=json", kill_on_drop: false }`
[INFO] [stdout] cbeec417b175f7d452ce8dd01b78fe2a00c091339b60d2b852ef2c1841b78a7d
[INFO] running `Command { std: "docker" "start" "-a" "cbeec417b175f7d452ce8dd01b78fe2a00c091339b60d2b852ef2c1841b78a7d", kill_on_drop: false }`
[INFO] [stderr]    Compiling iomux v0.1.0 (/opt/rustwide/workdir)
[INFO] [stderr]     Finished test [unoptimized + debuginfo] target(s) in 0.58s
[INFO] running `Command { std: "docker" "inspect" "cbeec417b175f7d452ce8dd01b78fe2a00c091339b60d2b852ef2c1841b78a7d", kill_on_drop: false }`
[INFO] running `Command { std: "docker" "rm" "-f" "cbeec417b175f7d452ce8dd01b78fe2a00c091339b60d2b852ef2c1841b78a7d", kill_on_drop: false }`
[INFO] [stdout] cbeec417b175f7d452ce8dd01b78fe2a00c091339b60d2b852ef2c1841b78a7d
[INFO] running `Command { std: "docker" "create" "-v" "/var/lib/crater-agent-workspace/builds/worker-7-tc1/target:/opt/rustwide/target:rw,Z" "-v" "/var/lib/crater-agent-workspace/builds/worker-7-tc1/source:/opt/rustwide/workdir:ro,Z" "-v" "/var/lib/crater-agent-workspace/cargo-home:/opt/rustwide/cargo-home:ro,Z" "-v" "/var/lib/crater-agent-workspace/rustup-home:/opt/rustwide/rustup-home:ro,Z" "-e" "SOURCE_DIR=/opt/rustwide/workdir" "-e" "CARGO_TARGET_DIR=/opt/rustwide/target" "-e" "CARGO_INCREMENTAL=0" "-e" "RUST_BACKTRACE=full" "-e" "RUSTFLAGS=--cap-lints=warn" "-e" "RUSTDOCFLAGS=--cap-lints=warn" "-e" "CARGO_HOME=/opt/rustwide/cargo-home" "-e" "RUSTUP_HOME=/opt/rustwide/rustup-home" "-w" "/opt/rustwide/workdir" "-m" "1610612736" "--user" "0:0" "--network" "none" "ghcr.io/rust-lang/crates-build-env/linux@sha256:2788e3201cd34a07e3172128adcd8b3090168a8e3bcc40d7c032b9dda1df7d1c" "/opt/rustwide/cargo-home/bin/cargo" "+1.75.0" "test" "--frozen", kill_on_drop: false }`
[INFO] [stdout] 354549a0a8b56e5754874f55d6feb0ba20cea8f57f926c4d1d7c2d1e66321423
[INFO] running `Command { std: "docker" "start" "-a" "354549a0a8b56e5754874f55d6feb0ba20cea8f57f926c4d1d7c2d1e66321423", kill_on_drop: false }`
[INFO] [stderr]     Finished test [unoptimized + debuginfo] target(s) in 0.03s
[INFO] [stderr]      Running unittests src/main.rs (/opt/rustwide/target/debug/deps/iomux-98c9aaae2fd44654)
[INFO] [stdout] 
[INFO] [stdout] running 17 tests
[INFO] [stdout] test argparse::tests::empty ... ok
[INFO] [stdout] test argparse::tests::escaped_separator ... ok
[INFO] [stdout] test argparse::tests::no_args ... ok
[INFO] [stdout] test argparse::tests::escaped_escape ... ok
[INFO] [stdout] test argparse::tests::one_command ... ok
[INFO] [stdout] test argparse::tests::tricky_nonescape ... ok
[INFO] [stdout] test argparse::tests::two_commands ... ok
[INFO] [stdout] test lpq::tests::empty::peek_drop_line ... ok
[INFO] [stdout] test lpq::tests::empty::peek_drop_line_idempotent ... ok
[INFO] [stdout] test lpq::tests::empty::peek_drop_line_or_end_idempotent ... ok
[INFO] [stdout] test lpq::tests::empty::peek_drop_line_or_end_then_peek_drop_line ... ok
[INFO] [stdout] test lpq::tests::empty::peek_drop_line_then_peek_drop_line_or_end ... ok
[INFO] [stdout] test lpq::tests::foo_barf::peek_drop_line ... ok
[INFO] [stdout] test lpq::tests::foo_barf::peek_drop_line_or_end ... ok
[INFO] [stdout] test lpq::tests::foo_barf_quxum::peek_drop_line ... ok
[INFO] [stdout] test lpq::tests::foo_barf_quxum::peek_drop_line_or_end ... ok
[INFO] [stdout] test lpq::tests::foo_barf_quxum::peek_drop_line_until_none_then_or_end ... ok
[INFO] [stdout] 
[INFO] [stdout] test result: ok. 17 passed; 0 failed; 0 ignored; 0 measured; 0 filtered out; finished in 0.00s
[INFO] [stdout] 
[INFO] [stderr]      Running unittests src/bin/iomux-testwidget.rs (/opt/rustwide/target/debug/deps/iomux_testwidget-545e0b2ade9389ce)
[INFO] [stdout] 
[INFO] [stdout] running 0 tests
[INFO] [stdout] 
[INFO] [stdout] test result: ok. 0 passed; 0 failed; 0 ignored; 0 measured; 0 filtered out; finished in 0.00s
[INFO] [stdout] 
[INFO] [stderr]      Running tests/widget_tests.rs (/opt/rustwide/target/debug/deps/widget_tests-5c0bd19c74c34d02)
[INFO] [stdout] 
[INFO] [stdout] running 1 test
[INFO] [stdout] test test_single_empty_child ... FAILED
[INFO] [stdout] 
[INFO] [stdout] failures:
[INFO] [stdout] 
[INFO] [stdout] ---- test_single_empty_child stdout ----
[INFO] [stdout] Error: Os { code: 2, kind: NotFound, message: "No such file or directory" }
[INFO] [stdout] 
[INFO] [stdout] 
[INFO] [stdout] failures:
[INFO] [stdout]     test_single_empty_child
[INFO] [stdout] 
[INFO] [stdout] test result: FAILED. 0 passed; 1 failed; 0 ignored; 0 measured; 0 filtered out; finished in 0.00s
[INFO] [stdout] 
[INFO] [stderr] error: test failed, to rerun pass `--test widget_tests`
[INFO] running `Command { std: "docker" "inspect" "354549a0a8b56e5754874f55d6feb0ba20cea8f57f926c4d1d7c2d1e66321423", kill_on_drop: false }`
[INFO] running `Command { std: "docker" "rm" "-f" "354549a0a8b56e5754874f55d6feb0ba20cea8f57f926c4d1d7c2d1e66321423", kill_on_drop: false }`
[INFO] [stdout] 354549a0a8b56e5754874f55d6feb0ba20cea8f57f926c4d1d7c2d1e66321423
[INFO] testing nathan-at-least/iomux against beta-2023-12-22 for beta-1.76-1
[INFO] running `Command { std: "git" "clone" "/workspace/cache/git-repos/https%3A%2F%2Fgithub.com%2Fnathan-at-least%2Fiomux" "/workspace/builds/worker-7-tc2/source", kill_on_drop: false }`
[INFO] [stderr] Cloning into '/workspace/builds/worker-7-tc2/source'...
[INFO] [stderr] done.
[INFO] validating manifest of git repo https://github.com/nathan-at-least/iomux on toolchain beta-2023-12-22
[INFO] running `Command { std: CARGO_HOME="/workspace/cargo-home" RUSTUP_HOME="/workspace/rustup-home" "/workspace/cargo-home/bin/cargo" "+beta-2023-12-22" "metadata" "--manifest-path" "Cargo.toml" "--no-deps", kill_on_drop: false }`
[INFO] started tweaking git repo https://github.com/nathan-at-least/iomux
[INFO] finished tweaking git repo https://github.com/nathan-at-least/iomux
[INFO] tweaked toml for git repo https://github.com/nathan-at-least/iomux written to /workspace/builds/worker-7-tc2/source/Cargo.toml
[INFO] crate git repo https://github.com/nathan-at-least/iomux already has a lockfile, it will not be regenerated
[INFO] running `Command { std: CARGO_HOME="/workspace/cargo-home" RUSTUP_HOME="/workspace/rustup-home" "/workspace/cargo-home/bin/cargo" "+beta-2023-12-22" "fetch" "--manifest-path" "Cargo.toml", kill_on_drop: false }`
[INFO] running `Command { std: "docker" "create" "-v" "/var/lib/crater-agent-workspace/builds/worker-7-tc2/target:/opt/rustwide/target:rw,Z" "-v" "/var/lib/crater-agent-workspace/builds/worker-7-tc2/source:/opt/rustwide/workdir:ro,Z" "-v" "/var/lib/crater-agent-workspace/cargo-home:/opt/rustwide/cargo-home:ro,Z" "-v" "/var/lib/crater-agent-workspace/rustup-home:/opt/rustwide/rustup-home:ro,Z" "-e" "SOURCE_DIR=/opt/rustwide/workdir" "-e" "CARGO_TARGET_DIR=/opt/rustwide/target" "-e" "CARGO_HOME=/opt/rustwide/cargo-home" "-e" "RUSTUP_HOME=/opt/rustwide/rustup-home" "-w" "/opt/rustwide/workdir" "-m" "1610612736" "--user" "0:0" "--network" "none" "ghcr.io/rust-lang/crates-build-env/linux@sha256:2788e3201cd34a07e3172128adcd8b3090168a8e3bcc40d7c032b9dda1df7d1c" "/opt/rustwide/cargo-home/bin/cargo" "+beta-2023-12-22" "metadata" "--no-deps" "--format-version=1", kill_on_drop: false }`
[INFO] [stdout] 111a50eb1fbf0d39f2a8e17695a150b3fcc582ad3cfbad6d843cae217a7de658
[INFO] running `Command { std: "docker" "start" "-a" "111a50eb1fbf0d39f2a8e17695a150b3fcc582ad3cfbad6d843cae217a7de658", kill_on_drop: false }`
[INFO] running `Command { std: "docker" "inspect" "111a50eb1fbf0d39f2a8e17695a150b3fcc582ad3cfbad6d843cae217a7de658", kill_on_drop: false }`
[INFO] running `Command { std: "docker" "rm" "-f" "111a50eb1fbf0d39f2a8e17695a150b3fcc582ad3cfbad6d843cae217a7de658", kill_on_drop: false }`
[INFO] [stdout] 111a50eb1fbf0d39f2a8e17695a150b3fcc582ad3cfbad6d843cae217a7de658
[INFO] running `Command { std: "docker" "create" "-v" "/var/lib/crater-agent-workspace/builds/worker-7-tc2/target:/opt/rustwide/target:rw,Z" "-v" "/var/lib/crater-agent-workspace/builds/worker-7-tc2/source:/opt/rustwide/workdir:ro,Z" "-v" "/var/lib/crater-agent-workspace/cargo-home:/opt/rustwide/cargo-home:ro,Z" "-v" "/var/lib/crater-agent-workspace/rustup-home:/opt/rustwide/rustup-home:ro,Z" "-e" "SOURCE_DIR=/opt/rustwide/workdir" "-e" "CARGO_TARGET_DIR=/opt/rustwide/target" "-e" "CARGO_INCREMENTAL=0" "-e" "RUST_BACKTRACE=full" "-e" "RUSTFLAGS=--cap-lints=warn" "-e" "RUSTDOCFLAGS=--cap-lints=warn" "-e" "CARGO_HOME=/opt/rustwide/cargo-home" "-e" "RUSTUP_HOME=/opt/rustwide/rustup-home" "-w" "/opt/rustwide/workdir" "-m" "1610612736" "--user" "0:0" "--network" "none" "ghcr.io/rust-lang/crates-build-env/linux@sha256:2788e3201cd34a07e3172128adcd8b3090168a8e3bcc40d7c032b9dda1df7d1c" "/opt/rustwide/cargo-home/bin/cargo" "+beta-2023-12-22" "build" "--frozen" "--message-format=json", kill_on_drop: false }`
[INFO] [stdout] fd2ad5bd2f87d56420da80af15b3098688293b4aba1c38e50ea25d2f5a294480
[INFO] running `Command { std: "docker" "start" "-a" "fd2ad5bd2f87d56420da80af15b3098688293b4aba1c38e50ea25d2f5a294480", kill_on_drop: false }`
[INFO] [stderr]    Compiling cfg-if v0.1.10
[INFO] [stderr]    Compiling libc v0.2.126
[INFO] [stderr]    Compiling semver-parser v0.7.0
[INFO] [stderr]    Compiling proc-macro2 v1.0.5
[INFO] [stderr]    Compiling unicode-xid v0.2.0
[INFO] [stderr]    Compiling syn v1.0.5
[INFO] [stderr]    Compiling spin v0.5.2
[INFO] [stderr]    Compiling log v0.4.8
[INFO] [stderr]    Compiling futures-core-preview v0.3.0-alpha.19
[INFO] [stderr]    Compiling arrayvec v0.4.11
[INFO] [stderr]    Compiling lazy_static v1.4.0
[INFO] [stderr]    Compiling semver v0.9.0
[INFO] [stderr]    Compiling crossbeam-utils v0.6.6
[INFO] [stderr]    Compiling slab v0.4.2
[INFO] [stderr]    Compiling rustc_version v0.2.3
[INFO] [stderr]    Compiling scopeguard v1.0.0
[INFO] [stderr]    Compiling byteorder v1.3.2
[INFO] [stderr]    Compiling nodrop v0.1.13
[INFO] [stderr]    Compiling futures-sink-preview v0.3.0-alpha.19
[INFO] [stderr]    Compiling pin-project-internal v0.4.2
[INFO] [stderr]    Compiling futures-channel-preview v0.3.0-alpha.19
[INFO] [stderr]    Compiling memoffset v0.5.1
[INFO] [stderr]    Compiling maybe-uninit v2.0.0
[INFO] [stderr]    Compiling memchr v2.2.1
[INFO] [stderr]    Compiling pin-utils v0.1.0-alpha.4
[INFO] [stderr]    Compiling quote v1.0.2
[INFO] [stderr]    Compiling futures-util-preview v0.3.0-alpha.19
[INFO] [stderr]    Compiling iovec v0.1.2
[INFO] [stderr]    Compiling crossbeam-epoch v0.7.2
[INFO] [stderr]    Compiling tracing-core v0.1.6
[INFO] [stderr]    Compiling fnv v1.0.6
[INFO] [stderr]    Compiling bytes v0.4.12
[INFO] [stderr]    Compiling num_cpus v1.10.1
[INFO] [stderr]    Compiling crossbeam-deque v0.7.1
[INFO] [stderr]    Compiling parking_lot_core v0.6.2
[INFO] [stderr]    Compiling crossbeam-queue v0.1.2
[INFO] [stderr]    Compiling crossbeam-channel v0.3.9
[INFO] [stderr]    Compiling proc-macro2 v0.4.30
[INFO] [stderr]    Compiling smallvec v0.6.14
[INFO] [stderr]    Compiling net2 v0.2.37
[INFO] [stderr]    Compiling parking_lot v0.9.0
[INFO] [stderr]    Compiling unicode-xid v0.1.0
[INFO] [stderr]    Compiling lock_api v0.3.1
[INFO] [stderr]    Compiling mio v0.6.19
[INFO] [stderr]    Compiling arc-swap v0.4.8
[INFO] [stderr]    Compiling syn v0.15.44
[INFO] [stderr]    Compiling signal-hook-registry v1.1.1
[INFO] [stderr]    Compiling quote v0.6.13
[INFO] [stderr]    Compiling tokio-sync v0.2.0-alpha.6
[INFO] [stderr]    Compiling mio-uds v0.6.7
[INFO] [stderr]    Compiling derive_more v0.13.0
[INFO] [stderr]    Compiling tracing-attributes v0.1.4
[INFO] [stderr]    Compiling tokio-macros v0.2.0-alpha.6
[INFO] [stderr]    Compiling tracing v0.1.9
[INFO] [stderr]    Compiling tokio-executor v0.2.0-alpha.6
[INFO] [stderr]    Compiling pin-project v0.4.2
[INFO] [stderr]    Compiling tokio-io v0.2.0-alpha.6
[INFO] [stderr]    Compiling tokio-timer v0.3.0-alpha.6
[INFO] [stderr]    Compiling tokio-codec v0.2.0-alpha.6
[INFO] [stderr]    Compiling tokio-fs v0.2.0-alpha.6
[INFO] [stderr]    Compiling tokio-net v0.2.0-alpha.6
[INFO] [stderr]    Compiling tokio v0.2.0-alpha.6
[INFO] [stderr]    Compiling iomux v0.1.0 (/opt/rustwide/workdir)
[INFO] [stderr]     Finished dev [unoptimized + debuginfo] target(s) in 10.44s
[INFO] running `Command { std: "docker" "inspect" "fd2ad5bd2f87d56420da80af15b3098688293b4aba1c38e50ea25d2f5a294480", kill_on_drop: false }`
[INFO] running `Command { std: "docker" "rm" "-f" "fd2ad5bd2f87d56420da80af15b3098688293b4aba1c38e50ea25d2f5a294480", kill_on_drop: false }`
[INFO] [stdout] fd2ad5bd2f87d56420da80af15b3098688293b4aba1c38e50ea25d2f5a294480
[INFO] running `Command { std: "docker" "create" "-v" "/var/lib/crater-agent-workspace/builds/worker-7-tc2/target:/opt/rustwide/target:rw,Z" "-v" "/var/lib/crater-agent-workspace/builds/worker-7-tc2/source:/opt/rustwide/workdir:ro,Z" "-v" "/var/lib/crater-agent-workspace/cargo-home:/opt/rustwide/cargo-home:ro,Z" "-v" "/var/lib/crater-agent-workspace/rustup-home:/opt/rustwide/rustup-home:ro,Z" "-e" "SOURCE_DIR=/opt/rustwide/workdir" "-e" "CARGO_TARGET_DIR=/opt/rustwide/target" "-e" "CARGO_INCREMENTAL=0" "-e" "RUST_BACKTRACE=full" "-e" "RUSTFLAGS=--cap-lints=warn" "-e" "RUSTDOCFLAGS=--cap-lints=warn" "-e" "CARGO_HOME=/opt/rustwide/cargo-home" "-e" "RUSTUP_HOME=/opt/rustwide/rustup-home" "-w" "/opt/rustwide/workdir" "-m" "1610612736" "--user" "0:0" "--network" "none" "ghcr.io/rust-lang/crates-build-env/linux@sha256:2788e3201cd34a07e3172128adcd8b3090168a8e3bcc40d7c032b9dda1df7d1c" "/opt/rustwide/cargo-home/bin/cargo" "+beta-2023-12-22" "test" "--frozen" "--no-run" "--message-format=json", kill_on_drop: false }`
[INFO] [stdout] 47df6aa9c47657be2c6fb684cf544fac0b3d525d08a8ec03cdcff25659c4dfa4
[INFO] running `Command { std: "docker" "start" "-a" "47df6aa9c47657be2c6fb684cf544fac0b3d525d08a8ec03cdcff25659c4dfa4", kill_on_drop: false }`
[INFO] [stderr]    Compiling iomux v0.1.0 (/opt/rustwide/workdir)
[INFO] [stderr]     Finished test [unoptimized + debuginfo] target(s) in 1.06s
[INFO] running `Command { std: "docker" "inspect" "47df6aa9c47657be2c6fb684cf544fac0b3d525d08a8ec03cdcff25659c4dfa4", kill_on_drop: false }`
[INFO] running `Command { std: "docker" "rm" "-f" "47df6aa9c47657be2c6fb684cf544fac0b3d525d08a8ec03cdcff25659c4dfa4", kill_on_drop: false }`
[INFO] [stdout] 47df6aa9c47657be2c6fb684cf544fac0b3d525d08a8ec03cdcff25659c4dfa4
[INFO] running `Command { std: "docker" "create" "-v" "/var/lib/crater-agent-workspace/builds/worker-7-tc2/target:/opt/rustwide/target:rw,Z" "-v" "/var/lib/crater-agent-workspace/builds/worker-7-tc2/source:/opt/rustwide/workdir:ro,Z" "-v" "/var/lib/crater-agent-workspace/cargo-home:/opt/rustwide/cargo-home:ro,Z" "-v" "/var/lib/crater-agent-workspace/rustup-home:/opt/rustwide/rustup-home:ro,Z" "-e" "SOURCE_DIR=/opt/rustwide/workdir" "-e" "CARGO_TARGET_DIR=/opt/rustwide/target" "-e" "CARGO_INCREMENTAL=0" "-e" "RUST_BACKTRACE=full" "-e" "RUSTFLAGS=--cap-lints=warn" "-e" "RUSTDOCFLAGS=--cap-lints=warn" "-e" "CARGO_HOME=/opt/rustwide/cargo-home" "-e" "RUSTUP_HOME=/opt/rustwide/rustup-home" "-w" "/opt/rustwide/workdir" "-m" "1610612736" "--user" "0:0" "--network" "none" "ghcr.io/rust-lang/crates-build-env/linux@sha256:2788e3201cd34a07e3172128adcd8b3090168a8e3bcc40d7c032b9dda1df7d1c" "/opt/rustwide/cargo-home/bin/cargo" "+beta-2023-12-22" "test" "--frozen", kill_on_drop: false }`
[INFO] [stdout] e5dd99daa030412ec3c48fb3bd2aaa9c5279f947b555ada16397e07c237d2690
[INFO] running `Command { std: "docker" "start" "-a" "e5dd99daa030412ec3c48fb3bd2aaa9c5279f947b555ada16397e07c237d2690", kill_on_drop: false }`
[INFO] [stderr]     Finished test [unoptimized + debuginfo] target(s) in 0.06s
[INFO] [stderr]      Running unittests src/main.rs (/opt/rustwide/target/debug/deps/iomux-5a3365147cb24379)
[INFO] [stdout] 
[INFO] [stdout] running 17 tests
[INFO] [stdout] test argparse::tests::empty ... ok
[INFO] [stdout] test argparse::tests::escaped_separator ... ok
[INFO] [stdout] test argparse::tests::escaped_escape ... ok
[INFO] [stdout] test argparse::tests::no_args ... ok
[INFO] [stdout] test argparse::tests::one_command ... ok
[INFO] [stdout] test argparse::tests::tricky_nonescape ... ok
[INFO] [stdout] test lpq::tests::empty::peek_drop_line_idempotent ... ok
[INFO] [stdout] test argparse::tests::two_commands ... ok
[INFO] [stdout] test lpq::tests::empty::peek_drop_line ... ok
[INFO] [stdout] test lpq::tests::empty::peek_drop_line_or_end_idempotent ... ok
[INFO] [stdout] test lpq::tests::foo_barf::peek_drop_line_or_end ... ok
[INFO] [stdout] test lpq::tests::empty::peek_drop_line_or_end_then_peek_drop_line ... ok
[INFO] [stdout] test lpq::tests::empty::peek_drop_line_then_peek_drop_line_or_end ... ok
[INFO] [stdout] test lpq::tests::foo_barf::peek_drop_line ... ok
[INFO] [stdout] test lpq::tests::foo_barf_quxum::peek_drop_line_until_none_then_or_end ... ok
[INFO] [stdout] test lpq::tests::foo_barf_quxum::peek_drop_line_or_end ... ok
[INFO] [stdout] test lpq::tests::foo_barf_quxum::peek_drop_line ... ok
[INFO] [stdout] 
[INFO] [stdout] test result: ok. 17 passed; 0 failed; 0 ignored; 0 measured; 0 filtered out; finished in 0.00s
[INFO] [stdout] 
[INFO] [stderr]      Running unittests src/bin/iomux-testwidget.rs (/opt/rustwide/target/debug/deps/iomux_testwidget-38bff7e06624b37b)
[INFO] [stdout] 
[INFO] [stdout] running 0 tests
[INFO] [stdout] 
[INFO] [stdout] test result: ok. 0 passed; 0 failed; 0 ignored; 0 measured; 0 filtered out; finished in 0.00s
[INFO] [stdout] 
[INFO] [stderr]      Running tests/widget_tests.rs (/opt/rustwide/target/debug/deps/widget_tests-30b5ad34cea7f355)
[INFO] [stdout] 
[INFO] [stdout] running 1 test
[INFO] [stdout] test test_single_empty_child ... FAILED
[INFO] [stdout] 
[INFO] [stdout] failures:
[INFO] [stdout] 
[INFO] [stdout] ---- test_single_empty_child stdout ----
[INFO] [stdout] Error: Os { code: 2, kind: NotFound, message: "No such file or directory" }
[INFO] [stdout] 
[INFO] [stdout] 
[INFO] [stdout] failures:
[INFO] [stdout]     test_single_empty_child
[INFO] [stdout] 
[INFO] [stdout] test result: FAILED. 0 passed; 1 failed; 0 ignored; 0 measured; 0 filtered out; finished in 0.00s
[INFO] [stdout] 
[INFO] [stderr] error: test failed, to rerun pass `--test widget_tests`
[INFO] running `Command { std: "docker" "inspect" "e5dd99daa030412ec3c48fb3bd2aaa9c5279f947b555ada16397e07c237d2690", kill_on_drop: false }`
[INFO] running `Command { std: "docker" "rm" "-f" "e5dd99daa030412ec3c48fb3bd2aaa9c5279f947b555ada16397e07c237d2690", kill_on_drop: false }`
[INFO] [stdout] e5dd99daa030412ec3c48fb3bd2aaa9c5279f947b555ada16397e07c237d2690
