[INFO] cloning repository https://github.com/nathan-at-least/cargo-checkmate
[INFO] running `Command { std: "git" "-c" "credential.helper=" "-c" "credential.helper=/workspace/cargo-home/bin/git-credential-null" "clone" "--bare" "https://github.com/nathan-at-least/cargo-checkmate" "/workspace/cache/git-repos/https%3A%2F%2Fgithub.com%2Fnathan-at-least%2Fcargo-checkmate", kill_on_drop: false }`
[INFO] [stderr] Cloning into bare repository '/workspace/cache/git-repos/https%3A%2F%2Fgithub.com%2Fnathan-at-least%2Fcargo-checkmate'...
[INFO] running `Command { std: "git" "rev-parse" "HEAD", kill_on_drop: false }`
[INFO] [stdout] d19885fa61d58ec1e59e0ce366086de6326e08d7
[INFO] testing nathan-at-least/cargo-checkmate against 1.75.0 for beta-1.76-1
[INFO] running `Command { std: "git" "clone" "/workspace/cache/git-repos/https%3A%2F%2Fgithub.com%2Fnathan-at-least%2Fcargo-checkmate" "/workspace/builds/worker-3-tc1/source", kill_on_drop: false }`
[INFO] [stderr] Cloning into '/workspace/builds/worker-3-tc1/source'...
[INFO] [stderr] done.
[INFO] validating manifest of git repo https://github.com/nathan-at-least/cargo-checkmate on toolchain 1.75.0
[INFO] running `Command { std: CARGO_HOME="/workspace/cargo-home" RUSTUP_HOME="/workspace/rustup-home" "/workspace/cargo-home/bin/cargo" "+1.75.0" "metadata" "--manifest-path" "Cargo.toml" "--no-deps", kill_on_drop: false }`
[INFO] started tweaking git repo https://github.com/nathan-at-least/cargo-checkmate
[INFO] finished tweaking git repo https://github.com/nathan-at-least/cargo-checkmate
[INFO] tweaked toml for git repo https://github.com/nathan-at-least/cargo-checkmate written to /workspace/builds/worker-3-tc1/source/Cargo.toml
[INFO] crate git repo https://github.com/nathan-at-least/cargo-checkmate already has a lockfile, it will not be regenerated
[INFO] running `Command { std: CARGO_HOME="/workspace/cargo-home" RUSTUP_HOME="/workspace/rustup-home" "/workspace/cargo-home/bin/cargo" "+1.75.0" "fetch" "--manifest-path" "Cargo.toml", kill_on_drop: false }`
[INFO] [stderr]     Updating crates.io index
[INFO] [stderr]  Downloading crates ...
[INFO] [stderr]   Downloaded anyhow-std v0.1.4
[INFO] running `Command { std: "docker" "create" "-v" "/var/lib/crater-agent-workspace/builds/worker-3-tc1/target:/opt/rustwide/target:rw,Z" "-v" "/var/lib/crater-agent-workspace/builds/worker-3-tc1/source:/opt/rustwide/workdir:ro,Z" "-v" "/var/lib/crater-agent-workspace/cargo-home:/opt/rustwide/cargo-home:ro,Z" "-v" "/var/lib/crater-agent-workspace/rustup-home:/opt/rustwide/rustup-home:ro,Z" "-e" "SOURCE_DIR=/opt/rustwide/workdir" "-e" "CARGO_TARGET_DIR=/opt/rustwide/target" "-e" "CARGO_HOME=/opt/rustwide/cargo-home" "-e" "RUSTUP_HOME=/opt/rustwide/rustup-home" "-w" "/opt/rustwide/workdir" "-m" "1610612736" "--user" "0:0" "--network" "none" "ghcr.io/rust-lang/crates-build-env/linux@sha256:2788e3201cd34a07e3172128adcd8b3090168a8e3bcc40d7c032b9dda1df7d1c" "/opt/rustwide/cargo-home/bin/cargo" "+1.75.0" "metadata" "--no-deps" "--format-version=1", kill_on_drop: false }`
[INFO] [stdout] 00d6cfbd066e63a4b286f61c5d5601e12222f91d5bbc8267f59c2d5c9fa48f07
[INFO] running `Command { std: "docker" "start" "-a" "00d6cfbd066e63a4b286f61c5d5601e12222f91d5bbc8267f59c2d5c9fa48f07", kill_on_drop: false }`
[INFO] running `Command { std: "docker" "inspect" "00d6cfbd066e63a4b286f61c5d5601e12222f91d5bbc8267f59c2d5c9fa48f07", kill_on_drop: false }`
[INFO] running `Command { std: "docker" "rm" "-f" "00d6cfbd066e63a4b286f61c5d5601e12222f91d5bbc8267f59c2d5c9fa48f07", kill_on_drop: false }`
[INFO] [stdout] 00d6cfbd066e63a4b286f61c5d5601e12222f91d5bbc8267f59c2d5c9fa48f07
[INFO] running `Command { std: "docker" "create" "-v" "/var/lib/crater-agent-workspace/builds/worker-3-tc1/target:/opt/rustwide/target:rw,Z" "-v" "/var/lib/crater-agent-workspace/builds/worker-3-tc1/source:/opt/rustwide/workdir:ro,Z" "-v" "/var/lib/crater-agent-workspace/cargo-home:/opt/rustwide/cargo-home:ro,Z" "-v" "/var/lib/crater-agent-workspace/rustup-home:/opt/rustwide/rustup-home:ro,Z" "-e" "SOURCE_DIR=/opt/rustwide/workdir" "-e" "CARGO_TARGET_DIR=/opt/rustwide/target" "-e" "CARGO_INCREMENTAL=0" "-e" "RUST_BACKTRACE=full" "-e" "RUSTFLAGS=--cap-lints=warn" "-e" "RUSTDOCFLAGS=--cap-lints=warn" "-e" "CARGO_HOME=/opt/rustwide/cargo-home" "-e" "RUSTUP_HOME=/opt/rustwide/rustup-home" "-w" "/opt/rustwide/workdir" "-m" "1610612736" "--user" "0:0" "--network" "none" "ghcr.io/rust-lang/crates-build-env/linux@sha256:2788e3201cd34a07e3172128adcd8b3090168a8e3bcc40d7c032b9dda1df7d1c" "/opt/rustwide/cargo-home/bin/cargo" "+1.75.0" "build" "--frozen" "--message-format=json", kill_on_drop: false }`
[INFO] [stdout] 64c1c4474642b6825723f477b9b804f085d94be81011c795f46ac4d8ae50c8ad
[INFO] running `Command { std: "docker" "start" "-a" "64c1c4474642b6825723f477b9b804f085d94be81011c795f46ac4d8ae50c8ad", kill_on_drop: false }`
[INFO] [stderr]    Compiling proc-macro2 v1.0.69
[INFO] [stderr]    Compiling unicode-ident v1.0.12
[INFO] [stderr]    Compiling syn v1.0.109
[INFO] [stderr]    Compiling utf8parse v0.2.1
[INFO] [stderr]    Compiling rustix v0.38.21
[INFO] [stderr]    Compiling anstyle v1.0.4
[INFO] [stderr]    Compiling colorchoice v1.0.0
[INFO] [stderr]    Compiling bitflags v2.4.1
[INFO] [stderr]    Compiling anstyle-parse v0.2.2
[INFO] [stderr]    Compiling anstyle-query v1.0.0
[INFO] [stderr]    Compiling linux-raw-sys v0.4.10
[INFO] [stderr]    Compiling anyhow v1.0.75
[INFO] [stderr]    Compiling anstream v0.6.4
[INFO] [stderr]    Compiling clap_lex v0.6.0
[INFO] [stderr]    Compiling strsim v0.10.0
[INFO] [stderr]    Compiling heck v0.4.1
[INFO] [stderr]    Compiling convert_case v0.4.0
[INFO] [stderr]    Compiling clap_builder v4.4.7
[INFO] [stderr]    Compiling lazy_static v1.4.0
[INFO] [stderr]    Compiling humantime v2.1.0
[INFO] [stderr]    Compiling indoc v2.0.4
[INFO] [stderr]    Compiling quote v1.0.33
[INFO] [stderr]    Compiling syn v2.0.38
[INFO] [stderr]    Compiling include_dir_macros v0.7.3
[INFO] [stderr]    Compiling is-terminal v0.4.9
[INFO] [stderr]    Compiling colored v2.0.4
[INFO] [stderr]    Compiling include_dir v0.7.3
[INFO] [stderr]    Compiling derive_more v0.99.17
[INFO] [stderr]    Compiling clap_derive v4.4.7
[INFO] [stderr]    Compiling anyhow-std v0.1.4
[INFO] [stderr]    Compiling clap v4.4.7
[INFO] [stderr]    Compiling cargo-checkmate v0.1.18 (/opt/rustwide/workdir)
[INFO] [stderr]     Finished dev [unoptimized + debuginfo] target(s) in 11.82s
[INFO] running `Command { std: "docker" "inspect" "64c1c4474642b6825723f477b9b804f085d94be81011c795f46ac4d8ae50c8ad", kill_on_drop: false }`
[INFO] running `Command { std: "docker" "rm" "-f" "64c1c4474642b6825723f477b9b804f085d94be81011c795f46ac4d8ae50c8ad", kill_on_drop: false }`
[INFO] [stdout] 64c1c4474642b6825723f477b9b804f085d94be81011c795f46ac4d8ae50c8ad
[INFO] running `Command { std: "docker" "create" "-v" "/var/lib/crater-agent-workspace/builds/worker-3-tc1/target:/opt/rustwide/target:rw,Z" "-v" "/var/lib/crater-agent-workspace/builds/worker-3-tc1/source:/opt/rustwide/workdir:ro,Z" "-v" "/var/lib/crater-agent-workspace/cargo-home:/opt/rustwide/cargo-home:ro,Z" "-v" "/var/lib/crater-agent-workspace/rustup-home:/opt/rustwide/rustup-home:ro,Z" "-e" "SOURCE_DIR=/opt/rustwide/workdir" "-e" "CARGO_TARGET_DIR=/opt/rustwide/target" "-e" "CARGO_INCREMENTAL=0" "-e" "RUST_BACKTRACE=full" "-e" "RUSTFLAGS=--cap-lints=warn" "-e" "RUSTDOCFLAGS=--cap-lints=warn" "-e" "CARGO_HOME=/opt/rustwide/cargo-home" "-e" "RUSTUP_HOME=/opt/rustwide/rustup-home" "-w" "/opt/rustwide/workdir" "-m" "1610612736" "--user" "0:0" "--network" "none" "ghcr.io/rust-lang/crates-build-env/linux@sha256:2788e3201cd34a07e3172128adcd8b3090168a8e3bcc40d7c032b9dda1df7d1c" "/opt/rustwide/cargo-home/bin/cargo" "+1.75.0" "test" "--frozen" "--no-run" "--message-format=json", kill_on_drop: false }`
[INFO] [stdout] 9d02fef671b66777d77ef2ac99efa5bdf4c897af04c313bbef06c781553c63c7
[INFO] running `Command { std: "docker" "start" "-a" "9d02fef671b66777d77ef2ac99efa5bdf4c897af04c313bbef06c781553c63c7", kill_on_drop: false }`
[INFO] [stderr]    Compiling version_check v0.9.4
[INFO] [stderr]    Compiling syn v1.0.109
[INFO] [stderr]    Compiling rustix v0.38.21
[INFO] [stderr]    Compiling cfg-if v1.0.0
[INFO] [stderr]    Compiling fastrand v2.0.1
[INFO] [stderr]    Compiling proc-macro-error-attr v1.0.4
[INFO] [stderr]    Compiling proc-macro-error v1.0.4
[INFO] [stderr]    Compiling is-terminal v0.4.9
[INFO] [stderr]    Compiling tempfile v3.8.1
[INFO] [stderr]    Compiling colored v2.0.4
[INFO] [stderr]    Compiling derive_more v0.99.17
[INFO] [stderr]    Compiling test-case-macros v2.2.2
[INFO] [stderr]    Compiling test-case v2.2.2
[INFO] [stderr]    Compiling anyhow-std v0.1.4
[INFO] [stderr]    Compiling cargo-checkmate v0.1.18 (/opt/rustwide/workdir)
[INFO] [stderr]     Finished test [unoptimized + debuginfo] target(s) in 12.04s
[INFO] running `Command { std: "docker" "inspect" "9d02fef671b66777d77ef2ac99efa5bdf4c897af04c313bbef06c781553c63c7", kill_on_drop: false }`
[INFO] running `Command { std: "docker" "rm" "-f" "9d02fef671b66777d77ef2ac99efa5bdf4c897af04c313bbef06c781553c63c7", kill_on_drop: false }`
[INFO] [stdout] 9d02fef671b66777d77ef2ac99efa5bdf4c897af04c313bbef06c781553c63c7
[INFO] running `Command { std: "docker" "create" "-v" "/var/lib/crater-agent-workspace/builds/worker-3-tc1/target:/opt/rustwide/target:rw,Z" "-v" "/var/lib/crater-agent-workspace/builds/worker-3-tc1/source:/opt/rustwide/workdir:ro,Z" "-v" "/var/lib/crater-agent-workspace/cargo-home:/opt/rustwide/cargo-home:ro,Z" "-v" "/var/lib/crater-agent-workspace/rustup-home:/opt/rustwide/rustup-home:ro,Z" "-e" "SOURCE_DIR=/opt/rustwide/workdir" "-e" "CARGO_TARGET_DIR=/opt/rustwide/target" "-e" "CARGO_INCREMENTAL=0" "-e" "RUST_BACKTRACE=full" "-e" "RUSTFLAGS=--cap-lints=warn" "-e" "RUSTDOCFLAGS=--cap-lints=warn" "-e" "CARGO_HOME=/opt/rustwide/cargo-home" "-e" "RUSTUP_HOME=/opt/rustwide/rustup-home" "-w" "/opt/rustwide/workdir" "-m" "1610612736" "--user" "0:0" "--network" "none" "ghcr.io/rust-lang/crates-build-env/linux@sha256:2788e3201cd34a07e3172128adcd8b3090168a8e3bcc40d7c032b9dda1df7d1c" "/opt/rustwide/cargo-home/bin/cargo" "+1.75.0" "test" "--frozen", kill_on_drop: false }`
[INFO] [stdout] cde3abd2d8f84b3110d93192b5252483cb7e2be57b9089337e3256a8f340da6b
[INFO] running `Command { std: "docker" "start" "-a" "cde3abd2d8f84b3110d93192b5252483cb7e2be57b9089337e3256a8f340da6b", kill_on_drop: false }`
[INFO] [stderr]     Finished test [unoptimized + debuginfo] target(s) in 0.05s
[INFO] [stderr]      Running unittests src/lib.rs (/opt/rustwide/target/debug/deps/cargo_checkmate-ee36550da76fe4ed)
[INFO] [stdout] 
[INFO] [stdout] running 21 tests
[INFO] [stdout] test githook::tests::git_unstaged_to_error_message::_expects_ok_ ... ok
[INFO] [stdout] test githook::tests::parse_git_status_porcelain::indoc_r_src_githook_tests_rs_m_src_githook_rs_expects_ok_vec_src_githook_tests_rs_to_string_src_githook_rs_to_string_ ... ok
[INFO] [stdout] test githook::tests::git_unstaged_to_error_message::foo_bar_blah_error ... ok
[INFO] [stdout] test options::tests::parse::cargopath_checkmate_clippy ... ok
[INFO] [stdout] test options::tests::parse::cargo_checkmateweirdpath_clippy ... ok
[INFO] [stdout] test githook::tests::parse_git_status_porcelain::indoc_r_m_src_githook_rs_a_src_githook_tests_rs_expects_ok_vec_src_githook_rs_to_string_ ... ok
[INFO] [stdout] test options::tests::parse::checkmate_checkmate_help ... ok
[INFO] [stdout] test options::tests::parse::checkmate_clippy ... ok
[INFO] [stdout] test options::tests::parse::checkmate_checkmate_run ... ok
[INFO] [stdout] test options::tests::parse::empty_args ... ok
[INFO] [stdout] test runner::phaseresult::indenter::tests::transformation_tests::_foo_n_nbar_foo_n_n_bar_expects ... ok
[INFO] [stdout] test runner::phaseresult::indenter::tests::transformation_tests::_foo_nbar_foo_n_bar_expects ... ok
[INFO] [stdout] test runner::phaseresult::indenter::tests::transformation_tests::_foo_nbar_n_foo_n_bar_n_expects ... ok
[INFO] [stdout] test options::tests::parse::checkmate_checkmate_no_args ... ok
[INFO] [stdout] test options::tests::parse::foob_bin ... ok
[INFO] [stdout] test runner::phaseresult::indenter::tests::transformation_tests::_blah_blah_expects ... ok
[INFO] [stdout] test options::tests::parse::checkmate_exec_no_args ... ok
[INFO] [stdout] test options::tests::parse::cargo_bork_bin ... ok
[INFO] [stdout] test options::tests::parse::checkmate_checkmate_clippy ... ok
[INFO] [stdout] test runner::phaseresult::indenter::tests::transformation_tests::_string_new_string_new_expects ... ok
[INFO] [stderr]        Fresh unicode-ident v1.0.12
[INFO] [stderr]        Fresh proc-macro2 v1.0.69
[INFO] [stderr]        Fresh utf8parse v0.2.1
[INFO] [stderr]        Fresh anstyle v1.0.4
[INFO] [stderr]        Fresh linux-raw-sys v0.4.10
[INFO] [stderr]        Fresh anstyle-query v1.0.0
[INFO] [stderr]        Fresh quote v1.0.33
[INFO] [stderr]        Fresh anstyle-parse v0.2.2
[INFO] [stderr]        Fresh colorchoice v1.0.0
[INFO] [stderr]        Fresh bitflags v2.4.1
[INFO] [stderr]        Fresh strsim v0.10.0
[INFO] [stderr]        Fresh anstream v0.6.4
[INFO] [stderr]        Fresh syn v1.0.109
[INFO] [stderr]        Fresh rustix v0.38.21
[INFO] [stderr]        Fresh syn v2.0.38
[INFO] [stderr]        Fresh clap_lex v0.6.0
[INFO] [stderr]        Fresh convert_case v0.4.0
[INFO] [stderr]        Fresh heck v0.4.1
[INFO] [stderr]        Fresh include_dir_macros v0.7.3
[INFO] [stderr]        Fresh clap_derive v4.4.7
[INFO] [stderr]        Fresh is-terminal v0.4.9
[INFO] [stderr]        Fresh clap_builder v4.4.7
[INFO] [stderr]        Fresh derive_more v0.99.17
[INFO] [stderr]        Fresh anyhow v1.0.75
[INFO] [stderr]        Fresh lazy_static v1.4.0
[INFO] [stderr]        Fresh include_dir v0.7.3
[INFO] [stderr]        Fresh humantime v2.1.0
[INFO] [stderr]        Fresh clap v4.4.7
[INFO] [stderr]        Fresh anyhow-std v0.1.4
[INFO] [stderr]        Fresh colored v2.0.4
[INFO] [stderr]        Fresh indoc v2.0.4
[INFO] [stderr]        Fresh cargo-checkmate v0.1.18 (/opt/rustwide/workdir)
[INFO] [stderr]     Finished dev [unoptimized + debuginfo] target(s) in 0.05s
[INFO] [stdout] test run::tests::help_outside_of_crate_path ... FAILED
[INFO] [stdout] 
[INFO] [stdout] failures:
[INFO] [stdout] 
[INFO] [stdout] ---- run::tests::help_outside_of_crate_path stdout ----
[INFO] [stdout] running: "cargo" "build" "-v"
[INFO] [stdout] Error: while processing path "target"
[INFO] [stdout] 
[INFO] [stdout] Caused by:
[INFO] [stdout]     No such file or directory (os error 2)
[INFO] [stdout] 
[INFO] [stdout] 
[INFO] [stdout] failures:
[INFO] [stdout]     run::tests::help_outside_of_crate_path
[INFO] [stdout] 
[INFO] [stdout] test result: FAILED. 20 passed; 1 failed; 0 ignored; 0 measured; 0 filtered out; finished in 0.16s
[INFO] [stdout] 
[INFO] [stderr] error: test failed, to rerun pass `--lib`
[INFO] running `Command { std: "docker" "inspect" "cde3abd2d8f84b3110d93192b5252483cb7e2be57b9089337e3256a8f340da6b", kill_on_drop: false }`
[INFO] running `Command { std: "docker" "rm" "-f" "cde3abd2d8f84b3110d93192b5252483cb7e2be57b9089337e3256a8f340da6b", kill_on_drop: false }`
[INFO] [stdout] cde3abd2d8f84b3110d93192b5252483cb7e2be57b9089337e3256a8f340da6b
[INFO] testing nathan-at-least/cargo-checkmate against beta-2023-12-22 for beta-1.76-1
[INFO] running `Command { std: "git" "clone" "/workspace/cache/git-repos/https%3A%2F%2Fgithub.com%2Fnathan-at-least%2Fcargo-checkmate" "/workspace/builds/worker-3-tc2/source", kill_on_drop: false }`
[INFO] [stderr] Cloning into '/workspace/builds/worker-3-tc2/source'...
[INFO] [stderr] done.
[INFO] validating manifest of git repo https://github.com/nathan-at-least/cargo-checkmate on toolchain beta-2023-12-22
[INFO] running `Command { std: CARGO_HOME="/workspace/cargo-home" RUSTUP_HOME="/workspace/rustup-home" "/workspace/cargo-home/bin/cargo" "+beta-2023-12-22" "metadata" "--manifest-path" "Cargo.toml" "--no-deps", kill_on_drop: false }`
[INFO] started tweaking git repo https://github.com/nathan-at-least/cargo-checkmate
[INFO] finished tweaking git repo https://github.com/nathan-at-least/cargo-checkmate
[INFO] tweaked toml for git repo https://github.com/nathan-at-least/cargo-checkmate written to /workspace/builds/worker-3-tc2/source/Cargo.toml
[INFO] crate git repo https://github.com/nathan-at-least/cargo-checkmate already has a lockfile, it will not be regenerated
[INFO] running `Command { std: CARGO_HOME="/workspace/cargo-home" RUSTUP_HOME="/workspace/rustup-home" "/workspace/cargo-home/bin/cargo" "+beta-2023-12-22" "fetch" "--manifest-path" "Cargo.toml", kill_on_drop: false }`
[INFO] running `Command { std: "docker" "create" "-v" "/var/lib/crater-agent-workspace/builds/worker-3-tc2/target:/opt/rustwide/target:rw,Z" "-v" "/var/lib/crater-agent-workspace/builds/worker-3-tc2/source:/opt/rustwide/workdir:ro,Z" "-v" "/var/lib/crater-agent-workspace/cargo-home:/opt/rustwide/cargo-home:ro,Z" "-v" "/var/lib/crater-agent-workspace/rustup-home:/opt/rustwide/rustup-home:ro,Z" "-e" "SOURCE_DIR=/opt/rustwide/workdir" "-e" "CARGO_TARGET_DIR=/opt/rustwide/target" "-e" "CARGO_HOME=/opt/rustwide/cargo-home" "-e" "RUSTUP_HOME=/opt/rustwide/rustup-home" "-w" "/opt/rustwide/workdir" "-m" "1610612736" "--user" "0:0" "--network" "none" "ghcr.io/rust-lang/crates-build-env/linux@sha256:2788e3201cd34a07e3172128adcd8b3090168a8e3bcc40d7c032b9dda1df7d1c" "/opt/rustwide/cargo-home/bin/cargo" "+beta-2023-12-22" "metadata" "--no-deps" "--format-version=1", kill_on_drop: false }`
[INFO] [stdout] fa12ab45e8c3226b9d8351ac7858a39bb80ce8023258f8fa5035b52fc96e8f77
[INFO] running `Command { std: "docker" "start" "-a" "fa12ab45e8c3226b9d8351ac7858a39bb80ce8023258f8fa5035b52fc96e8f77", kill_on_drop: false }`
[INFO] running `Command { std: "docker" "inspect" "fa12ab45e8c3226b9d8351ac7858a39bb80ce8023258f8fa5035b52fc96e8f77", kill_on_drop: false }`
[INFO] running `Command { std: "docker" "rm" "-f" "fa12ab45e8c3226b9d8351ac7858a39bb80ce8023258f8fa5035b52fc96e8f77", kill_on_drop: false }`
[INFO] [stdout] fa12ab45e8c3226b9d8351ac7858a39bb80ce8023258f8fa5035b52fc96e8f77
[INFO] running `Command { std: "docker" "create" "-v" "/var/lib/crater-agent-workspace/builds/worker-3-tc2/target:/opt/rustwide/target:rw,Z" "-v" "/var/lib/crater-agent-workspace/builds/worker-3-tc2/source:/opt/rustwide/workdir:ro,Z" "-v" "/var/lib/crater-agent-workspace/cargo-home:/opt/rustwide/cargo-home:ro,Z" "-v" "/var/lib/crater-agent-workspace/rustup-home:/opt/rustwide/rustup-home:ro,Z" "-e" "SOURCE_DIR=/opt/rustwide/workdir" "-e" "CARGO_TARGET_DIR=/opt/rustwide/target" "-e" "CARGO_INCREMENTAL=0" "-e" "RUST_BACKTRACE=full" "-e" "RUSTFLAGS=--cap-lints=warn" "-e" "RUSTDOCFLAGS=--cap-lints=warn" "-e" "CARGO_HOME=/opt/rustwide/cargo-home" "-e" "RUSTUP_HOME=/opt/rustwide/rustup-home" "-w" "/opt/rustwide/workdir" "-m" "1610612736" "--user" "0:0" "--network" "none" "ghcr.io/rust-lang/crates-build-env/linux@sha256:2788e3201cd34a07e3172128adcd8b3090168a8e3bcc40d7c032b9dda1df7d1c" "/opt/rustwide/cargo-home/bin/cargo" "+beta-2023-12-22" "build" "--frozen" "--message-format=json", kill_on_drop: false }`
[INFO] [stdout] e696f6af80a958bced39183a3a1b23727579fa2f213989bc0e5619c4abfb4fc6
[INFO] running `Command { std: "docker" "start" "-a" "e696f6af80a958bced39183a3a1b23727579fa2f213989bc0e5619c4abfb4fc6", kill_on_drop: false }`
[INFO] [stderr]    Compiling proc-macro2 v1.0.69
[INFO] [stderr]    Compiling unicode-ident v1.0.12
[INFO] [stderr]    Compiling syn v1.0.109
[INFO] [stderr]    Compiling rustix v0.38.21
[INFO] [stderr]    Compiling utf8parse v0.2.1
[INFO] [stderr]    Compiling linux-raw-sys v0.4.10
[INFO] [stderr]    Compiling anyhow v1.0.75
[INFO] [stderr]    Compiling colorchoice v1.0.0
[INFO] [stderr]    Compiling anstyle-parse v0.2.2
[INFO] [stderr]    Compiling anstyle-query v1.0.0
[INFO] [stderr]    Compiling bitflags v2.4.1
[INFO] [stderr]    Compiling anstyle v1.0.4
[INFO] [stderr]    Compiling clap_lex v0.6.0
[INFO] [stderr]    Compiling heck v0.4.1
[INFO] [stderr]    Compiling strsim v0.10.0
[INFO] [stderr]    Compiling convert_case v0.4.0
[INFO] [stderr]    Compiling anstream v0.6.4
[INFO] [stderr]    Compiling lazy_static v1.4.0
[INFO] [stderr]    Compiling humantime v2.1.0
[INFO] [stderr]    Compiling indoc v2.0.4
[INFO] [stderr]    Compiling clap_builder v4.4.7
[INFO] [stderr]    Compiling quote v1.0.33
[INFO] [stderr]    Compiling syn v2.0.38
[INFO] [stderr]    Compiling include_dir_macros v0.7.3
[INFO] [stderr]    Compiling is-terminal v0.4.9
[INFO] [stderr]    Compiling colored v2.0.4
[INFO] [stderr]    Compiling include_dir v0.7.3
[INFO] [stderr]    Compiling derive_more v0.99.17
[INFO] [stderr]    Compiling clap_derive v4.4.7
[INFO] [stderr]    Compiling clap v4.4.7
[INFO] [stderr]    Compiling anyhow-std v0.1.4
[INFO] [stderr]    Compiling cargo-checkmate v0.1.18 (/opt/rustwide/workdir)
[INFO] [stderr]     Finished dev [unoptimized + debuginfo] target(s) in 14.92s
[INFO] running `Command { std: "docker" "inspect" "e696f6af80a958bced39183a3a1b23727579fa2f213989bc0e5619c4abfb4fc6", kill_on_drop: false }`
[INFO] running `Command { std: "docker" "rm" "-f" "e696f6af80a958bced39183a3a1b23727579fa2f213989bc0e5619c4abfb4fc6", kill_on_drop: false }`
[INFO] [stdout] e696f6af80a958bced39183a3a1b23727579fa2f213989bc0e5619c4abfb4fc6
[INFO] running `Command { std: "docker" "create" "-v" "/var/lib/crater-agent-workspace/builds/worker-3-tc2/target:/opt/rustwide/target:rw,Z" "-v" "/var/lib/crater-agent-workspace/builds/worker-3-tc2/source:/opt/rustwide/workdir:ro,Z" "-v" "/var/lib/crater-agent-workspace/cargo-home:/opt/rustwide/cargo-home:ro,Z" "-v" "/var/lib/crater-agent-workspace/rustup-home:/opt/rustwide/rustup-home:ro,Z" "-e" "SOURCE_DIR=/opt/rustwide/workdir" "-e" "CARGO_TARGET_DIR=/opt/rustwide/target" "-e" "CARGO_INCREMENTAL=0" "-e" "RUST_BACKTRACE=full" "-e" "RUSTFLAGS=--cap-lints=warn" "-e" "RUSTDOCFLAGS=--cap-lints=warn" "-e" "CARGO_HOME=/opt/rustwide/cargo-home" "-e" "RUSTUP_HOME=/opt/rustwide/rustup-home" "-w" "/opt/rustwide/workdir" "-m" "1610612736" "--user" "0:0" "--network" "none" "ghcr.io/rust-lang/crates-build-env/linux@sha256:2788e3201cd34a07e3172128adcd8b3090168a8e3bcc40d7c032b9dda1df7d1c" "/opt/rustwide/cargo-home/bin/cargo" "+beta-2023-12-22" "test" "--frozen" "--no-run" "--message-format=json", kill_on_drop: false }`
[INFO] [stdout] c4285865118fcbfae50e3b23139c4a86eedbb8e99086f86e282c412a12957159
[INFO] running `Command { std: "docker" "start" "-a" "c4285865118fcbfae50e3b23139c4a86eedbb8e99086f86e282c412a12957159", kill_on_drop: false }`
[INFO] [stderr]    Compiling syn v1.0.109
[INFO] [stderr]    Compiling version_check v0.9.4
[INFO] [stderr]    Compiling rustix v0.38.21
[INFO] [stderr]    Compiling cfg-if v1.0.0
[INFO] [stderr]    Compiling fastrand v2.0.1
[INFO] [stderr]    Compiling proc-macro-error-attr v1.0.4
[INFO] [stderr]    Compiling proc-macro-error v1.0.4
[INFO] [stderr]    Compiling is-terminal v0.4.9
[INFO] [stderr]    Compiling tempfile v3.8.1
[INFO] [stderr]    Compiling colored v2.0.4
[INFO] [stderr]    Compiling derive_more v0.99.17
[INFO] [stderr]    Compiling test-case-macros v2.2.2
[INFO] [stderr]    Compiling test-case v2.2.2
[INFO] [stderr]    Compiling anyhow-std v0.1.4
[INFO] [stderr]    Compiling cargo-checkmate v0.1.18 (/opt/rustwide/workdir)
[INFO] [stderr]     Finished test [unoptimized + debuginfo] target(s) in 11.66s
[INFO] running `Command { std: "docker" "inspect" "c4285865118fcbfae50e3b23139c4a86eedbb8e99086f86e282c412a12957159", kill_on_drop: false }`
[INFO] running `Command { std: "docker" "rm" "-f" "c4285865118fcbfae50e3b23139c4a86eedbb8e99086f86e282c412a12957159", kill_on_drop: false }`
[INFO] [stdout] c4285865118fcbfae50e3b23139c4a86eedbb8e99086f86e282c412a12957159
[INFO] running `Command { std: "docker" "create" "-v" "/var/lib/crater-agent-workspace/builds/worker-3-tc2/target:/opt/rustwide/target:rw,Z" "-v" "/var/lib/crater-agent-workspace/builds/worker-3-tc2/source:/opt/rustwide/workdir:ro,Z" "-v" "/var/lib/crater-agent-workspace/cargo-home:/opt/rustwide/cargo-home:ro,Z" "-v" "/var/lib/crater-agent-workspace/rustup-home:/opt/rustwide/rustup-home:ro,Z" "-e" "SOURCE_DIR=/opt/rustwide/workdir" "-e" "CARGO_TARGET_DIR=/opt/rustwide/target" "-e" "CARGO_INCREMENTAL=0" "-e" "RUST_BACKTRACE=full" "-e" "RUSTFLAGS=--cap-lints=warn" "-e" "RUSTDOCFLAGS=--cap-lints=warn" "-e" "CARGO_HOME=/opt/rustwide/cargo-home" "-e" "RUSTUP_HOME=/opt/rustwide/rustup-home" "-w" "/opt/rustwide/workdir" "-m" "1610612736" "--user" "0:0" "--network" "none" "ghcr.io/rust-lang/crates-build-env/linux@sha256:2788e3201cd34a07e3172128adcd8b3090168a8e3bcc40d7c032b9dda1df7d1c" "/opt/rustwide/cargo-home/bin/cargo" "+beta-2023-12-22" "test" "--frozen", kill_on_drop: false }`
[INFO] [stdout] bb6f2b8f774281553a5399c03126cc42fa3c92267cbd732298d21b44d93ddf21
[INFO] running `Command { std: "docker" "start" "-a" "bb6f2b8f774281553a5399c03126cc42fa3c92267cbd732298d21b44d93ddf21", kill_on_drop: false }`
[INFO] [stderr]     Finished test [unoptimized + debuginfo] target(s) in 0.03s
[INFO] [stderr]      Running unittests src/lib.rs (/opt/rustwide/target/debug/deps/cargo_checkmate-54ea1ec434ecc73b)
[INFO] [stdout] 
[INFO] [stdout] running 21 tests
[INFO] [stdout] test githook::tests::git_unstaged_to_error_message::_expects_ok_ ... ok
[INFO] [stdout] test githook::tests::git_unstaged_to_error_message::foo_bar_blah_error ... ok
[INFO] [stdout] test githook::tests::parse_git_status_porcelain::indoc_r_m_src_githook_rs_a_src_githook_tests_rs_expects_ok_vec_src_githook_rs_to_string_ ... ok
[INFO] [stdout] test githook::tests::parse_git_status_porcelain::indoc_r_src_githook_tests_rs_m_src_githook_rs_expects_ok_vec_src_githook_tests_rs_to_string_src_githook_rs_to_string_ ... ok
[INFO] [stdout] test options::tests::parse::cargo_checkmateweirdpath_clippy ... ok
[INFO] [stdout] test options::tests::parse::cargo_bork_bin ... ok
[INFO] [stdout] test options::tests::parse::cargopath_checkmate_clippy ... ok
[INFO] [stdout] test options::tests::parse::checkmate_checkmate_no_args ... ok
[INFO] [stdout] test options::tests::parse::checkmate_exec_no_args ... ok
[INFO] [stdout] test options::tests::parse::empty_args ... ok
[INFO] [stdout] test options::tests::parse::foob_bin ... ok
[INFO] [stdout] test options::tests::parse::checkmate_checkmate_run ... ok
[INFO] [stdout] test options::tests::parse::checkmate_checkmate_clippy ... ok
[INFO] [stdout] test options::tests::parse::checkmate_clippy ... ok
[INFO] [stdout] test runner::phaseresult::indenter::tests::transformation_tests::_blah_blah_expects ... ok
[INFO] [stdout] test options::tests::parse::checkmate_checkmate_help ... ok
[INFO] [stdout] test runner::phaseresult::indenter::tests::transformation_tests::_foo_nbar_n_foo_n_bar_n_expects ... ok
[INFO] [stdout] test runner::phaseresult::indenter::tests::transformation_tests::_foo_nbar_foo_n_bar_expects ... ok
[INFO] [stdout] test runner::phaseresult::indenter::tests::transformation_tests::_foo_n_nbar_foo_n_n_bar_expects ... ok
[INFO] [stdout] test runner::phaseresult::indenter::tests::transformation_tests::_string_new_string_new_expects ... ok
[INFO] [stderr]        Fresh unicode-ident v1.0.12
[INFO] [stderr]        Fresh utf8parse v0.2.1
[INFO] [stderr]        Fresh proc-macro2 v1.0.69
[INFO] [stderr]        Fresh anstyle-parse v0.2.2
[INFO] [stderr]        Fresh anstyle-query v1.0.0
[INFO] [stderr]        Fresh anstyle v1.0.4
[INFO] [stderr]        Fresh bitflags v2.4.1
[INFO] [stderr]        Fresh linux-raw-sys v0.4.10
[INFO] [stderr]        Fresh quote v1.0.33
[INFO] [stderr]        Fresh colorchoice v1.0.0
[INFO] [stderr]        Fresh rustix v0.38.21
[INFO] [stderr]        Fresh strsim v0.10.0
[INFO] [stderr]        Fresh clap_lex v0.6.0
[INFO] [stderr]        Fresh heck v0.4.1
[INFO] [stderr]        Fresh convert_case v0.4.0
[INFO] [stderr]        Fresh syn v2.0.38
[INFO] [stderr]        Fresh syn v1.0.109
[INFO] [stderr]        Fresh anstream v0.6.4
[INFO] [stderr]        Fresh include_dir_macros v0.7.3
[INFO] [stderr]        Fresh is-terminal v0.4.9
[INFO] [stderr]        Fresh lazy_static v1.4.0
[INFO] [stderr]        Fresh indoc v2.0.4
[INFO] [stderr]        Fresh clap_builder v4.4.7
[INFO] [stderr]        Fresh derive_more v0.99.17
[INFO] [stderr]        Fresh clap_derive v4.4.7
[INFO] [stderr]        Fresh anyhow v1.0.75
[INFO] [stderr]        Fresh colored v2.0.4
[INFO] [stderr]        Fresh include_dir v0.7.3
[INFO] [stderr]        Fresh humantime v2.1.0
[INFO] [stderr]        Fresh clap v4.4.7
[INFO] [stderr]        Fresh anyhow-std v0.1.4
[INFO] [stderr]        Fresh cargo-checkmate v0.1.18 (/opt/rustwide/workdir)
[INFO] [stderr]     Finished dev [unoptimized + debuginfo] target(s) in 0.02s
[INFO] [stdout] test run::tests::help_outside_of_crate_path ... FAILED
[INFO] [stdout] 
[INFO] [stdout] failures:
[INFO] [stdout] 
[INFO] [stdout] ---- run::tests::help_outside_of_crate_path stdout ----
[INFO] [stdout] running: "cargo" "build" "-v"
[INFO] [stdout] Error: while processing path "target"
[INFO] [stdout] 
[INFO] [stdout] Caused by:
[INFO] [stdout]     No such file or directory (os error 2)
[INFO] [stdout] 
[INFO] [stdout] 
[INFO] [stdout] failures:
[INFO] [stdout]     run::tests::help_outside_of_crate_path
[INFO] [stdout] 
[INFO] [stdout] test result: FAILED. 20 passed; 1 failed; 0 ignored; 0 measured; 0 filtered out; finished in 0.07s
[INFO] [stdout] 
[INFO] [stderr] error: test failed, to rerun pass `--lib`
[INFO] running `Command { std: "docker" "inspect" "bb6f2b8f774281553a5399c03126cc42fa3c92267cbd732298d21b44d93ddf21", kill_on_drop: false }`
[INFO] running `Command { std: "docker" "rm" "-f" "bb6f2b8f774281553a5399c03126cc42fa3c92267cbd732298d21b44d93ddf21", kill_on_drop: false }`
[INFO] [stdout] bb6f2b8f774281553a5399c03126cc42fa3c92267cbd732298d21b44d93ddf21
