[INFO] cloning repository https://github.com/nate601/Rs-Book-Downloader-Cli
[INFO] running `Command { std: "git" "-c" "credential.helper=" "-c" "credential.helper=/workspace/cargo-home/bin/git-credential-null" "clone" "--bare" "https://github.com/nate601/Rs-Book-Downloader-Cli" "/workspace/cache/git-repos/https%3A%2F%2Fgithub.com%2Fnate601%2FRs-Book-Downloader-Cli", kill_on_drop: false }`
[INFO] [stderr] Cloning into bare repository '/workspace/cache/git-repos/https%3A%2F%2Fgithub.com%2Fnate601%2FRs-Book-Downloader-Cli'...
[INFO] running `Command { std: "git" "rev-parse" "HEAD", kill_on_drop: false }`
[INFO] [stdout] 7eb5740db2aca9dffd3f9c3d9aa29925e894f118
[INFO] testing nate601/Rs-Book-Downloader-Cli against 1.75.0 for beta-1.76-1
[INFO] running `Command { std: "git" "clone" "/workspace/cache/git-repos/https%3A%2F%2Fgithub.com%2Fnate601%2FRs-Book-Downloader-Cli" "/workspace/builds/worker-5-tc1/source", kill_on_drop: false }`
[INFO] [stderr] Cloning into '/workspace/builds/worker-5-tc1/source'...
[INFO] [stderr] done.
[INFO] validating manifest of git repo https://github.com/nate601/Rs-Book-Downloader-Cli on toolchain 1.75.0
[INFO] running `Command { std: CARGO_HOME="/workspace/cargo-home" RUSTUP_HOME="/workspace/rustup-home" "/workspace/cargo-home/bin/cargo" "+1.75.0" "metadata" "--manifest-path" "Cargo.toml" "--no-deps", kill_on_drop: false }`
[INFO] started tweaking git repo https://github.com/nate601/Rs-Book-Downloader-Cli
[INFO] finished tweaking git repo https://github.com/nate601/Rs-Book-Downloader-Cli
[INFO] tweaked toml for git repo https://github.com/nate601/Rs-Book-Downloader-Cli written to /workspace/builds/worker-5-tc1/source/Cargo.toml
[INFO] crate git repo https://github.com/nate601/Rs-Book-Downloader-Cli already has a lockfile, it will not be regenerated
[INFO] running `Command { std: CARGO_HOME="/workspace/cargo-home" RUSTUP_HOME="/workspace/rustup-home" "/workspace/cargo-home/bin/cargo" "+1.75.0" "fetch" "--manifest-path" "Cargo.toml", kill_on_drop: false }`
[INFO] running `Command { std: "docker" "create" "-v" "/var/lib/crater-agent-workspace/builds/worker-5-tc1/target:/opt/rustwide/target:rw,Z" "-v" "/var/lib/crater-agent-workspace/builds/worker-5-tc1/source:/opt/rustwide/workdir:ro,Z" "-v" "/var/lib/crater-agent-workspace/cargo-home:/opt/rustwide/cargo-home:ro,Z" "-v" "/var/lib/crater-agent-workspace/rustup-home:/opt/rustwide/rustup-home:ro,Z" "-e" "SOURCE_DIR=/opt/rustwide/workdir" "-e" "CARGO_TARGET_DIR=/opt/rustwide/target" "-e" "CARGO_HOME=/opt/rustwide/cargo-home" "-e" "RUSTUP_HOME=/opt/rustwide/rustup-home" "-w" "/opt/rustwide/workdir" "-m" "1610612736" "--user" "0:0" "--network" "none" "ghcr.io/rust-lang/crates-build-env/linux@sha256:2788e3201cd34a07e3172128adcd8b3090168a8e3bcc40d7c032b9dda1df7d1c" "/opt/rustwide/cargo-home/bin/cargo" "+1.75.0" "metadata" "--no-deps" "--format-version=1", kill_on_drop: false }`
[INFO] [stdout] ca2b01291394f5da6da765db03363fd9dcec5502c6c7a3ae226c3b5b0f58a172
[INFO] running `Command { std: "docker" "start" "-a" "ca2b01291394f5da6da765db03363fd9dcec5502c6c7a3ae226c3b5b0f58a172", kill_on_drop: false }`
[INFO] running `Command { std: "docker" "inspect" "ca2b01291394f5da6da765db03363fd9dcec5502c6c7a3ae226c3b5b0f58a172", kill_on_drop: false }`
[INFO] running `Command { std: "docker" "rm" "-f" "ca2b01291394f5da6da765db03363fd9dcec5502c6c7a3ae226c3b5b0f58a172", kill_on_drop: false }`
[INFO] [stdout] ca2b01291394f5da6da765db03363fd9dcec5502c6c7a3ae226c3b5b0f58a172
[INFO] running `Command { std: "docker" "create" "-v" "/var/lib/crater-agent-workspace/builds/worker-5-tc1/target:/opt/rustwide/target:rw,Z" "-v" "/var/lib/crater-agent-workspace/builds/worker-5-tc1/source:/opt/rustwide/workdir:ro,Z" "-v" "/var/lib/crater-agent-workspace/cargo-home:/opt/rustwide/cargo-home:ro,Z" "-v" "/var/lib/crater-agent-workspace/rustup-home:/opt/rustwide/rustup-home:ro,Z" "-e" "SOURCE_DIR=/opt/rustwide/workdir" "-e" "CARGO_TARGET_DIR=/opt/rustwide/target" "-e" "CARGO_INCREMENTAL=0" "-e" "RUST_BACKTRACE=full" "-e" "RUSTFLAGS=--cap-lints=warn" "-e" "RUSTDOCFLAGS=--cap-lints=warn" "-e" "CARGO_HOME=/opt/rustwide/cargo-home" "-e" "RUSTUP_HOME=/opt/rustwide/rustup-home" "-w" "/opt/rustwide/workdir" "-m" "1610612736" "--user" "0:0" "--network" "none" "ghcr.io/rust-lang/crates-build-env/linux@sha256:2788e3201cd34a07e3172128adcd8b3090168a8e3bcc40d7c032b9dda1df7d1c" "/opt/rustwide/cargo-home/bin/cargo" "+1.75.0" "build" "--frozen" "--message-format=json", kill_on_drop: false }`
[INFO] [stdout] 68fba3ca8c9fcb80ea2db414e83118259b9bb341d2f6df27ff491a60a11a8ecf
[INFO] running `Command { std: "docker" "start" "-a" "68fba3ca8c9fcb80ea2db414e83118259b9bb341d2f6df27ff491a60a11a8ecf", kill_on_drop: false }`
[INFO] [stderr]    Compiling rs-book-downloader-cli v0.1.0 (/opt/rustwide/workdir)
[INFO] [stdout] warning: unused import: `std::ops::DerefMut`
[INFO] [stdout]   --> src/main.rs:10:5
[INFO] [stdout]    |
[INFO] [stdout] 10 | use std::ops::DerefMut;
[INFO] [stdout]    |     ^^^^^^^^^^^^^^^^^^
[INFO] [stdout]    |
[INFO] [stdout]    = note: `#[warn(unused_imports)]` on by default
[INFO] [stdout] 
[INFO] [stdout] 
[INFO] [stdout] warning: unused import: `collections::HashMap`
[INFO] [stdout]  --> src/irc_connection.rs:3:21
[INFO] [stdout]   |
[INFO] [stdout] 3 |     net::TcpStream, collections::HashMap,
[INFO] [stdout]   |                     ^^^^^^^^^^^^^^^^^^^^
[INFO] [stdout] 
[INFO] [stdout] 
[INFO] [stdout] warning: unnecessary parentheses around `if` condition
[INFO] [stdout]    --> src/irc_message.rs:107:28
[INFO] [stdout]     |
[INFO] [stdout] 107 |                         if (k.starts_with('+') || k.starts_with('!'))
[INFO] [stdout]     |                            ^                                        ^
[INFO] [stdout]     |
[INFO] [stdout]     = note: `#[warn(unused_parens)]` on by default
[INFO] [stdout] help: remove these parentheses
[INFO] [stdout]     |
[INFO] [stdout] 107 -                         if (k.starts_with('+') || k.starts_with('!'))
[INFO] [stdout] 107 +                         if k.starts_with('+') || k.starts_with('!')
[INFO] [stdout]     |
[INFO] [stdout] 
[INFO] [stdout] 
[INFO] [stdout] warning: variant `RPL_NAME_REPLY` should have an upper camel case name
[INFO] [stdout]    --> src/irc_message.rs:148:5
[INFO] [stdout]     |
[INFO] [stdout] 148 |     RPL_NAME_REPLY
[INFO] [stdout]     |     ^^^^^^^^^^^^^^ help: convert the identifier to upper camel case: `RplNameReply`
[INFO] [stdout]     |
[INFO] [stdout]     = note: `#[warn(non_camel_case_types)]` on by default
[INFO] [stdout] 
[INFO] [stdout] 
[INFO] [stdout] warning: unnecessary parentheses around `if` condition
[INFO] [stdout]    --> src/pkzip.rs:913:20
[INFO] [stdout]     |
[INFO] [stdout] 913 |                 if (length_base.is_none())
[INFO] [stdout]     |                    ^                     ^
[INFO] [stdout]     |
[INFO] [stdout] help: remove these parentheses
[INFO] [stdout]     |
[INFO] [stdout] 913 -                 if (length_base.is_none())
[INFO] [stdout] 913 +                 if length_base.is_none()
[INFO] [stdout]     |
[INFO] [stdout] 
[INFO] [stdout] 
[INFO] [stdout] warning: unnecessary parentheses around `if` condition
[INFO] [stdout]    --> src/pkzip.rs:918:20
[INFO] [stdout]     |
[INFO] [stdout] 918 |                 if (length_number_of_extra_bits.is_none())
[INFO] [stdout]     |                    ^                                     ^
[INFO] [stdout]     |
[INFO] [stdout] help: remove these parentheses
[INFO] [stdout]     |
[INFO] [stdout] 918 -                 if (length_number_of_extra_bits.is_none())
[INFO] [stdout] 918 +                 if length_number_of_extra_bits.is_none()
[INFO] [stdout]     |
[INFO] [stdout] 
[INFO] [stdout] 
[INFO] [stdout] warning: unnecessary parentheses around `if` condition
[INFO] [stdout]    --> src/pkzip.rs:938:20
[INFO] [stdout]     |
[INFO] [stdout] 938 |                 if (distance_base.is_none())
[INFO] [stdout]     |                    ^                       ^
[INFO] [stdout]     |
[INFO] [stdout] help: remove these parentheses
[INFO] [stdout]     |
[INFO] [stdout] 938 -                 if (distance_base.is_none())
[INFO] [stdout] 938 +                 if distance_base.is_none()
[INFO] [stdout]     |
[INFO] [stdout] 
[INFO] [stdout] 
[INFO] [stdout] warning: unnecessary parentheses around `if` condition
[INFO] [stdout]    --> src/pkzip.rs:943:20
[INFO] [stdout]     |
[INFO] [stdout] 943 |                 if (distance_number_of_extra_bits.is_none())
[INFO] [stdout]     |                    ^                                       ^
[INFO] [stdout]     |
[INFO] [stdout] help: remove these parentheses
[INFO] [stdout]     |
[INFO] [stdout] 943 -                 if (distance_number_of_extra_bits.is_none())
[INFO] [stdout] 943 +                 if distance_number_of_extra_bits.is_none()
[INFO] [stdout]     |
[INFO] [stdout] 
[INFO] [stdout] 
[INFO] [stdout] warning: unused import: `get_fixed_huffman_trees`
[INFO] [stdout]   --> src/pkzip_test.rs:1:20
[INFO] [stdout]    |
[INFO] [stdout] 1  | use crate::pkzip::{get_fixed_huffman_trees, BitArray, ByteStream, HuffmanTree};
[INFO] [stdout]    |                    ^^^^^^^^^^^^^^^^^^^^^^^
[INFO] [stdout]    |
[INFO] [stdout] help: consider adding a `#[cfg(test)]` to the containing module
[INFO] [stdout]   --> src/main.rs:18:1
[INFO] [stdout]    |
[INFO] [stdout] 18 | mod pkzip_test;
[INFO] [stdout]    | ^^^^^^^^^^^^^^^
[INFO] [stdout] 
[INFO] [stdout] 
[INFO] [stdout] warning: unnecessary parentheses around `if` condition
[INFO] [stdout]    --> src/main.rs:144:12
[INFO] [stdout]     |
[INFO] [stdout] 144 |         if (pack_opt.is_none())
[INFO] [stdout]     |            ^                  ^
[INFO] [stdout]     |
[INFO] [stdout] help: remove these parentheses
[INFO] [stdout]     |
[INFO] [stdout] 144 -         if (pack_opt.is_none())
[INFO] [stdout] 144 +         if pack_opt.is_none()
[INFO] [stdout]     |
[INFO] [stdout] 
[INFO] [stdout] 
[INFO] [stdout] warning: unnecessary parentheses around `if` condition
[INFO] [stdout]    --> src/main.rs:196:20
[INFO] [stdout]     |
[INFO] [stdout] 196 |                 if (*x == ':')
[INFO] [stdout]     |                    ^         ^
[INFO] [stdout]     |
[INFO] [stdout] help: remove these parentheses
[INFO] [stdout]     |
[INFO] [stdout] 196 -                 if (*x == ':')
[INFO] [stdout] 196 +                 if *x == ':'
[INFO] [stdout]     |
[INFO] [stdout] 
[INFO] [stdout] 
[INFO] [stdout] warning: unnecessary parentheses around `if` condition
[INFO] [stdout]    --> src/main.rs:198:24
[INFO] [stdout]     |
[INFO] [stdout] 198 |                     if (was_last_character_info_marker)
[INFO] [stdout]     |                        ^                              ^
[INFO] [stdout]     |
[INFO] [stdout] help: remove these parentheses
[INFO] [stdout]     |
[INFO] [stdout] 198 -                     if (was_last_character_info_marker)
[INFO] [stdout] 198 +                     if was_last_character_info_marker
[INFO] [stdout]     |
[INFO] [stdout] 
[INFO] [stdout] 
[INFO] [stdout] warning: unused variable: `query_type`
[INFO] [stdout]    --> src/irc_message.rs:193:13
[INFO] [stdout]     |
[INFO] [stdout] 193 |             query_type,
[INFO] [stdout]     |             ^^^^^^^^^^ help: try ignoring the field: `query_type: _`
[INFO] [stdout]     |
[INFO] [stdout]     = note: `#[warn(unused_variables)]` on by default
[INFO] [stdout] 
[INFO] [stdout] 
[INFO] [stdout] warning: unused variable: `argument`
[INFO] [stdout]    --> src/irc_message.rs:194:13
[INFO] [stdout]     |
[INFO] [stdout] 194 |             argument,
[INFO] [stdout]     |             ^^^^^^^^ help: try ignoring the field: `argument: _`
[INFO] [stdout] 
[INFO] [stdout] 
[INFO] [stdout] warning: variable does not need to be mutable
[INFO] [stdout]    --> src/pkzip.rs:516:13
[INFO] [stdout]     |
[INFO] [stdout] 516 |         let mut bits = self.read_bits(number_of_bits)?;
[INFO] [stdout]     |             ----^^^^
[INFO] [stdout]     |             |
[INFO] [stdout]     |             help: remove this `mut`
[INFO] [stdout]     |
[INFO] [stdout]     = note: `#[warn(unused_mut)]` on by default
[INFO] [stdout] 
[INFO] [stdout] 
[INFO] [stdout] warning: unused variable: `i`
[INFO] [stdout]    --> src/pkzip.rs:534:13
[INFO] [stdout]     |
[INFO] [stdout] 534 |         for i in 0..number_of_bits
[INFO] [stdout]     |             ^ help: if this is intentional, prefix it with an underscore: `_i`
[INFO] [stdout] 
[INFO] [stdout] 
[INFO] [stdout] warning: variable does not need to be mutable
[INFO] [stdout]    --> src/pkzip.rs:633:21
[INFO] [stdout]     |
[INFO] [stdout] 633 |                 let mut byte_stream = ByteStream::new(compressed_byte_arrays);
[INFO] [stdout]     |                     ----^^^^^^^^^^^
[INFO] [stdout]     |                     |
[INFO] [stdout]     |                     help: remove this `mut`
[INFO] [stdout] 
[INFO] [stdout] 
[INFO] [stdout] warning: unused variable: `i`
[INFO] [stdout]    --> src/pkzip.rs:691:9
[INFO] [stdout]     |
[INFO] [stdout] 691 |     for i in 0..hclen
[INFO] [stdout]     |         ^ help: if this is intentional, prefix it with an underscore: `_i`
[INFO] [stdout] 
[INFO] [stdout] 
[INFO] [stdout] warning: unused variable: `i`
[INFO] [stdout]    --> src/pkzip.rs:730:17
[INFO] [stdout]     |
[INFO] [stdout] 730 |             for i in 0..number_of_times_to_repeat
[INFO] [stdout]     |                 ^ help: if this is intentional, prefix it with an underscore: `_i`
[INFO] [stdout] 
[INFO] [stdout] 
[INFO] [stdout] warning: unused variable: `i`
[INFO] [stdout]    --> src/pkzip.rs:740:17
[INFO] [stdout]     |
[INFO] [stdout] 740 |             for i in 0..number_of_times_to_repeat
[INFO] [stdout]     |                 ^ help: if this is intentional, prefix it with an underscore: `_i`
[INFO] [stdout] 
[INFO] [stdout] 
[INFO] [stdout] warning: unused variable: `i`
[INFO] [stdout]    --> src/pkzip.rs:751:17
[INFO] [stdout]     |
[INFO] [stdout] 751 |             for i in 0..number_of_times_to_repeat
[INFO] [stdout]     |                 ^ help: if this is intentional, prefix it with an underscore: `_i`
[INFO] [stdout] 
[INFO] [stdout] 
[INFO] [stdout] warning: unused variable: `i`
[INFO] [stdout]    --> src/pkzip.rs:780:17
[INFO] [stdout]     |
[INFO] [stdout] 780 |             for i in 0..number_of_times_to_repeat
[INFO] [stdout]     |                 ^ help: if this is intentional, prefix it with an underscore: `_i`
[INFO] [stdout] 
[INFO] [stdout] 
[INFO] [stdout] warning: unused variable: `i`
[INFO] [stdout]    --> src/pkzip.rs:790:17
[INFO] [stdout]     |
[INFO] [stdout] 790 |             for i in 0..number_of_times_to_repeat
[INFO] [stdout]     |                 ^ help: if this is intentional, prefix it with an underscore: `_i`
[INFO] [stdout] 
[INFO] [stdout] 
[INFO] [stdout] warning: unused variable: `i`
[INFO] [stdout]    --> src/pkzip.rs:801:17
[INFO] [stdout]     |
[INFO] [stdout] 801 |             for i in 0..number_of_times_to_repeat
[INFO] [stdout]     |                 ^ help: if this is intentional, prefix it with an underscore: `_i`
[INFO] [stdout] 
[INFO] [stdout] 
[INFO] [stdout] warning: unused variable: `ret_val`
[INFO] [stdout]    --> src/pkzip.rs:818:9
[INFO] [stdout]     |
[INFO] [stdout] 818 |     let ret_val: Vec<u8> = Vec::new();
[INFO] [stdout]     |         ^^^^^^^ help: if this is intentional, prefix it with an underscore: `_ret_val`
[INFO] [stdout] 
[INFO] [stdout] 
[INFO] [stdout] warning: unused variable: `text`
[INFO] [stdout]    --> src/pkzip.rs:857:9
[INFO] [stdout]     |
[INFO] [stdout] 857 |     let text = String::from_utf8(ret_cursor.get_ref().to_vec());
[INFO] [stdout]     |         ^^^^ help: if this is intentional, prefix it with an underscore: `_text`
[INFO] [stdout] 
[INFO] [stdout] 
[INFO] [stdout] warning: variable `debug_iterations` is assigned to, but never used
[INFO] [stdout]    --> src/pkzip.rs:870:13
[INFO] [stdout]     |
[INFO] [stdout] 870 |     let mut debug_iterations = 0u16;
[INFO] [stdout]     |             ^^^^^^^^^^^^^^^^
[INFO] [stdout]     |
[INFO] [stdout]     = note: consider using `_debug_iterations` instead
[INFO] [stdout] 
[INFO] [stdout] 
[INFO] [stdout] warning: variable `match_iterations` is assigned to, but never used
[INFO] [stdout]    --> src/pkzip.rs:871:13
[INFO] [stdout]     |
[INFO] [stdout] 871 |     let mut match_iterations = 0u16;
[INFO] [stdout]     |             ^^^^^^^^^^^^^^^^
[INFO] [stdout]     |
[INFO] [stdout]     = note: consider using `_match_iterations` instead
[INFO] [stdout] 
[INFO] [stdout] 
[INFO] [stdout] warning: unused variable: `i`
[INFO] [stdout]    --> src/pkzip.rs:970:21
[INFO] [stdout]     |
[INFO] [stdout] 970 |                 for i in 00u16..length
[INFO] [stdout]     |                     ^ help: if this is intentional, prefix it with an underscore: `_i`
[INFO] [stdout] 
[INFO] [stdout] 
[INFO] [stdout] warning: unused variable: `s`
[INFO] [stdout]     --> src/pkzip.rs:1157:17
[INFO] [stdout]      |
[INFO] [stdout] 1157 |             let s = BitArray::new_from_word(*next_address.get(bit_length).unwrap()).get_string();
[INFO] [stdout]      |                 ^ help: if this is intentional, prefix it with an underscore: `_s`
[INFO] [stdout] 
[INFO] [stdout] 
[INFO] [stdout] warning: unused variable: `k`
[INFO] [stdout]    --> src/pkzip_test.rs:101:9
[INFO] [stdout]     |
[INFO] [stdout] 101 |     let k = vec![
[INFO] [stdout]     |         ^ help: if this is intentional, prefix it with an underscore: `_k`
[INFO] [stdout] 
[INFO] [stdout] 
[INFO] [stdout] warning: unused variable: `pack`
[INFO] [stdout]    --> src/main.rs:118:9
[INFO] [stdout]     |
[INFO] [stdout] 118 |     let pack = loop
[INFO] [stdout]     |         ^^^^ help: if this is intentional, prefix it with an underscore: `_pack`
[INFO] [stdout] 
[INFO] [stdout] 
[INFO] [stdout] warning: variable does not need to be mutable
[INFO] [stdout]   --> src/main.rs:25:9
[INFO] [stdout]    |
[INFO] [stdout] 25 |     let mut users: HashMap<String, Vec<String>> = HashMap::new();
[INFO] [stdout]    |         ----^^^^^
[INFO] [stdout]    |         |
[INFO] [stdout]    |         help: remove this `mut`
[INFO] [stdout] 
[INFO] [stdout] 
[INFO] [stdout] warning: variants `Disconnected`, `WaitingForResults`, and `WaitingForBook` are never constructed
[INFO] [stdout]   --> src/irc_connection.rs:8:5
[INFO] [stdout]    |
[INFO] [stdout] 6  | pub enum ConnectionStatus
[INFO] [stdout]    |          ---------------- variants in this enum
[INFO] [stdout] 7  | {
[INFO] [stdout] 8  |     Disconnected,
[INFO] [stdout]    |     ^^^^^^^^^^^^
[INFO] [stdout] 9  |     Connected,
[INFO] [stdout] 10 |     WaitingForResults,
[INFO] [stdout]    |     ^^^^^^^^^^^^^^^^^
[INFO] [stdout] 11 |     WaitingForBook,
[INFO] [stdout]    |     ^^^^^^^^^^^^^^
[INFO] [stdout]    |
[INFO] [stdout]    = note: `#[warn(dead_code)]` on by default
[INFO] [stdout] 
[INFO] [stdout] 
[INFO] [stdout] warning: method `send_command` is never used
[INFO] [stdout]   --> src/irc_connection.rs:52:12
[INFO] [stdout]    |
[INFO] [stdout] 18 | impl IrcConnection
[INFO] [stdout]    | ------------------ method in this implementation
[INFO] [stdout] ...
[INFO] [stdout] 52 |     pub fn send_command(&mut self, command: &str) -> Result<usize, &'static str>
[INFO] [stdout]    |            ^^^^^^^^^^^^
[INFO] [stdout] 
[INFO] [stdout] 
[INFO] [stdout] warning: associated functions `get_bits`, `is_bit_set`, and `get_cursor` are never used
[INFO] [stdout]    --> src/pkzip.rs:418:12
[INFO] [stdout]     |
[INFO] [stdout] 315 | impl BitArray
[INFO] [stdout]     | ------------- associated functions in this implementation
[INFO] [stdout] ...
[INFO] [stdout] 418 |     pub fn get_bits(source: Vec<u8>) -> Vec<bool>
[INFO] [stdout]     |            ^^^^^^^^
[INFO] [stdout] ...
[INFO] [stdout] 431 |     pub fn is_bit_set(source: u8, n: u8) -> bool
[INFO] [stdout]     |            ^^^^^^^^^^
[INFO] [stdout] ...
[INFO] [stdout] 440 |     pub fn get_cursor(o: Vec<bool>) -> Cursor<Vec<u8>>
[INFO] [stdout]     |            ^^^^^^^^^^
[INFO] [stdout] 
[INFO] [stdout] 
[INFO] [stdout] warning: field `data` is never read
[INFO] [stdout]    --> src/pkzip.rs:495:5
[INFO] [stdout]     |
[INFO] [stdout] 493 | pub struct ByteStream
[INFO] [stdout]     |            ---------- field in this struct
[INFO] [stdout] 494 | {
[INFO] [stdout] 495 |     data: Vec<BitArray>,
[INFO] [stdout]     |     ^^^^
[INFO] [stdout]     |
[INFO] [stdout]     = note: `ByteStream` has a derived impl for the trait `Debug`, but this is intentionally ignored during dead code analysis
[INFO] [stdout] 
[INFO] [stdout] 
[INFO] [stdout] warning: method `is_at_end` is never used
[INFO] [stdout]    --> src/pkzip.rs:559:12
[INFO] [stdout]     |
[INFO] [stdout] 499 | impl ByteStream
[INFO] [stdout]     | --------------- method in this implementation
[INFO] [stdout] ...
[INFO] [stdout] 559 |     pub fn is_at_end(&self) -> bool
[INFO] [stdout]     |            ^^^^^^^^^
[INFO] [stdout] 
[INFO] [stdout] 
[INFO] [stdout] warning: method `get_value` is never used
[INFO] [stdout]     --> src/pkzip.rs:1110:12
[INFO] [stdout]      |
[INFO] [stdout] 1073 | impl HuffmanTree
[INFO] [stdout]      | ---------------- method in this implementation
[INFO] [stdout] ...
[INFO] [stdout] 1110 |     pub fn get_value(self, address: u16, address_len: u8) -> Option<u16>
[INFO] [stdout]      |            ^^^^^^^^^
[INFO] [stdout] 
[INFO] [stdout] 
[INFO] [stdout] warning: function `huffman_tree_bit_decode_test` is never used
[INFO] [stdout]   --> src/pkzip_test.rs:92:4
[INFO] [stdout]    |
[INFO] [stdout] 92 | fn huffman_tree_bit_decode_test()
[INFO] [stdout]    |    ^^^^^^^^^^^^^^^^^^^^^^^^^^^^
[INFO] [stdout] 
[INFO] [stdout] 
[INFO] [stdout] warning: variable `retVal` should have a snake case name
[INFO] [stdout]    --> src/pkzip.rs:403:17
[INFO] [stdout]     |
[INFO] [stdout] 403 |         let mut retVal = String::new();
[INFO] [stdout]     |                 ^^^^^^ help: convert the identifier to snake case: `ret_val`
[INFO] [stdout]     |
[INFO] [stdout]     = note: `#[warn(non_snake_case)]` on by default
[INFO] [stdout] 
[INFO] [stdout] 
[INFO] [stdout] warning: 41 warnings emitted
[INFO] [stdout] 
[INFO] [stdout] 
[INFO] [stderr]     Finished dev [unoptimized + debuginfo] target(s) in 0.85s
[INFO] running `Command { std: "docker" "inspect" "68fba3ca8c9fcb80ea2db414e83118259b9bb341d2f6df27ff491a60a11a8ecf", kill_on_drop: false }`
[INFO] running `Command { std: "docker" "rm" "-f" "68fba3ca8c9fcb80ea2db414e83118259b9bb341d2f6df27ff491a60a11a8ecf", kill_on_drop: false }`
[INFO] [stdout] 68fba3ca8c9fcb80ea2db414e83118259b9bb341d2f6df27ff491a60a11a8ecf
[INFO] running `Command { std: "docker" "create" "-v" "/var/lib/crater-agent-workspace/builds/worker-5-tc1/target:/opt/rustwide/target:rw,Z" "-v" "/var/lib/crater-agent-workspace/builds/worker-5-tc1/source:/opt/rustwide/workdir:ro,Z" "-v" "/var/lib/crater-agent-workspace/cargo-home:/opt/rustwide/cargo-home:ro,Z" "-v" "/var/lib/crater-agent-workspace/rustup-home:/opt/rustwide/rustup-home:ro,Z" "-e" "SOURCE_DIR=/opt/rustwide/workdir" "-e" "CARGO_TARGET_DIR=/opt/rustwide/target" "-e" "CARGO_INCREMENTAL=0" "-e" "RUST_BACKTRACE=full" "-e" "RUSTFLAGS=--cap-lints=warn" "-e" "RUSTDOCFLAGS=--cap-lints=warn" "-e" "CARGO_HOME=/opt/rustwide/cargo-home" "-e" "RUSTUP_HOME=/opt/rustwide/rustup-home" "-w" "/opt/rustwide/workdir" "-m" "1610612736" "--user" "0:0" "--network" "none" "ghcr.io/rust-lang/crates-build-env/linux@sha256:2788e3201cd34a07e3172128adcd8b3090168a8e3bcc40d7c032b9dda1df7d1c" "/opt/rustwide/cargo-home/bin/cargo" "+1.75.0" "test" "--frozen" "--no-run" "--message-format=json", kill_on_drop: false }`
[INFO] [stdout] 37a22eb36e3e2d733ff68cdfd315d7937512ae988e89ee27634c30dd7964a672
[INFO] running `Command { std: "docker" "start" "-a" "37a22eb36e3e2d733ff68cdfd315d7937512ae988e89ee27634c30dd7964a672", kill_on_drop: false }`
[INFO] [stderr]    Compiling rs-book-downloader-cli v0.1.0 (/opt/rustwide/workdir)
[INFO] [stdout] warning: unused import: `std::ops::DerefMut`
[INFO] [stdout]   --> src/main.rs:10:5
[INFO] [stdout]    |
[INFO] [stdout] 10 | use std::ops::DerefMut;
[INFO] [stdout]    |     ^^^^^^^^^^^^^^^^^^
[INFO] [stdout]    |
[INFO] [stdout]    = note: `#[warn(unused_imports)]` on by default
[INFO] [stdout] 
[INFO] [stdout] 
[INFO] [stdout] warning: unused import: `collections::HashMap`
[INFO] [stdout]  --> src/irc_connection.rs:3:21
[INFO] [stdout]   |
[INFO] [stdout] 3 |     net::TcpStream, collections::HashMap,
[INFO] [stdout]   |                     ^^^^^^^^^^^^^^^^^^^^
[INFO] [stdout] 
[INFO] [stdout] 
[INFO] [stdout] warning: unnecessary parentheses around `if` condition
[INFO] [stdout]    --> src/irc_message.rs:107:28
[INFO] [stdout]     |
[INFO] [stdout] 107 |                         if (k.starts_with('+') || k.starts_with('!'))
[INFO] [stdout]     |                            ^                                        ^
[INFO] [stdout]     |
[INFO] [stdout]     = note: `#[warn(unused_parens)]` on by default
[INFO] [stdout] help: remove these parentheses
[INFO] [stdout]     |
[INFO] [stdout] 107 -                         if (k.starts_with('+') || k.starts_with('!'))
[INFO] [stdout] 107 +                         if k.starts_with('+') || k.starts_with('!')
[INFO] [stdout]     |
[INFO] [stdout] 
[INFO] [stdout] 
[INFO] [stdout] warning: variant `RPL_NAME_REPLY` should have an upper camel case name
[INFO] [stdout]    --> src/irc_message.rs:148:5
[INFO] [stdout]     |
[INFO] [stdout] 148 |     RPL_NAME_REPLY
[INFO] [stdout]     |     ^^^^^^^^^^^^^^ help: convert the identifier to upper camel case: `RplNameReply`
[INFO] [stdout]     |
[INFO] [stdout]     = note: `#[warn(non_camel_case_types)]` on by default
[INFO] [stdout] 
[INFO] [stdout] 
[INFO] [stdout] warning: unnecessary parentheses around `if` condition
[INFO] [stdout]    --> src/pkzip.rs:913:20
[INFO] [stdout]     |
[INFO] [stdout] 913 |                 if (length_base.is_none())
[INFO] [stdout]     |                    ^                     ^
[INFO] [stdout]     |
[INFO] [stdout] help: remove these parentheses
[INFO] [stdout]     |
[INFO] [stdout] 913 -                 if (length_base.is_none())
[INFO] [stdout] 913 +                 if length_base.is_none()
[INFO] [stdout]     |
[INFO] [stdout] 
[INFO] [stdout] 
[INFO] [stdout] warning: unnecessary parentheses around `if` condition
[INFO] [stdout]    --> src/pkzip.rs:918:20
[INFO] [stdout]     |
[INFO] [stdout] 918 |                 if (length_number_of_extra_bits.is_none())
[INFO] [stdout]     |                    ^                                     ^
[INFO] [stdout]     |
[INFO] [stdout] help: remove these parentheses
[INFO] [stdout]     |
[INFO] [stdout] 918 -                 if (length_number_of_extra_bits.is_none())
[INFO] [stdout] 918 +                 if length_number_of_extra_bits.is_none()
[INFO] [stdout]     |
[INFO] [stdout] 
[INFO] [stdout] 
[INFO] [stdout] warning: unnecessary parentheses around `if` condition
[INFO] [stdout]    --> src/pkzip.rs:938:20
[INFO] [stdout]     |
[INFO] [stdout] 938 |                 if (distance_base.is_none())
[INFO] [stdout]     |                    ^                       ^
[INFO] [stdout]     |
[INFO] [stdout] help: remove these parentheses
[INFO] [stdout]     |
[INFO] [stdout] 938 -                 if (distance_base.is_none())
[INFO] [stdout] 938 +                 if distance_base.is_none()
[INFO] [stdout]     |
[INFO] [stdout] 
[INFO] [stdout] 
[INFO] [stdout] warning: unnecessary parentheses around `if` condition
[INFO] [stdout]    --> src/pkzip.rs:943:20
[INFO] [stdout]     |
[INFO] [stdout] 943 |                 if (distance_number_of_extra_bits.is_none())
[INFO] [stdout]     |                    ^                                       ^
[INFO] [stdout]     |
[INFO] [stdout] help: remove these parentheses
[INFO] [stdout]     |
[INFO] [stdout] 943 -                 if (distance_number_of_extra_bits.is_none())
[INFO] [stdout] 943 +                 if distance_number_of_extra_bits.is_none()
[INFO] [stdout]     |
[INFO] [stdout] 
[INFO] [stdout] 
[INFO] [stdout] warning: unnecessary parentheses around `if` condition
[INFO] [stdout]    --> src/main.rs:144:12
[INFO] [stdout]     |
[INFO] [stdout] 144 |         if (pack_opt.is_none())
[INFO] [stdout]     |            ^                  ^
[INFO] [stdout]     |
[INFO] [stdout] help: remove these parentheses
[INFO] [stdout]     |
[INFO] [stdout] 144 -         if (pack_opt.is_none())
[INFO] [stdout] 144 +         if pack_opt.is_none()
[INFO] [stdout]     |
[INFO] [stdout] 
[INFO] [stdout] 
[INFO] [stdout] warning: unnecessary parentheses around `if` condition
[INFO] [stdout]    --> src/main.rs:196:20
[INFO] [stdout]     |
[INFO] [stdout] 196 |                 if (*x == ':')
[INFO] [stdout]     |                    ^         ^
[INFO] [stdout]     |
[INFO] [stdout] help: remove these parentheses
[INFO] [stdout]     |
[INFO] [stdout] 196 -                 if (*x == ':')
[INFO] [stdout] 196 +                 if *x == ':'
[INFO] [stdout]     |
[INFO] [stdout] 
[INFO] [stdout] 
[INFO] [stdout] warning: unnecessary parentheses around `if` condition
[INFO] [stdout]    --> src/main.rs:198:24
[INFO] [stdout]     |
[INFO] [stdout] 198 |                     if (was_last_character_info_marker)
[INFO] [stdout]     |                        ^                              ^
[INFO] [stdout]     |
[INFO] [stdout] help: remove these parentheses
[INFO] [stdout]     |
[INFO] [stdout] 198 -                     if (was_last_character_info_marker)
[INFO] [stdout] 198 +                     if was_last_character_info_marker
[INFO] [stdout]     |
[INFO] [stdout] 
[INFO] [stdout] 
[INFO] [stdout] warning: unused variable: `query_type`
[INFO] [stdout]    --> src/irc_message.rs:193:13
[INFO] [stdout]     |
[INFO] [stdout] 193 |             query_type,
[INFO] [stdout]     |             ^^^^^^^^^^ help: try ignoring the field: `query_type: _`
[INFO] [stdout]     |
[INFO] [stdout]     = note: `#[warn(unused_variables)]` on by default
[INFO] [stdout] 
[INFO] [stdout] 
[INFO] [stdout] warning: unused variable: `argument`
[INFO] [stdout]    --> src/irc_message.rs:194:13
[INFO] [stdout]     |
[INFO] [stdout] 194 |             argument,
[INFO] [stdout]     |             ^^^^^^^^ help: try ignoring the field: `argument: _`
[INFO] [stdout] 
[INFO] [stdout] 
[INFO] [stdout] warning: variable does not need to be mutable
[INFO] [stdout]    --> src/pkzip.rs:516:13
[INFO] [stdout]     |
[INFO] [stdout] 516 |         let mut bits = self.read_bits(number_of_bits)?;
[INFO] [stdout]     |             ----^^^^
[INFO] [stdout]     |             |
[INFO] [stdout]     |             help: remove this `mut`
[INFO] [stdout]     |
[INFO] [stdout]     = note: `#[warn(unused_mut)]` on by default
[INFO] [stdout] 
[INFO] [stdout] 
[INFO] [stdout] warning: unused variable: `i`
[INFO] [stdout]    --> src/pkzip.rs:534:13
[INFO] [stdout]     |
[INFO] [stdout] 534 |         for i in 0..number_of_bits
[INFO] [stdout]     |             ^ help: if this is intentional, prefix it with an underscore: `_i`
[INFO] [stdout] 
[INFO] [stdout] 
[INFO] [stdout] warning: variable does not need to be mutable
[INFO] [stdout]    --> src/pkzip.rs:633:21
[INFO] [stdout]     |
[INFO] [stdout] 633 |                 let mut byte_stream = ByteStream::new(compressed_byte_arrays);
[INFO] [stdout]     |                     ----^^^^^^^^^^^
[INFO] [stdout]     |                     |
[INFO] [stdout]     |                     help: remove this `mut`
[INFO] [stdout] 
[INFO] [stdout] 
[INFO] [stdout] warning: unused variable: `i`
[INFO] [stdout]    --> src/pkzip.rs:691:9
[INFO] [stdout]     |
[INFO] [stdout] 691 |     for i in 0..hclen
[INFO] [stdout]     |         ^ help: if this is intentional, prefix it with an underscore: `_i`
[INFO] [stdout] 
[INFO] [stdout] 
[INFO] [stdout] warning: unused variable: `i`
[INFO] [stdout]    --> src/pkzip.rs:730:17
[INFO] [stdout]     |
[INFO] [stdout] 730 |             for i in 0..number_of_times_to_repeat
[INFO] [stdout]     |                 ^ help: if this is intentional, prefix it with an underscore: `_i`
[INFO] [stdout] 
[INFO] [stdout] 
[INFO] [stdout] warning: unused variable: `i`
[INFO] [stdout]    --> src/pkzip.rs:740:17
[INFO] [stdout]     |
[INFO] [stdout] 740 |             for i in 0..number_of_times_to_repeat
[INFO] [stdout]     |                 ^ help: if this is intentional, prefix it with an underscore: `_i`
[INFO] [stdout] 
[INFO] [stdout] 
[INFO] [stdout] warning: unused variable: `i`
[INFO] [stdout]    --> src/pkzip.rs:751:17
[INFO] [stdout]     |
[INFO] [stdout] 751 |             for i in 0..number_of_times_to_repeat
[INFO] [stdout]     |                 ^ help: if this is intentional, prefix it with an underscore: `_i`
[INFO] [stdout] 
[INFO] [stdout] 
[INFO] [stdout] warning: unused variable: `i`
[INFO] [stdout]    --> src/pkzip.rs:780:17
[INFO] [stdout]     |
[INFO] [stdout] 780 |             for i in 0..number_of_times_to_repeat
[INFO] [stdout]     |                 ^ help: if this is intentional, prefix it with an underscore: `_i`
[INFO] [stdout] 
[INFO] [stdout] 
[INFO] [stdout] warning: unused variable: `i`
[INFO] [stdout]    --> src/pkzip.rs:790:17
[INFO] [stdout]     |
[INFO] [stdout] 790 |             for i in 0..number_of_times_to_repeat
[INFO] [stdout]     |                 ^ help: if this is intentional, prefix it with an underscore: `_i`
[INFO] [stdout] 
[INFO] [stdout] 
[INFO] [stdout] warning: unused variable: `i`
[INFO] [stdout]    --> src/pkzip.rs:801:17
[INFO] [stdout]     |
[INFO] [stdout] 801 |             for i in 0..number_of_times_to_repeat
[INFO] [stdout]     |                 ^ help: if this is intentional, prefix it with an underscore: `_i`
[INFO] [stdout] 
[INFO] [stdout] 
[INFO] [stdout] warning: unused variable: `ret_val`
[INFO] [stdout]    --> src/pkzip.rs:818:9
[INFO] [stdout]     |
[INFO] [stdout] 818 |     let ret_val: Vec<u8> = Vec::new();
[INFO] [stdout]     |         ^^^^^^^ help: if this is intentional, prefix it with an underscore: `_ret_val`
[INFO] [stdout] 
[INFO] [stdout] 
[INFO] [stdout] warning: unused variable: `text`
[INFO] [stdout]    --> src/pkzip.rs:857:9
[INFO] [stdout]     |
[INFO] [stdout] 857 |     let text = String::from_utf8(ret_cursor.get_ref().to_vec());
[INFO] [stdout]     |         ^^^^ help: if this is intentional, prefix it with an underscore: `_text`
[INFO] [stdout] 
[INFO] [stdout] 
[INFO] [stdout] warning: variable `debug_iterations` is assigned to, but never used
[INFO] [stdout]    --> src/pkzip.rs:870:13
[INFO] [stdout]     |
[INFO] [stdout] 870 |     let mut debug_iterations = 0u16;
[INFO] [stdout]     |             ^^^^^^^^^^^^^^^^
[INFO] [stdout]     |
[INFO] [stdout]     = note: consider using `_debug_iterations` instead
[INFO] [stdout] 
[INFO] [stdout] 
[INFO] [stdout] warning: variable `match_iterations` is assigned to, but never used
[INFO] [stdout]    --> src/pkzip.rs:871:13
[INFO] [stdout]     |
[INFO] [stdout] 871 |     let mut match_iterations = 0u16;
[INFO] [stdout]     |             ^^^^^^^^^^^^^^^^
[INFO] [stdout]     |
[INFO] [stdout]     = note: consider using `_match_iterations` instead
[INFO] [stdout] 
[INFO] [stdout] 
[INFO] [stdout] warning: unused variable: `i`
[INFO] [stdout]    --> src/pkzip.rs:970:21
[INFO] [stdout]     |
[INFO] [stdout] 970 |                 for i in 00u16..length
[INFO] [stdout]     |                     ^ help: if this is intentional, prefix it with an underscore: `_i`
[INFO] [stdout] 
[INFO] [stdout] 
[INFO] [stdout] warning: unused variable: `s`
[INFO] [stdout]     --> src/pkzip.rs:1157:17
[INFO] [stdout]      |
[INFO] [stdout] 1157 |             let s = BitArray::new_from_word(*next_address.get(bit_length).unwrap()).get_string();
[INFO] [stdout]      |                 ^ help: if this is intentional, prefix it with an underscore: `_s`
[INFO] [stdout] 
[INFO] [stdout] 
[INFO] [stdout] warning: unused variable: `distance`
[INFO] [stdout]   --> src/pkzip_test.rs:88:30
[INFO] [stdout]    |
[INFO] [stdout] 88 |     let (literal_and_length, distance, _length_values, _dist_values) = get_fixed_huffman_trees();
[INFO] [stdout]    |                              ^^^^^^^^ help: if this is intentional, prefix it with an underscore: `_distance`
[INFO] [stdout] 
[INFO] [stdout] 
[INFO] [stdout] warning: unused variable: `k`
[INFO] [stdout]    --> src/pkzip_test.rs:101:9
[INFO] [stdout]     |
[INFO] [stdout] 101 |     let k = vec![
[INFO] [stdout]     |         ^ help: if this is intentional, prefix it with an underscore: `_k`
[INFO] [stdout] 
[INFO] [stdout] 
[INFO] [stdout] warning: unused variable: `pack`
[INFO] [stdout]    --> src/main.rs:118:9
[INFO] [stdout]     |
[INFO] [stdout] 118 |     let pack = loop
[INFO] [stdout]     |         ^^^^ help: if this is intentional, prefix it with an underscore: `_pack`
[INFO] [stdout] 
[INFO] [stdout] 
[INFO] [stdout] warning: variable does not need to be mutable
[INFO] [stdout]   --> src/main.rs:25:9
[INFO] [stdout]    |
[INFO] [stdout] 25 |     let mut users: HashMap<String, Vec<String>> = HashMap::new();
[INFO] [stdout]    |         ----^^^^^
[INFO] [stdout]    |         |
[INFO] [stdout]    |         help: remove this `mut`
[INFO] [stdout] 
[INFO] [stdout] 
[INFO] [stdout] warning: variants `Disconnected`, `WaitingForResults`, and `WaitingForBook` are never constructed
[INFO] [stdout]   --> src/irc_connection.rs:8:5
[INFO] [stdout]    |
[INFO] [stdout] 6  | pub enum ConnectionStatus
[INFO] [stdout]    |          ---------------- variants in this enum
[INFO] [stdout] 7  | {
[INFO] [stdout] 8  |     Disconnected,
[INFO] [stdout]    |     ^^^^^^^^^^^^
[INFO] [stdout] 9  |     Connected,
[INFO] [stdout] 10 |     WaitingForResults,
[INFO] [stdout]    |     ^^^^^^^^^^^^^^^^^
[INFO] [stdout] 11 |     WaitingForBook,
[INFO] [stdout]    |     ^^^^^^^^^^^^^^
[INFO] [stdout]    |
[INFO] [stdout]    = note: `#[warn(dead_code)]` on by default
[INFO] [stdout] 
[INFO] [stdout] 
[INFO] [stdout] warning: method `send_command` is never used
[INFO] [stdout]   --> src/irc_connection.rs:52:12
[INFO] [stdout]    |
[INFO] [stdout] 18 | impl IrcConnection
[INFO] [stdout]    | ------------------ method in this implementation
[INFO] [stdout] ...
[INFO] [stdout] 52 |     pub fn send_command(&mut self, command: &str) -> Result<usize, &'static str>
[INFO] [stdout]    |            ^^^^^^^^^^^^
[INFO] [stdout] 
[INFO] [stdout] 
[INFO] [stdout] warning: associated functions `get_bits`, `is_bit_set`, and `get_cursor` are never used
[INFO] [stdout]    --> src/pkzip.rs:418:12
[INFO] [stdout]     |
[INFO] [stdout] 315 | impl BitArray
[INFO] [stdout]     | ------------- associated functions in this implementation
[INFO] [stdout] ...
[INFO] [stdout] 418 |     pub fn get_bits(source: Vec<u8>) -> Vec<bool>
[INFO] [stdout]     |            ^^^^^^^^
[INFO] [stdout] ...
[INFO] [stdout] 431 |     pub fn is_bit_set(source: u8, n: u8) -> bool
[INFO] [stdout]     |            ^^^^^^^^^^
[INFO] [stdout] ...
[INFO] [stdout] 440 |     pub fn get_cursor(o: Vec<bool>) -> Cursor<Vec<u8>>
[INFO] [stdout]     |            ^^^^^^^^^^
[INFO] [stdout] 
[INFO] [stdout] 
[INFO] [stdout] warning: field `data` is never read
[INFO] [stdout]    --> src/pkzip.rs:495:5
[INFO] [stdout]     |
[INFO] [stdout] 493 | pub struct ByteStream
[INFO] [stdout]     |            ---------- field in this struct
[INFO] [stdout] 494 | {
[INFO] [stdout] 495 |     data: Vec<BitArray>,
[INFO] [stdout]     |     ^^^^
[INFO] [stdout]     |
[INFO] [stdout]     = note: `ByteStream` has a derived impl for the trait `Debug`, but this is intentionally ignored during dead code analysis
[INFO] [stdout] 
[INFO] [stdout] 
[INFO] [stdout] warning: method `is_at_end` is never used
[INFO] [stdout]    --> src/pkzip.rs:559:12
[INFO] [stdout]     |
[INFO] [stdout] 499 | impl ByteStream
[INFO] [stdout]     | --------------- method in this implementation
[INFO] [stdout] ...
[INFO] [stdout] 559 |     pub fn is_at_end(&self) -> bool
[INFO] [stdout]     |            ^^^^^^^^^
[INFO] [stdout] 
[INFO] [stdout] 
[INFO] [stdout] warning: function `huffman_tree_bit_decode_test` is never used
[INFO] [stdout]   --> src/pkzip_test.rs:92:4
[INFO] [stdout]    |
[INFO] [stdout] 92 | fn huffman_tree_bit_decode_test()
[INFO] [stdout]    |    ^^^^^^^^^^^^^^^^^^^^^^^^^^^^
[INFO] [stdout] 
[INFO] [stdout] 
[INFO] [stdout] warning: variable `retVal` should have a snake case name
[INFO] [stdout]    --> src/pkzip.rs:403:17
[INFO] [stdout]     |
[INFO] [stdout] 403 |         let mut retVal = String::new();
[INFO] [stdout]     |                 ^^^^^^ help: convert the identifier to snake case: `ret_val`
[INFO] [stdout]     |
[INFO] [stdout]     = note: `#[warn(non_snake_case)]` on by default
[INFO] [stdout] 
[INFO] [stdout] 
[INFO] [stdout] warning: variable `huffmanTree` should have a snake case name
[INFO] [stdout]   --> src/pkzip_test.rs:58:13
[INFO] [stdout]    |
[INFO] [stdout] 58 |     let mut huffmanTree = HuffmanTree::new();
[INFO] [stdout]    |             ^^^^^^^^^^^ help: convert the identifier to snake case: `huffman_tree`
[INFO] [stdout] 
[INFO] [stdout] 
[INFO] [stdout] warning: 41 warnings emitted
[INFO] [stdout] 
[INFO] [stdout] 
[INFO] [stderr]     Finished test [unoptimized + debuginfo] target(s) in 0.87s
[INFO] running `Command { std: "docker" "inspect" "37a22eb36e3e2d733ff68cdfd315d7937512ae988e89ee27634c30dd7964a672", kill_on_drop: false }`
[INFO] running `Command { std: "docker" "rm" "-f" "37a22eb36e3e2d733ff68cdfd315d7937512ae988e89ee27634c30dd7964a672", kill_on_drop: false }`
[INFO] [stdout] 37a22eb36e3e2d733ff68cdfd315d7937512ae988e89ee27634c30dd7964a672
[INFO] running `Command { std: "docker" "create" "-v" "/var/lib/crater-agent-workspace/builds/worker-5-tc1/target:/opt/rustwide/target:rw,Z" "-v" "/var/lib/crater-agent-workspace/builds/worker-5-tc1/source:/opt/rustwide/workdir:ro,Z" "-v" "/var/lib/crater-agent-workspace/cargo-home:/opt/rustwide/cargo-home:ro,Z" "-v" "/var/lib/crater-agent-workspace/rustup-home:/opt/rustwide/rustup-home:ro,Z" "-e" "SOURCE_DIR=/opt/rustwide/workdir" "-e" "CARGO_TARGET_DIR=/opt/rustwide/target" "-e" "CARGO_INCREMENTAL=0" "-e" "RUST_BACKTRACE=full" "-e" "RUSTFLAGS=--cap-lints=warn" "-e" "RUSTDOCFLAGS=--cap-lints=warn" "-e" "CARGO_HOME=/opt/rustwide/cargo-home" "-e" "RUSTUP_HOME=/opt/rustwide/rustup-home" "-w" "/opt/rustwide/workdir" "-m" "1610612736" "--user" "0:0" "--network" "none" "ghcr.io/rust-lang/crates-build-env/linux@sha256:2788e3201cd34a07e3172128adcd8b3090168a8e3bcc40d7c032b9dda1df7d1c" "/opt/rustwide/cargo-home/bin/cargo" "+1.75.0" "test" "--frozen", kill_on_drop: false }`
[INFO] [stdout] d235b6f64a9d1da96ec9ea44fb9c300ed524db11278db6959ada912f3740d365
[INFO] running `Command { std: "docker" "start" "-a" "d235b6f64a9d1da96ec9ea44fb9c300ed524db11278db6959ada912f3740d365", kill_on_drop: false }`
[INFO] [stderr] warning: unused import: `std::ops::DerefMut`
[INFO] [stderr]   --> src/main.rs:10:5
[INFO] [stderr]    |
[INFO] [stderr] 10 | use std::ops::DerefMut;
[INFO] [stderr]    |     ^^^^^^^^^^^^^^^^^^
[INFO] [stderr]    |
[INFO] [stderr]    = note: `#[warn(unused_imports)]` on by default
[INFO] [stderr] 
[INFO] [stderr] warning: unused import: `collections::HashMap`
[INFO] [stderr]  --> src/irc_connection.rs:3:21
[INFO] [stderr]   |
[INFO] [stderr] 3 |     net::TcpStream, collections::HashMap,
[INFO] [stderr]   |                     ^^^^^^^^^^^^^^^^^^^^
[INFO] [stderr] 
[INFO] [stderr] warning: unnecessary parentheses around `if` condition
[INFO] [stderr]    --> src/irc_message.rs:107:28
[INFO] [stderr]     |
[INFO] [stderr] 107 |                         if (k.starts_with('+') || k.starts_with('!'))
[INFO] [stderr]     |                            ^                                        ^
[INFO] [stderr]     |
[INFO] [stderr]     = note: `#[warn(unused_parens)]` on by default
[INFO] [stderr] help: remove these parentheses
[INFO] [stderr]     |
[INFO] [stderr] 107 -                         if (k.starts_with('+') || k.starts_with('!'))
[INFO] [stderr] 107 +                         if k.starts_with('+') || k.starts_with('!')
[INFO] [stderr]     |
[INFO] [stderr] 
[INFO] [stderr] warning: variant `RPL_NAME_REPLY` should have an upper camel case name
[INFO] [stderr]    --> src/irc_message.rs:148:5
[INFO] [stderr]     |
[INFO] [stderr] 148 |     RPL_NAME_REPLY
[INFO] [stderr]     |     ^^^^^^^^^^^^^^ help: convert the identifier to upper camel case: `RplNameReply`
[INFO] [stderr]     |
[INFO] [stderr]     = note: `#[warn(non_camel_case_types)]` on by default
[INFO] [stderr] 
[INFO] [stderr] warning: unnecessary parentheses around `if` condition
[INFO] [stderr]    --> src/pkzip.rs:913:20
[INFO] [stderr]     |
[INFO] [stderr] 913 |                 if (length_base.is_none())
[INFO] [stderr]     |                    ^                     ^
[INFO] [stderr]     |
[INFO] [stderr] help: remove these parentheses
[INFO] [stderr]     |
[INFO] [stderr] 913 -                 if (length_base.is_none())
[INFO] [stderr] 913 +                 if length_base.is_none()
[INFO] [stderr]     |
[INFO] [stderr] 
[INFO] [stderr] warning: unnecessary parentheses around `if` condition
[INFO] [stderr]    --> src/pkzip.rs:918:20
[INFO] [stderr]     |
[INFO] [stderr] 918 |                 if (length_number_of_extra_bits.is_none())
[INFO] [stderr]     |                    ^                                     ^
[INFO] [stderr]     |
[INFO] [stderr] help: remove these parentheses
[INFO] [stderr]     |
[INFO] [stderr] 918 -                 if (length_number_of_extra_bits.is_none())
[INFO] [stderr] 918 +                 if length_number_of_extra_bits.is_none()
[INFO] [stderr]     |
[INFO] [stderr] 
[INFO] [stderr] warning: unnecessary parentheses around `if` condition
[INFO] [stderr]    --> src/pkzip.rs:938:20
[INFO] [stderr]     |
[INFO] [stderr] 938 |                 if (distance_base.is_none())
[INFO] [stderr]     |                    ^                       ^
[INFO] [stderr]     |
[INFO] [stderr] help: remove these parentheses
[INFO] [stderr]     |
[INFO] [stderr] 938 -                 if (distance_base.is_none())
[INFO] [stderr] 938 +                 if distance_base.is_none()
[INFO] [stderr]     |
[INFO] [stderr] 
[INFO] [stderr] warning: unnecessary parentheses around `if` condition
[INFO] [stderr]    --> src/pkzip.rs:943:20
[INFO] [stderr]     |
[INFO] [stderr] 943 |                 if (distance_number_of_extra_bits.is_none())
[INFO] [stderr]     |                    ^                                       ^
[INFO] [stderr]     |
[INFO] [stderr] help: remove these parentheses
[INFO] [stderr]     |
[INFO] [stderr] 943 -                 if (distance_number_of_extra_bits.is_none())
[INFO] [stderr] 943 +                 if distance_number_of_extra_bits.is_none()
[INFO] [stderr]     |
[INFO] [stderr] 
[INFO] [stderr] warning: unnecessary parentheses around `if` condition
[INFO] [stderr]    --> src/main.rs:144:12
[INFO] [stderr]     |
[INFO] [stderr] 144 |         if (pack_opt.is_none())
[INFO] [stderr]     |            ^                  ^
[INFO] [stderr]     |
[INFO] [stderr] help: remove these parentheses
[INFO] [stderr]     |
[INFO] [stderr] 144 -         if (pack_opt.is_none())
[INFO] [stderr] 144 +         if pack_opt.is_none()
[INFO] [stderr]     |
[INFO] [stderr] 
[INFO] [stderr] warning: unnecessary parentheses around `if` condition
[INFO] [stderr]    --> src/main.rs:196:20
[INFO] [stderr]     |
[INFO] [stderr] 196 |                 if (*x == ':')
[INFO] [stderr]     |                    ^         ^
[INFO] [stderr]     |
[INFO] [stderr] help: remove these parentheses
[INFO] [stderr]     |
[INFO] [stderr] 196 -                 if (*x == ':')
[INFO] [stderr] 196 +                 if *x == ':'
[INFO] [stderr]     |
[INFO] [stderr] 
[INFO] [stderr] warning: unnecessary parentheses around `if` condition
[INFO] [stderr]    --> src/main.rs:198:24
[INFO] [stderr]     |
[INFO] [stderr] 198 |                     if (was_last_character_info_marker)
[INFO] [stderr]     |                        ^                              ^
[INFO] [stderr]     |
[INFO] [stderr] help: remove these parentheses
[INFO] [stderr]     |
[INFO] [stderr] 198 -                     if (was_last_character_info_marker)
[INFO] [stderr] 198 +                     if was_last_character_info_marker
[INFO] [stderr]     |
[INFO] [stderr] 
[INFO] [stderr] warning: unused variable: `query_type`
[INFO] [stderr]    --> src/irc_message.rs:193:13
[INFO] [stderr]     |
[INFO] [stderr] 193 |             query_type,
[INFO] [stderr]     |             ^^^^^^^^^^ help: try ignoring the field: `query_type: _`
[INFO] [stderr]     |
[INFO] [stderr]     = note: `#[warn(unused_variables)]` on by default
[INFO] [stderr] 
[INFO] [stderr] warning: unused variable: `argument`
[INFO] [stderr]    --> src/irc_message.rs:194:13
[INFO] [stderr]     |
[INFO] [stderr] 194 |             argument,
[INFO] [stderr]     |             ^^^^^^^^ help: try ignoring the field: `argument: _`
[INFO] [stderr] 
[INFO] [stderr] warning: variable does not need to be mutable
[INFO] [stderr]    --> src/pkzip.rs:516:13
[INFO] [stderr]     |
[INFO] [stderr] 516 |         let mut bits = self.read_bits(number_of_bits)?;
[INFO] [stderr]     |             ----^^^^
[INFO] [stderr]     |             |
[INFO] [stderr]     |             help: remove this `mut`
[INFO] [stderr]     |
[INFO] [stderr]     = note: `#[warn(unused_mut)]` on by default
[INFO] [stderr] 
[INFO] [stderr] warning: unused variable: `i`
[INFO] [stderr]    --> src/pkzip.rs:534:13
[INFO] [stderr]     |
[INFO] [stderr] 534 |         for i in 0..number_of_bits
[INFO] [stderr]     |             ^ help: if this is intentional, prefix it with an underscore: `_i`
[INFO] [stderr] 
[INFO] [stderr] warning: variable does not need to be mutable
[INFO] [stderr]    --> src/pkzip.rs:633:21
[INFO] [stderr]     |
[INFO] [stderr] 633 |                 let mut byte_stream = ByteStream::new(compressed_byte_arrays);
[INFO] [stderr]     |                     ----^^^^^^^^^^^
[INFO] [stderr]     |                     |
[INFO] [stderr]     |                     help: remove this `mut`
[INFO] [stderr] 
[INFO] [stderr] warning: unused variable: `i`
[INFO] [stderr]    --> src/pkzip.rs:691:9
[INFO] [stderr]     |
[INFO] [stderr] 691 |     for i in 0..hclen
[INFO] [stderr]     |         ^ help: if this is intentional, prefix it with an underscore: `_i`
[INFO] [stderr] 
[INFO] [stderr] warning: unused variable: `i`
[INFO] [stderr]    --> src/pkzip.rs:730:17
[INFO] [stderr]     |
[INFO] [stderr] 730 |             for i in 0..number_of_times_to_repeat
[INFO] [stderr]     |                 ^ help: if this is intentional, prefix it with an underscore: `_i`
[INFO] [stderr] 
[INFO] [stderr] warning: unused variable: `i`
[INFO] [stderr]    --> src/pkzip.rs:740:17
[INFO] [stderr]     |
[INFO] [stderr] 740 |             for i in 0..number_of_times_to_repeat
[INFO] [stderr]     |                 ^ help: if this is intentional, prefix it with an underscore: `_i`
[INFO] [stderr] 
[INFO] [stderr] warning: unused variable: `i`
[INFO] [stderr]    --> src/pkzip.rs:751:17
[INFO] [stderr]     |
[INFO] [stderr] 751 |             for i in 0..number_of_times_to_repeat
[INFO] [stderr]     |                 ^ help: if this is intentional, prefix it with an underscore: `_i`
[INFO] [stderr] 
[INFO] [stderr] warning: unused variable: `i`
[INFO] [stderr]    --> src/pkzip.rs:780:17
[INFO] [stderr]     |
[INFO] [stderr] 780 |             for i in 0..number_of_times_to_repeat
[INFO] [stderr]     |                 ^ help: if this is intentional, prefix it with an underscore: `_i`
[INFO] [stderr] 
[INFO] [stderr] warning: unused variable: `i`
[INFO] [stderr]    --> src/pkzip.rs:790:17
[INFO] [stderr]     |
[INFO] [stderr] 790 |             for i in 0..number_of_times_to_repeat
[INFO] [stderr]     |                 ^ help: if this is intentional, prefix it with an underscore: `_i`
[INFO] [stderr] 
[INFO] [stderr] warning: unused variable: `i`
[INFO] [stderr]    --> src/pkzip.rs:801:17
[INFO] [stderr]     |
[INFO] [stderr] 801 |             for i in 0..number_of_times_to_repeat
[INFO] [stderr]     |                 ^ help: if this is intentional, prefix it with an underscore: `_i`
[INFO] [stderr] 
[INFO] [stderr] warning: unused variable: `ret_val`
[INFO] [stderr]    --> src/pkzip.rs:818:9
[INFO] [stderr]     |
[INFO] [stderr] 818 |     let ret_val: Vec<u8> = Vec::new();
[INFO] [stderr]     |         ^^^^^^^ help: if this is intentional, prefix it with an underscore: `_ret_val`
[INFO] [stderr] 
[INFO] [stderr] warning: unused variable: `text`
[INFO] [stderr]    --> src/pkzip.rs:857:9
[INFO] [stderr]     |
[INFO] [stderr] 857 |     let text = String::from_utf8(ret_cursor.get_ref().to_vec());
[INFO] [stderr]     |         ^^^^ help: if this is intentional, prefix it with an underscore: `_text`
[INFO] [stderr] 
[INFO] [stderr] warning: variable `debug_iterations` is assigned to, but never used
[INFO] [stderr]    --> src/pkzip.rs:870:13
[INFO] [stderr]     |
[INFO] [stderr] 870 |     let mut debug_iterations = 0u16;
[INFO] [stderr]     |             ^^^^^^^^^^^^^^^^
[INFO] [stderr]     |
[INFO] [stderr]     = note: consider using `_debug_iterations` instead
[INFO] [stderr] 
[INFO] [stderr] warning: variable `match_iterations` is assigned to, but never used
[INFO] [stderr]    --> src/pkzip.rs:871:13
[INFO] [stderr]     |
[INFO] [stderr] 871 |     let mut match_iterations = 0u16;
[INFO] [stderr]     |             ^^^^^^^^^^^^^^^^
[INFO] [stderr]     |
[INFO] [stderr]     = note: consider using `_match_iterations` instead
[INFO] [stderr] 
[INFO] [stderr] warning: unused variable: `i`
[INFO] [stderr]    --> src/pkzip.rs:970:21
[INFO] [stderr]     |
[INFO] [stderr] 970 |                 for i in 00u16..length
[INFO] [stderr]     |                     ^ help: if this is intentional, prefix it with an underscore: `_i`
[INFO] [stderr] 
[INFO] [stderr] warning: unused variable: `s`
[INFO] [stderr]     --> src/pkzip.rs:1157:17
[INFO] [stderr]      |
[INFO] [stderr] 1157 |             let s = BitArray::new_from_word(*next_address.get(bit_length).unwrap()).get_string();
[INFO] [stderr]      |                 ^ help: if this is intentional, prefix it with an underscore: `_s`
[INFO] [stderr] 
[INFO] [stderr] warning: unused variable: `distance`
[INFO] [stderr]   --> src/pkzip_test.rs:88:30
[INFO] [stderr]    |
[INFO] [stderr] 88 |     let (literal_and_length, distance, _length_values, _dist_values) = get_fixed_huffman_trees();
[INFO] [stderr]    |                              ^^^^^^^^ help: if this is intentional, prefix it with an underscore: `_distance`
[INFO] [stderr] 
[INFO] [stderr] warning: unused variable: `k`
[INFO] [stderr]    --> src/pkzip_test.rs:101:9
[INFO] [stderr]     |
[INFO] [stderr] 101 |     let k = vec![
[INFO] [stderr]     |         ^ help: if this is intentional, prefix it with an underscore: `_k`
[INFO] [stderr] 
[INFO] [stderr] warning: unused variable: `pack`
[INFO] [stderr]    --> src/main.rs:118:9
[INFO] [stderr]     |
[INFO] [stderr] 118 |     let pack = loop
[INFO] [stderr]     |         ^^^^ help: if this is intentional, prefix it with an underscore: `_pack`
[INFO] [stderr] 
[INFO] [stderr] warning: variable does not need to be mutable
[INFO] [stderr]   --> src/main.rs:25:9
[INFO] [stderr]    |
[INFO] [stderr] 25 |     let mut users: HashMap<String, Vec<String>> = HashMap::new();
[INFO] [stderr]    |         ----^^^^^
[INFO] [stderr]    |         |
[INFO] [stderr]    |         help: remove this `mut`
[INFO] [stderr] 
[INFO] [stderr] warning: variants `Disconnected`, `WaitingForResults`, and `WaitingForBook` are never constructed
[INFO] [stderr]   --> src/irc_connection.rs:8:5
[INFO] [stderr]    |
[INFO] [stderr] 6  | pub enum ConnectionStatus
[INFO] [stderr]    |          ---------------- variants in this enum
[INFO] [stderr] 7  | {
[INFO] [stderr] 8  |     Disconnected,
[INFO] [stderr]    |     ^^^^^^^^^^^^
[INFO] [stderr] 9  |     Connected,
[INFO] [stderr] 10 |     WaitingForResults,
[INFO] [stderr]    |     ^^^^^^^^^^^^^^^^^
[INFO] [stderr] 11 |     WaitingForBook,
[INFO] [stderr]    |     ^^^^^^^^^^^^^^
[INFO] [stderr]    |
[INFO] [stderr]    = note: `#[warn(dead_code)]` on by default
[INFO] [stderr] 
[INFO] [stderr] warning: method `send_command` is never used
[INFO] [stderr]   --> src/irc_connection.rs:52:12
[INFO] [stderr]    |
[INFO] [stderr] 18 | impl IrcConnection
[INFO] [stderr]    | ------------------ method in this implementation
[INFO] [stderr] ...
[INFO] [stderr] 52 |     pub fn send_command(&mut self, command: &str) -> Result<usize, &'static str>
[INFO] [stderr]    |            ^^^^^^^^^^^^
[INFO] [stderr] 
[INFO] [stderr] warning: associated functions `get_bits`, `is_bit_set`, and `get_cursor` are never used
[INFO] [stderr]    --> src/pkzip.rs:418:12
[INFO] [stderr]     |
[INFO] [stderr] 315 | impl BitArray
[INFO] [stderr]     | ------------- associated functions in this implementation
[INFO] [stderr] ...
[INFO] [stderr] 418 |     pub fn get_bits(source: Vec<u8>) -> Vec<bool>
[INFO] [stderr]     |            ^^^^^^^^
[INFO] [stderr] ...
[INFO] [stderr] 431 |     pub fn is_bit_set(source: u8, n: u8) -> bool
[INFO] [stderr]     |            ^^^^^^^^^^
[INFO] [stderr] ...
[INFO] [stderr] 440 |     pub fn get_cursor(o: Vec<bool>) -> Cursor<Vec<u8>>
[INFO] [stderr]     |            ^^^^^^^^^^
[INFO] [stderr] 
[INFO] [stderr] warning: field `data` is never read
[INFO] [stderr]    --> src/pkzip.rs:495:5
[INFO] [stderr]     |
[INFO] [stderr] 493 | pub struct ByteStream
[INFO] [stderr]     |            ---------- field in this struct
[INFO] [stderr] 494 | {
[INFO] [stderr] 495 |     data: Vec<BitArray>,
[INFO] [stderr]     |     ^^^^
[INFO] [stderr]     |
[INFO] [stderr]     = note: `ByteStream` has a derived impl for the trait `Debug`, but this is intentionally ignored during dead code analysis
[INFO] [stderr] 
[INFO] [stderr] warning: method `is_at_end` is never used
[INFO] [stderr]    --> src/pkzip.rs:559:12
[INFO] [stderr]     |
[INFO] [stderr] 499 | impl ByteStream
[INFO] [stderr]     | --------------- method in this implementation
[INFO] [stderr] ...
[INFO] [stderr] 559 |     pub fn is_at_end(&self) -> bool
[INFO] [stderr]     |            ^^^^^^^^^
[INFO] [stderr] 
[INFO] [stderr] warning: function `huffman_tree_bit_decode_test` is never used
[INFO] [stderr]   --> src/pkzip_test.rs:92:4
[INFO] [stderr]    |
[INFO] [stderr] 92 | fn huffman_tree_bit_decode_test()
[INFO] [stderr]    |    ^^^^^^^^^^^^^^^^^^^^^^^^^^^^
[INFO] [stderr] 
[INFO] [stderr] warning: variable `retVal` should have a snake case name
[INFO] [stderr]    --> src/pkzip.rs:403:17
[INFO] [stderr]     |
[INFO] [stderr] 403 |         let mut retVal = String::new();
[INFO] [stderr]     |                 ^^^^^^ help: convert the identifier to snake case: `ret_val`
[INFO] [stderr]     |
[INFO] [stderr]     = note: `#[warn(non_snake_case)]` on by default
[INFO] [stderr] 
[INFO] [stderr] warning: variable `huffmanTree` should have a snake case name
[INFO] [stderr]   --> src/pkzip_test.rs:58:13
[INFO] [stderr]    |
[INFO] [stderr] 58 |     let mut huffmanTree = HuffmanTree::new();
[INFO] [stderr]    |             ^^^^^^^^^^^ help: convert the identifier to snake case: `huffman_tree`
[INFO] [stderr] 
[INFO] [stderr] warning: `rs-book-downloader-cli` (bin "rs-book-downloader-cli" test) generated 41 warnings (run `cargo fix --bin "rs-book-downloader-cli" --tests` to apply 30 suggestions)
[INFO] [stderr]     Finished test [unoptimized + debuginfo] target(s) in 0.01s
[INFO] [stderr]      Running unittests src/main.rs (/opt/rustwide/target/debug/deps/rs_book_downloader_cli-af21e27609581e27)
[INFO] [stdout] 
[INFO] [stdout] running 8 tests
[INFO] [stdout] test pkzip_test::byte_array_bidirectional_test ... ok
[INFO] [stdout] test pkzip_test::huffman_tree_creation_from_bit_lengths_test ... ok
[INFO] [stdout] test pkzip_test::huffman_tree_creation_test ... ok
[INFO] [stdout] test pkzip_test::huffman_tree_fixed_test ... ok
[INFO] [stdout] test pkzip_test::byte_array_creation_test ... FAILED
[INFO] [stdout] test pkzip_test::byte_array_creation_bidirectional_test ... FAILED
[INFO] [stdout] test pkzip_test::byte_stream_first_byte_test ... FAILED
[INFO] [stdout] test pkzip_test::byte_array_reverse_test ... FAILED
[INFO] [stdout] 
[INFO] [stdout] failures:
[INFO] [stdout] 
[INFO] [stdout] ---- pkzip_test::byte_array_creation_test stdout ----
[INFO] [stdout] thread 'pkzip_test::byte_array_creation_test' panicked at src/pkzip_test.rs:33:5:
[INFO] [stdout] assertion `left == right` failed
[INFO] [stdout]   left: 9
[INFO] [stdout]  right: 0
[INFO] [stdout] stack backtrace:
[INFO] [stdout]    0:     0x55789a278b1c - std::backtrace_rs::backtrace::libunwind::trace::ha637c64ce894333a
[INFO] [stdout]                                at /rustc/82e1608dfa6e0b5569232559e3d385fea5a93112/library/std/src/../../backtrace/src/backtrace/libunwind.rs:104:5
[INFO] [stdout]    1:     0x55789a278b1c - std::backtrace_rs::backtrace::trace_unsynchronized::h47f62dea28e0c88d
[INFO] [stdout]                                at /rustc/82e1608dfa6e0b5569232559e3d385fea5a93112/library/std/src/../../backtrace/src/backtrace/mod.rs:66:5
[INFO] [stdout]    2:     0x55789a278b1c - std::sys_common::backtrace::_print_fmt::h9eef0abe20ede486
[INFO] [stdout]                                at /rustc/82e1608dfa6e0b5569232559e3d385fea5a93112/library/std/src/sys_common/backtrace.rs:67:5
[INFO] [stdout]    3:     0x55789a278b1c - <std::sys_common::backtrace::_print::DisplayBacktrace as core::fmt::Display>::fmt::hed7f999df88cc644
[INFO] [stdout]                                at /rustc/82e1608dfa6e0b5569232559e3d385fea5a93112/library/std/src/sys_common/backtrace.rs:44:22
[INFO] [stdout]    4:     0x55789a2a2660 - core::fmt::rt::Argument::fmt::h1539a9308b8d058d
[INFO] [stdout]                                at /rustc/82e1608dfa6e0b5569232559e3d385fea5a93112/library/core/src/fmt/rt.rs:142:9
[INFO] [stdout]    5:     0x55789a2a2660 - core::fmt::write::h3a39390d8560d9c9
[INFO] [stdout]                                at /rustc/82e1608dfa6e0b5569232559e3d385fea5a93112/library/core/src/fmt/mod.rs:1120:17
[INFO] [stdout]    6:     0x55789a2764cf - std::io::Write::write_fmt::h040b369f3a0f9cbc
[INFO] [stdout]                                at /rustc/82e1608dfa6e0b5569232559e3d385fea5a93112/library/std/src/io/mod.rs:1762:15
[INFO] [stdout]    7:     0x55789a278904 - std::sys_common::backtrace::_print::h894006fb5c6f3d45
[INFO] [stdout]                                at /rustc/82e1608dfa6e0b5569232559e3d385fea5a93112/library/std/src/sys_common/backtrace.rs:47:5
[INFO] [stdout]    8:     0x55789a278904 - std::sys_common::backtrace::print::h23a2d212c6fff936
[INFO] [stdout]                                at /rustc/82e1608dfa6e0b5569232559e3d385fea5a93112/library/std/src/sys_common/backtrace.rs:34:9
[INFO] [stdout]    9:     0x55789a27a5c7 - std::panicking::default_hook::{{closure}}::h8a1d2ee00185001a
[INFO] [stdout]   10:     0x55789a27a2b3 - std::panicking::default_hook::h6038f2eba384e475
[INFO] [stdout]                                at /rustc/82e1608dfa6e0b5569232559e3d385fea5a93112/library/std/src/panicking.rs:289:9
[INFO] [stdout]   11:     0x55789a24acc7 - <alloc::boxed::Box<F,A> as core::ops::function::Fn<Args>>::call::h0ad024c9bdc6d768
[INFO] [stdout]                                at /rustc/82e1608dfa6e0b5569232559e3d385fea5a93112/library/alloc/src/boxed.rs:2021:9
[INFO] [stdout]   12:     0x55789a24acc7 - test::test_main::{{closure}}::h7500b54257359db6
[INFO] [stdout]                                at /rustc/82e1608dfa6e0b5569232559e3d385fea5a93112/library/test/src/lib.rs:138:21
[INFO] [stdout]   13:     0x55789a27abd8 - <alloc::boxed::Box<F,A> as core::ops::function::Fn<Args>>::call::h1f8f335eaa9cfaee
[INFO] [stdout]                                at /rustc/82e1608dfa6e0b5569232559e3d385fea5a93112/library/alloc/src/boxed.rs:2021:9
[INFO] [stdout]   14:     0x55789a27abd8 - std::panicking::rust_panic_with_hook::h2b5517d590cab22e
[INFO] [stdout]                                at /rustc/82e1608dfa6e0b5569232559e3d385fea5a93112/library/std/src/panicking.rs:783:13
[INFO] [stdout]   15:     0x55789a27a92e - std::panicking::begin_panic_handler::{{closure}}::h233112c06e0ef43e
[INFO] [stdout]                                at /rustc/82e1608dfa6e0b5569232559e3d385fea5a93112/library/std/src/panicking.rs:657:13
[INFO] [stdout]   16:     0x55789a278fe6 - std::sys_common::backtrace::__rust_end_short_backtrace::h6e893f24d7ebbff8
[INFO] [stdout]                                at /rustc/82e1608dfa6e0b5569232559e3d385fea5a93112/library/std/src/sys_common/backtrace.rs:170:18
[INFO] [stdout]   17:     0x55789a27a692 - rust_begin_unwind
[INFO] [stdout]                                at /rustc/82e1608dfa6e0b5569232559e3d385fea5a93112/library/std/src/panicking.rs:645:5
[INFO] [stdout]   18:     0x55789a1f9cf5 - core::panicking::panic_fmt::hbf0e066aabfa482c
[INFO] [stdout]                                at /rustc/82e1608dfa6e0b5569232559e3d385fea5a93112/library/core/src/panicking.rs:72:14
[INFO] [stdout]   19:     0x55789a1fa10b - core::panicking::assert_failed_inner::h0bba8b7c26ee4492
[INFO] [stdout]   20:     0x55789a20c54e - core::panicking::assert_failed::h41fb3549f049534f
[INFO] [stdout]                                at /rustc/82e1608dfa6e0b5569232559e3d385fea5a93112/library/core/src/panicking.rs:279:5
[INFO] [stdout]   21:     0x55789a20241f - rs_book_downloader_cli::pkzip_test::byte_array_creation_test::h4dbc17f9f0b96645
[INFO] [stdout]                                at /opt/rustwide/workdir/src/pkzip_test.rs:33:5
[INFO] [stdout]   22:     0x55789a2022a7 - rs_book_downloader_cli::pkzip_test::byte_array_creation_test::{{closure}}::h91017092e65dbd94
[INFO] [stdout]                                at /opt/rustwide/workdir/src/pkzip_test.rs:29:30
[INFO] [stdout]   23:     0x55789a210d96 - core::ops::function::FnOnce::call_once::h2b05ba832ec34667
[INFO] [stdout]                                at /rustc/82e1608dfa6e0b5569232559e3d385fea5a93112/library/core/src/ops/function.rs:250:5
[INFO] [stdout]   24:     0x55789a25031f - core::ops::function::FnOnce::call_once::h2b5d431d5046312d
[INFO] [stdout]                                at /rustc/82e1608dfa6e0b5569232559e3d385fea5a93112/library/core/src/ops/function.rs:250:5
[INFO] [stdout]   25:     0x55789a25031f - test::__rust_begin_short_backtrace::h7714669af176e207
[INFO] [stdout]                                at /rustc/82e1608dfa6e0b5569232559e3d385fea5a93112/library/test/src/lib.rs:628:18
[INFO] [stdout]   26:     0x55789a24f335 - test::run_test_in_process::{{closure}}::h85218797dcbcec12
[INFO] [stdout]                                at /rustc/82e1608dfa6e0b5569232559e3d385fea5a93112/library/test/src/lib.rs:651:60
[INFO] [stdout]   27:     0x55789a24f335 - <core::panic::unwind_safe::AssertUnwindSafe<F> as core::ops::function::FnOnce<()>>::call_once::h76c106ea31c14d7b
[INFO] [stdout]                                at /rustc/82e1608dfa6e0b5569232559e3d385fea5a93112/library/core/src/panic/unwind_safe.rs:272:9
[INFO] [stdout]   28:     0x55789a24f335 - std::panicking::try::do_call::h3bd5d0f6620ee946
[INFO] [stdout]                                at /rustc/82e1608dfa6e0b5569232559e3d385fea5a93112/library/std/src/panicking.rs:552:40
[INFO] [stdout]   29:     0x55789a24f335 - std::panicking::try::h232e535e4744fe31
[INFO] [stdout]                                at /rustc/82e1608dfa6e0b5569232559e3d385fea5a93112/library/std/src/panicking.rs:516:19
[INFO] [stdout]   30:     0x55789a24f335 - std::panic::catch_unwind::h3ce3bd6ca8dbac68
[INFO] [stdout]                                at /rustc/82e1608dfa6e0b5569232559e3d385fea5a93112/library/std/src/panic.rs:142:14
[INFO] [stdout]   31:     0x55789a24f335 - test::run_test_in_process::hc97b257c9621286a
[INFO] [stdout]                                at /rustc/82e1608dfa6e0b5569232559e3d385fea5a93112/library/test/src/lib.rs:651:27
[INFO] [stdout]   32:     0x55789a24f335 - test::run_test::{{closure}}::h2aa798823a438d38
[INFO] [stdout]                                at /rustc/82e1608dfa6e0b5569232559e3d385fea5a93112/library/test/src/lib.rs:574:43
[INFO] [stdout]   33:     0x55789a2175f6 - test::run_test::{{closure}}::h87d231c78fb59832
[INFO] [stdout]                                at /rustc/82e1608dfa6e0b5569232559e3d385fea5a93112/library/test/src/lib.rs:602:41
[INFO] [stdout]   34:     0x55789a2175f6 - std::sys_common::backtrace::__rust_begin_short_backtrace::he6df152596625789
[INFO] [stdout]                                at /rustc/82e1608dfa6e0b5569232559e3d385fea5a93112/library/std/src/sys_common/backtrace.rs:154:18
[INFO] [stdout]   35:     0x55789a21c6a7 - std::thread::Builder::spawn_unchecked_::{{closure}}::{{closure}}::ha94be15d1e0acf36
[INFO] [stdout]                                at /rustc/82e1608dfa6e0b5569232559e3d385fea5a93112/library/std/src/thread/mod.rs:529:17
[INFO] [stdout]   36:     0x55789a21c6a7 - <core::panic::unwind_safe::AssertUnwindSafe<F> as core::ops::function::FnOnce<()>>::call_once::h9dc6bd6372f16606
[INFO] [stdout]                                at /rustc/82e1608dfa6e0b5569232559e3d385fea5a93112/library/core/src/panic/unwind_safe.rs:272:9
[INFO] [stdout]   37:     0x55789a21c6a7 - std::panicking::try::do_call::h9057517f80303cd4
[INFO] [stdout]                                at /rustc/82e1608dfa6e0b5569232559e3d385fea5a93112/library/std/src/panicking.rs:552:40
[INFO] [stdout]   38:     0x55789a21c6a7 - std::panicking::try::he3a30b11ee45340c
[INFO] [stdout]                                at /rustc/82e1608dfa6e0b5569232559e3d385fea5a93112/library/std/src/panicking.rs:516:19
[INFO] [stdout]   39:     0x55789a21c6a7 - std::panic::catch_unwind::h410458cfd3528b8b
[INFO] [stdout]                                at /rustc/82e1608dfa6e0b5569232559e3d385fea5a93112/library/std/src/panic.rs:142:14
[INFO] [stdout]   40:     0x55789a21c6a7 - std::thread::Builder::spawn_unchecked_::{{closure}}::h72ac3bdb567b737b
[INFO] [stdout]                                at /rustc/82e1608dfa6e0b5569232559e3d385fea5a93112/library/std/src/thread/mod.rs:528:30
[INFO] [stdout]   41:     0x55789a21c6a7 - core::ops::function::FnOnce::call_once{{vtable.shim}}::h38f34da3654a8344
[INFO] [stdout]                                at /rustc/82e1608dfa6e0b5569232559e3d385fea5a93112/library/core/src/ops/function.rs:250:5
[INFO] [stdout]   42:     0x55789a27f665 - <alloc::boxed::Box<F,A> as core::ops::function::FnOnce<Args>>::call_once::hc7eafaff61e32df9
[INFO] [stdout]                                at /rustc/82e1608dfa6e0b5569232559e3d385fea5a93112/library/alloc/src/boxed.rs:2007:9
[INFO] [stdout]   43:     0x55789a27f665 - <alloc::boxed::Box<F,A> as core::ops::function::FnOnce<Args>>::call_once::h6ba4a5de48dd2304
[INFO] [stdout]                                at /rustc/82e1608dfa6e0b5569232559e3d385fea5a93112/library/alloc/src/boxed.rs:2007:9
[INFO] [stdout]   44:     0x55789a27f665 - std::sys::unix::thread::Thread::new::thread_start::he469335aef763e45
[INFO] [stdout]                                at /rustc/82e1608dfa6e0b5569232559e3d385fea5a93112/library/std/src/sys/unix/thread.rs:108:17
[INFO] [stdout]   45:     0x7f19f072bac3 - <unknown>
[INFO] [stdout]   46:     0x7f19f07bcbf4 - __clone
[INFO] [stdout]   47:                0x0 - <unknown>
[INFO] [stdout] 
[INFO] [stdout] ---- pkzip_test::byte_array_creation_bidirectional_test stdout ----
[INFO] [stdout] thread 'pkzip_test::byte_array_creation_bidirectional_test' panicked at src/pkzip_test.rs:25:9:
[INFO] [stdout] assertion `left == right` failed
[INFO] [stdout]   left: 1
[INFO] [stdout]  right: 0
[INFO] [stdout] stack backtrace:
[INFO] [stdout]    0:     0x55789a278b1c - std::backtrace_rs::backtrace::libunwind::trace::ha637c64ce894333a
[INFO] [stdout]                                at /rustc/82e1608dfa6e0b5569232559e3d385fea5a93112/library/std/src/../../backtrace/src/backtrace/libunwind.rs:104:5
[INFO] [stdout]    1:     0x55789a278b1c - std::backtrace_rs::backtrace::trace_unsynchronized::h47f62dea28e0c88d
[INFO] [stdout]                                at /rustc/82e1608dfa6e0b5569232559e3d385fea5a93112/library/std/src/../../backtrace/src/backtrace/mod.rs:66:5
[INFO] [stdout]    2:     0x55789a278b1c - std::sys_common::backtrace::_print_fmt::h9eef0abe20ede486
[INFO] [stdout]                                at /rustc/82e1608dfa6e0b5569232559e3d385fea5a93112/library/std/src/sys_common/backtrace.rs:67:5
[INFO] [stdout]    3:     0x55789a278b1c - <std::sys_common::backtrace::_print::DisplayBacktrace as core::fmt::Display>::fmt::hed7f999df88cc644
[INFO] [stdout]                                at /rustc/82e1608dfa6e0b5569232559e3d385fea5a93112/library/std/src/sys_common/backtrace.rs:44:22
[INFO] [stdout]    4:     0x55789a2a2660 - core::fmt::rt::Argument::fmt::h1539a9308b8d058d
[INFO] [stdout]                                at /rustc/82e1608dfa6e0b5569232559e3d385fea5a93112/library/core/src/fmt/rt.rs:142:9
[INFO] [stdout]    5:     0x55789a2a2660 - core::fmt::write::h3a39390d8560d9c9
[INFO] [stdout]                                at /rustc/82e1608dfa6e0b5569232559e3d385fea5a93112/library/core/src/fmt/mod.rs:1120:17
[INFO] [stdout]    6:     0x55789a2764cf - std::io::Write::write_fmt::h040b369f3a0f9cbc
[INFO] [stdout]                                at /rustc/82e1608dfa6e0b5569232559e3d385fea5a93112/library/std/src/io/mod.rs:1762:15
[INFO] [stdout]    7:     0x55789a278904 - std::sys_common::backtrace::_print::h894006fb5c6f3d45
[INFO] [stdout]                                at /rustc/82e1608dfa6e0b5569232559e3d385fea5a93112/library/std/src/sys_common/backtrace.rs:47:5
[INFO] [stdout]    8:     0x55789a278904 - std::sys_common::backtrace::print::h23a2d212c6fff936
[INFO] [stdout]                                at /rustc/82e1608dfa6e0b5569232559e3d385fea5a93112/library/std/src/sys_common/backtrace.rs:34:9
[INFO] [stdout]    9:     0x55789a27a5c7 - std::panicking::default_hook::{{closure}}::h8a1d2ee00185001a
[INFO] [stdout]   10:     0x55789a27a2b3 - std::panicking::default_hook::h6038f2eba384e475
[INFO] [stdout]                                at /rustc/82e1608dfa6e0b5569232559e3d385fea5a93112/library/std/src/panicking.rs:289:9
[INFO] [stdout]   11:     0x55789a24acc7 - <alloc::boxed::Box<F,A> as core::ops::function::Fn<Args>>::call::h0ad024c9bdc6d768
[INFO] [stdout]                                at /rustc/82e1608dfa6e0b5569232559e3d385fea5a93112/library/alloc/src/boxed.rs:2021:9
[INFO] [stdout]   12:     0x55789a24acc7 - test::test_main::{{closure}}::h7500b54257359db6
[INFO] [stdout]                                at /rustc/82e1608dfa6e0b5569232559e3d385fea5a93112/library/test/src/lib.rs:138:21
[INFO] [stdout]   13:     0x55789a27abd8 - <alloc::boxed::Box<F,A> as core::ops::function::Fn<Args>>::call::h1f8f335eaa9cfaee
[INFO] [stdout]                                at /rustc/82e1608dfa6e0b5569232559e3d385fea5a93112/library/alloc/src/boxed.rs:2021:9
[INFO] [stdout]   14:     0x55789a27abd8 - std::panicking::rust_panic_with_hook::h2b5517d590cab22e
[INFO] [stdout]                                at /rustc/82e1608dfa6e0b5569232559e3d385fea5a93112/library/std/src/panicking.rs:783:13
[INFO] [stdout]   15:     0x55789a27a92e - std::panicking::begin_panic_handler::{{closure}}::h233112c06e0ef43e
[INFO] [stdout]                                at /rustc/82e1608dfa6e0b5569232559e3d385fea5a93112/library/std/src/panicking.rs:657:13
[INFO] [stdout]   16:     0x55789a278fe6 - std::sys_common::backtrace::__rust_end_short_backtrace::h6e893f24d7ebbff8
[INFO] [stdout]                                at /rustc/82e1608dfa6e0b5569232559e3d385fea5a93112/library/std/src/sys_common/backtrace.rs:170:18
[INFO] [stdout]   17:     0x55789a27a692 - rust_begin_unwind
[INFO] [stdout]                                at /rustc/82e1608dfa6e0b5569232559e3d385fea5a93112/library/std/src/panicking.rs:645:5
[INFO] [stdout]   18:     0x55789a1f9cf5 - core::panicking::panic_fmt::hbf0e066aabfa482c
[INFO] [stdout]                                at /rustc/82e1608dfa6e0b5569232559e3d385fea5a93112/library/core/src/panicking.rs:72:14
[INFO] [stdout]   19:     0x55789a1fa10b - core::panicking::assert_failed_inner::h0bba8b7c26ee4492
[INFO] [stdout]   20:     0x55789a20c54e - core::panicking::assert_failed::h41fb3549f049534f
[INFO] [stdout]                                at /rustc/82e1608dfa6e0b5569232559e3d385fea5a93112/library/core/src/panicking.rs:279:5
[INFO] [stdout]   21:     0x55789a202244 - rs_book_downloader_cli::pkzip_test::byte_array_creation_bidirectional_test::hb8c26efd27876145
[INFO] [stdout]                                at /opt/rustwide/workdir/src/pkzip_test.rs:25:9
[INFO] [stdout]   22:     0x55789a201fc7 - rs_book_downloader_cli::pkzip_test::byte_array_creation_bidirectional_test::{{closure}}::h0b6b205fbf680ad8
[INFO] [stdout]                                at /opt/rustwide/workdir/src/pkzip_test.rs:18:44
[INFO] [stdout]   23:     0x55789a2110a6 - core::ops::function::FnOnce::call_once::hf7b5656c24b22b03
[INFO] [stdout]                                at /rustc/82e1608dfa6e0b5569232559e3d385fea5a93112/library/core/src/ops/function.rs:250:5
[INFO] [stdout]   24:     0x55789a25031f - core::ops::function::FnOnce::call_once::h2b5d431d5046312d
[INFO] [stdout]                                at /rustc/82e1608dfa6e0b5569232559e3d385fea5a93112/library/core/src/ops/function.rs:250:5
[INFO] [stdout]   25:     0x55789a25031f - test::__rust_begin_short_backtrace::h7714669af176e207
[INFO] [stdout]                                at /rustc/82e1608dfa6e0b5569232559e3d385fea5a93112/library/test/src/lib.rs:628:18
[INFO] [stdout]   26:     0x55789a24f335 - test::run_test_in_process::{{closure}}::h85218797dcbcec12
[INFO] [stdout]                                at /rustc/82e1608dfa6e0b5569232559e3d385fea5a93112/library/test/src/lib.rs:651:60
[INFO] [stdout]   27:     0x55789a24f335 - <core::panic::unwind_safe::AssertUnwindSafe<F> as core::ops::function::FnOnce<()>>::call_once::h76c106ea31c14d7b
[INFO] [stdout]                                at /rustc/82e1608dfa6e0b5569232559e3d385fea5a93112/library/core/src/panic/unwind_safe.rs:272:9
[INFO] [stdout]   28:     0x55789a24f335 - std::panicking::try::do_call::h3bd5d0f6620ee946
[INFO] [stdout]                                at /rustc/82e1608dfa6e0b5569232559e3d385fea5a93112/library/std/src/panicking.rs:552:40
[INFO] [stdout]   29:     0x55789a24f335 - std::panicking::try::h232e535e4744fe31
[INFO] [stdout]                                at /rustc/82e1608dfa6e0b5569232559e3d385fea5a93112/library/std/src/panicking.rs:516:19
[INFO] [stdout]   30:     0x55789a24f335 - std::panic::catch_unwind::h3ce3bd6ca8dbac68
[INFO] [stdout]                                at /rustc/82e1608dfa6e0b5569232559e3d385fea5a93112/library/std/src/panic.rs:142:14
[INFO] [stdout]   31:     0x55789a24f335 - test::run_test_in_process::hc97b257c9621286a
[INFO] [stdout]                                at /rustc/82e1608dfa6e0b5569232559e3d385fea5a93112/library/test/src/lib.rs:651:27
[INFO] [stdout]   32:     0x55789a24f335 - test::run_test::{{closure}}::h2aa798823a438d38
[INFO] [stdout]                                at /rustc/82e1608dfa6e0b5569232559e3d385fea5a93112/library/test/src/lib.rs:574:43
[INFO] [stdout]   33:     0x55789a2175f6 - test::run_test::{{closure}}::h87d231c78fb59832
[INFO] [stdout]                                at /rustc/82e1608dfa6e0b5569232559e3d385fea5a93112/library/test/src/lib.rs:602:41
[INFO] [stdout]   34:     0x55789a2175f6 - std::sys_common::backtrace::__rust_begin_short_backtrace::he6df152596625789
[INFO] [stdout]                                at /rustc/82e1608dfa6e0b5569232559e3d385fea5a93112/library/std/src/sys_common/backtrace.rs:154:18
[INFO] [stdout]   35:     0x55789a21c6a7 - std::thread::Builder::spawn_unchecked_::{{closure}}::{{closure}}::ha94be15d1e0acf36
[INFO] [stdout]                                at /rustc/82e1608dfa6e0b5569232559e3d385fea5a93112/library/std/src/thread/mod.rs:529:17
[INFO] [stdout]   36:     0x55789a21c6a7 - <core::panic::unwind_safe::AssertUnwindSafe<F> as core::ops::function::FnOnce<()>>::call_once::h9dc6bd6372f16606
[INFO] [stdout]                                at /rustc/82e1608dfa6e0b5569232559e3d385fea5a93112/library/core/src/panic/unwind_safe.rs:272:9
[INFO] [stdout]   37:     0x55789a21c6a7 - std::panicking::try::do_call::h9057517f80303cd4
[INFO] [stdout]                                at /rustc/82e1608dfa6e0b5569232559e3d385fea5a93112/library/std/src/panicking.rs:552:40
[INFO] [stdout]   38:     0x55789a21c6a7 - std::panicking::try::he3a30b11ee45340c
[INFO] [stdout]                                at /rustc/82e1608dfa6e0b5569232559e3d385fea5a93112/library/std/src/panicking.rs:516:19
[INFO] [stdout]   39:     0x55789a21c6a7 - std::panic::catch_unwind::h410458cfd3528b8b
[INFO] [stdout]                                at /rustc/82e1608dfa6e0b5569232559e3d385fea5a93112/library/std/src/panic.rs:142:14
[INFO] [stdout]   40:     0x55789a21c6a7 - std::thread::Builder::spawn_unchecked_::{{closure}}::h72ac3bdb567b737b
[INFO] [stdout]                                at /rustc/82e1608dfa6e0b5569232559e3d385fea5a93112/library/std/src/thread/mod.rs:528:30
[INFO] [stdout]   41:     0x55789a21c6a7 - core::ops::function::FnOnce::call_once{{vtable.shim}}::h38f34da3654a8344
[INFO] [stdout]                                at /rustc/82e1608dfa6e0b5569232559e3d385fea5a93112/library/core/src/ops/function.rs:250:5
[INFO] [stdout]   42:     0x55789a27f665 - <alloc::boxed::Box<F,A> as core::ops::function::FnOnce<Args>>::call_once::hc7eafaff61e32df9
[INFO] [stdout]                                at /rustc/82e1608dfa6e0b5569232559e3d385fea5a93112/library/alloc/src/boxed.rs:2007:9
[INFO] [stdout]   43:     0x55789a27f665 - <alloc::boxed::Box<F,A> as core::ops::function::FnOnce<Args>>::call_once::h6ba4a5de48dd2304
[INFO] [stdout]                                at /rustc/82e1608dfa6e0b5569232559e3d385fea5a93112/library/alloc/src/boxed.rs:2007:9
[INFO] [stdout]   44:     0x55789a27f665 - std::sys::unix::thread::Thread::new::thread_start::he469335aef763e45
[INFO] [stdout]                                at /rustc/82e1608dfa6e0b5569232559e3d385fea5a93112/library/std/src/sys/unix/thread.rs:108:17
[INFO] [stdout]   45:     0x7f19f072bac3 - <unknown>
[INFO] [stdout]   46:     0x7f19f07bcbf4 - __clone
[INFO] [stdout]   47:                0x0 - <unknown>
[INFO] [stdout] 
[INFO] [stdout] ---- pkzip_test::byte_stream_first_byte_test stdout ----
[INFO] [stdout] thread 'pkzip_test::byte_stream_first_byte_test' panicked at src/pkzip_test.rs:53:5:
[INFO] [stdout] assertion `left == right` failed
[INFO] [stdout]   left: 15
[INFO] [stdout]  right: 0
[INFO] [stdout] stack backtrace:
[INFO] [stdout]    0:     0x55789a278b1c - std::backtrace_rs::backtrace::libunwind::trace::ha637c64ce894333a
[INFO] [stdout]                                at /rustc/82e1608dfa6e0b5569232559e3d385fea5a93112/library/std/src/../../backtrace/src/backtrace/libunwind.rs:104:5
[INFO] [stdout]    1:     0x55789a278b1c - std::backtrace_rs::backtrace::trace_unsynchronized::h47f62dea28e0c88d
[INFO] [stdout]                                at /rustc/82e1608dfa6e0b5569232559e3d385fea5a93112/library/std/src/../../backtrace/src/backtrace/mod.rs:66:5
[INFO] [stdout]    2:     0x55789a278b1c - std::sys_common::backtrace::_print_fmt::h9eef0abe20ede486
[INFO] [stdout]                                at /rustc/82e1608dfa6e0b5569232559e3d385fea5a93112/library/std/src/sys_common/backtrace.rs:67:5
[INFO] [stdout]    3:     0x55789a278b1c - <std::sys_common::backtrace::_print::DisplayBacktrace as core::fmt::Display>::fmt::hed7f999df88cc644
[INFO] [stdout]                                at /rustc/82e1608dfa6e0b5569232559e3d385fea5a93112/library/std/src/sys_common/backtrace.rs:44:22
[INFO] [stdout]    4:     0x55789a2a2660 - core::fmt::rt::Argument::fmt::h1539a9308b8d058d
[INFO] [stdout]                                at /rustc/82e1608dfa6e0b5569232559e3d385fea5a93112/library/core/src/fmt/rt.rs:142:9
[INFO] [stdout]    5:     0x55789a2a2660 - core::fmt::write::h3a39390d8560d9c9
[INFO] [stdout]                                at /rustc/82e1608dfa6e0b5569232559e3d385fea5a93112/library/core/src/fmt/mod.rs:1120:17
[INFO] [stdout]    6:     0x55789a2764cf - std::io::Write::write_fmt::h040b369f3a0f9cbc
[INFO] [stdout]                                at /rustc/82e1608dfa6e0b5569232559e3d385fea5a93112/library/std/src/io/mod.rs:1762:15
[INFO] [stdout]    7:     0x55789a278904 - std::sys_common::backtrace::_print::h894006fb5c6f3d45
[INFO] [stdout]                                at /rustc/82e1608dfa6e0b5569232559e3d385fea5a93112/library/std/src/sys_common/backtrace.rs:47:5
[INFO] [stdout]    8:     0x55789a278904 - std::sys_common::backtrace::print::h23a2d212c6fff936
[INFO] [stdout]                                at /rustc/82e1608dfa6e0b5569232559e3d385fea5a93112/library/std/src/sys_common/backtrace.rs:34:9
[INFO] [stdout]    9:     0x55789a27a5c7 - std::panicking::default_hook::{{closure}}::h8a1d2ee00185001a
[INFO] [stdout]   10:     0x55789a27a2b3 - std::panicking::default_hook::h6038f2eba384e475
[INFO] [stdout]                                at /rustc/82e1608dfa6e0b5569232559e3d385fea5a93112/library/std/src/panicking.rs:289:9
[INFO] [stdout]   11:     0x55789a24acc7 - <alloc::boxed::Box<F,A> as core::ops::function::Fn<Args>>::call::h0ad024c9bdc6d768
[INFO] [stdout]                                at /rustc/82e1608dfa6e0b5569232559e3d385fea5a93112/library/alloc/src/boxed.rs:2021:9
[INFO] [stdout]   12:     0x55789a24acc7 - test::test_main::{{closure}}::h7500b54257359db6
[INFO] [stdout]                                at /rustc/82e1608dfa6e0b5569232559e3d385fea5a93112/library/test/src/lib.rs:138:21
[INFO] [stdout]   13:     0x55789a27abd8 - <alloc::boxed::Box<F,A> as core::ops::function::Fn<Args>>::call::h1f8f335eaa9cfaee
[INFO] [stdout]                                at /rustc/82e1608dfa6e0b5569232559e3d385fea5a93112/library/alloc/src/boxed.rs:2021:9
[INFO] [stdout]   14:     0x55789a27abd8 - std::panicking::rust_panic_with_hook::h2b5517d590cab22e
[INFO] [stdout]                                at /rustc/82e1608dfa6e0b5569232559e3d385fea5a93112/library/std/src/panicking.rs:783:13
[INFO] [stdout]   15:     0x55789a27a92e - std::panicking::begin_panic_handler::{{closure}}::h233112c06e0ef43e
[INFO] [stdout]                                at /rustc/82e1608dfa6e0b5569232559e3d385fea5a93112/library/std/src/panicking.rs:657:13
[INFO] [stdout]   16:     0x55789a278fe6 - std::sys_common::backtrace::__rust_end_short_backtrace::h6e893f24d7ebbff8
[INFO] [stdout]                                at /rustc/82e1608dfa6e0b5569232559e3d385fea5a93112/library/std/src/sys_common/backtrace.rs:170:18
[INFO] [stdout]   17:     0x55789a27a692 - rust_begin_unwind
[INFO] [stdout]                                at /rustc/82e1608dfa6e0b5569232559e3d385fea5a93112/library/std/src/panicking.rs:645:5
[INFO] [stdout]   18:     0x55789a1f9cf5 - core::panicking::panic_fmt::hbf0e066aabfa482c
[INFO] [stdout]                                at /rustc/82e1608dfa6e0b5569232559e3d385fea5a93112/library/core/src/panicking.rs:72:14
[INFO] [stdout]   19:     0x55789a1fa10b - core::panicking::assert_failed_inner::h0bba8b7c26ee4492
[INFO] [stdout]   20:     0x55789a20c54e - core::panicking::assert_failed::h41fb3549f049534f
[INFO] [stdout]                                at /rustc/82e1608dfa6e0b5569232559e3d385fea5a93112/library/core/src/panicking.rs:279:5
[INFO] [stdout]   21:     0x55789a2029aa - rs_book_downloader_cli::pkzip_test::byte_stream_first_byte_test::hf9226806f63da1b7
[INFO] [stdout]                                at /opt/rustwide/workdir/src/pkzip_test.rs:53:5
[INFO] [stdout]   22:     0x55789a2027b7 - rs_book_downloader_cli::pkzip_test::byte_stream_first_byte_test::{{closure}}::hc2ede56c783b63b6
[INFO] [stdout]                                at /opt/rustwide/workdir/src/pkzip_test.rs:48:33
[INFO] [stdout]   23:     0x55789a210e76 - core::ops::function::FnOnce::call_once::h5e6b6018e715a830
[INFO] [stdout]                                at /rustc/82e1608dfa6e0b5569232559e3d385fea5a93112/library/core/src/ops/function.rs:250:5
[INFO] [stdout]   24:     0x55789a25031f - core::ops::function::FnOnce::call_once::h2b5d431d5046312d
[INFO] [stdout]                                at /rustc/82e1608dfa6e0b5569232559e3d385fea5a93112/library/core/src/ops/function.rs:250:5
[INFO] [stdout]   25:     0x55789a25031f - test::__rust_begin_short_backtrace::h7714669af176e207
[INFO] [stderr] error: test failed, to rerun pass `--bin rs-book-downloader-cli`
[INFO] [stdout]                                at /rustc/82e1608dfa6e0b5569232559e3d385fea5a93112/library/test/src/lib.rs:628:18
[INFO] [stdout]   26:     0x55789a24f335 - test::run_test_in_process::{{closure}}::h85218797dcbcec12
[INFO] [stdout]                                at /rustc/82e1608dfa6e0b5569232559e3d385fea5a93112/library/test/src/lib.rs:651:60
[INFO] [stdout]   27:     0x55789a24f335 - <core::panic::unwind_safe::AssertUnwindSafe<F> as core::ops::function::FnOnce<()>>::call_once::h76c106ea31c14d7b
[INFO] [stdout]                                at /rustc/82e1608dfa6e0b5569232559e3d385fea5a93112/library/core/src/panic/unwind_safe.rs:272:9
[INFO] [stdout]   28:     0x55789a24f335 - std::panicking::try::do_call::h3bd5d0f6620ee946
[INFO] [stdout]                                at /rustc/82e1608dfa6e0b5569232559e3d385fea5a93112/library/std/src/panicking.rs:552:40
[INFO] [stdout]   29:     0x55789a24f335 - std::panicking::try::h232e535e4744fe31
[INFO] [stdout]                                at /rustc/82e1608dfa6e0b5569232559e3d385fea5a93112/library/std/src/panicking.rs:516:19
[INFO] [stdout]   30:     0x55789a24f335 - std::panic::catch_unwind::h3ce3bd6ca8dbac68
[INFO] [stdout]                                at /rustc/82e1608dfa6e0b5569232559e3d385fea5a93112/library/std/src/panic.rs:142:14
[INFO] [stdout]   31:     0x55789a24f335 - test::run_test_in_process::hc97b257c9621286a
[INFO] [stdout]                                at /rustc/82e1608dfa6e0b5569232559e3d385fea5a93112/library/test/src/lib.rs:651:27
[INFO] [stdout]   32:     0x55789a24f335 - test::run_test::{{closure}}::h2aa798823a438d38
[INFO] [stdout]                                at /rustc/82e1608dfa6e0b5569232559e3d385fea5a93112/library/test/src/lib.rs:574:43
[INFO] [stdout]   33:     0x55789a2175f6 - test::run_test::{{closure}}::h87d231c78fb59832
[INFO] [stdout]                                at /rustc/82e1608dfa6e0b5569232559e3d385fea5a93112/library/test/src/lib.rs:602:41
[INFO] [stdout]   34:     0x55789a2175f6 - std::sys_common::backtrace::__rust_begin_short_backtrace::he6df152596625789
[INFO] [stdout]                                at /rustc/82e1608dfa6e0b5569232559e3d385fea5a93112/library/std/src/sys_common/backtrace.rs:154:18
[INFO] [stdout]   35:     0x55789a21c6a7 - std::thread::Builder::spawn_unchecked_::{{closure}}::{{closure}}::ha94be15d1e0acf36
[INFO] [stdout]                                at /rustc/82e1608dfa6e0b5569232559e3d385fea5a93112/library/std/src/thread/mod.rs:529:17
[INFO] [stdout]   36:     0x55789a21c6a7 - <core::panic::unwind_safe::AssertUnwindSafe<F> as core::ops::function::FnOnce<()>>::call_once::h9dc6bd6372f16606
[INFO] [stdout]                                at /rustc/82e1608dfa6e0b5569232559e3d385fea5a93112/library/core/src/panic/unwind_safe.rs:272:9
[INFO] [stdout]   37:     0x55789a21c6a7 - std::panicking::try::do_call::h9057517f80303cd4
[INFO] [stdout]                                at /rustc/82e1608dfa6e0b5569232559e3d385fea5a93112/library/std/src/panicking.rs:552:40
[INFO] [stdout]   38:     0x55789a21c6a7 - std::panicking::try::he3a30b11ee45340c
[INFO] [stdout]                                at /rustc/82e1608dfa6e0b5569232559e3d385fea5a93112/library/std/src/panicking.rs:516:19
[INFO] [stdout]   39:     0x55789a21c6a7 - std::panic::catch_unwind::h410458cfd3528b8b
[INFO] [stdout]                                at /rustc/82e1608dfa6e0b5569232559e3d385fea5a93112/library/std/src/panic.rs:142:14
[INFO] [stdout]   40:     0x55789a21c6a7 - std::thread::Builder::spawn_unchecked_::{{closure}}::h72ac3bdb567b737b
[INFO] [stdout]                                at /rustc/82e1608dfa6e0b5569232559e3d385fea5a93112/library/std/src/thread/mod.rs:528:30
[INFO] [stdout]   41:     0x55789a21c6a7 - core::ops::function::FnOnce::call_once{{vtable.shim}}::h38f34da3654a8344
[INFO] [stdout]                                at /rustc/82e1608dfa6e0b5569232559e3d385fea5a93112/library/core/src/ops/function.rs:250:5
[INFO] [stdout]   42:     0x55789a27f665 - <alloc::boxed::Box<F,A> as core::ops::function::FnOnce<Args>>::call_once::hc7eafaff61e32df9
[INFO] [stdout]                                at /rustc/82e1608dfa6e0b5569232559e3d385fea5a93112/library/alloc/src/boxed.rs:2007:9
[INFO] [stdout]   43:     0x55789a27f665 - <alloc::boxed::Box<F,A> as core::ops::function::FnOnce<Args>>::call_once::h6ba4a5de48dd2304
[INFO] [stdout]                                at /rustc/82e1608dfa6e0b5569232559e3d385fea5a93112/library/alloc/src/boxed.rs:2007:9
[INFO] [stdout]   44:     0x55789a27f665 - std::sys::unix::thread::Thread::new::thread_start::he469335aef763e45
[INFO] [stdout]                                at /rustc/82e1608dfa6e0b5569232559e3d385fea5a93112/library/std/src/sys/unix/thread.rs:108:17
[INFO] [stdout]   45:     0x7f19f072bac3 - <unknown>
[INFO] [stdout]   46:     0x7f19f07bcbf4 - __clone
[INFO] [stdout]   47:                0x0 - <unknown>
[INFO] [stdout] 
[INFO] [stdout] ---- pkzip_test::byte_array_reverse_test stdout ----
[INFO] [stdout] ba.bits = [false, false, false, false, true, true, true, true]
[INFO] [stdout] ba.get_flipped().bits = [false, false, false, false, false, false, false, false, true, true, true, true, false, false, false, false]
[INFO] [stdout] thread 'pkzip_test::byte_array_reverse_test' panicked at src/pkzip_test.rs:42:5:
[INFO] [stdout] assertion `left == right` failed
[INFO] [stdout]   left: [false, false, false, false, false, false, false, false, true, true, true, true, false, false, false, false]
[INFO] [stdout]  right: [true, true, true, true, false, false, false, false]
[INFO] [stdout] stack backtrace:
[INFO] [stdout]    0:     0x55789a278b1c - std::backtrace_rs::backtrace::libunwind::trace::ha637c64ce894333a
[INFO] [stdout]                                at /rustc/82e1608dfa6e0b5569232559e3d385fea5a93112/library/std/src/../../backtrace/src/backtrace/libunwind.rs:104:5
[INFO] [stdout]    1:     0x55789a278b1c - std::backtrace_rs::backtrace::trace_unsynchronized::h47f62dea28e0c88d
[INFO] [stdout]                                at /rustc/82e1608dfa6e0b5569232559e3d385fea5a93112/library/std/src/../../backtrace/src/backtrace/mod.rs:66:5
[INFO] [stdout]    2:     0x55789a278b1c - std::sys_common::backtrace::_print_fmt::h9eef0abe20ede486
[INFO] [stdout]                                at /rustc/82e1608dfa6e0b5569232559e3d385fea5a93112/library/std/src/sys_common/backtrace.rs:67:5
[INFO] [stdout]    3:     0x55789a278b1c - <std::sys_common::backtrace::_print::DisplayBacktrace as core::fmt::Display>::fmt::hed7f999df88cc644
[INFO] [stdout]                                at /rustc/82e1608dfa6e0b5569232559e3d385fea5a93112/library/std/src/sys_common/backtrace.rs:44:22
[INFO] [stdout]    4:     0x55789a2a2660 - core::fmt::rt::Argument::fmt::h1539a9308b8d058d
[INFO] [stdout]                                at /rustc/82e1608dfa6e0b5569232559e3d385fea5a93112/library/core/src/fmt/rt.rs:142:9
[INFO] [stdout]    5:     0x55789a2a2660 - core::fmt::write::h3a39390d8560d9c9
[INFO] [stdout]                                at /rustc/82e1608dfa6e0b5569232559e3d385fea5a93112/library/core/src/fmt/mod.rs:1120:17
[INFO] [stdout]    6:     0x55789a2764cf - std::io::Write::write_fmt::h040b369f3a0f9cbc
[INFO] [stdout]                                at /rustc/82e1608dfa6e0b5569232559e3d385fea5a93112/library/std/src/io/mod.rs:1762:15
[INFO] [stdout]    7:     0x55789a278904 - std::sys_common::backtrace::_print::h894006fb5c6f3d45
[INFO] [stdout]                                at /rustc/82e1608dfa6e0b5569232559e3d385fea5a93112/library/std/src/sys_common/backtrace.rs:47:5
[INFO] [stdout]    8:     0x55789a278904 - std::sys_common::backtrace::print::h23a2d212c6fff936
[INFO] [stdout]                                at /rustc/82e1608dfa6e0b5569232559e3d385fea5a93112/library/std/src/sys_common/backtrace.rs:34:9
[INFO] [stdout]    9:     0x55789a27a5c7 - std::panicking::default_hook::{{closure}}::h8a1d2ee00185001a
[INFO] [stdout]   10:     0x55789a27a2b3 - std::panicking::default_hook::h6038f2eba384e475
[INFO] [stdout]                                at /rustc/82e1608dfa6e0b5569232559e3d385fea5a93112/library/std/src/panicking.rs:289:9
[INFO] [stdout]   11:     0x55789a24acc7 - <alloc::boxed::Box<F,A> as core::ops::function::Fn<Args>>::call::h0ad024c9bdc6d768
[INFO] [stdout]                                at /rustc/82e1608dfa6e0b5569232559e3d385fea5a93112/library/alloc/src/boxed.rs:2021:9
[INFO] [stdout]   12:     0x55789a24acc7 - test::test_main::{{closure}}::h7500b54257359db6
[INFO] [stdout]                                at /rustc/82e1608dfa6e0b5569232559e3d385fea5a93112/library/test/src/lib.rs:138:21
[INFO] [stdout]   13:     0x55789a27abd8 - <alloc::boxed::Box<F,A> as core::ops::function::Fn<Args>>::call::h1f8f335eaa9cfaee
[INFO] [stdout]                                at /rustc/82e1608dfa6e0b5569232559e3d385fea5a93112/library/alloc/src/boxed.rs:2021:9
[INFO] [stdout]   14:     0x55789a27abd8 - std::panicking::rust_panic_with_hook::h2b5517d590cab22e
[INFO] [stdout]                                at /rustc/82e1608dfa6e0b5569232559e3d385fea5a93112/library/std/src/panicking.rs:783:13
[INFO] [stdout]   15:     0x55789a27a92e - std::panicking::begin_panic_handler::{{closure}}::h233112c06e0ef43e
[INFO] [stdout]                                at /rustc/82e1608dfa6e0b5569232559e3d385fea5a93112/library/std/src/panicking.rs:657:13
[INFO] [stdout]   16:     0x55789a278fe6 - std::sys_common::backtrace::__rust_end_short_backtrace::h6e893f24d7ebbff8
[INFO] [stdout]                                at /rustc/82e1608dfa6e0b5569232559e3d385fea5a93112/library/std/src/sys_common/backtrace.rs:170:18
[INFO] [stdout]   17:     0x55789a27a692 - rust_begin_unwind
[INFO] [stdout]                                at /rustc/82e1608dfa6e0b5569232559e3d385fea5a93112/library/std/src/panicking.rs:645:5
[INFO] [stdout]   18:     0x55789a1f9cf5 - core::panicking::panic_fmt::hbf0e066aabfa482c
[INFO] [stdout]                                at /rustc/82e1608dfa6e0b5569232559e3d385fea5a93112/library/core/src/panicking.rs:72:14
[INFO] [stdout]   19:     0x55789a1fa10b - core::panicking::assert_failed_inner::h0bba8b7c26ee4492
[INFO] [stdout]   20:     0x55789a20c5ce - core::panicking::assert_failed::h7afe9fd8e34435ae
[INFO] [stdout]                                at /rustc/82e1608dfa6e0b5569232559e3d385fea5a93112/library/core/src/panicking.rs:279:5
[INFO] [stdout]   21:     0x55789a202752 - rs_book_downloader_cli::pkzip_test::byte_array_reverse_test::ha83959f58bf8a552
[INFO] [stdout]                                at /opt/rustwide/workdir/src/pkzip_test.rs:42:5
[INFO] [stdout]   22:     0x55789a202477 - rs_book_downloader_cli::pkzip_test::byte_array_reverse_test::{{closure}}::hde2d483fa8f210f1
[INFO] [stdout]                                at /opt/rustwide/workdir/src/pkzip_test.rs:36:29
[INFO] [stdout]   23:     0x55789a210dd6 - core::ops::function::FnOnce::call_once::h48b7f27b80166911
[INFO] [stdout]                                at /rustc/82e1608dfa6e0b5569232559e3d385fea5a93112/library/core/src/ops/function.rs:250:5
[INFO] [stdout]   24:     0x55789a25031f - core::ops::function::FnOnce::call_once::h2b5d431d5046312d
[INFO] [stdout]                                at /rustc/82e1608dfa6e0b5569232559e3d385fea5a93112/library/core/src/ops/function.rs:250:5
[INFO] [stdout]   25:     0x55789a25031f - test::__rust_begin_short_backtrace::h7714669af176e207
[INFO] [stdout]                                at /rustc/82e1608dfa6e0b5569232559e3d385fea5a93112/library/test/src/lib.rs:628:18
[INFO] [stdout]   26:     0x55789a24f335 - test::run_test_in_process::{{closure}}::h85218797dcbcec12
[INFO] [stdout]                                at /rustc/82e1608dfa6e0b5569232559e3d385fea5a93112/library/test/src/lib.rs:651:60
[INFO] [stdout]   27:     0x55789a24f335 - <core::panic::unwind_safe::AssertUnwindSafe<F> as core::ops::function::FnOnce<()>>::call_once::h76c106ea31c14d7b
[INFO] [stdout]                                at /rustc/82e1608dfa6e0b5569232559e3d385fea5a93112/library/core/src/panic/unwind_safe.rs:272:9
[INFO] [stdout]   28:     0x55789a24f335 - std::panicking::try::do_call::h3bd5d0f6620ee946
[INFO] [stdout]                                at /rustc/82e1608dfa6e0b5569232559e3d385fea5a93112/library/std/src/panicking.rs:552:40
[INFO] [stdout]   29:     0x55789a24f335 - std::panicking::try::h232e535e4744fe31
[INFO] [stdout]                                at /rustc/82e1608dfa6e0b5569232559e3d385fea5a93112/library/std/src/panicking.rs:516:19
[INFO] [stdout]   30:     0x55789a24f335 - std::panic::catch_unwind::h3ce3bd6ca8dbac68
[INFO] [stdout]                                at /rustc/82e1608dfa6e0b5569232559e3d385fea5a93112/library/std/src/panic.rs:142:14
[INFO] [stdout]   31:     0x55789a24f335 - test::run_test_in_process::hc97b257c9621286a
[INFO] [stdout]                                at /rustc/82e1608dfa6e0b5569232559e3d385fea5a93112/library/test/src/lib.rs:651:27
[INFO] [stdout]   32:     0x55789a24f335 - test::run_test::{{closure}}::h2aa798823a438d38
[INFO] [stdout]                                at /rustc/82e1608dfa6e0b5569232559e3d385fea5a93112/library/test/src/lib.rs:574:43
[INFO] [stdout]   33:     0x55789a2175f6 - test::run_test::{{closure}}::h87d231c78fb59832
[INFO] [stdout]                                at /rustc/82e1608dfa6e0b5569232559e3d385fea5a93112/library/test/src/lib.rs:602:41
[INFO] [stdout]   34:     0x55789a2175f6 - std::sys_common::backtrace::__rust_begin_short_backtrace::he6df152596625789
[INFO] [stdout]                                at /rustc/82e1608dfa6e0b5569232559e3d385fea5a93112/library/std/src/sys_common/backtrace.rs:154:18
[INFO] [stdout]   35:     0x55789a21c6a7 - std::thread::Builder::spawn_unchecked_::{{closure}}::{{closure}}::ha94be15d1e0acf36
[INFO] [stdout]                                at /rustc/82e1608dfa6e0b5569232559e3d385fea5a93112/library/std/src/thread/mod.rs:529:17
[INFO] [stdout]   36:     0x55789a21c6a7 - <core::panic::unwind_safe::AssertUnwindSafe<F> as core::ops::function::FnOnce<()>>::call_once::h9dc6bd6372f16606
[INFO] [stdout]                                at /rustc/82e1608dfa6e0b5569232559e3d385fea5a93112/library/core/src/panic/unwind_safe.rs:272:9
[INFO] [stdout]   37:     0x55789a21c6a7 - std::panicking::try::do_call::h9057517f80303cd4
[INFO] [stdout]                                at /rustc/82e1608dfa6e0b5569232559e3d385fea5a93112/library/std/src/panicking.rs:552:40
[INFO] [stdout]   38:     0x55789a21c6a7 - std::panicking::try::he3a30b11ee45340c
[INFO] [stdout]                                at /rustc/82e1608dfa6e0b5569232559e3d385fea5a93112/library/std/src/panicking.rs:516:19
[INFO] [stdout]   39:     0x55789a21c6a7 - std::panic::catch_unwind::h410458cfd3528b8b
[INFO] [stdout]                                at /rustc/82e1608dfa6e0b5569232559e3d385fea5a93112/library/std/src/panic.rs:142:14
[INFO] [stdout]   40:     0x55789a21c6a7 - std::thread::Builder::spawn_unchecked_::{{closure}}::h72ac3bdb567b737b
[INFO] [stdout]                                at /rustc/82e1608dfa6e0b5569232559e3d385fea5a93112/library/std/src/thread/mod.rs:528:30
[INFO] [stdout]   41:     0x55789a21c6a7 - core::ops::function::FnOnce::call_once{{vtable.shim}}::h38f34da3654a8344
[INFO] [stdout]                                at /rustc/82e1608dfa6e0b5569232559e3d385fea5a93112/library/core/src/ops/function.rs:250:5
[INFO] [stdout]   42:     0x55789a27f665 - <alloc::boxed::Box<F,A> as core::ops::function::FnOnce<Args>>::call_once::hc7eafaff61e32df9
[INFO] [stdout]                                at /rustc/82e1608dfa6e0b5569232559e3d385fea5a93112/library/alloc/src/boxed.rs:2007:9
[INFO] [stdout]   43:     0x55789a27f665 - <alloc::boxed::Box<F,A> as core::ops::function::FnOnce<Args>>::call_once::h6ba4a5de48dd2304
[INFO] [stdout]                                at /rustc/82e1608dfa6e0b5569232559e3d385fea5a93112/library/alloc/src/boxed.rs:2007:9
[INFO] [stdout]   44:     0x55789a27f665 - std::sys::unix::thread::Thread::new::thread_start::he469335aef763e45
[INFO] [stdout]                                at /rustc/82e1608dfa6e0b5569232559e3d385fea5a93112/library/std/src/sys/unix/thread.rs:108:17
[INFO] [stdout]   45:     0x7f19f072bac3 - <unknown>
[INFO] [stdout]   46:     0x7f19f07bcbf4 - __clone
[INFO] [stdout]   47:                0x0 - <unknown>
[INFO] [stdout] 
[INFO] [stdout] 
[INFO] [stdout] failures:
[INFO] [stdout]     pkzip_test::byte_array_creation_bidirectional_test
[INFO] [stdout]     pkzip_test::byte_array_creation_test
[INFO] [stdout]     pkzip_test::byte_array_reverse_test
[INFO] [stdout]     pkzip_test::byte_stream_first_byte_test
[INFO] [stdout] 
[INFO] [stdout] test result: FAILED. 4 passed; 4 failed; 0 ignored; 0 measured; 0 filtered out; finished in 0.02s
[INFO] [stdout] 
[INFO] running `Command { std: "docker" "inspect" "d235b6f64a9d1da96ec9ea44fb9c300ed524db11278db6959ada912f3740d365", kill_on_drop: false }`
[INFO] running `Command { std: "docker" "rm" "-f" "d235b6f64a9d1da96ec9ea44fb9c300ed524db11278db6959ada912f3740d365", kill_on_drop: false }`
[INFO] [stdout] d235b6f64a9d1da96ec9ea44fb9c300ed524db11278db6959ada912f3740d365
