[INFO] cloning repository https://github.com/nanashi07/scomp
[INFO] running `Command { std: "git" "-c" "credential.helper=" "-c" "credential.helper=/workspace/cargo-home/bin/git-credential-null" "clone" "--bare" "https://github.com/nanashi07/scomp" "/workspace/cache/git-repos/https%3A%2F%2Fgithub.com%2Fnanashi07%2Fscomp", kill_on_drop: false }`
[INFO] [stderr] Cloning into bare repository '/workspace/cache/git-repos/https%3A%2F%2Fgithub.com%2Fnanashi07%2Fscomp'...
[INFO] running `Command { std: "git" "rev-parse" "HEAD", kill_on_drop: false }`
[INFO] [stdout] 3a413aafa33069311c87a6e6400f44618220469f
[INFO] testing nanashi07/scomp against 1.75.0 for beta-1.76-1
[INFO] running `Command { std: "git" "clone" "/workspace/cache/git-repos/https%3A%2F%2Fgithub.com%2Fnanashi07%2Fscomp" "/workspace/builds/worker-4-tc1/source", kill_on_drop: false }`
[INFO] [stderr] Cloning into '/workspace/builds/worker-4-tc1/source'...
[INFO] [stderr] done.
[INFO] validating manifest of git repo https://github.com/nanashi07/scomp on toolchain 1.75.0
[INFO] running `Command { std: CARGO_HOME="/workspace/cargo-home" RUSTUP_HOME="/workspace/rustup-home" "/workspace/cargo-home/bin/cargo" "+1.75.0" "metadata" "--manifest-path" "Cargo.toml" "--no-deps", kill_on_drop: false }`
[INFO] started tweaking git repo https://github.com/nanashi07/scomp
[INFO] finished tweaking git repo https://github.com/nanashi07/scomp
[INFO] tweaked toml for git repo https://github.com/nanashi07/scomp written to /workspace/builds/worker-4-tc1/source/Cargo.toml
[INFO] crate git repo https://github.com/nanashi07/scomp already has a lockfile, it will not be regenerated
[INFO] running `Command { std: CARGO_HOME="/workspace/cargo-home" RUSTUP_HOME="/workspace/rustup-home" "/workspace/cargo-home/bin/cargo" "+1.75.0" "fetch" "--manifest-path" "Cargo.toml", kill_on_drop: false }`
[INFO] [stderr]  Downloading crates ...
[INFO] [stderr]   Downloaded io-enum v1.0.1
[INFO] [stderr]   Downloaded log4rs v1.0.0
[INFO] [stderr]   Downloaded mysql v22.1.0
[INFO] [stderr]   Downloaded rust_decimal v1.21.0
[INFO] [stderr]   Downloaded mysql_common v0.28.2
[INFO] running `Command { std: "docker" "create" "-v" "/var/lib/crater-agent-workspace/builds/worker-4-tc1/target:/opt/rustwide/target:rw,Z" "-v" "/var/lib/crater-agent-workspace/builds/worker-4-tc1/source:/opt/rustwide/workdir:ro,Z" "-v" "/var/lib/crater-agent-workspace/cargo-home:/opt/rustwide/cargo-home:ro,Z" "-v" "/var/lib/crater-agent-workspace/rustup-home:/opt/rustwide/rustup-home:ro,Z" "-e" "SOURCE_DIR=/opt/rustwide/workdir" "-e" "CARGO_TARGET_DIR=/opt/rustwide/target" "-e" "CARGO_HOME=/opt/rustwide/cargo-home" "-e" "RUSTUP_HOME=/opt/rustwide/rustup-home" "-w" "/opt/rustwide/workdir" "-m" "1610612736" "--user" "0:0" "--network" "none" "ghcr.io/rust-lang/crates-build-env/linux@sha256:2788e3201cd34a07e3172128adcd8b3090168a8e3bcc40d7c032b9dda1df7d1c" "/opt/rustwide/cargo-home/bin/cargo" "+1.75.0" "metadata" "--no-deps" "--format-version=1", kill_on_drop: false }`
[INFO] [stdout] 9985d4e5368d7dfd80dd6cc2c9fe773e32c192b5277fe1f742404546dc33e574
[INFO] running `Command { std: "docker" "start" "-a" "9985d4e5368d7dfd80dd6cc2c9fe773e32c192b5277fe1f742404546dc33e574", kill_on_drop: false }`
[INFO] running `Command { std: "docker" "inspect" "9985d4e5368d7dfd80dd6cc2c9fe773e32c192b5277fe1f742404546dc33e574", kill_on_drop: false }`
[INFO] running `Command { std: "docker" "rm" "-f" "9985d4e5368d7dfd80dd6cc2c9fe773e32c192b5277fe1f742404546dc33e574", kill_on_drop: false }`
[INFO] [stdout] 9985d4e5368d7dfd80dd6cc2c9fe773e32c192b5277fe1f742404546dc33e574
[INFO] running `Command { std: "docker" "create" "-v" "/var/lib/crater-agent-workspace/builds/worker-4-tc1/target:/opt/rustwide/target:rw,Z" "-v" "/var/lib/crater-agent-workspace/builds/worker-4-tc1/source:/opt/rustwide/workdir:ro,Z" "-v" "/var/lib/crater-agent-workspace/cargo-home:/opt/rustwide/cargo-home:ro,Z" "-v" "/var/lib/crater-agent-workspace/rustup-home:/opt/rustwide/rustup-home:ro,Z" "-e" "SOURCE_DIR=/opt/rustwide/workdir" "-e" "CARGO_TARGET_DIR=/opt/rustwide/target" "-e" "CARGO_INCREMENTAL=0" "-e" "RUST_BACKTRACE=full" "-e" "RUSTFLAGS=--cap-lints=warn" "-e" "RUSTDOCFLAGS=--cap-lints=warn" "-e" "CARGO_HOME=/opt/rustwide/cargo-home" "-e" "RUSTUP_HOME=/opt/rustwide/rustup-home" "-w" "/opt/rustwide/workdir" "-m" "1610612736" "--user" "0:0" "--network" "none" "ghcr.io/rust-lang/crates-build-env/linux@sha256:2788e3201cd34a07e3172128adcd8b3090168a8e3bcc40d7c032b9dda1df7d1c" "/opt/rustwide/cargo-home/bin/cargo" "+1.75.0" "build" "--frozen" "--message-format=json", kill_on_drop: false }`
[INFO] [stdout] beca265a38c786c052810be1fb25b070e7dee5fc7463be9d0122013515daae55
[INFO] running `Command { std: "docker" "start" "-a" "beca265a38c786c052810be1fb25b070e7dee5fc7463be9d0122013515daae55", kill_on_drop: false }`
[INFO] [stderr]    Compiling autocfg v1.1.0
[INFO] [stderr]    Compiling cfg-if v1.0.0
[INFO] [stderr]    Compiling libc v0.2.118
[INFO] [stderr]    Compiling proc-macro2 v1.0.36
[INFO] [stderr]    Compiling unicode-xid v0.2.2
[INFO] [stderr]    Compiling version_check v0.9.4
[INFO] [stderr]    Compiling syn v1.0.86
[INFO] [stderr]    Compiling cc v1.0.73
[INFO] [stderr]    Compiling pkg-config v0.3.24
[INFO] [stderr]    Compiling serde_derive v1.0.136
[INFO] [stderr]    Compiling lazy_static v1.4.0
[INFO] [stderr]    Compiling serde v1.0.136
[INFO] [stderr]    Compiling static_assertions v1.1.0
[INFO] [stderr]    Compiling typenum v1.15.0
[INFO] [stderr]    Compiling once_cell v1.9.0
[INFO] [stderr]    Compiling glob v0.3.0
[INFO] [stderr]    Compiling memchr v2.4.1
[INFO] [stderr]    Compiling bitflags v1.3.2
[INFO] [stderr]    Compiling lexical-util v0.8.1
[INFO] [stderr]    Compiling crossbeam-utils v0.8.7
[INFO] [stderr]    Compiling scopeguard v1.1.0
[INFO] [stderr]    Compiling ahash v0.7.6
[INFO] [stderr]    Compiling generic-array v0.14.5
[INFO] [stderr]    Compiling nom v7.1.0
[INFO] [stderr]    Compiling num-traits v0.2.14
[INFO] [stderr]    Compiling num-integer v0.1.44
[INFO] [stderr]    Compiling memoffset v0.6.5
[INFO] [stderr]    Compiling clang-sys v1.3.1
[INFO] [stderr]    Compiling minimal-lexical v0.2.1
[INFO] [stderr]    Compiling proc-macro-hack v0.5.19
[INFO] [stderr]    Compiling frunk_core v0.4.0
[INFO] [stderr]    Compiling libloading v0.7.3
[INFO] [stderr]    Compiling bindgen v0.59.2
[INFO] [stderr]    Compiling regex-syntax v0.6.25
[INFO] [stderr]    Compiling quote v1.0.15
[INFO] [stderr]    Compiling lexical-parse-integer v0.8.0
[INFO] [stderr]    Compiling lexical-write-integer v0.8.0
[INFO] [stderr]    Compiling num-bigint v0.4.3
[INFO] [stderr]    Compiling openssl-sys v0.9.72
[INFO] [stderr]    Compiling libz-sys v1.1.3
[INFO] [stderr]    Compiling indexmap v1.8.0
[INFO] [stderr]    Compiling smallvec v1.8.0
[INFO] [stderr]    Compiling serde_json v1.0.79
[INFO] [stderr]    Compiling peeking_take_while v0.1.2
[INFO] [stderr]    Compiling shlex v1.1.0
[INFO] [stderr]    Compiling crossbeam-epoch v0.9.7
[INFO] [stderr]    Compiling ryu v1.0.9
[INFO] [stderr]    Compiling rustc-hash v1.1.0
[INFO] [stderr]    Compiling radium v0.6.2
[INFO] [stderr]    Compiling ppv-lite86 v0.2.16
[INFO] [stderr]    Compiling log v0.4.14
[INFO] [stderr]    Compiling tinyvec_macros v0.1.0
[INFO] [stderr]    Compiling crc32fast v1.3.2
[INFO] [stderr]    Compiling getrandom v0.2.4
[INFO] [stderr]    Compiling lazycell v1.3.0
[INFO] [stderr]    Compiling rand_core v0.6.3
[INFO] [stderr]    Compiling tinyvec v1.5.1
[INFO] [stderr]    Compiling lexical-write-float v0.8.2
[INFO] [stderr]    Compiling lexical-parse-float v0.8.2
[INFO] [stderr]    Compiling subprocess v0.2.8
[INFO] [stderr]    Compiling hashbrown v0.11.2
[INFO] [stderr]    Compiling rand_chacha v0.3.1
[INFO] [stderr]    Compiling aho-corasick v0.7.18
[INFO] [stderr]    Compiling cmake v0.1.48
[INFO] [stderr]    Compiling crossbeam-queue v0.3.4
[INFO] [stderr]    Compiling matches v0.1.9
[INFO] [stderr]    Compiling parking_lot_core v0.8.5
[INFO] [stderr]    Compiling block-buffer v0.10.2
[INFO] [stderr]    Compiling crypto-common v0.1.3
[INFO] [stderr]    Compiling cpufeatures v0.2.1
[INFO] [stderr]    Compiling digest v0.10.3
[INFO] [stderr]    Compiling rust_decimal v1.21.0
[INFO] [stderr]    Compiling foreign-types-shared v0.1.1
[INFO] [stderr]    Compiling tap v1.0.1
[INFO] [stderr]    Compiling itoa v1.0.1
[INFO] [stderr]    Compiling openssl v0.10.38
[INFO] [stderr]    Compiling wyz v0.4.0
[INFO] [stderr]    Compiling foreign-types v0.3.2
[INFO] [stderr]    Compiling lexical-core v0.8.2
[INFO] [stderr]    Compiling regex v1.5.4
[INFO] [stderr]    Compiling unicode-normalization v0.1.19
[INFO] [stderr]    Compiling rand v0.8.5
[INFO] [stderr]    Compiling cexpr v0.6.0
[INFO] [stderr]    Compiling io-enum v1.0.1
[INFO] [stderr]    Compiling instant v0.1.12
[INFO] [stderr]    Compiling funty v1.2.0
[INFO] [stderr]    Compiling linked-hash-map v0.5.4
[INFO] [stderr]    Compiling native-tls v0.2.8
[INFO] [stderr]    Compiling arrayvec v0.7.2
[INFO] [stderr]    Compiling traitobject v0.1.0
[INFO] [stderr]    Compiling num_threads v0.1.3
[INFO] [stderr]    Compiling anyhow v1.0.54
[INFO] [stderr]    Compiling percent-encoding v2.1.0
[INFO] [stderr]    Compiling unicode-bidi v0.3.7
[INFO] [stderr]    Compiling base64 v0.13.0
[INFO] [stderr]    Compiling form_urlencoded v1.0.1
[INFO] [stderr]    Compiling bitvec v0.22.3
[INFO] [stderr]    Compiling time v0.3.7
[INFO] [stderr]    Compiling unsafe-any v0.4.2
[INFO] [stderr]    Compiling idna v0.2.3
[INFO] [stderr]    Compiling yaml-rust v0.4.5
[INFO] [stderr]    Compiling crossbeam-deque v0.8.1
[INFO] [stderr]    Compiling flate2 v1.0.22
[INFO] [stderr]    Compiling bigdecimal v0.3.0
[INFO] [stderr]    Compiling lexical v6.0.1
[INFO] [stderr]    Compiling sha-1 v0.10.0
[INFO] [stderr]    Compiling sha2 v0.10.2
[INFO] [stderr]    Compiling time v0.1.44
[INFO] [stderr]    Compiling ordered-float v2.10.0
[INFO] [stderr]    Compiling crossbeam-channel v0.5.2
[INFO] [stderr]    Compiling lock_api v0.4.6
[INFO] [stderr]    Compiling frunk_proc_macro_helpers v0.1.0
[INFO] [stderr]    Compiling derive_utils v0.11.2
[INFO] [stderr]    Compiling openssl-probe v0.1.5
[INFO] [stderr]    Compiling bytes v1.1.0
[INFO] [stderr]    Compiling mysql v22.1.0
[INFO] [stderr]    Compiling uuid v0.8.2
[INFO] [stderr]    Compiling byteorder v1.4.3
[INFO] [stderr]    Compiling saturating v0.1.0
[INFO] [stderr]    Compiling crossbeam v0.8.1
[INFO] [stderr]    Compiling parking_lot v0.11.2
[INFO] [stderr]    Compiling chrono v0.4.19
[INFO] [stderr]    Compiling url v2.2.2
[INFO] [stderr]    Compiling typemap v0.3.3
[INFO] [stderr]    Compiling pem v1.0.2
[INFO] [stderr]    Compiling twox-hash v1.6.2
[INFO] [stderr]    Compiling lru v0.7.2
[INFO] [stderr]    Compiling atty v0.2.14
[INFO] [stderr]    Compiling thread-id v3.3.0
[INFO] [stderr]    Compiling socket2 v0.4.4
[INFO] [stderr]    Compiling nix v0.23.1
[INFO] [stderr]    Compiling os_str_bytes v6.0.0
[INFO] [stderr]    Compiling termcolor v1.1.2
[INFO] [stderr]    Compiling strsim v0.10.0
[INFO] [stderr]    Compiling bufstream v0.1.4
[INFO] [stderr]    Compiling humantime v2.1.0
[INFO] [stderr]    Compiling log-mdc v0.1.0
[INFO] [stderr]    Compiling arc-swap v0.4.8
[INFO] [stderr]    Compiling textwrap v0.14.2
[INFO] [stderr]    Compiling fnv v1.0.7
[INFO] [stderr]    Compiling clap v3.1.0
[INFO] [stderr]    Compiling frunk_proc_macros_impl v0.1.0
[INFO] [stderr]    Compiling thiserror-impl v1.0.30
[INFO] [stderr]    Compiling frunk_derives v0.4.0
[INFO] [stderr]    Compiling derivative v2.2.0
[INFO] [stderr]    Compiling mysql_common v0.28.2
[INFO] [stderr]    Compiling frunk_proc_macros v0.1.0
[INFO] [stderr]    Compiling frunk v0.4.0
[INFO] [stderr]    Compiling thiserror v1.0.30
[INFO] [stderr]    Compiling serde_yaml v0.8.23
[INFO] [stderr]    Compiling serde-value v0.7.0
[INFO] [stderr]    Compiling log4rs v1.0.0
[INFO] [stderr]    Compiling scomp v0.2.1 (/opt/rustwide/workdir)
[INFO] [stderr]     Finished dev [unoptimized + debuginfo] target(s) in 17.08s
[INFO] [stderr] warning: the following packages contain code that will be rejected by a future version of Rust: traitobject v0.1.0
[INFO] [stderr] note: to see what the problems were, use the option `--future-incompat-report`, or run `cargo report future-incompatibilities --id 1`
[INFO] running `Command { std: "docker" "inspect" "beca265a38c786c052810be1fb25b070e7dee5fc7463be9d0122013515daae55", kill_on_drop: false }`
[INFO] running `Command { std: "docker" "rm" "-f" "beca265a38c786c052810be1fb25b070e7dee5fc7463be9d0122013515daae55", kill_on_drop: false }`
[INFO] [stdout] beca265a38c786c052810be1fb25b070e7dee5fc7463be9d0122013515daae55
[INFO] running `Command { std: "docker" "create" "-v" "/var/lib/crater-agent-workspace/builds/worker-4-tc1/target:/opt/rustwide/target:rw,Z" "-v" "/var/lib/crater-agent-workspace/builds/worker-4-tc1/source:/opt/rustwide/workdir:ro,Z" "-v" "/var/lib/crater-agent-workspace/cargo-home:/opt/rustwide/cargo-home:ro,Z" "-v" "/var/lib/crater-agent-workspace/rustup-home:/opt/rustwide/rustup-home:ro,Z" "-e" "SOURCE_DIR=/opt/rustwide/workdir" "-e" "CARGO_TARGET_DIR=/opt/rustwide/target" "-e" "CARGO_INCREMENTAL=0" "-e" "RUST_BACKTRACE=full" "-e" "RUSTFLAGS=--cap-lints=warn" "-e" "RUSTDOCFLAGS=--cap-lints=warn" "-e" "CARGO_HOME=/opt/rustwide/cargo-home" "-e" "RUSTUP_HOME=/opt/rustwide/rustup-home" "-w" "/opt/rustwide/workdir" "-m" "1610612736" "--user" "0:0" "--network" "none" "ghcr.io/rust-lang/crates-build-env/linux@sha256:2788e3201cd34a07e3172128adcd8b3090168a8e3bcc40d7c032b9dda1df7d1c" "/opt/rustwide/cargo-home/bin/cargo" "+1.75.0" "test" "--frozen" "--no-run" "--message-format=json", kill_on_drop: false }`
[INFO] [stdout] cda93eef160a7e6ded6f8fd96097cbb37c3c243164e0585604b2208925bef629
[INFO] running `Command { std: "docker" "start" "-a" "cda93eef160a7e6ded6f8fd96097cbb37c3c243164e0585604b2208925bef629", kill_on_drop: false }`
[INFO] [stderr]    Compiling scomp v0.2.1 (/opt/rustwide/workdir)
[INFO] [stderr]     Finished test [unoptimized + debuginfo] target(s) in 1.91s
[INFO] [stderr] warning: the following packages contain code that will be rejected by a future version of Rust: traitobject v0.1.0
[INFO] [stderr] note: to see what the problems were, use the option `--future-incompat-report`, or run `cargo report future-incompatibilities --id 1`
[INFO] running `Command { std: "docker" "inspect" "cda93eef160a7e6ded6f8fd96097cbb37c3c243164e0585604b2208925bef629", kill_on_drop: false }`
[INFO] running `Command { std: "docker" "rm" "-f" "cda93eef160a7e6ded6f8fd96097cbb37c3c243164e0585604b2208925bef629", kill_on_drop: false }`
[INFO] [stdout] cda93eef160a7e6ded6f8fd96097cbb37c3c243164e0585604b2208925bef629
[INFO] running `Command { std: "docker" "create" "-v" "/var/lib/crater-agent-workspace/builds/worker-4-tc1/target:/opt/rustwide/target:rw,Z" "-v" "/var/lib/crater-agent-workspace/builds/worker-4-tc1/source:/opt/rustwide/workdir:ro,Z" "-v" "/var/lib/crater-agent-workspace/cargo-home:/opt/rustwide/cargo-home:ro,Z" "-v" "/var/lib/crater-agent-workspace/rustup-home:/opt/rustwide/rustup-home:ro,Z" "-e" "SOURCE_DIR=/opt/rustwide/workdir" "-e" "CARGO_TARGET_DIR=/opt/rustwide/target" "-e" "CARGO_INCREMENTAL=0" "-e" "RUST_BACKTRACE=full" "-e" "RUSTFLAGS=--cap-lints=warn" "-e" "RUSTDOCFLAGS=--cap-lints=warn" "-e" "CARGO_HOME=/opt/rustwide/cargo-home" "-e" "RUSTUP_HOME=/opt/rustwide/rustup-home" "-w" "/opt/rustwide/workdir" "-m" "1610612736" "--user" "0:0" "--network" "none" "ghcr.io/rust-lang/crates-build-env/linux@sha256:2788e3201cd34a07e3172128adcd8b3090168a8e3bcc40d7c032b9dda1df7d1c" "/opt/rustwide/cargo-home/bin/cargo" "+1.75.0" "test" "--frozen", kill_on_drop: false }`
[INFO] [stdout] 162b74acbbb03cd402dc421c5f3fa24d3cec178e7eb2c4b45dddcbe44ec2b3f4
[INFO] running `Command { std: "docker" "start" "-a" "162b74acbbb03cd402dc421c5f3fa24d3cec178e7eb2c4b45dddcbe44ec2b3f4", kill_on_drop: false }`
[INFO] [stderr]     Finished test [unoptimized + debuginfo] target(s) in 0.09s
[INFO] [stderr] warning: the following packages contain code that will be rejected by a future version of Rust: traitobject v0.1.0
[INFO] [stderr] note: to see what the problems were, use the option `--future-incompat-report`, or run `cargo report future-incompatibilities --id 1`
[INFO] [stderr]      Running unittests src/lib.rs (/opt/rustwide/target/debug/deps/scomp-8b0b919f651c7590)
[INFO] [stdout] 
[INFO] [stdout] running 0 tests
[INFO] [stdout] 
[INFO] [stdout] test result: ok. 0 passed; 0 failed; 0 ignored; 0 measured; 0 filtered out; finished in 0.00s
[INFO] [stdout] 
[INFO] [stderr]      Running unittests src/main.rs (/opt/rustwide/target/debug/deps/scomp-c3c7e5a1eb57d6f3)
[INFO] [stdout] 
[INFO] [stdout] running 0 tests
[INFO] [stdout] 
[INFO] [stdout] test result: ok. 0 passed; 0 failed; 0 ignored; 0 measured; 0 filtered out; finished in 0.00s
[INFO] [stdout] 
[INFO] [stderr]      Running tests/tests.rs (/opt/rustwide/target/debug/deps/tests-03f9e7c5f5d1902f)
[INFO] [stdout] 
[INFO] [stdout] running 3 tests
[INFO] [stdout] test compare_mysql::collector::test_start ... FAILED
[INFO] [stdout] test compare_mysql::collector::test_output_column_info ... FAILED
[INFO] [stdout] test compare_mysql::collector::test_output_index_info ... FAILED
[INFO] [stdout] 
[INFO] [stdout] failures:
[INFO] [stdout] 
[INFO] [stdout] ---- compare_mysql::collector::test_start stdout ----
[INFO] [stdout] Error: Os { code: 2, kind: NotFound, message: "No such file or directory" }
[INFO] [stdout] 
[INFO] [stdout] ---- compare_mysql::collector::test_output_column_info stdout ----
[INFO] [stdout] Error: Os { code: 2, kind: NotFound, message: "No such file or directory" }
[INFO] [stdout] 
[INFO] [stdout] ---- compare_mysql::collector::test_output_index_info stdout ----
[INFO] [stdout] Error: Os { code: 2, kind: NotFound, message: "No such file or directory" }
[INFO] [stdout] 
[INFO] [stdout] 
[INFO] [stdout] failures:
[INFO] [stdout]     compare_mysql::collector::test_output_column_info
[INFO] [stdout]     compare_mysql::collector::test_output_index_info
[INFO] [stdout]     compare_mysql::collector::test_start
[INFO] [stdout] 
[INFO] [stdout] test result: FAILED. 0 passed; 3 failed; 0 ignored; 0 measured; 0 filtered out; finished in 0.00s
[INFO] [stdout] 
[INFO] [stderr] error: test failed, to rerun pass `--test tests`
[INFO] running `Command { std: "docker" "inspect" "162b74acbbb03cd402dc421c5f3fa24d3cec178e7eb2c4b45dddcbe44ec2b3f4", kill_on_drop: false }`
[INFO] running `Command { std: "docker" "rm" "-f" "162b74acbbb03cd402dc421c5f3fa24d3cec178e7eb2c4b45dddcbe44ec2b3f4", kill_on_drop: false }`
[INFO] [stdout] 162b74acbbb03cd402dc421c5f3fa24d3cec178e7eb2c4b45dddcbe44ec2b3f4
[INFO] testing nanashi07/scomp against beta-2023-12-22 for beta-1.76-1
[INFO] running `Command { std: "git" "clone" "/workspace/cache/git-repos/https%3A%2F%2Fgithub.com%2Fnanashi07%2Fscomp" "/workspace/builds/worker-4-tc2/source", kill_on_drop: false }`
[INFO] [stderr] Cloning into '/workspace/builds/worker-4-tc2/source'...
[INFO] [stderr] done.
[INFO] validating manifest of git repo https://github.com/nanashi07/scomp on toolchain beta-2023-12-22
[INFO] running `Command { std: CARGO_HOME="/workspace/cargo-home" RUSTUP_HOME="/workspace/rustup-home" "/workspace/cargo-home/bin/cargo" "+beta-2023-12-22" "metadata" "--manifest-path" "Cargo.toml" "--no-deps", kill_on_drop: false }`
[INFO] started tweaking git repo https://github.com/nanashi07/scomp
[INFO] finished tweaking git repo https://github.com/nanashi07/scomp
[INFO] tweaked toml for git repo https://github.com/nanashi07/scomp written to /workspace/builds/worker-4-tc2/source/Cargo.toml
[INFO] crate git repo https://github.com/nanashi07/scomp already has a lockfile, it will not be regenerated
[INFO] running `Command { std: CARGO_HOME="/workspace/cargo-home" RUSTUP_HOME="/workspace/rustup-home" "/workspace/cargo-home/bin/cargo" "+beta-2023-12-22" "fetch" "--manifest-path" "Cargo.toml", kill_on_drop: false }`
[INFO] running `Command { std: "docker" "create" "-v" "/var/lib/crater-agent-workspace/builds/worker-4-tc2/target:/opt/rustwide/target:rw,Z" "-v" "/var/lib/crater-agent-workspace/builds/worker-4-tc2/source:/opt/rustwide/workdir:ro,Z" "-v" "/var/lib/crater-agent-workspace/cargo-home:/opt/rustwide/cargo-home:ro,Z" "-v" "/var/lib/crater-agent-workspace/rustup-home:/opt/rustwide/rustup-home:ro,Z" "-e" "SOURCE_DIR=/opt/rustwide/workdir" "-e" "CARGO_TARGET_DIR=/opt/rustwide/target" "-e" "CARGO_HOME=/opt/rustwide/cargo-home" "-e" "RUSTUP_HOME=/opt/rustwide/rustup-home" "-w" "/opt/rustwide/workdir" "-m" "1610612736" "--user" "0:0" "--network" "none" "ghcr.io/rust-lang/crates-build-env/linux@sha256:2788e3201cd34a07e3172128adcd8b3090168a8e3bcc40d7c032b9dda1df7d1c" "/opt/rustwide/cargo-home/bin/cargo" "+beta-2023-12-22" "metadata" "--no-deps" "--format-version=1", kill_on_drop: false }`
[INFO] [stdout] 2a0a43b81c42f74c18673c5321ff76cc5b1f7f55dc451327930ef7a20b172c75
[INFO] running `Command { std: "docker" "start" "-a" "2a0a43b81c42f74c18673c5321ff76cc5b1f7f55dc451327930ef7a20b172c75", kill_on_drop: false }`
[INFO] running `Command { std: "docker" "inspect" "2a0a43b81c42f74c18673c5321ff76cc5b1f7f55dc451327930ef7a20b172c75", kill_on_drop: false }`
[INFO] running `Command { std: "docker" "rm" "-f" "2a0a43b81c42f74c18673c5321ff76cc5b1f7f55dc451327930ef7a20b172c75", kill_on_drop: false }`
[INFO] [stdout] 2a0a43b81c42f74c18673c5321ff76cc5b1f7f55dc451327930ef7a20b172c75
[INFO] running `Command { std: "docker" "create" "-v" "/var/lib/crater-agent-workspace/builds/worker-4-tc2/target:/opt/rustwide/target:rw,Z" "-v" "/var/lib/crater-agent-workspace/builds/worker-4-tc2/source:/opt/rustwide/workdir:ro,Z" "-v" "/var/lib/crater-agent-workspace/cargo-home:/opt/rustwide/cargo-home:ro,Z" "-v" "/var/lib/crater-agent-workspace/rustup-home:/opt/rustwide/rustup-home:ro,Z" "-e" "SOURCE_DIR=/opt/rustwide/workdir" "-e" "CARGO_TARGET_DIR=/opt/rustwide/target" "-e" "CARGO_INCREMENTAL=0" "-e" "RUST_BACKTRACE=full" "-e" "RUSTFLAGS=--cap-lints=warn" "-e" "RUSTDOCFLAGS=--cap-lints=warn" "-e" "CARGO_HOME=/opt/rustwide/cargo-home" "-e" "RUSTUP_HOME=/opt/rustwide/rustup-home" "-w" "/opt/rustwide/workdir" "-m" "1610612736" "--user" "0:0" "--network" "none" "ghcr.io/rust-lang/crates-build-env/linux@sha256:2788e3201cd34a07e3172128adcd8b3090168a8e3bcc40d7c032b9dda1df7d1c" "/opt/rustwide/cargo-home/bin/cargo" "+beta-2023-12-22" "build" "--frozen" "--message-format=json", kill_on_drop: false }`
[INFO] [stdout] 453666799c18c134fc54eb53f1fa98eff6d13499a82ce5af7fed73edd79b9c65
[INFO] running `Command { std: "docker" "start" "-a" "453666799c18c134fc54eb53f1fa98eff6d13499a82ce5af7fed73edd79b9c65", kill_on_drop: false }`
[INFO] [stderr]    Compiling autocfg v1.1.0
[INFO] [stderr]    Compiling cfg-if v1.0.0
[INFO] [stderr]    Compiling libc v0.2.118
[INFO] [stderr]    Compiling proc-macro2 v1.0.36
[INFO] [stderr]    Compiling unicode-xid v0.2.2
[INFO] [stderr]    Compiling version_check v0.9.4
[INFO] [stderr]    Compiling syn v1.0.86
[INFO] [stderr]    Compiling cc v1.0.73
[INFO] [stderr]    Compiling pkg-config v0.3.24
[INFO] [stderr]    Compiling serde_derive v1.0.136
[INFO] [stderr]    Compiling lazy_static v1.4.0
[INFO] [stderr]    Compiling serde v1.0.136
[INFO] [stderr]    Compiling typenum v1.15.0
[INFO] [stderr]    Compiling static_assertions v1.1.0
[INFO] [stderr]    Compiling once_cell v1.9.0
[INFO] [stderr]    Compiling memchr v2.4.1
[INFO] [stderr]    Compiling bitflags v1.3.2
[INFO] [stderr]    Compiling glob v0.3.0
[INFO] [stderr]    Compiling lexical-util v0.8.1
[INFO] [stderr]    Compiling crossbeam-utils v0.8.7
[INFO] [stderr]    Compiling generic-array v0.14.5
[INFO] [stderr]    Compiling ahash v0.7.6
[INFO] [stderr]    Compiling nom v7.1.0
[INFO] [stderr]    Compiling num-traits v0.2.14
[INFO] [stderr]    Compiling num-integer v0.1.44
[INFO] [stderr]    Compiling memoffset v0.6.5
[INFO] [stderr]    Compiling clang-sys v1.3.1
[INFO] [stderr]    Compiling scopeguard v1.1.0
[INFO] [stderr]    Compiling proc-macro-hack v0.5.19
[INFO] [stderr]    Compiling frunk_core v0.4.0
[INFO] [stderr]    Compiling minimal-lexical v0.2.1
[INFO] [stderr]    Compiling libloading v0.7.3
[INFO] [stderr]    Compiling bindgen v0.59.2
[INFO] [stderr]    Compiling regex-syntax v0.6.25
[INFO] [stderr]    Compiling quote v1.0.15
[INFO] [stderr]    Compiling lexical-parse-integer v0.8.0
[INFO] [stderr]    Compiling lexical-write-integer v0.8.0
[INFO] [stderr]    Compiling indexmap v1.8.0
[INFO] [stderr]    Compiling num-bigint v0.4.3
[INFO] [stderr]    Compiling smallvec v1.8.0
[INFO] [stderr]    Compiling log v0.4.14
[INFO] [stderr]    Compiling openssl-sys v0.9.72
[INFO] [stderr]    Compiling libz-sys v1.1.3
[INFO] [stderr]    Compiling rustc-hash v1.1.0
[INFO] [stderr]    Compiling crc32fast v1.3.2
[INFO] [stderr]    Compiling ryu v1.0.9
[INFO] [stderr]    Compiling peeking_take_while v0.1.2
[INFO] [stderr]    Compiling tinyvec_macros v0.1.0
[INFO] [stderr]    Compiling lazycell v1.3.0
[INFO] [stderr]    Compiling crossbeam-epoch v0.9.7
[INFO] [stderr]    Compiling ppv-lite86 v0.2.16
[INFO] [stderr]    Compiling shlex v1.1.0
[INFO] [stderr]    Compiling serde_json v1.0.79
[INFO] [stderr]    Compiling getrandom v0.2.4
[INFO] [stderr]    Compiling radium v0.6.2
[INFO] [stderr]    Compiling tinyvec v1.5.1
[INFO] [stderr]    Compiling rand_core v0.6.3
[INFO] [stderr]    Compiling lexical-write-float v0.8.2
[INFO] [stderr]    Compiling lexical-parse-float v0.8.2
[INFO] [stderr]    Compiling subprocess v0.2.8
[INFO] [stderr]    Compiling aho-corasick v0.7.18
[INFO] [stderr]    Compiling cmake v0.1.48
[INFO] [stderr]    Compiling openssl v0.10.38
[INFO] [stderr]    Compiling hashbrown v0.11.2
[INFO] [stderr]    Compiling rand_chacha v0.3.1
[INFO] [stderr]    Compiling rust_decimal v1.21.0
[INFO] [stderr]    Compiling block-buffer v0.10.2
[INFO] [stderr]    Compiling crypto-common v0.1.3
[INFO] [stderr]    Compiling cpufeatures v0.2.1
[INFO] [stderr]    Compiling tap v1.0.1
[INFO] [stderr]    Compiling digest v0.10.3
[INFO] [stderr]    Compiling crossbeam-queue v0.3.4
[INFO] [stderr]    Compiling itoa v1.0.1
[INFO] [stderr]    Compiling matches v0.1.9
[INFO] [stderr]    Compiling foreign-types-shared v0.1.1
[INFO] [stderr]    Compiling parking_lot_core v0.8.5
[INFO] [stderr]    Compiling foreign-types v0.3.2
[INFO] [stderr]    Compiling unicode-normalization v0.1.19
[INFO] [stderr]    Compiling regex v1.5.4
[INFO] [stderr]    Compiling wyz v0.4.0
[INFO] [stderr]    Compiling lexical-core v0.8.2
[INFO] [stderr]    Compiling rand v0.8.5
[INFO] [stderr]    Compiling cexpr v0.6.0
[INFO] [stderr]    Compiling io-enum v1.0.1
[INFO] [stderr]    Compiling instant v0.1.12
[INFO] [stderr]    Compiling funty v1.2.0
[INFO] [stderr]    Compiling unicode-bidi v0.3.7
[INFO] [stderr]    Compiling num_threads v0.1.3
[INFO] [stderr]    Compiling percent-encoding v2.1.0
[INFO] [stderr]    Compiling arrayvec v0.7.2
[INFO] [stderr]    Compiling anyhow v1.0.54
[INFO] [stderr]    Compiling linked-hash-map v0.5.4
[INFO] [stderr]    Compiling traitobject v0.1.0
[INFO] [stderr]    Compiling native-tls v0.2.8
[INFO] [stderr]    Compiling base64 v0.13.0
[INFO] [stderr]    Compiling unsafe-any v0.4.2
[INFO] [stderr]    Compiling bitvec v0.22.3
[INFO] [stderr]    Compiling form_urlencoded v1.0.1
[INFO] [stderr]    Compiling yaml-rust v0.4.5
[INFO] [stderr]    Compiling idna v0.2.3
[INFO] [stderr]    Compiling time v0.3.7
[INFO] [stderr]    Compiling crossbeam-deque v0.8.1
[INFO] [stderr]    Compiling flate2 v1.0.22
[INFO] [stderr]    Compiling lexical v6.0.1
[INFO] [stderr]    Compiling sha-1 v0.10.0
[INFO] [stderr]    Compiling sha2 v0.10.2
[INFO] [stderr]    Compiling bigdecimal v0.3.0
[INFO] [stderr]    Compiling time v0.1.44
[INFO] [stderr]    Compiling ordered-float v2.10.0
[INFO] [stderr]    Compiling crossbeam-channel v0.5.2
[INFO] [stderr]    Compiling lock_api v0.4.6
[INFO] [stderr]    Compiling uuid v0.8.2
[INFO] [stderr]    Compiling mysql v22.1.0
[INFO] [stderr]    Compiling byteorder v1.4.3
[INFO] [stderr]    Compiling saturating v0.1.0
[INFO] [stderr]    Compiling openssl-probe v0.1.5
[INFO] [stderr]    Compiling frunk_proc_macro_helpers v0.1.0
[INFO] [stderr]    Compiling derive_utils v0.11.2
[INFO] [stderr]    Compiling bytes v1.1.0
[INFO] [stderr]    Compiling crossbeam v0.8.1
[INFO] [stderr]    Compiling parking_lot v0.11.2
[INFO] [stderr]    Compiling chrono v0.4.19
[INFO] [stderr]    Compiling url v2.2.2
[INFO] [stderr]    Compiling pem v1.0.2
[INFO] [stderr]    Compiling typemap v0.3.3
[INFO] [stderr]    Compiling twox-hash v1.6.2
[INFO] [stderr]    Compiling lru v0.7.2
[INFO] [stderr]    Compiling atty v0.2.14
[INFO] [stderr]    Compiling socket2 v0.4.4
[INFO] [stderr]    Compiling nix v0.23.1
[INFO] [stderr]    Compiling thread-id v3.3.0
[INFO] [stderr]    Compiling os_str_bytes v6.0.0
[INFO] [stderr]    Compiling humantime v2.1.0
[INFO] [stderr]    Compiling textwrap v0.14.2
[INFO] [stderr]    Compiling fnv v1.0.7
[INFO] [stderr]    Compiling arc-swap v0.4.8
[INFO] [stderr]    Compiling log-mdc v0.1.0
[INFO] [stderr]    Compiling bufstream v0.1.4
[INFO] [stderr]    Compiling termcolor v1.1.2
[INFO] [stderr]    Compiling strsim v0.10.0
[INFO] [stderr]    Compiling clap v3.1.0
[INFO] [stderr]    Compiling frunk_proc_macros_impl v0.1.0
[INFO] [stderr]    Compiling thiserror-impl v1.0.30
[INFO] [stderr]    Compiling frunk_derives v0.4.0
[INFO] [stderr]    Compiling derivative v2.2.0
[INFO] [stderr]    Compiling frunk_proc_macros v0.1.0
[INFO] [stderr]    Compiling mysql_common v0.28.2
[INFO] [stderr]    Compiling frunk v0.4.0
[INFO] [stderr]    Compiling thiserror v1.0.30
[INFO] [stderr]    Compiling serde_yaml v0.8.23
[INFO] [stderr]    Compiling serde-value v0.7.0
[INFO] [stderr]    Compiling log4rs v1.0.0
[INFO] [stderr]    Compiling scomp v0.2.1 (/opt/rustwide/workdir)
[INFO] [stderr]     Finished dev [unoptimized + debuginfo] target(s) in 16.81s
[INFO] [stderr] warning: the following packages contain code that will be rejected by a future version of Rust: traitobject v0.1.0
[INFO] [stderr] note: to see what the problems were, use the option `--future-incompat-report`, or run `cargo report future-incompatibilities --id 1`
[INFO] running `Command { std: "docker" "inspect" "453666799c18c134fc54eb53f1fa98eff6d13499a82ce5af7fed73edd79b9c65", kill_on_drop: false }`
[INFO] running `Command { std: "docker" "rm" "-f" "453666799c18c134fc54eb53f1fa98eff6d13499a82ce5af7fed73edd79b9c65", kill_on_drop: false }`
[INFO] [stdout] 453666799c18c134fc54eb53f1fa98eff6d13499a82ce5af7fed73edd79b9c65
[INFO] running `Command { std: "docker" "create" "-v" "/var/lib/crater-agent-workspace/builds/worker-4-tc2/target:/opt/rustwide/target:rw,Z" "-v" "/var/lib/crater-agent-workspace/builds/worker-4-tc2/source:/opt/rustwide/workdir:ro,Z" "-v" "/var/lib/crater-agent-workspace/cargo-home:/opt/rustwide/cargo-home:ro,Z" "-v" "/var/lib/crater-agent-workspace/rustup-home:/opt/rustwide/rustup-home:ro,Z" "-e" "SOURCE_DIR=/opt/rustwide/workdir" "-e" "CARGO_TARGET_DIR=/opt/rustwide/target" "-e" "CARGO_INCREMENTAL=0" "-e" "RUST_BACKTRACE=full" "-e" "RUSTFLAGS=--cap-lints=warn" "-e" "RUSTDOCFLAGS=--cap-lints=warn" "-e" "CARGO_HOME=/opt/rustwide/cargo-home" "-e" "RUSTUP_HOME=/opt/rustwide/rustup-home" "-w" "/opt/rustwide/workdir" "-m" "1610612736" "--user" "0:0" "--network" "none" "ghcr.io/rust-lang/crates-build-env/linux@sha256:2788e3201cd34a07e3172128adcd8b3090168a8e3bcc40d7c032b9dda1df7d1c" "/opt/rustwide/cargo-home/bin/cargo" "+beta-2023-12-22" "test" "--frozen" "--no-run" "--message-format=json", kill_on_drop: false }`
[INFO] [stdout] 5561b90d196b911b5acab658a74f7f9228fb41a81b98cf97012fbc9b21d22860
[INFO] running `Command { std: "docker" "start" "-a" "5561b90d196b911b5acab658a74f7f9228fb41a81b98cf97012fbc9b21d22860", kill_on_drop: false }`
[INFO] [stderr]    Compiling scomp v0.2.1 (/opt/rustwide/workdir)
[INFO] [stderr]     Finished test [unoptimized + debuginfo] target(s) in 1.81s
[INFO] [stderr] warning: the following packages contain code that will be rejected by a future version of Rust: traitobject v0.1.0
[INFO] [stderr] note: to see what the problems were, use the option `--future-incompat-report`, or run `cargo report future-incompatibilities --id 1`
[INFO] running `Command { std: "docker" "inspect" "5561b90d196b911b5acab658a74f7f9228fb41a81b98cf97012fbc9b21d22860", kill_on_drop: false }`
[INFO] running `Command { std: "docker" "rm" "-f" "5561b90d196b911b5acab658a74f7f9228fb41a81b98cf97012fbc9b21d22860", kill_on_drop: false }`
[INFO] [stdout] 5561b90d196b911b5acab658a74f7f9228fb41a81b98cf97012fbc9b21d22860
[INFO] running `Command { std: "docker" "create" "-v" "/var/lib/crater-agent-workspace/builds/worker-4-tc2/target:/opt/rustwide/target:rw,Z" "-v" "/var/lib/crater-agent-workspace/builds/worker-4-tc2/source:/opt/rustwide/workdir:ro,Z" "-v" "/var/lib/crater-agent-workspace/cargo-home:/opt/rustwide/cargo-home:ro,Z" "-v" "/var/lib/crater-agent-workspace/rustup-home:/opt/rustwide/rustup-home:ro,Z" "-e" "SOURCE_DIR=/opt/rustwide/workdir" "-e" "CARGO_TARGET_DIR=/opt/rustwide/target" "-e" "CARGO_INCREMENTAL=0" "-e" "RUST_BACKTRACE=full" "-e" "RUSTFLAGS=--cap-lints=warn" "-e" "RUSTDOCFLAGS=--cap-lints=warn" "-e" "CARGO_HOME=/opt/rustwide/cargo-home" "-e" "RUSTUP_HOME=/opt/rustwide/rustup-home" "-w" "/opt/rustwide/workdir" "-m" "1610612736" "--user" "0:0" "--network" "none" "ghcr.io/rust-lang/crates-build-env/linux@sha256:2788e3201cd34a07e3172128adcd8b3090168a8e3bcc40d7c032b9dda1df7d1c" "/opt/rustwide/cargo-home/bin/cargo" "+beta-2023-12-22" "test" "--frozen", kill_on_drop: false }`
[INFO] [stdout] dec2146e9370aeab36692cd35e01ddc9264a216aa6b538d6a0ca7c53801d6cdb
[INFO] running `Command { std: "docker" "start" "-a" "dec2146e9370aeab36692cd35e01ddc9264a216aa6b538d6a0ca7c53801d6cdb", kill_on_drop: false }`
[INFO] [stderr]     Finished test [unoptimized + debuginfo] target(s) in 0.09s
[INFO] [stderr] warning: the following packages contain code that will be rejected by a future version of Rust: traitobject v0.1.0
[INFO] [stderr] note: to see what the problems were, use the option `--future-incompat-report`, or run `cargo report future-incompatibilities --id 1`
[INFO] [stderr]      Running unittests src/lib.rs (/opt/rustwide/target/debug/deps/scomp-a83ee2cf919c1050)
[INFO] [stdout] 
[INFO] [stdout] running 0 tests
[INFO] [stdout] 
[INFO] [stdout] test result: ok. 0 passed; 0 failed; 0 ignored; 0 measured; 0 filtered out; finished in 0.00s
[INFO] [stdout] 
[INFO] [stderr]      Running unittests src/main.rs (/opt/rustwide/target/debug/deps/scomp-659b6e51a186112e)
[INFO] [stdout] 
[INFO] [stdout] running 0 tests
[INFO] [stdout] 
[INFO] [stdout] test result: ok. 0 passed; 0 failed; 0 ignored; 0 measured; 0 filtered out; finished in 0.00s
[INFO] [stdout] 
[INFO] [stderr]      Running tests/tests.rs (/opt/rustwide/target/debug/deps/tests-676c8e45723df426)
[INFO] [stdout] 
[INFO] [stdout] running 3 tests
[INFO] [stdout] test compare_mysql::collector::test_output_column_info ... FAILED
[INFO] [stdout] test compare_mysql::collector::test_start ... FAILED
[INFO] [stdout] test compare_mysql::collector::test_output_index_info ... FAILED
[INFO] [stdout] 
[INFO] [stdout] failures:
[INFO] [stdout] 
[INFO] [stdout] ---- compare_mysql::collector::test_output_column_info stdout ----
[INFO] [stdout] Error: Os { code: 2, kind: NotFound, message: "No such file or directory" }
[INFO] [stdout] 
[INFO] [stdout] ---- compare_mysql::collector::test_start stdout ----
[INFO] [stdout] Error: Os { code: 2, kind: NotFound, message: "No such file or directory" }
[INFO] [stdout] 
[INFO] [stdout] ---- compare_mysql::collector::test_output_index_info stdout ----
[INFO] [stdout] Error: Os { code: 2, kind: NotFound, message: "No such file or directory" }
[INFO] [stdout] 
[INFO] [stdout] 
[INFO] [stdout] failures:
[INFO] [stdout]     compare_mysql::collector::test_output_column_info
[INFO] [stdout]     compare_mysql::collector::test_output_index_info
[INFO] [stdout]     compare_mysql::collector::test_start
[INFO] [stdout] 
[INFO] [stdout] test result: FAILED. 0 passed; 3 failed; 0 ignored; 0 measured; 0 filtered out; finished in 0.00s
[INFO] [stdout] 
[INFO] [stderr] error: test failed, to rerun pass `--test tests`
[INFO] running `Command { std: "docker" "inspect" "dec2146e9370aeab36692cd35e01ddc9264a216aa6b538d6a0ca7c53801d6cdb", kill_on_drop: false }`
[INFO] running `Command { std: "docker" "rm" "-f" "dec2146e9370aeab36692cd35e01ddc9264a216aa6b538d6a0ca7c53801d6cdb", kill_on_drop: false }`
[INFO] [stdout] dec2146e9370aeab36692cd35e01ddc9264a216aa6b538d6a0ca7c53801d6cdb
