[INFO] cloning repository https://github.com/n8ta/rlox
[INFO] running `Command { std: "git" "-c" "credential.helper=" "-c" "credential.helper=/workspace/cargo-home/bin/git-credential-null" "clone" "--bare" "https://github.com/n8ta/rlox" "/workspace/cache/git-repos/https%3A%2F%2Fgithub.com%2Fn8ta%2Frlox", kill_on_drop: false }`
[INFO] [stderr] Cloning into bare repository '/workspace/cache/git-repos/https%3A%2F%2Fgithub.com%2Fn8ta%2Frlox'...
[INFO] running `Command { std: "git" "rev-parse" "HEAD", kill_on_drop: false }`
[INFO] [stdout] 9a61a2dd044e8272242796123951ec44a9957eb8
[INFO] testing n8ta/rlox against 1.75.0 for beta-1.76-1
[INFO] running `Command { std: "git" "clone" "/workspace/cache/git-repos/https%3A%2F%2Fgithub.com%2Fn8ta%2Frlox" "/workspace/builds/worker-0-tc1/source", kill_on_drop: false }`
[INFO] [stderr] Cloning into '/workspace/builds/worker-0-tc1/source'...
[INFO] [stderr] done.
[INFO] validating manifest of git repo https://github.com/n8ta/rlox on toolchain 1.75.0
[INFO] running `Command { std: CARGO_HOME="/workspace/cargo-home" RUSTUP_HOME="/workspace/rustup-home" "/workspace/cargo-home/bin/cargo" "+1.75.0" "metadata" "--manifest-path" "Cargo.toml" "--no-deps", kill_on_drop: false }`
[INFO] started tweaking git repo https://github.com/n8ta/rlox
[INFO] finished tweaking git repo https://github.com/n8ta/rlox
[INFO] tweaked toml for git repo https://github.com/n8ta/rlox written to /workspace/builds/worker-0-tc1/source/Cargo.toml
[INFO] crate git repo https://github.com/n8ta/rlox already has a lockfile, it will not be regenerated
[INFO] running `Command { std: CARGO_HOME="/workspace/cargo-home" RUSTUP_HOME="/workspace/rustup-home" "/workspace/cargo-home/bin/cargo" "+1.75.0" "fetch" "--manifest-path" "Cargo.toml", kill_on_drop: false }`
[INFO] running `Command { std: "docker" "create" "-v" "/var/lib/crater-agent-workspace/builds/worker-0-tc1/target:/opt/rustwide/target:rw,Z" "-v" "/var/lib/crater-agent-workspace/builds/worker-0-tc1/source:/opt/rustwide/workdir:ro,Z" "-v" "/var/lib/crater-agent-workspace/cargo-home:/opt/rustwide/cargo-home:ro,Z" "-v" "/var/lib/crater-agent-workspace/rustup-home:/opt/rustwide/rustup-home:ro,Z" "-e" "SOURCE_DIR=/opt/rustwide/workdir" "-e" "CARGO_TARGET_DIR=/opt/rustwide/target" "-e" "CARGO_HOME=/opt/rustwide/cargo-home" "-e" "RUSTUP_HOME=/opt/rustwide/rustup-home" "-w" "/opt/rustwide/workdir" "-m" "1610612736" "--user" "0:0" "--network" "none" "ghcr.io/rust-lang/crates-build-env/linux@sha256:2788e3201cd34a07e3172128adcd8b3090168a8e3bcc40d7c032b9dda1df7d1c" "/opt/rustwide/cargo-home/bin/cargo" "+1.75.0" "metadata" "--no-deps" "--format-version=1", kill_on_drop: false }`
[INFO] [stdout] 264861d616496aa71c34914348e4eb0af02b62b7127fb0129800a2a8052d9b19
[INFO] running `Command { std: "docker" "start" "-a" "264861d616496aa71c34914348e4eb0af02b62b7127fb0129800a2a8052d9b19", kill_on_drop: false }`
[INFO] running `Command { std: "docker" "inspect" "264861d616496aa71c34914348e4eb0af02b62b7127fb0129800a2a8052d9b19", kill_on_drop: false }`
[INFO] running `Command { std: "docker" "rm" "-f" "264861d616496aa71c34914348e4eb0af02b62b7127fb0129800a2a8052d9b19", kill_on_drop: false }`
[INFO] [stdout] 264861d616496aa71c34914348e4eb0af02b62b7127fb0129800a2a8052d9b19
[INFO] running `Command { std: "docker" "create" "-v" "/var/lib/crater-agent-workspace/builds/worker-0-tc1/target:/opt/rustwide/target:rw,Z" "-v" "/var/lib/crater-agent-workspace/builds/worker-0-tc1/source:/opt/rustwide/workdir:ro,Z" "-v" "/var/lib/crater-agent-workspace/cargo-home:/opt/rustwide/cargo-home:ro,Z" "-v" "/var/lib/crater-agent-workspace/rustup-home:/opt/rustwide/rustup-home:ro,Z" "-e" "SOURCE_DIR=/opt/rustwide/workdir" "-e" "CARGO_TARGET_DIR=/opt/rustwide/target" "-e" "CARGO_INCREMENTAL=0" "-e" "RUST_BACKTRACE=full" "-e" "RUSTFLAGS=--cap-lints=warn" "-e" "RUSTDOCFLAGS=--cap-lints=warn" "-e" "CARGO_HOME=/opt/rustwide/cargo-home" "-e" "RUSTUP_HOME=/opt/rustwide/rustup-home" "-w" "/opt/rustwide/workdir" "-m" "1610612736" "--user" "0:0" "--network" "none" "ghcr.io/rust-lang/crates-build-env/linux@sha256:2788e3201cd34a07e3172128adcd8b3090168a8e3bcc40d7c032b9dda1df7d1c" "/opt/rustwide/cargo-home/bin/cargo" "+1.75.0" "build" "--frozen" "--message-format=json", kill_on_drop: false }`
[INFO] [stdout] f27be0b5404561fd444cd4869985ab85d10aec6e0d1a32c89d0e48111f35cc60
[INFO] running `Command { std: "docker" "start" "-a" "f27be0b5404561fd444cd4869985ab85d10aec6e0d1a32c89d0e48111f35cc60", kill_on_drop: false }`
[INFO] [stderr]    Compiling proc-macro2 v1.0.32
[INFO] [stderr]    Compiling unicode-xid v0.2.2
[INFO] [stderr]    Compiling syn v1.0.82
[INFO] [stderr]    Compiling serde_derive v1.0.130
[INFO] [stderr]    Compiling libc v0.2.101
[INFO] [stderr]    Compiling serde v1.0.130
[INFO] [stderr]    Compiling ryu v1.0.6
[INFO] [stderr]    Compiling serde_json v1.0.72
[INFO] [stderr]    Compiling itoa v0.4.8
[INFO] [stderr]    Compiling lazy_static v1.4.0
[INFO] [stderr]    Compiling quote v1.0.10
[INFO] [stderr]    Compiling atty v0.2.14
[INFO] [stderr]    Compiling colored v2.0.0
[INFO] [stderr]    Compiling lox v0.1.0 (/opt/rustwide/workdir)
[INFO] [stdout] warning: unused imports: `ExprInContext`, `Tokens`
[INFO] [stdout]  --> src/parser/mod.rs:5:79
[INFO] [stdout]   |
[INFO] [stdout] 5 | pub use crate::parser::types::{BinOp, LogicalOp, UnaryOp, ExprTy, Stmt, Expr, Tokens, ExprInContext};
[INFO] [stdout]   |                                                                               ^^^^^^  ^^^^^^^^^^^^^
[INFO] [stdout]   |
[INFO] [stdout]   = note: `#[warn(unused_imports)]` on by default
[INFO] [stdout] 
[INFO] [stdout] 
[INFO] [stdout] warning: unnecessary parentheses around `if` condition
[INFO] [stdout]   --> src/runtime/fast_env.rs:38:16
[INFO] [stdout]    |
[INFO] [stdout] 38 |             if (offset < inner.values.len()) {
[INFO] [stdout]    |                ^                           ^
[INFO] [stdout]    |
[INFO] [stdout]    = note: `#[warn(unused_parens)]` on by default
[INFO] [stdout] help: remove these parentheses
[INFO] [stdout]    |
[INFO] [stdout] 38 -             if (offset < inner.values.len()) {
[INFO] [stdout] 38 +             if offset < inner.values.len() {
[INFO] [stdout]    |
[INFO] [stdout] 
[INFO] [stdout] 
[INFO] [stdout] warning: unused import: `crate::resolver::Resolved`
[INFO] [stdout]  --> src/runtime/class.rs:6:5
[INFO] [stdout]   |
[INFO] [stdout] 6 | use crate::resolver::Resolved;
[INFO] [stdout]   |     ^^^^^^^^^^^^^^^^^^^^^^^^^
[INFO] [stdout] 
[INFO] [stdout] 
[INFO] [stdout] warning: unused variable: `context`
[INFO] [stdout]    --> src/parser/parsing.rs:177:17
[INFO] [stdout]     |
[INFO] [stdout] 177 |         let mut context = name_in_context.context.clone();
[INFO] [stdout]     |                 ^^^^^^^ help: if this is intentional, prefix it with an underscore: `_context`
[INFO] [stdout]     |
[INFO] [stdout]     = note: `#[warn(unused_variables)]` on by default
[INFO] [stdout] 
[INFO] [stdout] 
[INFO] [stdout] warning: variable does not need to be mutable
[INFO] [stdout]    --> src/parser/parsing.rs:177:13
[INFO] [stdout]     |
[INFO] [stdout] 177 |         let mut context = name_in_context.context.clone();
[INFO] [stdout]     |             ----^^^^^^^
[INFO] [stdout]     |             |
[INFO] [stdout]     |             help: remove this `mut`
[INFO] [stdout]     |
[INFO] [stdout]     = note: `#[warn(unused_mut)]` on by default
[INFO] [stdout] 
[INFO] [stdout] 
[INFO] [stdout] warning: unused variable: `src`
[INFO] [stdout]   --> src/runtime/func.rs:48:23
[INFO] [stdout]    |
[INFO] [stdout] 48 |         for (i, (arg, src)) in self.inner.func.inner.args.iter().enumerate() {
[INFO] [stdout]    |                       ^^^ help: if this is intentional, prefix it with an underscore: `_src`
[INFO] [stdout] 
[INFO] [stdout] 
[INFO] [stdout] warning: unused variable: `context`
[INFO] [stdout]   --> src/runtime/mod.rs:20:46
[INFO] [stdout]    |
[INFO] [stdout] 20 | pub fn is_equal(left: &Value, right: &Value, context: &SourceRef) -> Result<bool, RuntimeException> {
[INFO] [stdout]    |                                              ^^^^^^^ help: if this is intentional, prefix it with an underscore: `_context`
[INFO] [stdout] 
[INFO] [stdout] 
[INFO] [stdout] warning: unused return value of `std::option::Option::<T>::insert` that must be used
[INFO] [stdout]    --> src/resolver.rs:109:17
[INFO] [stdout]     |
[INFO] [stdout] 109 |                 resolved.insert(res);
[INFO] [stdout]     |                 ^^^^^^^^^^^^^^^^^^^^
[INFO] [stdout]     |
[INFO] [stdout]     = note: if you intended to set a value, consider assignment instead
[INFO] [stdout]     = note: `#[warn(unused_must_use)]` on by default
[INFO] [stdout] help: use `let _ = ...` to ignore the resulting value
[INFO] [stdout]     |
[INFO] [stdout] 109 |                 let _ = resolved.insert(res);
[INFO] [stdout]     |                 +++++++
[INFO] [stdout] 
[INFO] [stdout] 
[INFO] [stdout] warning: unused return value of `std::option::Option::<T>::insert` that must be used
[INFO] [stdout]    --> src/resolver.rs:131:17
[INFO] [stdout]     |
[INFO] [stdout] 131 |                 scope_size.insert(self.last_size());
[INFO] [stdout]     |                 ^^^^^^^^^^^^^^^^^^^^^^^^^^^^^^^^^^^
[INFO] [stdout]     |
[INFO] [stdout]     = note: if you intended to set a value, consider assignment instead
[INFO] [stdout] help: use `let _ = ...` to ignore the resulting value
[INFO] [stdout]     |
[INFO] [stdout] 131 |                 let _ = scope_size.insert(self.last_size());
[INFO] [stdout]     |                 +++++++
[INFO] [stdout] 
[INFO] [stdout] 
[INFO] [stdout] warning: unused return value of `std::option::Option::<T>::insert` that must be used
[INFO] [stdout]    --> src/resolver.rs:157:17
[INFO] [stdout]     |
[INFO] [stdout] 157 |                 scope_size.insert(self.last_size());
[INFO] [stdout]     |                 ^^^^^^^^^^^^^^^^^^^^^^^^^^^^^^^^^^^
[INFO] [stdout]     |
[INFO] [stdout]     = note: if you intended to set a value, consider assignment instead
[INFO] [stdout] help: use `let _ = ...` to ignore the resulting value
[INFO] [stdout]     |
[INFO] [stdout] 157 |                 let _ = scope_size.insert(self.last_size());
[INFO] [stdout]     |                 +++++++
[INFO] [stdout] 
[INFO] [stdout] 
[INFO] [stdout] warning: unused return value of `std::option::Option::<T>::insert` that must be used
[INFO] [stdout]    --> src/resolver.rs:205:17
[INFO] [stdout]     |
[INFO] [stdout] 205 |                 scope_size.insert(self.last_size());
[INFO] [stdout]     |                 ^^^^^^^^^^^^^^^^^^^^^^^^^^^^^^^^^^^
[INFO] [stdout]     |
[INFO] [stdout]     = note: if you intended to set a value, consider assignment instead
[INFO] [stdout] help: use `let _ = ...` to ignore the resulting value
[INFO] [stdout]     |
[INFO] [stdout] 205 |                 let _ = scope_size.insert(self.last_size());
[INFO] [stdout]     |                 +++++++
[INFO] [stdout] 
[INFO] [stdout] 
[INFO] [stdout] warning: unused return value of `std::option::Option::<T>::insert` that must be used
[INFO] [stdout]    --> src/resolver.rs:233:9
[INFO] [stdout]     |
[INFO] [stdout] 233 |         scope_size.insert(self.last_size());
[INFO] [stdout]     |         ^^^^^^^^^^^^^^^^^^^^^^^^^^^^^^^^^^^
[INFO] [stdout]     |
[INFO] [stdout]     = note: if you intended to set a value, consider assignment instead
[INFO] [stdout] help: use `let _ = ...` to ignore the resulting value
[INFO] [stdout]     |
[INFO] [stdout] 233 |         let _ = scope_size.insert(self.last_size());
[INFO] [stdout]     |         +++++++
[INFO] [stdout] 
[INFO] [stdout] 
[INFO] [stdout] warning: 12 warnings emitted
[INFO] [stdout] 
[INFO] [stdout] 
[INFO] [stderr]     Finished dev [unoptimized + debuginfo] target(s) in 12.86s
[INFO] running `Command { std: "docker" "inspect" "f27be0b5404561fd444cd4869985ab85d10aec6e0d1a32c89d0e48111f35cc60", kill_on_drop: false }`
[INFO] running `Command { std: "docker" "rm" "-f" "f27be0b5404561fd444cd4869985ab85d10aec6e0d1a32c89d0e48111f35cc60", kill_on_drop: false }`
[INFO] [stdout] f27be0b5404561fd444cd4869985ab85d10aec6e0d1a32c89d0e48111f35cc60
[INFO] running `Command { std: "docker" "create" "-v" "/var/lib/crater-agent-workspace/builds/worker-0-tc1/target:/opt/rustwide/target:rw,Z" "-v" "/var/lib/crater-agent-workspace/builds/worker-0-tc1/source:/opt/rustwide/workdir:ro,Z" "-v" "/var/lib/crater-agent-workspace/cargo-home:/opt/rustwide/cargo-home:ro,Z" "-v" "/var/lib/crater-agent-workspace/rustup-home:/opt/rustwide/rustup-home:ro,Z" "-e" "SOURCE_DIR=/opt/rustwide/workdir" "-e" "CARGO_TARGET_DIR=/opt/rustwide/target" "-e" "CARGO_INCREMENTAL=0" "-e" "RUST_BACKTRACE=full" "-e" "RUSTFLAGS=--cap-lints=warn" "-e" "RUSTDOCFLAGS=--cap-lints=warn" "-e" "CARGO_HOME=/opt/rustwide/cargo-home" "-e" "RUSTUP_HOME=/opt/rustwide/rustup-home" "-w" "/opt/rustwide/workdir" "-m" "1610612736" "--user" "0:0" "--network" "none" "ghcr.io/rust-lang/crates-build-env/linux@sha256:2788e3201cd34a07e3172128adcd8b3090168a8e3bcc40d7c032b9dda1df7d1c" "/opt/rustwide/cargo-home/bin/cargo" "+1.75.0" "test" "--frozen" "--no-run" "--message-format=json", kill_on_drop: false }`
[INFO] [stdout] de091f6c9976cab43022576742527c53cd699704f8eee6c827c5da6775df0d17
[INFO] running `Command { std: "docker" "start" "-a" "de091f6c9976cab43022576742527c53cd699704f8eee6c827c5da6775df0d17", kill_on_drop: false }`
[INFO] [stderr]    Compiling lox v0.1.0 (/opt/rustwide/workdir)
[INFO] [stdout] warning: unused imports: `ExprInContext`, `Tokens`
[INFO] [stdout]  --> src/parser/mod.rs:5:79
[INFO] [stdout]   |
[INFO] [stdout] 5 | pub use crate::parser::types::{BinOp, LogicalOp, UnaryOp, ExprTy, Stmt, Expr, Tokens, ExprInContext};
[INFO] [stdout]   |                                                                               ^^^^^^  ^^^^^^^^^^^^^
[INFO] [stdout]   |
[INFO] [stdout]   = note: `#[warn(unused_imports)]` on by default
[INFO] [stdout] 
[INFO] [stdout] 
[INFO] [stdout] warning: unnecessary parentheses around `if` condition
[INFO] [stdout]   --> src/runtime/fast_env.rs:38:16
[INFO] [stdout]    |
[INFO] [stdout] 38 |             if (offset < inner.values.len()) {
[INFO] [stdout]    |                ^                           ^
[INFO] [stdout]    |
[INFO] [stdout]    = note: `#[warn(unused_parens)]` on by default
[INFO] [stdout] help: remove these parentheses
[INFO] [stdout]    |
[INFO] [stdout] 38 -             if (offset < inner.values.len()) {
[INFO] [stdout] 38 +             if offset < inner.values.len() {
[INFO] [stdout]    |
[INFO] [stdout] 
[INFO] [stdout] 
[INFO] [stdout] warning: unused import: `crate::resolver::Resolved`
[INFO] [stdout]  --> src/runtime/class.rs:6:5
[INFO] [stdout]   |
[INFO] [stdout] 6 | use crate::resolver::Resolved;
[INFO] [stdout]   |     ^^^^^^^^^^^^^^^^^^^^^^^^^
[INFO] [stdout] 
[INFO] [stdout] 
[INFO] [stdout] warning: unused variable: `context`
[INFO] [stdout]    --> src/parser/parsing.rs:177:17
[INFO] [stdout]     |
[INFO] [stdout] 177 |         let mut context = name_in_context.context.clone();
[INFO] [stdout]     |                 ^^^^^^^ help: if this is intentional, prefix it with an underscore: `_context`
[INFO] [stdout]     |
[INFO] [stdout]     = note: `#[warn(unused_variables)]` on by default
[INFO] [stdout] 
[INFO] [stdout] 
[INFO] [stdout] warning: variable does not need to be mutable
[INFO] [stdout]    --> src/parser/parsing.rs:177:13
[INFO] [stdout]     |
[INFO] [stdout] 177 |         let mut context = name_in_context.context.clone();
[INFO] [stdout]     |             ----^^^^^^^
[INFO] [stdout]     |             |
[INFO] [stdout]     |             help: remove this `mut`
[INFO] [stdout]     |
[INFO] [stdout]     = note: `#[warn(unused_mut)]` on by default
[INFO] [stdout] 
[INFO] [stdout] 
[INFO] [stdout] warning: unused variable: `src`
[INFO] [stdout]   --> src/runtime/func.rs:48:23
[INFO] [stdout]    |
[INFO] [stdout] 48 |         for (i, (arg, src)) in self.inner.func.inner.args.iter().enumerate() {
[INFO] [stdout]    |                       ^^^ help: if this is intentional, prefix it with an underscore: `_src`
[INFO] [stdout] 
[INFO] [stdout] 
[INFO] [stdout] warning: unused variable: `context`
[INFO] [stdout]   --> src/runtime/mod.rs:20:46
[INFO] [stdout]    |
[INFO] [stdout] 20 | pub fn is_equal(left: &Value, right: &Value, context: &SourceRef) -> Result<bool, RuntimeException> {
[INFO] [stdout]    |                                              ^^^^^^^ help: if this is intentional, prefix it with an underscore: `_context`
[INFO] [stdout] 
[INFO] [stdout] 
[INFO] [stdout] warning: call to `.clone()` on a reference in this situation does nothing
[INFO] [stdout]   --> src/e2e_tests.rs:27:67
[INFO] [stdout]    |
[INFO] [stdout] 27 |         let out_path = tests_root.join(format!("out{}.txt", number.clone()));
[INFO] [stdout]    |                                                                   ^^^^^^^^ help: remove this redundant call
[INFO] [stdout]    |
[INFO] [stdout]    = note: the type `str` does not implement `Clone`, so calling `clone` on `&str` copies the reference, which does not do anything and can be removed
[INFO] [stdout]    = note: `#[warn(noop_method_call)]` on by default
[INFO] [stdout] 
[INFO] [stdout] 
[INFO] [stdout] warning: call to `.clone()` on a reference in this situation does nothing
[INFO] [stdout]   --> src/e2e_tests.rs:29:81
[INFO] [stdout]    |
[INFO] [stdout] 29 |             .expect(&format!("Expected a file called out{}.txt to exist", number.clone()));
[INFO] [stdout]    |                                                                                 ^^^^^^^^ help: remove this redundant call
[INFO] [stdout]    |
[INFO] [stdout]    = note: the type `str` does not implement `Clone`, so calling `clone` on `&str` copies the reference, which does not do anything and can be removed
[INFO] [stdout] 
[INFO] [stdout] 
[INFO] [stdout] warning: unused return value of `std::option::Option::<T>::insert` that must be used
[INFO] [stdout]    --> src/resolver.rs:109:17
[INFO] [stdout]     |
[INFO] [stdout] 109 |                 resolved.insert(res);
[INFO] [stdout]     |                 ^^^^^^^^^^^^^^^^^^^^
[INFO] [stdout]     |
[INFO] [stdout]     = note: if you intended to set a value, consider assignment instead
[INFO] [stdout]     = note: `#[warn(unused_must_use)]` on by default
[INFO] [stdout] help: use `let _ = ...` to ignore the resulting value
[INFO] [stdout]     |
[INFO] [stdout] 109 |                 let _ = resolved.insert(res);
[INFO] [stdout]     |                 +++++++
[INFO] [stdout] 
[INFO] [stdout] 
[INFO] [stdout] warning: unused return value of `std::option::Option::<T>::insert` that must be used
[INFO] [stdout]    --> src/resolver.rs:131:17
[INFO] [stdout]     |
[INFO] [stdout] 131 |                 scope_size.insert(self.last_size());
[INFO] [stdout]     |                 ^^^^^^^^^^^^^^^^^^^^^^^^^^^^^^^^^^^
[INFO] [stdout]     |
[INFO] [stdout]     = note: if you intended to set a value, consider assignment instead
[INFO] [stdout] help: use `let _ = ...` to ignore the resulting value
[INFO] [stdout]     |
[INFO] [stdout] 131 |                 let _ = scope_size.insert(self.last_size());
[INFO] [stdout]     |                 +++++++
[INFO] [stdout] 
[INFO] [stdout] 
[INFO] [stdout] warning: unused return value of `std::option::Option::<T>::insert` that must be used
[INFO] [stdout]    --> src/resolver.rs:157:17
[INFO] [stdout]     |
[INFO] [stdout] 157 |                 scope_size.insert(self.last_size());
[INFO] [stdout]     |                 ^^^^^^^^^^^^^^^^^^^^^^^^^^^^^^^^^^^
[INFO] [stdout]     |
[INFO] [stdout]     = note: if you intended to set a value, consider assignment instead
[INFO] [stdout] help: use `let _ = ...` to ignore the resulting value
[INFO] [stdout]     |
[INFO] [stdout] 157 |                 let _ = scope_size.insert(self.last_size());
[INFO] [stdout]     |                 +++++++
[INFO] [stdout] 
[INFO] [stdout] 
[INFO] [stdout] warning: unused return value of `std::option::Option::<T>::insert` that must be used
[INFO] [stdout]    --> src/resolver.rs:205:17
[INFO] [stdout]     |
[INFO] [stdout] 205 |                 scope_size.insert(self.last_size());
[INFO] [stdout]     |                 ^^^^^^^^^^^^^^^^^^^^^^^^^^^^^^^^^^^
[INFO] [stdout]     |
[INFO] [stdout]     = note: if you intended to set a value, consider assignment instead
[INFO] [stdout] help: use `let _ = ...` to ignore the resulting value
[INFO] [stdout]     |
[INFO] [stdout] 205 |                 let _ = scope_size.insert(self.last_size());
[INFO] [stdout]     |                 +++++++
[INFO] [stdout] 
[INFO] [stdout] 
[INFO] [stdout] warning: unused return value of `std::option::Option::<T>::insert` that must be used
[INFO] [stdout]    --> src/resolver.rs:233:9
[INFO] [stdout]     |
[INFO] [stdout] 233 |         scope_size.insert(self.last_size());
[INFO] [stdout]     |         ^^^^^^^^^^^^^^^^^^^^^^^^^^^^^^^^^^^
[INFO] [stdout]     |
[INFO] [stdout]     = note: if you intended to set a value, consider assignment instead
[INFO] [stdout] help: use `let _ = ...` to ignore the resulting value
[INFO] [stdout]     |
[INFO] [stdout] 233 |         let _ = scope_size.insert(self.last_size());
[INFO] [stdout]     |         +++++++
[INFO] [stdout] 
[INFO] [stdout] 
[INFO] [stdout] warning: 14 warnings emitted
[INFO] [stdout] 
[INFO] [stdout] 
[INFO] [stderr]     Finished test [unoptimized + debuginfo] target(s) in 1.21s
[INFO] running `Command { std: "docker" "inspect" "de091f6c9976cab43022576742527c53cd699704f8eee6c827c5da6775df0d17", kill_on_drop: false }`
[INFO] running `Command { std: "docker" "rm" "-f" "de091f6c9976cab43022576742527c53cd699704f8eee6c827c5da6775df0d17", kill_on_drop: false }`
[INFO] [stdout] de091f6c9976cab43022576742527c53cd699704f8eee6c827c5da6775df0d17
[INFO] running `Command { std: "docker" "create" "-v" "/var/lib/crater-agent-workspace/builds/worker-0-tc1/target:/opt/rustwide/target:rw,Z" "-v" "/var/lib/crater-agent-workspace/builds/worker-0-tc1/source:/opt/rustwide/workdir:ro,Z" "-v" "/var/lib/crater-agent-workspace/cargo-home:/opt/rustwide/cargo-home:ro,Z" "-v" "/var/lib/crater-agent-workspace/rustup-home:/opt/rustwide/rustup-home:ro,Z" "-e" "SOURCE_DIR=/opt/rustwide/workdir" "-e" "CARGO_TARGET_DIR=/opt/rustwide/target" "-e" "CARGO_INCREMENTAL=0" "-e" "RUST_BACKTRACE=full" "-e" "RUSTFLAGS=--cap-lints=warn" "-e" "RUSTDOCFLAGS=--cap-lints=warn" "-e" "CARGO_HOME=/opt/rustwide/cargo-home" "-e" "RUSTUP_HOME=/opt/rustwide/rustup-home" "-w" "/opt/rustwide/workdir" "-m" "1610612736" "--user" "0:0" "--network" "none" "ghcr.io/rust-lang/crates-build-env/linux@sha256:2788e3201cd34a07e3172128adcd8b3090168a8e3bcc40d7c032b9dda1df7d1c" "/opt/rustwide/cargo-home/bin/cargo" "+1.75.0" "test" "--frozen", kill_on_drop: false }`
[INFO] [stdout] 81afeafe4e13bfd898ce27006aabd754a0814f2c686d3c4bc42df11d612b76bd
[INFO] running `Command { std: "docker" "start" "-a" "81afeafe4e13bfd898ce27006aabd754a0814f2c686d3c4bc42df11d612b76bd", kill_on_drop: false }`
[INFO] [stderr] warning: unused imports: `ExprInContext`, `Tokens`
[INFO] [stderr]  --> src/parser/mod.rs:5:79
[INFO] [stderr]   |
[INFO] [stderr] 5 | pub use crate::parser::types::{BinOp, LogicalOp, UnaryOp, ExprTy, Stmt, Expr, Tokens, ExprInContext};
[INFO] [stderr]   |                                                                               ^^^^^^  ^^^^^^^^^^^^^
[INFO] [stderr]   |
[INFO] [stderr]   = note: `#[warn(unused_imports)]` on by default
[INFO] [stderr] 
[INFO] [stderr] warning: unnecessary parentheses around `if` condition
[INFO] [stderr]   --> src/runtime/fast_env.rs:38:16
[INFO] [stderr]    |
[INFO] [stderr] 38 |             if (offset < inner.values.len()) {
[INFO] [stderr]    |                ^                           ^
[INFO] [stderr]    |
[INFO] [stderr]    = note: `#[warn(unused_parens)]` on by default
[INFO] [stderr] help: remove these parentheses
[INFO] [stderr]    |
[INFO] [stderr] 38 -             if (offset < inner.values.len()) {
[INFO] [stderr] 38 +             if offset < inner.values.len() {
[INFO] [stderr]    |
[INFO] [stderr] 
[INFO] [stderr] warning: unused import: `crate::resolver::Resolved`
[INFO] [stderr]  --> src/runtime/class.rs:6:5
[INFO] [stderr]   |
[INFO] [stderr] 6 | use crate::resolver::Resolved;
[INFO] [stderr]   |     ^^^^^^^^^^^^^^^^^^^^^^^^^
[INFO] [stderr] 
[INFO] [stderr] warning: unused variable: `context`
[INFO] [stderr]    --> src/parser/parsing.rs:177:17
[INFO] [stderr]     |
[INFO] [stderr] 177 |         let mut context = name_in_context.context.clone();
[INFO] [stderr]     |                 ^^^^^^^ help: if this is intentional, prefix it with an underscore: `_context`
[INFO] [stderr]     |
[INFO] [stderr]     = note: `#[warn(unused_variables)]` on by default
[INFO] [stderr] 
[INFO] [stderr] warning: variable does not need to be mutable
[INFO] [stderr]    --> src/parser/parsing.rs:177:13
[INFO] [stderr]     |
[INFO] [stderr] 177 |         let mut context = name_in_context.context.clone();
[INFO] [stderr]     |             ----^^^^^^^
[INFO] [stderr]     |             |
[INFO] [stderr]     |             help: remove this `mut`
[INFO] [stderr]     |
[INFO] [stderr]     = note: `#[warn(unused_mut)]` on by default
[INFO] [stderr] 
[INFO] [stderr] warning: unused variable: `src`
[INFO] [stderr]   --> src/runtime/func.rs:48:23
[INFO] [stderr]    |
[INFO] [stderr] 48 |         for (i, (arg, src)) in self.inner.func.inner.args.iter().enumerate() {
[INFO] [stderr]    |                       ^^^ help: if this is intentional, prefix it with an underscore: `_src`
[INFO] [stderr] 
[INFO] [stderr] warning: unused variable: `context`
[INFO] [stderr]   --> src/runtime/mod.rs:20:46
[INFO] [stderr]    |
[INFO] [stderr] 20 | pub fn is_equal(left: &Value, right: &Value, context: &SourceRef) -> Result<bool, RuntimeException> {
[INFO] [stderr]    |                                              ^^^^^^^ help: if this is intentional, prefix it with an underscore: `_context`
[INFO] [stderr] 
[INFO] [stderr] warning: call to `.clone()` on a reference in this situation does nothing
[INFO] [stderr]   --> src/e2e_tests.rs:27:67
[INFO] [stderr]    |
[INFO] [stderr] 27 |         let out_path = tests_root.join(format!("out{}.txt", number.clone()));
[INFO] [stderr]    |                                                                   ^^^^^^^^ help: remove this redundant call
[INFO] [stderr]    |
[INFO] [stderr]    = note: the type `str` does not implement `Clone`, so calling `clone` on `&str` copies the reference, which does not do anything and can be removed
[INFO] [stderr]    = note: `#[warn(noop_method_call)]` on by default
[INFO] [stderr] 
[INFO] [stderr] warning: call to `.clone()` on a reference in this situation does nothing
[INFO] [stderr]   --> src/e2e_tests.rs:29:81
[INFO] [stderr]    |
[INFO] [stderr] 29 |             .expect(&format!("Expected a file called out{}.txt to exist", number.clone()));
[INFO] [stderr]    |                                                                                 ^^^^^^^^ help: remove this redundant call
[INFO] [stderr]    |
[INFO] [stderr]    = note: the type `str` does not implement `Clone`, so calling `clone` on `&str` copies the reference, which does not do anything and can be removed
[INFO] [stderr] 
[INFO] [stderr] warning: unused return value of `std::option::Option::<T>::insert` that must be used
[INFO] [stderr]    --> src/resolver.rs:109:17
[INFO] [stderr]     |
[INFO] [stderr] 109 |                 resolved.insert(res);
[INFO] [stderr]     |                 ^^^^^^^^^^^^^^^^^^^^
[INFO] [stderr]     |
[INFO] [stderr]     = note: if you intended to set a value, consider assignment instead
[INFO] [stderr]     = note: `#[warn(unused_must_use)]` on by default
[INFO] [stderr] help: use `let _ = ...` to ignore the resulting value
[INFO] [stderr]     |
[INFO] [stderr] 109 |                 let _ = resolved.insert(res);
[INFO] [stderr]     |                 +++++++
[INFO] [stderr] 
[INFO] [stderr] warning: unused return value of `std::option::Option::<T>::insert` that must be used
[INFO] [stderr]    --> src/resolver.rs:131:17
[INFO] [stderr]     |
[INFO] [stderr] 131 |                 scope_size.insert(self.last_size());
[INFO] [stderr]     |                 ^^^^^^^^^^^^^^^^^^^^^^^^^^^^^^^^^^^
[INFO] [stderr]     |
[INFO] [stderr]     = note: if you intended to set a value, consider assignment instead
[INFO] [stderr] help: use `let _ = ...` to ignore the resulting value
[INFO] [stderr]     |
[INFO] [stderr] 131 |                 let _ = scope_size.insert(self.last_size());
[INFO] [stderr]     |                 +++++++
[INFO] [stderr] 
[INFO] [stderr] warning: unused return value of `std::option::Option::<T>::insert` that must be used
[INFO] [stderr]    --> src/resolver.rs:157:17
[INFO] [stderr]     |
[INFO] [stderr] 157 |                 scope_size.insert(self.last_size());
[INFO] [stderr]     |                 ^^^^^^^^^^^^^^^^^^^^^^^^^^^^^^^^^^^
[INFO] [stderr]     |
[INFO] [stderr]     = note: if you intended to set a value, consider assignment instead
[INFO] [stderr] help: use `let _ = ...` to ignore the resulting value
[INFO] [stderr]     |
[INFO] [stderr] 157 |                 let _ = scope_size.insert(self.last_size());
[INFO] [stderr]     |                 +++++++
[INFO] [stderr] 
[INFO] [stderr] warning: unused return value of `std::option::Option::<T>::insert` that must be used
[INFO] [stderr]    --> src/resolver.rs:205:17
[INFO] [stderr]     |
[INFO] [stderr] 205 |                 scope_size.insert(self.last_size());
[INFO] [stderr]     |                 ^^^^^^^^^^^^^^^^^^^^^^^^^^^^^^^^^^^
[INFO] [stderr]     |
[INFO] [stderr]     = note: if you intended to set a value, consider assignment instead
[INFO] [stderr] help: use `let _ = ...` to ignore the resulting value
[INFO] [stderr]     |
[INFO] [stderr] 205 |                 let _ = scope_size.insert(self.last_size());
[INFO] [stderr]     |                 +++++++
[INFO] [stderr] 
[INFO] [stderr] warning: unused return value of `std::option::Option::<T>::insert` that must be used
[INFO] [stderr]    --> src/resolver.rs:233:9
[INFO] [stderr]     |
[INFO] [stderr] 233 |         scope_size.insert(self.last_size());
[INFO] [stderr]     |         ^^^^^^^^^^^^^^^^^^^^^^^^^^^^^^^^^^^
[INFO] [stderr]     |
[INFO] [stderr]     = note: if you intended to set a value, consider assignment instead
[INFO] [stderr] help: use `let _ = ...` to ignore the resulting value
[INFO] [stderr]     |
[INFO] [stderr] 233 |         let _ = scope_size.insert(self.last_size());
[INFO] [stderr]     |         +++++++
[INFO] [stderr] 
[INFO] [stderr] warning: `lox` (bin "lox" test) generated 14 warnings (run `cargo fix --bin "lox" --tests` to apply 9 suggestions)
[INFO] [stderr]     Finished test [unoptimized + debuginfo] target(s) in 0.02s
[INFO] [stderr]      Running unittests src/main.rs (/opt/rustwide/target/debug/deps/lox-6b0a3ba54397d49f)
[INFO] [stdout] 
[INFO] [stdout] running 8 tests
[INFO] [stdout] test scanner::test_numbers ... ok
[INFO] [stdout] test scanner::test_basic_lexemes ... ok
[INFO] [stdout] test scanner::test_misc ... ok
[INFO] [stdout] test source_ref::merging ... ok
[INFO] [stdout] test source_ref::source ... ok
[INFO] [stdout] test source_ref::test_source_lines ... ok
[INFO] [stdout] test e2e_tests::end_to_end_tests ... FAILED
[INFO] [stdout] test scanner::test_strings ... ok
[INFO] [stdout] 
[INFO] [stdout] failures:
[INFO] [stdout] 
[INFO] [stdout] ---- e2e_tests::end_to_end_tests stdout ----
[INFO] [stdout] thread 'e2e_tests::end_to_end_tests' panicked at src/e2e_tests.rs:11:43:
[INFO] [stdout] couldn't find lox exe @ {}: Os { code: 2, kind: NotFound, message: "No such file or directory" }
[INFO] [stdout] stack backtrace:
[INFO] [stdout]    0:     0x5600336d273c - std::backtrace_rs::backtrace::libunwind::trace::ha637c64ce894333a
[INFO] [stdout]                                at /rustc/82e1608dfa6e0b5569232559e3d385fea5a93112/library/std/src/../../backtrace/src/backtrace/libunwind.rs:104:5
[INFO] [stdout]    1:     0x5600336d273c - std::backtrace_rs::backtrace::trace_unsynchronized::h47f62dea28e0c88d
[INFO] [stdout]                                at /rustc/82e1608dfa6e0b5569232559e3d385fea5a93112/library/std/src/../../backtrace/src/backtrace/mod.rs:66:5
[INFO] [stdout]    2:     0x5600336d273c - std::sys_common::backtrace::_print_fmt::h9eef0abe20ede486
[INFO] [stdout]                                at /rustc/82e1608dfa6e0b5569232559e3d385fea5a93112/library/std/src/sys_common/backtrace.rs:67:5
[INFO] [stdout]    3:     0x5600336d273c - <std::sys_common::backtrace::_print::DisplayBacktrace as core::fmt::Display>::fmt::hed7f999df88cc644
[INFO] [stdout]                                at /rustc/82e1608dfa6e0b5569232559e3d385fea5a93112/library/std/src/sys_common/backtrace.rs:44:22
[INFO] [stdout]    4:     0x5600336fde10 - core::fmt::rt::Argument::fmt::h1539a9308b8d058d
[INFO] [stdout]                                at /rustc/82e1608dfa6e0b5569232559e3d385fea5a93112/library/core/src/fmt/rt.rs:142:9
[INFO] [stdout]    5:     0x5600336fde10 - core::fmt::write::h3a39390d8560d9c9
[INFO] [stdout]                                at /rustc/82e1608dfa6e0b5569232559e3d385fea5a93112/library/core/src/fmt/mod.rs:1120:17
[INFO] [stdout]    6:     0x5600336cfeef - std::io::Write::write_fmt::h040b369f3a0f9cbc
[INFO] [stdout]                                at /rustc/82e1608dfa6e0b5569232559e3d385fea5a93112/library/std/src/io/mod.rs:1762:15
[INFO] [stdout]    7:     0x5600336d2524 - std::sys_common::backtrace::_print::h894006fb5c6f3d45
[INFO] [stdout]                                at /rustc/82e1608dfa6e0b5569232559e3d385fea5a93112/library/std/src/sys_common/backtrace.rs:47:5
[INFO] [stdout]    8:     0x5600336d2524 - std::sys_common::backtrace::print::h23a2d212c6fff936
[INFO] [stdout]                                at /rustc/82e1608dfa6e0b5569232559e3d385fea5a93112/library/std/src/sys_common/backtrace.rs:34:9
[INFO] [stdout]    9:     0x5600336d41e7 - std::panicking::default_hook::{{closure}}::h8a1d2ee00185001a
[INFO] [stdout]   10:     0x5600336d3ed3 - std::panicking::default_hook::h6038f2eba384e475
[INFO] [stdout]                                at /rustc/82e1608dfa6e0b5569232559e3d385fea5a93112/library/std/src/panicking.rs:289:9
[INFO] [stdout]   11:     0x5600336a3947 - <alloc::boxed::Box<F,A> as core::ops::function::Fn<Args>>::call::h0ad024c9bdc6d768
[INFO] [stdout]                                at /rustc/82e1608dfa6e0b5569232559e3d385fea5a93112/library/alloc/src/boxed.rs:2021:9
[INFO] [stdout]   12:     0x5600336a3947 - test::test_main::{{closure}}::h7500b54257359db6
[INFO] [stdout]                                at /rustc/82e1608dfa6e0b5569232559e3d385fea5a93112/library/test/src/lib.rs:138:21
[INFO] [stdout]   13:     0x5600336d47f8 - <alloc::boxed::Box<F,A> as core::ops::function::Fn<Args>>::call::h1f8f335eaa9cfaee
[INFO] [stdout]                                at /rustc/82e1608dfa6e0b5569232559e3d385fea5a93112/library/alloc/src/boxed.rs:2021:9
[INFO] [stdout]   14:     0x5600336d47f8 - std::panicking::rust_panic_with_hook::h2b5517d590cab22e
[INFO] [stdout]                                at /rustc/82e1608dfa6e0b5569232559e3d385fea5a93112/library/std/src/panicking.rs:783:13
[INFO] [stdout]   15:     0x5600336d454e - std::panicking::begin_panic_handler::{{closure}}::h233112c06e0ef43e
[INFO] [stdout]                                at /rustc/82e1608dfa6e0b5569232559e3d385fea5a93112/library/std/src/panicking.rs:657:13
[INFO] [stdout]   16:     0x5600336d2c06 - std::sys_common::backtrace::__rust_end_short_backtrace::h6e893f24d7ebbff8
[INFO] [stdout]                                at /rustc/82e1608dfa6e0b5569232559e3d385fea5a93112/library/std/src/sys_common/backtrace.rs:170:18
[INFO] [stdout]   17:     0x5600336d42b2 - rust_begin_unwind
[INFO] [stdout]                                at /rustc/82e1608dfa6e0b5569232559e3d385fea5a93112/library/std/src/panicking.rs:645:5
[INFO] [stdout]   18:     0x56003363ed85 - core::panicking::panic_fmt::hbf0e066aabfa482c
[INFO] [stdout]                                at /rustc/82e1608dfa6e0b5569232559e3d385fea5a93112/library/core/src/panicking.rs:72:14
[INFO] [stdout]   19:     0x56003363f353 - core::result::unwrap_failed::hddb4fea594200c52
[INFO] [stdout]                                at /rustc/82e1608dfa6e0b5569232559e3d385fea5a93112/library/core/src/result.rs:1653:5
[INFO] [stdout]   20:     0x5600336582fe - core::result::Result<T,E>::expect::hb65853341978485a
[INFO] [stdout]                                at /rustc/82e1608dfa6e0b5569232559e3d385fea5a93112/library/core/src/result.rs:1034:23
[INFO] [stdout]   21:     0x5600336628b3 - lox::e2e_tests::end_to_end_tests::h49079e3231efa88b
[INFO] [stdout]                                at /opt/rustwide/workdir/src/e2e_tests.rs:11:19
[INFO] [stdout]   22:     0x5600336625d7 - lox::e2e_tests::end_to_end_tests::{{closure}}::h359554c3ad1366e7
[INFO] [stdout]                                at /opt/rustwide/workdir/src/e2e_tests.rs:2:22
[INFO] [stdout]   23:     0x560033655176 - core::ops::function::FnOnce::call_once::h1d11a1a0a8c66610
[INFO] [stdout]                                at /rustc/82e1608dfa6e0b5569232559e3d385fea5a93112/library/core/src/ops/function.rs:250:5
[INFO] [stdout]   24:     0x5600336a8f9f - core::ops::function::FnOnce::call_once::h2b5d431d5046312d
[INFO] [stdout]                                at /rustc/82e1608dfa6e0b5569232559e3d385fea5a93112/library/core/src/ops/function.rs:250:5
[INFO] [stdout]   25:     0x5600336a8f9f - test::__rust_begin_short_backtrace::h7714669af176e207
[INFO] [stdout]                                at /rustc/82e1608dfa6e0b5569232559e3d385fea5a93112/library/test/src/lib.rs:628:18
[INFO] [stdout]   26:     0x5600336a7fb5 - test::run_test_in_process::{{closure}}::h85218797dcbcec12
[INFO] [stdout]                                at /rustc/82e1608dfa6e0b5569232559e3d385fea5a93112/library/test/src/lib.rs:651:60
[INFO] [stdout]   27:     0x5600336a7fb5 - <core::panic::unwind_safe::AssertUnwindSafe<F> as core::ops::function::FnOnce<()>>::call_once::h76c106ea31c14d7b
[INFO] [stdout]                                at /rustc/82e1608dfa6e0b5569232559e3d385fea5a93112/library/core/src/panic/unwind_safe.rs:272:9
[INFO] [stdout]   28:     0x5600336a7fb5 - std::panicking::try::do_call::h3bd5d0f6620ee946
[INFO] [stdout]                                at /rustc/82e1608dfa6e0b5569232559e3d385fea5a93112/library/std/src/panicking.rs:552:40
[INFO] [stdout]   29:     0x5600336a7fb5 - std::panicking::try::h232e535e4744fe31
[INFO] [stdout]                                at /rustc/82e1608dfa6e0b5569232559e3d385fea5a93112/library/std/src/panicking.rs:516:19
[INFO] [stdout]   30:     0x5600336a7fb5 - std::panic::catch_unwind::h3ce3bd6ca8dbac68
[INFO] [stdout]                                at /rustc/82e1608dfa6e0b5569232559e3d385fea5a93112/library/std/src/panic.rs:142:14
[INFO] [stdout]   31:     0x5600336a7fb5 - test::run_test_in_process::hc97b257c9621286a
[INFO] [stdout]                                at /rustc/82e1608dfa6e0b5569232559e3d385fea5a93112/library/test/src/lib.rs:651:27
[INFO] [stdout]   32:     0x5600336a7fb5 - test::run_test::{{closure}}::h2aa798823a438d38
[INFO] [stdout]                                at /rustc/82e1608dfa6e0b5569232559e3d385fea5a93112/library/test/src/lib.rs:574:43
[INFO] [stdout]   33:     0x560033670276 - test::run_test::{{closure}}::h87d231c78fb59832
[INFO] [stdout]                                at /rustc/82e1608dfa6e0b5569232559e3d385fea5a93112/library/test/src/lib.rs:602:41
[INFO] [stdout]   34:     0x560033670276 - std::sys_common::backtrace::__rust_begin_short_backtrace::he6df152596625789
[INFO] [stdout]                                at /rustc/82e1608dfa6e0b5569232559e3d385fea5a93112/library/std/src/sys_common/backtrace.rs:154:18
[INFO] [stdout]   35:     0x560033675327 - std::thread::Builder::spawn_unchecked_::{{closure}}::{{closure}}::ha94be15d1e0acf36
[INFO] [stdout]                                at /rustc/82e1608dfa6e0b5569232559e3d385fea5a93112/library/std/src/thread/mod.rs:529:17
[INFO] [stdout]   36:     0x560033675327 - <core::panic::unwind_safe::AssertUnwindSafe<F> as core::ops::function::FnOnce<()>>::call_once::h9dc6bd6372f16606
[INFO] [stdout]                                at /rustc/82e1608dfa6e0b5569232559e3d385fea5a93112/library/core/src/panic/unwind_safe.rs:272:9
[INFO] [stdout]   37:     0x560033675327 - std::panicking::try::do_call::h9057517f80303cd4
[INFO] [stdout]                                at /rustc/82e1608dfa6e0b5569232559e3d385fea5a93112/library/std/src/panicking.rs:552:40
[INFO] [stdout]   38:     0x560033675327 - std::panicking::try::he3a30b11ee45340c
[INFO] [stdout]                                at /rustc/82e1608dfa6e0b5569232559e3d385fea5a93112/library/std/src/panicking.rs:516:19
[INFO] [stdout]   39:     0x560033675327 - std::panic::catch_unwind::h410458cfd3528b8b
[INFO] [stdout]                                at /rustc/82e1608dfa6e0b5569232559e3d385fea5a93112/library/std/src/panic.rs:142:14
[INFO] [stdout]   40:     0x560033675327 - std::thread::Builder::spawn_unchecked_::{{closure}}::h72ac3bdb567b737b
[INFO] [stdout]                                at /rustc/82e1608dfa6e0b5569232559e3d385fea5a93112/library/std/src/thread/mod.rs:528:30
[INFO] [stdout]   41:     0x560033675327 - core::ops::function::FnOnce::call_once{{vtable.shim}}::h38f34da3654a8344
[INFO] [stdout]                                at /rustc/82e1608dfa6e0b5569232559e3d385fea5a93112/library/core/src/ops/function.rs:250:5
[INFO] [stdout]   42:     0x5600336d97f5 - <alloc::boxed::Box<F,A> as core::ops::function::FnOnce<Args>>::call_once::hc7eafaff61e32df9
[INFO] [stdout]                                at /rustc/82e1608dfa6e0b5569232559e3d385fea5a93112/library/alloc/src/boxed.rs:2007:9
[INFO] [stdout]   43:     0x5600336d97f5 - <alloc::boxed::Box<F,A> as core::ops::function::FnOnce<Args>>::call_once::h6ba4a5de48dd2304
[INFO] [stdout]                                at /rustc/82e1608dfa6e0b5569232559e3d385fea5a93112/library/alloc/src/boxed.rs:2007:9
[INFO] [stdout]   44:     0x5600336d97f5 - std::sys::unix::thread::Thread::new::thread_start::he469335aef763e45
[INFO] [stdout]                                at /rustc/82e1608dfa6e0b5569232559e3d385fea5a93112/library/std/src/sys/unix/thread.rs:108:17
[INFO] [stdout]   45:     0x7fd266963ac3 - <unknown>
[INFO] [stdout]   46:     0x7fd2669f4bf4 - __clone
[INFO] [stdout]   47:                0x0 - <unknown>
[INFO] [stdout] 
[INFO] [stdout] 
[INFO] [stdout] failures:
[INFO] [stdout]     e2e_tests::end_to_end_tests
[INFO] [stdout] 
[INFO] [stdout] test result: FAILED. 7 passed; 1 failed; 0 ignored; 0 measured; 0 filtered out; finished in 0.04s
[INFO] [stdout] 
[INFO] [stderr] error: test failed, to rerun pass `--bin lox`
[INFO] running `Command { std: "docker" "inspect" "81afeafe4e13bfd898ce27006aabd754a0814f2c686d3c4bc42df11d612b76bd", kill_on_drop: false }`
[INFO] running `Command { std: "docker" "rm" "-f" "81afeafe4e13bfd898ce27006aabd754a0814f2c686d3c4bc42df11d612b76bd", kill_on_drop: false }`
[INFO] [stdout] 81afeafe4e13bfd898ce27006aabd754a0814f2c686d3c4bc42df11d612b76bd
