[INFO] cloning repository https://github.com/mwalczyk/pga-axioms
[INFO] running `Command { std: "git" "-c" "credential.helper=" "-c" "credential.helper=/workspace/cargo-home/bin/git-credential-null" "clone" "--bare" "https://github.com/mwalczyk/pga-axioms" "/workspace/cache/git-repos/https%3A%2F%2Fgithub.com%2Fmwalczyk%2Fpga-axioms", kill_on_drop: false }`
[INFO] [stderr] Cloning into bare repository '/workspace/cache/git-repos/https%3A%2F%2Fgithub.com%2Fmwalczyk%2Fpga-axioms'...
[INFO] running `Command { std: "git" "rev-parse" "HEAD", kill_on_drop: false }`
[INFO] [stdout] 31beac0079115a649557bb30dde4df272b0b5cf6
[INFO] testing mwalczyk/pga-axioms against 1.75.0 for beta-1.76-1
[INFO] running `Command { std: "git" "clone" "/workspace/cache/git-repos/https%3A%2F%2Fgithub.com%2Fmwalczyk%2Fpga-axioms" "/workspace/builds/worker-5-tc1/source", kill_on_drop: false }`
[INFO] [stderr] Cloning into '/workspace/builds/worker-5-tc1/source'...
[INFO] [stderr] done.
[INFO] validating manifest of git repo https://github.com/mwalczyk/pga-axioms on toolchain 1.75.0
[INFO] running `Command { std: CARGO_HOME="/workspace/cargo-home" RUSTUP_HOME="/workspace/rustup-home" "/workspace/cargo-home/bin/cargo" "+1.75.0" "metadata" "--manifest-path" "Cargo.toml" "--no-deps", kill_on_drop: false }`
[INFO] started tweaking git repo https://github.com/mwalczyk/pga-axioms
[INFO] finished tweaking git repo https://github.com/mwalczyk/pga-axioms
[INFO] tweaked toml for git repo https://github.com/mwalczyk/pga-axioms written to /workspace/builds/worker-5-tc1/source/Cargo.toml
[INFO] crate git repo https://github.com/mwalczyk/pga-axioms already has a lockfile, it will not be regenerated
[INFO] running `Command { std: CARGO_HOME="/workspace/cargo-home" RUSTUP_HOME="/workspace/rustup-home" "/workspace/cargo-home/bin/cargo" "+1.75.0" "fetch" "--manifest-path" "Cargo.toml", kill_on_drop: false }`
[INFO] [stderr]  Downloading crates ...
[INFO] [stderr]   Downloaded wasm-bindgen-test v0.3.20
[INFO] [stderr]   Downloaded wasm-bindgen-test-macro v0.3.20
[INFO] running `Command { std: "docker" "create" "-v" "/var/lib/crater-agent-workspace/builds/worker-5-tc1/target:/opt/rustwide/target:rw,Z" "-v" "/var/lib/crater-agent-workspace/builds/worker-5-tc1/source:/opt/rustwide/workdir:ro,Z" "-v" "/var/lib/crater-agent-workspace/cargo-home:/opt/rustwide/cargo-home:ro,Z" "-v" "/var/lib/crater-agent-workspace/rustup-home:/opt/rustwide/rustup-home:ro,Z" "-e" "SOURCE_DIR=/opt/rustwide/workdir" "-e" "CARGO_TARGET_DIR=/opt/rustwide/target" "-e" "CARGO_HOME=/opt/rustwide/cargo-home" "-e" "RUSTUP_HOME=/opt/rustwide/rustup-home" "-w" "/opt/rustwide/workdir" "-m" "1610612736" "--user" "0:0" "--network" "none" "ghcr.io/rust-lang/crates-build-env/linux@sha256:2788e3201cd34a07e3172128adcd8b3090168a8e3bcc40d7c032b9dda1df7d1c" "/opt/rustwide/cargo-home/bin/cargo" "+1.75.0" "metadata" "--no-deps" "--format-version=1", kill_on_drop: false }`
[INFO] [stdout] 3e404ae2eea65731d91a46cbfea8fdc2056a1ab8a8b6aa9af7bddd2d1be80cc8
[INFO] running `Command { std: "docker" "start" "-a" "3e404ae2eea65731d91a46cbfea8fdc2056a1ab8a8b6aa9af7bddd2d1be80cc8", kill_on_drop: false }`
[INFO] running `Command { std: "docker" "inspect" "3e404ae2eea65731d91a46cbfea8fdc2056a1ab8a8b6aa9af7bddd2d1be80cc8", kill_on_drop: false }`
[INFO] running `Command { std: "docker" "rm" "-f" "3e404ae2eea65731d91a46cbfea8fdc2056a1ab8a8b6aa9af7bddd2d1be80cc8", kill_on_drop: false }`
[INFO] [stdout] 3e404ae2eea65731d91a46cbfea8fdc2056a1ab8a8b6aa9af7bddd2d1be80cc8
[INFO] running `Command { std: "docker" "create" "-v" "/var/lib/crater-agent-workspace/builds/worker-5-tc1/target:/opt/rustwide/target:rw,Z" "-v" "/var/lib/crater-agent-workspace/builds/worker-5-tc1/source:/opt/rustwide/workdir:ro,Z" "-v" "/var/lib/crater-agent-workspace/cargo-home:/opt/rustwide/cargo-home:ro,Z" "-v" "/var/lib/crater-agent-workspace/rustup-home:/opt/rustwide/rustup-home:ro,Z" "-e" "SOURCE_DIR=/opt/rustwide/workdir" "-e" "CARGO_TARGET_DIR=/opt/rustwide/target" "-e" "CARGO_INCREMENTAL=0" "-e" "RUST_BACKTRACE=full" "-e" "RUSTFLAGS=--cap-lints=warn" "-e" "RUSTDOCFLAGS=--cap-lints=warn" "-e" "CARGO_HOME=/opt/rustwide/cargo-home" "-e" "RUSTUP_HOME=/opt/rustwide/rustup-home" "-w" "/opt/rustwide/workdir" "-m" "1610612736" "--user" "0:0" "--network" "none" "ghcr.io/rust-lang/crates-build-env/linux@sha256:2788e3201cd34a07e3172128adcd8b3090168a8e3bcc40d7c032b9dda1df7d1c" "/opt/rustwide/cargo-home/bin/cargo" "+1.75.0" "build" "--frozen" "--message-format=json", kill_on_drop: false }`
[INFO] [stdout] 752ad5b37c53bc1e034ba70e72a3b969ca6e5e9ebae2cd8e6e70cb5da0fc7abe
[INFO] running `Command { std: "docker" "start" "-a" "752ad5b37c53bc1e034ba70e72a3b969ca6e5e9ebae2cd8e6e70cb5da0fc7abe", kill_on_drop: false }`
[INFO] [stderr]    Compiling proc-macro2 v1.0.24
[INFO] [stderr]    Compiling unicode-xid v0.2.1
[INFO] [stderr]    Compiling syn v1.0.60
[INFO] [stderr]    Compiling log v0.4.13
[INFO] [stderr]    Compiling wasm-bindgen-shared v0.2.70
[INFO] [stderr]    Compiling serde_derive v1.0.123
[INFO] [stderr]    Compiling cfg-if v0.1.10
[INFO] [stderr]    Compiling serde v1.0.123
[INFO] [stderr]    Compiling lazy_static v1.4.0
[INFO] [stderr]    Compiling bumpalo v3.5.0
[INFO] [stderr]    Compiling ryu v1.0.5
[INFO] [stderr]    Compiling serde_json v1.0.61
[INFO] [stderr]    Compiling wasm-bindgen v0.2.70
[INFO] [stderr]    Compiling itoa v0.4.7
[INFO] [stderr]    Compiling cfg-if v1.0.0
[INFO] [stderr]    Compiling quote v1.0.8
[INFO] [stderr]    Compiling wasm-bindgen-backend v0.2.70
[INFO] [stderr]    Compiling wasm-bindgen-macro-support v0.2.70
[INFO] [stderr]    Compiling wasm-bindgen-macro v0.2.70
[INFO] [stderr]    Compiling js-sys v0.3.47
[INFO] [stderr]    Compiling console_error_panic_hook v0.1.6
[INFO] [stderr]    Compiling web-sys v0.3.47
[INFO] [stderr]    Compiling pga_axioms v0.1.0 (/opt/rustwide/workdir)
[INFO] [stderr]     Finished dev [unoptimized + debuginfo] target(s) in 20.81s
[INFO] running `Command { std: "docker" "inspect" "752ad5b37c53bc1e034ba70e72a3b969ca6e5e9ebae2cd8e6e70cb5da0fc7abe", kill_on_drop: false }`
[INFO] running `Command { std: "docker" "rm" "-f" "752ad5b37c53bc1e034ba70e72a3b969ca6e5e9ebae2cd8e6e70cb5da0fc7abe", kill_on_drop: false }`
[INFO] [stdout] 752ad5b37c53bc1e034ba70e72a3b969ca6e5e9ebae2cd8e6e70cb5da0fc7abe
[INFO] running `Command { std: "docker" "create" "-v" "/var/lib/crater-agent-workspace/builds/worker-5-tc1/target:/opt/rustwide/target:rw,Z" "-v" "/var/lib/crater-agent-workspace/builds/worker-5-tc1/source:/opt/rustwide/workdir:ro,Z" "-v" "/var/lib/crater-agent-workspace/cargo-home:/opt/rustwide/cargo-home:ro,Z" "-v" "/var/lib/crater-agent-workspace/rustup-home:/opt/rustwide/rustup-home:ro,Z" "-e" "SOURCE_DIR=/opt/rustwide/workdir" "-e" "CARGO_TARGET_DIR=/opt/rustwide/target" "-e" "CARGO_INCREMENTAL=0" "-e" "RUST_BACKTRACE=full" "-e" "RUSTFLAGS=--cap-lints=warn" "-e" "RUSTDOCFLAGS=--cap-lints=warn" "-e" "CARGO_HOME=/opt/rustwide/cargo-home" "-e" "RUSTUP_HOME=/opt/rustwide/rustup-home" "-w" "/opt/rustwide/workdir" "-m" "1610612736" "--user" "0:0" "--network" "none" "ghcr.io/rust-lang/crates-build-env/linux@sha256:2788e3201cd34a07e3172128adcd8b3090168a8e3bcc40d7c032b9dda1df7d1c" "/opt/rustwide/cargo-home/bin/cargo" "+1.75.0" "test" "--frozen" "--no-run" "--message-format=json", kill_on_drop: false }`
[INFO] [stdout] a771cf28f2295d9ff399cecb0c19561bd4a20ffa1b2e0e779533a340d89b233e
[INFO] running `Command { std: "docker" "start" "-a" "a771cf28f2295d9ff399cecb0c19561bd4a20ffa1b2e0e779533a340d89b233e", kill_on_drop: false }`
[INFO] [stderr]    Compiling wasm-bindgen-futures v0.4.20
[INFO] [stderr]    Compiling wasm-bindgen-test-macro v0.3.20
[INFO] [stderr]    Compiling scoped-tls v1.0.0
[INFO] [stderr]    Compiling wasm-bindgen-test v0.3.20
[INFO] [stderr]    Compiling pga_axioms v0.1.0 (/opt/rustwide/workdir)
[INFO] [stderr]     Finished test [unoptimized + debuginfo] target(s) in 2.06s
[INFO] running `Command { std: "docker" "inspect" "a771cf28f2295d9ff399cecb0c19561bd4a20ffa1b2e0e779533a340d89b233e", kill_on_drop: false }`
[INFO] running `Command { std: "docker" "rm" "-f" "a771cf28f2295d9ff399cecb0c19561bd4a20ffa1b2e0e779533a340d89b233e", kill_on_drop: false }`
[INFO] [stdout] a771cf28f2295d9ff399cecb0c19561bd4a20ffa1b2e0e779533a340d89b233e
[INFO] running `Command { std: "docker" "create" "-v" "/var/lib/crater-agent-workspace/builds/worker-5-tc1/target:/opt/rustwide/target:rw,Z" "-v" "/var/lib/crater-agent-workspace/builds/worker-5-tc1/source:/opt/rustwide/workdir:ro,Z" "-v" "/var/lib/crater-agent-workspace/cargo-home:/opt/rustwide/cargo-home:ro,Z" "-v" "/var/lib/crater-agent-workspace/rustup-home:/opt/rustwide/rustup-home:ro,Z" "-e" "SOURCE_DIR=/opt/rustwide/workdir" "-e" "CARGO_TARGET_DIR=/opt/rustwide/target" "-e" "CARGO_INCREMENTAL=0" "-e" "RUST_BACKTRACE=full" "-e" "RUSTFLAGS=--cap-lints=warn" "-e" "RUSTDOCFLAGS=--cap-lints=warn" "-e" "CARGO_HOME=/opt/rustwide/cargo-home" "-e" "RUSTUP_HOME=/opt/rustwide/rustup-home" "-w" "/opt/rustwide/workdir" "-m" "1610612736" "--user" "0:0" "--network" "none" "ghcr.io/rust-lang/crates-build-env/linux@sha256:2788e3201cd34a07e3172128adcd8b3090168a8e3bcc40d7c032b9dda1df7d1c" "/opt/rustwide/cargo-home/bin/cargo" "+1.75.0" "test" "--frozen", kill_on_drop: false }`
[INFO] [stdout] c296626a97ea3105248f9123f2d09d4fee55abcf44c57135ca37188504d7d8da
[INFO] running `Command { std: "docker" "start" "-a" "c296626a97ea3105248f9123f2d09d4fee55abcf44c57135ca37188504d7d8da", kill_on_drop: false }`
[INFO] [stderr]     Finished test [unoptimized + debuginfo] target(s) in 0.05s
[INFO] [stderr]      Running unittests src/lib.rs (/opt/rustwide/target/debug/deps/pga_axioms-153129d245c4290e)
[INFO] [stdout] 
[INFO] [stdout] running 12 tests
[INFO] [stdout] test geometry::tests::test_projections ... ok
[INFO] [stdout] test multivector::tests::test_geometric_product ... ok
[INFO] [stdout] test multivector::tests::test_display ... ok
[INFO] [stdout] test multivector::tests::test_inverse ... ok
[INFO] [stdout] test multivector::tests::test_basis_elements ... ok
[INFO] [stdout] test multivector::tests::test_pga_cheatsheet_formulas ... ok
[INFO] [stdout] test multivector::tests::test_join_and_meet ... ok
[INFO] [stderr]    Doc-tests pga_axioms
[INFO] [stdout] test multivector::tests::test_inner_product ... ok
[INFO] [stdout] test multivector::tests::test_constructors ... ok
[INFO] [stdout] test multivector::tests::test_outer_product ... ok
[INFO] [stdout] test multivector::tests::test_rotors_and_translators ... ok
[INFO] [stdout] test multivector::tests::test_norm ... ok
[INFO] [stdout] 
[INFO] [stdout] test result: ok. 12 passed; 0 failed; 0 ignored; 0 measured; 0 filtered out; finished in 0.03s
[INFO] [stdout] 
[INFO] [stdout] 
[INFO] [stdout] running 1 test
[INFO] [stderr] error: doctest failed, to rerun pass `--doc`
[INFO] [stdout] test src/multivector.rs - multivector::Multivector (line 81) ... FAILED
[INFO] [stdout] 
[INFO] [stdout] failures:
[INFO] [stdout] 
[INFO] [stdout] ---- src/multivector.rs - multivector::Multivector (line 81) stdout ----
[INFO] [stdout] error: unknown start of token: `
[INFO] [stdout]  --> src/multivector.rs:82:1
[INFO] [stdout]   |
[INFO] [stdout] 3 | `A + B*e0 + C*e1 + D*e2 + E*e01 + F*e20 + G*e12 + H*e012`
[INFO] [stdout]   | ^
[INFO] [stdout]   |
[INFO] [stdout] help: Unicode character '`' (Grave Accent) looks like ''' (Single Quote), but it is not
[INFO] [stdout]   |
[INFO] [stdout] 3 | 'A + B*e0 + C*e1 + D*e2 + E*e01 + F*e20 + G*e12 + H*e012`
[INFO] [stdout]   | ~
[INFO] [stdout] 
[INFO] [stdout] error: unknown start of token: `
[INFO] [stdout]  --> src/multivector.rs:82:57
[INFO] [stdout]   |
[INFO] [stdout] 3 | `A + B*e0 + C*e1 + D*e2 + E*e01 + F*e20 + G*e12 + H*e012`
[INFO] [stdout]   |                                                         ^
[INFO] [stdout]   |
[INFO] [stdout] help: Unicode character '`' (Grave Accent) looks like ''' (Single Quote), but it is not
[INFO] [stdout]   |
[INFO] [stdout] 3 | `A + B*e0 + C*e1 + D*e2 + E*e01 + F*e20 + G*e12 + H*e012'
[INFO] [stdout]   |                                                         ~
[INFO] [stdout] 
[INFO] [stdout] error[E0425]: cannot find value `A` in this scope
[INFO] [stdout]  --> src/multivector.rs:82:2
[INFO] [stdout]   |
[INFO] [stdout] 3 | `A + B*e0 + C*e1 + D*e2 + E*e01 + F*e20 + G*e12 + H*e012`
[INFO] [stdout]   |  ^ not found in this scope
[INFO] [stdout]   |
[INFO] [stdout] help: you might be missing a const parameter
[INFO] [stdout]   |
[INFO] [stdout] 2 | fn main() { #[allow(non_snake_case)] fn _doctest_main_src_multivector_rs_81_0<const A: /* Type */>() {
[INFO] [stdout]   |                                                                              +++++++++++++++++++++
[INFO] [stdout] 
[INFO] [stdout] error[E0425]: cannot find value `B` in this scope
[INFO] [stdout]  --> src/multivector.rs:82:6
[INFO] [stdout]   |
[INFO] [stdout] 3 | `A + B*e0 + C*e1 + D*e2 + E*e01 + F*e20 + G*e12 + H*e012`
[INFO] [stdout]   |      ^ not found in this scope
[INFO] [stdout]   |
[INFO] [stdout] help: you might be missing a const parameter
[INFO] [stdout]   |
[INFO] [stdout] 2 | fn main() { #[allow(non_snake_case)] fn _doctest_main_src_multivector_rs_81_0<const B: /* Type */>() {
[INFO] [stdout]   |                                                                              +++++++++++++++++++++
[INFO] [stdout] 
[INFO] [stdout] error[E0425]: cannot find value `e0` in this scope
[INFO] [stdout]  --> src/multivector.rs:82:8
[INFO] [stdout]   |
[INFO] [stdout] 3 | `A + B*e0 + C*e1 + D*e2 + E*e01 + F*e20 + G*e12 + H*e012`
[INFO] [stdout]   |        ^^ not found in this scope
[INFO] [stdout] 
[INFO] [stdout] error[E0425]: cannot find value `C` in this scope
[INFO] [stdout]  --> src/multivector.rs:82:13
[INFO] [stdout]   |
[INFO] [stdout] 3 | `A + B*e0 + C*e1 + D*e2 + E*e01 + F*e20 + G*e12 + H*e012`
[INFO] [stdout]   |             ^ not found in this scope
[INFO] [stdout]   |
[INFO] [stdout] help: you might be missing a const parameter
[INFO] [stdout]   |
[INFO] [stdout] 2 | fn main() { #[allow(non_snake_case)] fn _doctest_main_src_multivector_rs_81_0<const C: /* Type */>() {
[INFO] [stdout]   |                                                                              +++++++++++++++++++++
[INFO] [stdout] 
[INFO] [stdout] error[E0425]: cannot find value `e1` in this scope
[INFO] [stdout]  --> src/multivector.rs:82:15
[INFO] [stdout]   |
[INFO] [stdout] 3 | `A + B*e0 + C*e1 + D*e2 + E*e01 + F*e20 + G*e12 + H*e012`
[INFO] [stdout]   |               ^^ not found in this scope
[INFO] [stdout] 
[INFO] [stdout] error[E0425]: cannot find value `D` in this scope
[INFO] [stdout]  --> src/multivector.rs:82:20
[INFO] [stdout]   |
[INFO] [stdout] 3 | `A + B*e0 + C*e1 + D*e2 + E*e01 + F*e20 + G*e12 + H*e012`
[INFO] [stdout]   |                    ^ not found in this scope
[INFO] [stdout]   |
[INFO] [stdout] help: you might be missing a const parameter
[INFO] [stdout]   |
[INFO] [stdout] 2 | fn main() { #[allow(non_snake_case)] fn _doctest_main_src_multivector_rs_81_0<const D: /* Type */>() {
[INFO] [stdout]   |                                                                              +++++++++++++++++++++
[INFO] [stdout] 
[INFO] [stdout] error[E0425]: cannot find value `e2` in this scope
[INFO] [stdout]  --> src/multivector.rs:82:22
[INFO] [stdout]   |
[INFO] [stdout] 3 | `A + B*e0 + C*e1 + D*e2 + E*e01 + F*e20 + G*e12 + H*e012`
[INFO] [stdout]   |                      ^^ not found in this scope
[INFO] [stdout] 
[INFO] [stdout] error[E0425]: cannot find value `E` in this scope
[INFO] [stdout]  --> src/multivector.rs:82:27
[INFO] [stdout]   |
[INFO] [stdout] 3 | `A + B*e0 + C*e1 + D*e2 + E*e01 + F*e20 + G*e12 + H*e012`
[INFO] [stdout]   |                           ^ not found in this scope
[INFO] [stdout]   |
[INFO] [stdout] help: consider importing one of these items
[INFO] [stdout]   |
[INFO] [stdout] 2 + use core::f32::consts::E;
[INFO] [stdout]   |
[INFO] [stdout] 2 + use core::f64::consts::E;
[INFO] [stdout]   |
[INFO] [stdout] 2 + use std::f32::consts::E;
[INFO] [stdout]   |
[INFO] [stdout] 2 + use std::f64::consts::E;
[INFO] [stdout]   |
[INFO] [stdout] 
[INFO] [stdout] error[E0425]: cannot find value `e01` in this scope
[INFO] [stdout]  --> src/multivector.rs:82:29
[INFO] [stdout]   |
[INFO] [stdout] 3 | `A + B*e0 + C*e1 + D*e2 + E*e01 + F*e20 + G*e12 + H*e012`
[INFO] [stdout]   |                             ^^^ not found in this scope
[INFO] [stdout] 
[INFO] [stdout] error[E0425]: cannot find value `F` in this scope
[INFO] [stdout]  --> src/multivector.rs:82:35
[INFO] [stdout]   |
[INFO] [stdout] 3 | `A + B*e0 + C*e1 + D*e2 + E*e01 + F*e20 + G*e12 + H*e012`
[INFO] [stdout]   |                                   ^ not found in this scope
[INFO] [stdout]   |
[INFO] [stdout] help: you might be missing a const parameter
[INFO] [stdout]   |
[INFO] [stdout] 2 | fn main() { #[allow(non_snake_case)] fn _doctest_main_src_multivector_rs_81_0<const F: /* Type */>() {
[INFO] [stdout]   |                                                                              +++++++++++++++++++++
[INFO] [stdout] 
[INFO] [stdout] error[E0425]: cannot find value `e20` in this scope
[INFO] [stdout]  --> src/multivector.rs:82:37
[INFO] [stdout]   |
[INFO] [stdout] 3 | `A + B*e0 + C*e1 + D*e2 + E*e01 + F*e20 + G*e12 + H*e012`
[INFO] [stdout]   |                                     ^^^ not found in this scope
[INFO] [stdout] 
[INFO] [stdout] error[E0425]: cannot find value `G` in this scope
[INFO] [stdout]  --> src/multivector.rs:82:43
[INFO] [stdout]   |
[INFO] [stdout] 3 | `A + B*e0 + C*e1 + D*e2 + E*e01 + F*e20 + G*e12 + H*e012`
[INFO] [stdout]   |                                           ^ not found in this scope
[INFO] [stdout]   |
[INFO] [stdout] help: you might be missing a const parameter
[INFO] [stdout]   |
[INFO] [stdout] 2 | fn main() { #[allow(non_snake_case)] fn _doctest_main_src_multivector_rs_81_0<const G: /* Type */>() {
[INFO] [stdout]   |                                                                              +++++++++++++++++++++
[INFO] [stdout] 
[INFO] [stdout] error[E0425]: cannot find value `e12` in this scope
[INFO] [stdout]  --> src/multivector.rs:82:45
[INFO] [stdout]   |
[INFO] [stdout] 3 | `A + B*e0 + C*e1 + D*e2 + E*e01 + F*e20 + G*e12 + H*e012`
[INFO] [stdout]   |                                             ^^^ not found in this scope
[INFO] [stdout] 
[INFO] [stdout] error[E0425]: cannot find value `H` in this scope
[INFO] [stdout]  --> src/multivector.rs:82:51
[INFO] [stdout]   |
[INFO] [stdout] 3 | `A + B*e0 + C*e1 + D*e2 + E*e01 + F*e20 + G*e12 + H*e012`
[INFO] [stdout]   |                                                   ^ not found in this scope
[INFO] [stdout]   |
[INFO] [stdout] help: you might be missing a const parameter
[INFO] [stdout]   |
[INFO] [stdout] 2 | fn main() { #[allow(non_snake_case)] fn _doctest_main_src_multivector_rs_81_0<const H: /* Type */>() {
[INFO] [stdout]   |                                                                              +++++++++++++++++++++
[INFO] [stdout] 
[INFO] [stdout] error[E0425]: cannot find value `e012` in this scope
[INFO] [stdout]  --> src/multivector.rs:82:53
[INFO] [stdout]   |
[INFO] [stdout] 3 | `A + B*e0 + C*e1 + D*e2 + E*e01 + F*e20 + G*e12 + H*e012`
[INFO] [stdout]   |                                                     ^^^^ not found in this scope
[INFO] [stdout] 
[INFO] [stdout] error: aborting due to 17 previous errors
[INFO] [stdout] 
[INFO] [stdout] For more information about this error, try `rustc --explain E0425`.
[INFO] [stdout] Couldn't compile the test.
[INFO] [stdout] 
[INFO] [stdout] failures:
[INFO] [stdout]     src/multivector.rs - multivector::Multivector (line 81)
[INFO] [stdout] 
[INFO] [stdout] test result: FAILED. 0 passed; 1 failed; 0 ignored; 0 measured; 0 filtered out; finished in 0.10s
[INFO] [stdout] 
[INFO] running `Command { std: "docker" "inspect" "c296626a97ea3105248f9123f2d09d4fee55abcf44c57135ca37188504d7d8da", kill_on_drop: false }`
[INFO] running `Command { std: "docker" "rm" "-f" "c296626a97ea3105248f9123f2d09d4fee55abcf44c57135ca37188504d7d8da", kill_on_drop: false }`
[INFO] [stdout] c296626a97ea3105248f9123f2d09d4fee55abcf44c57135ca37188504d7d8da
[INFO] testing mwalczyk/pga-axioms against beta-2023-12-22 for beta-1.76-1
[INFO] running `Command { std: "git" "clone" "/workspace/cache/git-repos/https%3A%2F%2Fgithub.com%2Fmwalczyk%2Fpga-axioms" "/workspace/builds/worker-5-tc2/source", kill_on_drop: false }`
[INFO] [stderr] Cloning into '/workspace/builds/worker-5-tc2/source'...
[INFO] [stderr] done.
[INFO] validating manifest of git repo https://github.com/mwalczyk/pga-axioms on toolchain beta-2023-12-22
[INFO] running `Command { std: CARGO_HOME="/workspace/cargo-home" RUSTUP_HOME="/workspace/rustup-home" "/workspace/cargo-home/bin/cargo" "+beta-2023-12-22" "metadata" "--manifest-path" "Cargo.toml" "--no-deps", kill_on_drop: false }`
[INFO] started tweaking git repo https://github.com/mwalczyk/pga-axioms
[INFO] finished tweaking git repo https://github.com/mwalczyk/pga-axioms
[INFO] tweaked toml for git repo https://github.com/mwalczyk/pga-axioms written to /workspace/builds/worker-5-tc2/source/Cargo.toml
[INFO] crate git repo https://github.com/mwalczyk/pga-axioms already has a lockfile, it will not be regenerated
[INFO] running `Command { std: CARGO_HOME="/workspace/cargo-home" RUSTUP_HOME="/workspace/rustup-home" "/workspace/cargo-home/bin/cargo" "+beta-2023-12-22" "fetch" "--manifest-path" "Cargo.toml", kill_on_drop: false }`
[INFO] [stderr]     Blocking waiting for file lock on package cache
[INFO] running `Command { std: "docker" "create" "-v" "/var/lib/crater-agent-workspace/builds/worker-5-tc2/target:/opt/rustwide/target:rw,Z" "-v" "/var/lib/crater-agent-workspace/builds/worker-5-tc2/source:/opt/rustwide/workdir:ro,Z" "-v" "/var/lib/crater-agent-workspace/cargo-home:/opt/rustwide/cargo-home:ro,Z" "-v" "/var/lib/crater-agent-workspace/rustup-home:/opt/rustwide/rustup-home:ro,Z" "-e" "SOURCE_DIR=/opt/rustwide/workdir" "-e" "CARGO_TARGET_DIR=/opt/rustwide/target" "-e" "CARGO_HOME=/opt/rustwide/cargo-home" "-e" "RUSTUP_HOME=/opt/rustwide/rustup-home" "-w" "/opt/rustwide/workdir" "-m" "1610612736" "--user" "0:0" "--network" "none" "ghcr.io/rust-lang/crates-build-env/linux@sha256:2788e3201cd34a07e3172128adcd8b3090168a8e3bcc40d7c032b9dda1df7d1c" "/opt/rustwide/cargo-home/bin/cargo" "+beta-2023-12-22" "metadata" "--no-deps" "--format-version=1", kill_on_drop: false }`
[INFO] [stdout] bdb7bdf1e01b3bb6981661a53aac6a610e545dccd0aaf7a6a47a887fe5f301ea
[INFO] running `Command { std: "docker" "start" "-a" "bdb7bdf1e01b3bb6981661a53aac6a610e545dccd0aaf7a6a47a887fe5f301ea", kill_on_drop: false }`
[INFO] running `Command { std: "docker" "inspect" "bdb7bdf1e01b3bb6981661a53aac6a610e545dccd0aaf7a6a47a887fe5f301ea", kill_on_drop: false }`
[INFO] running `Command { std: "docker" "rm" "-f" "bdb7bdf1e01b3bb6981661a53aac6a610e545dccd0aaf7a6a47a887fe5f301ea", kill_on_drop: false }`
[INFO] [stdout] bdb7bdf1e01b3bb6981661a53aac6a610e545dccd0aaf7a6a47a887fe5f301ea
[INFO] running `Command { std: "docker" "create" "-v" "/var/lib/crater-agent-workspace/builds/worker-5-tc2/target:/opt/rustwide/target:rw,Z" "-v" "/var/lib/crater-agent-workspace/builds/worker-5-tc2/source:/opt/rustwide/workdir:ro,Z" "-v" "/var/lib/crater-agent-workspace/cargo-home:/opt/rustwide/cargo-home:ro,Z" "-v" "/var/lib/crater-agent-workspace/rustup-home:/opt/rustwide/rustup-home:ro,Z" "-e" "SOURCE_DIR=/opt/rustwide/workdir" "-e" "CARGO_TARGET_DIR=/opt/rustwide/target" "-e" "CARGO_INCREMENTAL=0" "-e" "RUST_BACKTRACE=full" "-e" "RUSTFLAGS=--cap-lints=warn" "-e" "RUSTDOCFLAGS=--cap-lints=warn" "-e" "CARGO_HOME=/opt/rustwide/cargo-home" "-e" "RUSTUP_HOME=/opt/rustwide/rustup-home" "-w" "/opt/rustwide/workdir" "-m" "1610612736" "--user" "0:0" "--network" "none" "ghcr.io/rust-lang/crates-build-env/linux@sha256:2788e3201cd34a07e3172128adcd8b3090168a8e3bcc40d7c032b9dda1df7d1c" "/opt/rustwide/cargo-home/bin/cargo" "+beta-2023-12-22" "build" "--frozen" "--message-format=json", kill_on_drop: false }`
[INFO] [stdout] c907adbc2394ffb60d83bf8676b1f7cbd3136a19dfb371c68c1681de03fd1def
[INFO] running `Command { std: "docker" "start" "-a" "c907adbc2394ffb60d83bf8676b1f7cbd3136a19dfb371c68c1681de03fd1def", kill_on_drop: false }`
[INFO] [stderr]    Compiling proc-macro2 v1.0.24
[INFO] [stderr]    Compiling unicode-xid v0.2.1
[INFO] [stderr]    Compiling syn v1.0.60
[INFO] [stderr]    Compiling log v0.4.13
[INFO] [stderr]    Compiling wasm-bindgen-shared v0.2.70
[INFO] [stderr]    Compiling cfg-if v0.1.10
[INFO] [stderr]    Compiling serde_derive v1.0.123
[INFO] [stderr]    Compiling serde v1.0.123
[INFO] [stderr]    Compiling lazy_static v1.4.0
[INFO] [stderr]    Compiling ryu v1.0.5
[INFO] [stderr]    Compiling bumpalo v3.5.0
[INFO] [stderr]    Compiling serde_json v1.0.61
[INFO] [stderr]    Compiling itoa v0.4.7
[INFO] [stderr]    Compiling wasm-bindgen v0.2.70
[INFO] [stderr]    Compiling cfg-if v1.0.0
[INFO] [stderr]    Compiling quote v1.0.8
[INFO] [stderr]    Compiling wasm-bindgen-backend v0.2.70
[INFO] [stderr]    Compiling wasm-bindgen-macro-support v0.2.70
[INFO] [stderr]    Compiling wasm-bindgen-macro v0.2.70
[INFO] [stderr]    Compiling js-sys v0.3.47
[INFO] [stderr]    Compiling console_error_panic_hook v0.1.6
[INFO] [stderr]    Compiling web-sys v0.3.47
[INFO] [stderr]    Compiling pga_axioms v0.1.0 (/opt/rustwide/workdir)
[INFO] [stderr]     Finished dev [unoptimized + debuginfo] target(s) in 21.94s
[INFO] running `Command { std: "docker" "inspect" "c907adbc2394ffb60d83bf8676b1f7cbd3136a19dfb371c68c1681de03fd1def", kill_on_drop: false }`
[INFO] running `Command { std: "docker" "rm" "-f" "c907adbc2394ffb60d83bf8676b1f7cbd3136a19dfb371c68c1681de03fd1def", kill_on_drop: false }`
[INFO] [stdout] c907adbc2394ffb60d83bf8676b1f7cbd3136a19dfb371c68c1681de03fd1def
[INFO] running `Command { std: "docker" "create" "-v" "/var/lib/crater-agent-workspace/builds/worker-5-tc2/target:/opt/rustwide/target:rw,Z" "-v" "/var/lib/crater-agent-workspace/builds/worker-5-tc2/source:/opt/rustwide/workdir:ro,Z" "-v" "/var/lib/crater-agent-workspace/cargo-home:/opt/rustwide/cargo-home:ro,Z" "-v" "/var/lib/crater-agent-workspace/rustup-home:/opt/rustwide/rustup-home:ro,Z" "-e" "SOURCE_DIR=/opt/rustwide/workdir" "-e" "CARGO_TARGET_DIR=/opt/rustwide/target" "-e" "CARGO_INCREMENTAL=0" "-e" "RUST_BACKTRACE=full" "-e" "RUSTFLAGS=--cap-lints=warn" "-e" "RUSTDOCFLAGS=--cap-lints=warn" "-e" "CARGO_HOME=/opt/rustwide/cargo-home" "-e" "RUSTUP_HOME=/opt/rustwide/rustup-home" "-w" "/opt/rustwide/workdir" "-m" "1610612736" "--user" "0:0" "--network" "none" "ghcr.io/rust-lang/crates-build-env/linux@sha256:2788e3201cd34a07e3172128adcd8b3090168a8e3bcc40d7c032b9dda1df7d1c" "/opt/rustwide/cargo-home/bin/cargo" "+beta-2023-12-22" "test" "--frozen" "--no-run" "--message-format=json", kill_on_drop: false }`
[INFO] [stdout] 8e2a2b0f25f3ab27794d2ad52aaf226b3ba36f99dd7d70c089af525a0846f969
[INFO] running `Command { std: "docker" "start" "-a" "8e2a2b0f25f3ab27794d2ad52aaf226b3ba36f99dd7d70c089af525a0846f969", kill_on_drop: false }`
[INFO] [stderr]    Compiling scoped-tls v1.0.0
[INFO] [stderr]    Compiling wasm-bindgen-test-macro v0.3.20
[INFO] [stderr]    Compiling wasm-bindgen-futures v0.4.20
[INFO] [stderr]    Compiling wasm-bindgen-test v0.3.20
[INFO] [stderr]    Compiling pga_axioms v0.1.0 (/opt/rustwide/workdir)
[INFO] [stderr]     Finished test [unoptimized + debuginfo] target(s) in 2.11s
[INFO] running `Command { std: "docker" "inspect" "8e2a2b0f25f3ab27794d2ad52aaf226b3ba36f99dd7d70c089af525a0846f969", kill_on_drop: false }`
[INFO] running `Command { std: "docker" "rm" "-f" "8e2a2b0f25f3ab27794d2ad52aaf226b3ba36f99dd7d70c089af525a0846f969", kill_on_drop: false }`
[INFO] [stdout] 8e2a2b0f25f3ab27794d2ad52aaf226b3ba36f99dd7d70c089af525a0846f969
[INFO] running `Command { std: "docker" "create" "-v" "/var/lib/crater-agent-workspace/builds/worker-5-tc2/target:/opt/rustwide/target:rw,Z" "-v" "/var/lib/crater-agent-workspace/builds/worker-5-tc2/source:/opt/rustwide/workdir:ro,Z" "-v" "/var/lib/crater-agent-workspace/cargo-home:/opt/rustwide/cargo-home:ro,Z" "-v" "/var/lib/crater-agent-workspace/rustup-home:/opt/rustwide/rustup-home:ro,Z" "-e" "SOURCE_DIR=/opt/rustwide/workdir" "-e" "CARGO_TARGET_DIR=/opt/rustwide/target" "-e" "CARGO_INCREMENTAL=0" "-e" "RUST_BACKTRACE=full" "-e" "RUSTFLAGS=--cap-lints=warn" "-e" "RUSTDOCFLAGS=--cap-lints=warn" "-e" "CARGO_HOME=/opt/rustwide/cargo-home" "-e" "RUSTUP_HOME=/opt/rustwide/rustup-home" "-w" "/opt/rustwide/workdir" "-m" "1610612736" "--user" "0:0" "--network" "none" "ghcr.io/rust-lang/crates-build-env/linux@sha256:2788e3201cd34a07e3172128adcd8b3090168a8e3bcc40d7c032b9dda1df7d1c" "/opt/rustwide/cargo-home/bin/cargo" "+beta-2023-12-22" "test" "--frozen", kill_on_drop: false }`
[INFO] [stdout] 8b0a01a45aba8d1c9d4e0665130eed381966de66aa806bf7de11411bf8365f0e
[INFO] running `Command { std: "docker" "start" "-a" "8b0a01a45aba8d1c9d4e0665130eed381966de66aa806bf7de11411bf8365f0e", kill_on_drop: false }`
[INFO] [stderr]     Finished test [unoptimized + debuginfo] target(s) in 0.05s
[INFO] [stderr]      Running unittests src/lib.rs (/opt/rustwide/target/debug/deps/pga_axioms-9556874b0e8890f0)
[INFO] [stdout] 
[INFO] [stdout] running 12 tests
[INFO] [stdout] test multivector::tests::test_constructors ... ok
[INFO] [stdout] test geometry::tests::test_projections ... ok
[INFO] [stdout] test multivector::tests::test_inner_product ... ok
[INFO] [stdout] test multivector::tests::test_basis_elements ... ok
[INFO] [stdout] test multivector::tests::test_display ... ok
[INFO] [stdout] test multivector::tests::test_geometric_product ... ok
[INFO] [stdout] test multivector::tests::test_join_and_meet ... ok
[INFO] [stdout] test multivector::tests::test_outer_product ... ok
[INFO] [stdout] test multivector::tests::test_pga_cheatsheet_formulas ... ok
[INFO] [stdout] test multivector::tests::test_rotors_and_translators ... ok
[INFO] [stdout] test multivector::tests::test_inverse ... ok
[INFO] [stdout] test multivector::tests::test_norm ... ok
[INFO] [stdout] 
[INFO] [stdout] test result: ok. 12 passed; 0 failed; 0 ignored; 0 measured; 0 filtered out; finished in 0.06s
[INFO] [stdout] 
[INFO] [stderr]    Doc-tests pga_axioms
[INFO] [stdout] 
[INFO] [stdout] running 1 test
[INFO] [stdout] test src/multivector.rs - multivector::Multivector (line 81) ... FAILED
[INFO] [stdout] 
[INFO] [stdout] failures:
[INFO] [stdout] 
[INFO] [stdout] ---- src/multivector.rs - multivector::Multivector (line 81) stdout ----
[INFO] [stdout] error: unknown start of token: `
[INFO] [stdout]  --> src/multivector.rs:82:1
[INFO] [stdout]   |
[INFO] [stdout] 3 | `A + B*e0 + C*e1 + D*e2 + E*e01 + F*e20 + G*e12 + H*e012`
[INFO] [stdout]   | ^
[INFO] [stdout]   |
[INFO] [stdout] help: Unicode character '`' (Grave Accent) looks like ''' (Single Quote), but it is not
[INFO] [stdout]   |
[INFO] [stdout] 3 | 'A + B*e0 + C*e1 + D*e2 + E*e01 + F*e20 + G*e12 + H*e012`
[INFO] [stdout]   | ~
[INFO] [stdout] 
[INFO] [stdout] error: unknown start of token: `
[INFO] [stdout]  --> src/multivector.rs:82:57
[INFO] [stdout]   |
[INFO] [stdout] 3 | `A + B*e0 + C*e1 + D*e2 + E*e01 + F*e20 + G*e12 + H*e012`
[INFO] [stdout]   |                                                         ^
[INFO] [stdout]   |
[INFO] [stdout] help: Unicode character '`' (Grave Accent) looks like ''' (Single Quote), but it is not
[INFO] [stdout]   |
[INFO] [stdout] 3 | `A + B*e0 + C*e1 + D*e2 + E*e01 + F*e20 + G*e12 + H*e012'
[INFO] [stdout]   |                                                         ~
[INFO] [stdout] 
[INFO] [stdout] error[E0425]: cannot find value `A` in this scope
[INFO] [stdout]  --> src/multivector.rs:82:2
[INFO] [stdout]   |
[INFO] [stdout] 3 | `A + B*e0 + C*e1 + D*e2 + E*e01 + F*e20 + G*e12 + H*e012`
[INFO] [stdout]   |  ^ not found in this scope
[INFO] [stdout]   |
[INFO] [stdout] help: you might be missing a const parameter
[INFO] [stdout]   |
[INFO] [stdout] 2 | fn main() { #[allow(non_snake_case)] fn _doctest_main_src_multivector_rs_81_0<const A: /* Type */>() {
[INFO] [stdout]   |                                                                              +++++++++++++++++++++
[INFO] [stdout] 
[INFO] [stdout] error[E0425]: cannot find value `B` in this scope
[INFO] [stdout]  --> src/multivector.rs:82:6
[INFO] [stdout]   |
[INFO] [stdout] 3 | `A + B*e0 + C*e1 + D*e2 + E*e01 + F*e20 + G*e12 + H*e012`
[INFO] [stdout]   |      ^ not found in this scope
[INFO] [stdout]   |
[INFO] [stdout] help: you might be missing a const parameter
[INFO] [stdout]   |
[INFO] [stdout] 2 | fn main() { #[allow(non_snake_case)] fn _doctest_main_src_multivector_rs_81_0<const B: /* Type */>() {
[INFO] [stdout]   |                                                                              +++++++++++++++++++++
[INFO] [stdout] 
[INFO] [stdout] error[E0425]: cannot find value `e0` in this scope
[INFO] [stdout]  --> src/multivector.rs:82:8
[INFO] [stdout]   |
[INFO] [stdout] 3 | `A + B*e0 + C*e1 + D*e2 + E*e01 + F*e20 + G*e12 + H*e012`
[INFO] [stdout]   |        ^^ not found in this scope
[INFO] [stdout] 
[INFO] [stdout] error[E0425]: cannot find value `C` in this scope
[INFO] [stdout]  --> src/multivector.rs:82:13
[INFO] [stdout]   |
[INFO] [stdout] 3 | `A + B*e0 + C*e1 + D*e2 + E*e01 + F*e20 + G*e12 + H*e012`
[INFO] [stdout]   |             ^ not found in this scope
[INFO] [stdout]   |
[INFO] [stdout] help: you might be missing a const parameter
[INFO] [stdout]   |
[INFO] [stdout] 2 | fn main() { #[allow(non_snake_case)] fn _doctest_main_src_multivector_rs_81_0<const C: /* Type */>() {
[INFO] [stdout]   |                                                                              +++++++++++++++++++++
[INFO] [stdout] 
[INFO] [stdout] error[E0425]: cannot find value `e1` in this scope
[INFO] [stdout]  --> src/multivector.rs:82:15
[INFO] [stdout]   |
[INFO] [stdout] 3 | `A + B*e0 + C*e1 + D*e2 + E*e01 + F*e20 + G*e12 + H*e012`
[INFO] [stdout]   |               ^^ not found in this scope
[INFO] [stdout] 
[INFO] [stdout] error[E0425]: cannot find value `D` in this scope
[INFO] [stdout]  --> src/multivector.rs:82:20
[INFO] [stdout]   |
[INFO] [stdout] 3 | `A + B*e0 + C*e1 + D*e2 + E*e01 + F*e20 + G*e12 + H*e012`
[INFO] [stdout]   |                    ^ not found in this scope
[INFO] [stdout]   |
[INFO] [stdout] help: you might be missing a const parameter
[INFO] [stdout]   |
[INFO] [stdout] 2 | fn main() { #[allow(non_snake_case)] fn _doctest_main_src_multivector_rs_81_0<const D: /* Type */>() {
[INFO] [stdout]   |                                                                              +++++++++++++++++++++
[INFO] [stdout] 
[INFO] [stdout] error[E0425]: cannot find value `e2` in this scope
[INFO] [stdout]  --> src/multivector.rs:82:22
[INFO] [stdout]   |
[INFO] [stdout] 3 | `A + B*e0 + C*e1 + D*e2 + E*e01 + F*e20 + G*e12 + H*e012`
[INFO] [stdout]   |                      ^^ not found in this scope
[INFO] [stdout] 
[INFO] [stdout] error[E0425]: cannot find value `E` in this scope
[INFO] [stdout]  --> src/multivector.rs:82:27
[INFO] [stdout]   |
[INFO] [stdout] 3 | `A + B*e0 + C*e1 + D*e2 + E*e01 + F*e20 + G*e12 + H*e012`
[INFO] [stdout]   |                           ^ not found in this scope
[INFO] [stdout]   |
[INFO] [stdout] help: consider importing one of these items
[INFO] [stdout]   |
[INFO] [stdout] 2 + use core::f32::consts::E;
[INFO] [stdout]   |
[INFO] [stdout] 2 + use core::f64::consts::E;
[INFO] [stdout]   |
[INFO] [stdout] 2 + use std::f32::consts::E;
[INFO] [stdout]   |
[INFO] [stdout] 2 + use std::f64::consts::E;
[INFO] [stdout]   |
[INFO] [stdout] 
[INFO] [stdout] error[E0425]: cannot find value `e01` in this scope
[INFO] [stdout]  --> src/multivector.rs:82:29
[INFO] [stdout]   |
[INFO] [stdout] 3 | `A + B*e0 + C*e1 + D*e2 + E*e01 + F*e20 + G*e12 + H*e012`
[INFO] [stdout]   |                             ^^^ not found in this scope
[INFO] [stdout] 
[INFO] [stdout] error[E0425]: cannot find value `F` in this scope
[INFO] [stdout]  --> src/multivector.rs:82:35
[INFO] [stdout]   |
[INFO] [stdout] 3 | `A + B*e0 + C*e1 + D*e2 + E*e01 + F*e20 + G*e12 + H*e012`
[INFO] [stdout]   |                                   ^ not found in this scope
[INFO] [stdout]   |
[INFO] [stdout] help: you might be missing a const parameter
[INFO] [stdout]   |
[INFO] [stdout] 2 | fn main() { #[allow(non_snake_case)] fn _doctest_main_src_multivector_rs_81_0<const F: /* Type */>() {
[INFO] [stdout]   |                                                                              +++++++++++++++++++++
[INFO] [stdout] 
[INFO] [stdout] error[E0425]: cannot find value `e20` in this scope
[INFO] [stdout]  --> src/multivector.rs:82:37
[INFO] [stdout]   |
[INFO] [stdout] 3 | `A + B*e0 + C*e1 + D*e2 + E*e01 + F*e20 + G*e12 + H*e012`
[INFO] [stdout]   |                                     ^^^ not found in this scope
[INFO] [stdout] 
[INFO] [stdout] error[E0425]: cannot find value `G` in this scope
[INFO] [stdout]  --> src/multivector.rs:82:43
[INFO] [stdout]   |
[INFO] [stdout] 3 | `A + B*e0 + C*e1 + D*e2 + E*e01 + F*e20 + G*e12 + H*e012`
[INFO] [stdout]   |                                           ^ not found in this scope
[INFO] [stdout]   |
[INFO] [stdout] help: you might be missing a const parameter
[INFO] [stdout]   |
[INFO] [stdout] 2 | fn main() { #[allow(non_snake_case)] fn _doctest_main_src_multivector_rs_81_0<const G: /* Type */>() {
[INFO] [stdout]   |                                                                              +++++++++++++++++++++
[INFO] [stdout] 
[INFO] [stdout] error[E0425]: cannot find value `e12` in this scope
[INFO] [stdout]  --> src/multivector.rs:82:45
[INFO] [stdout]   |
[INFO] [stdout] 3 | `A + B*e0 + C*e1 + D*e2 + E*e01 + F*e20 + G*e12 + H*e012`
[INFO] [stdout]   |                                             ^^^ not found in this scope
[INFO] [stdout] 
[INFO] [stdout] error[E0425]: cannot find value `H` in this scope
[INFO] [stdout]  --> src/multivector.rs:82:51
[INFO] [stdout]   |
[INFO] [stdout] 3 | `A + B*e0 + C*e1 + D*e2 + E*e01 + F*e20 + G*e12 + H*e012`
[INFO] [stdout]   |                                                   ^ not found in this scope
[INFO] [stdout]   |
[INFO] [stdout] help: you might be missing a const parameter
[INFO] [stdout]   |
[INFO] [stdout] 2 | fn main() { #[allow(non_snake_case)] fn _doctest_main_src_multivector_rs_81_0<const H: /* Type */>() {
[INFO] [stdout]   |                                                                              +++++++++++++++++++++
[INFO] [stdout] 
[INFO] [stdout] error[E0425]: cannot find value `e012` in this scope
[INFO] [stdout]  --> src/multivector.rs:82:53
[INFO] [stdout]   |
[INFO] [stdout] 3 | `A + B*e0 + C*e1 + D*e2 + E*e01 + F*e20 + G*e12 + H*e012`
[INFO] [stdout]   |                                                     ^^^^ not found in this scope
[INFO] [stdout] 
[INFO] [stdout] error: aborting due to 17 previous errors
[INFO] [stdout] 
[INFO] [stdout] For more information about this error, try `rustc --explain E0425`.
[INFO] [stdout] Couldn't compile the test.
[INFO] [stdout] 
[INFO] [stdout] failures:
[INFO] [stdout]     src/multivector.rs - multivector::Multivector (line 81)
[INFO] [stdout] 
[INFO] [stdout] test result: FAILED. 0 passed; 1 failed; 0 ignored; 0 measured; 0 filtered out; finished in 0.10s
[INFO] [stdout] 
[INFO] [stderr] error: doctest failed, to rerun pass `--doc`
[INFO] running `Command { std: "docker" "inspect" "8b0a01a45aba8d1c9d4e0665130eed381966de66aa806bf7de11411bf8365f0e", kill_on_drop: false }`
[INFO] running `Command { std: "docker" "rm" "-f" "8b0a01a45aba8d1c9d4e0665130eed381966de66aa806bf7de11411bf8365f0e", kill_on_drop: false }`
[INFO] [stdout] 8b0a01a45aba8d1c9d4e0665130eed381966de66aa806bf7de11411bf8365f0e
