[INFO] cloning repository https://github.com/mudandstars/beautiful-pytest
[INFO] running `Command { std: "git" "-c" "credential.helper=" "-c" "credential.helper=/workspace/cargo-home/bin/git-credential-null" "clone" "--bare" "https://github.com/mudandstars/beautiful-pytest" "/workspace/cache/git-repos/https%3A%2F%2Fgithub.com%2Fmudandstars%2Fbeautiful-pytest", kill_on_drop: false }`
[INFO] [stderr] Cloning into bare repository '/workspace/cache/git-repos/https%3A%2F%2Fgithub.com%2Fmudandstars%2Fbeautiful-pytest'...
[INFO] running `Command { std: "git" "rev-parse" "HEAD", kill_on_drop: false }`
[INFO] [stdout] ae8e48563f42e393d484d5ba000c6cad6dd8b0a4
[INFO] testing mudandstars/beautiful-pytest against 1.75.0 for beta-1.76-1
[INFO] running `Command { std: "git" "clone" "/workspace/cache/git-repos/https%3A%2F%2Fgithub.com%2Fmudandstars%2Fbeautiful-pytest" "/workspace/builds/worker-7-tc1/source", kill_on_drop: false }`
[INFO] [stderr] Cloning into '/workspace/builds/worker-7-tc1/source'...
[INFO] [stderr] done.
[INFO] validating manifest of git repo https://github.com/mudandstars/beautiful-pytest on toolchain 1.75.0
[INFO] running `Command { std: CARGO_HOME="/workspace/cargo-home" RUSTUP_HOME="/workspace/rustup-home" "/workspace/cargo-home/bin/cargo" "+1.75.0" "metadata" "--manifest-path" "Cargo.toml" "--no-deps", kill_on_drop: false }`
[INFO] started tweaking git repo https://github.com/mudandstars/beautiful-pytest
[INFO] finished tweaking git repo https://github.com/mudandstars/beautiful-pytest
[INFO] tweaked toml for git repo https://github.com/mudandstars/beautiful-pytest written to /workspace/builds/worker-7-tc1/source/Cargo.toml
[INFO] crate git repo https://github.com/mudandstars/beautiful-pytest already has a lockfile, it will not be regenerated
[INFO] running `Command { std: CARGO_HOME="/workspace/cargo-home" RUSTUP_HOME="/workspace/rustup-home" "/workspace/cargo-home/bin/cargo" "+1.75.0" "fetch" "--manifest-path" "Cargo.toml", kill_on_drop: false }`
[INFO] running `Command { std: "docker" "create" "-v" "/var/lib/crater-agent-workspace/builds/worker-7-tc1/target:/opt/rustwide/target:rw,Z" "-v" "/var/lib/crater-agent-workspace/builds/worker-7-tc1/source:/opt/rustwide/workdir:ro,Z" "-v" "/var/lib/crater-agent-workspace/cargo-home:/opt/rustwide/cargo-home:ro,Z" "-v" "/var/lib/crater-agent-workspace/rustup-home:/opt/rustwide/rustup-home:ro,Z" "-e" "SOURCE_DIR=/opt/rustwide/workdir" "-e" "CARGO_TARGET_DIR=/opt/rustwide/target" "-e" "CARGO_HOME=/opt/rustwide/cargo-home" "-e" "RUSTUP_HOME=/opt/rustwide/rustup-home" "-w" "/opt/rustwide/workdir" "-m" "1610612736" "--user" "0:0" "--network" "none" "ghcr.io/rust-lang/crates-build-env/linux@sha256:2788e3201cd34a07e3172128adcd8b3090168a8e3bcc40d7c032b9dda1df7d1c" "/opt/rustwide/cargo-home/bin/cargo" "+1.75.0" "metadata" "--no-deps" "--format-version=1", kill_on_drop: false }`
[INFO] [stdout] c105486c3304fcf877930433b50758494cef5dc28da6f06f2c45b505f707dc5f
[INFO] running `Command { std: "docker" "start" "-a" "c105486c3304fcf877930433b50758494cef5dc28da6f06f2c45b505f707dc5f", kill_on_drop: false }`
[INFO] running `Command { std: "docker" "inspect" "c105486c3304fcf877930433b50758494cef5dc28da6f06f2c45b505f707dc5f", kill_on_drop: false }`
[INFO] running `Command { std: "docker" "rm" "-f" "c105486c3304fcf877930433b50758494cef5dc28da6f06f2c45b505f707dc5f", kill_on_drop: false }`
[INFO] [stdout] c105486c3304fcf877930433b50758494cef5dc28da6f06f2c45b505f707dc5f
[INFO] running `Command { std: "docker" "create" "-v" "/var/lib/crater-agent-workspace/builds/worker-7-tc1/target:/opt/rustwide/target:rw,Z" "-v" "/var/lib/crater-agent-workspace/builds/worker-7-tc1/source:/opt/rustwide/workdir:ro,Z" "-v" "/var/lib/crater-agent-workspace/cargo-home:/opt/rustwide/cargo-home:ro,Z" "-v" "/var/lib/crater-agent-workspace/rustup-home:/opt/rustwide/rustup-home:ro,Z" "-e" "SOURCE_DIR=/opt/rustwide/workdir" "-e" "CARGO_TARGET_DIR=/opt/rustwide/target" "-e" "CARGO_INCREMENTAL=0" "-e" "RUST_BACKTRACE=full" "-e" "RUSTFLAGS=--cap-lints=warn" "-e" "RUSTDOCFLAGS=--cap-lints=warn" "-e" "CARGO_HOME=/opt/rustwide/cargo-home" "-e" "RUSTUP_HOME=/opt/rustwide/rustup-home" "-w" "/opt/rustwide/workdir" "-m" "1610612736" "--user" "0:0" "--network" "none" "ghcr.io/rust-lang/crates-build-env/linux@sha256:2788e3201cd34a07e3172128adcd8b3090168a8e3bcc40d7c032b9dda1df7d1c" "/opt/rustwide/cargo-home/bin/cargo" "+1.75.0" "build" "--frozen" "--message-format=json", kill_on_drop: false }`
[INFO] [stdout] 03c6d674253bda3f766053e1584829e97d0288608b72053b51a79620caaf1bd6
[INFO] running `Command { std: "docker" "start" "-a" "03c6d674253bda3f766053e1584829e97d0288608b72053b51a79620caaf1bd6", kill_on_drop: false }`
[INFO] [stderr]    Compiling ansi_term v0.12.1
[INFO] [stderr]    Compiling beautiful_pytest v0.1.0 (/opt/rustwide/workdir)
[INFO] [stdout] warning: unused import: `Black`
[INFO] [stdout]  --> src/handle_line.rs:1:31
[INFO] [stdout]   |
[INFO] [stdout] 1 | use ansi_term::Color::{Green, Black};
[INFO] [stdout]   |                               ^^^^^
[INFO] [stdout]   |
[INFO] [stdout]   = note: `#[warn(unused_imports)]` on by default
[INFO] [stdout] 
[INFO] [stdout] 
[INFO] [stdout] warning: unused import: `ansi_term::Style`
[INFO] [stdout]  --> src/handle_line.rs:2:5
[INFO] [stdout]   |
[INFO] [stdout] 2 | use ansi_term::Style;
[INFO] [stdout]   |     ^^^^^^^^^^^^^^^^
[INFO] [stdout] 
[INFO] [stdout] 
[INFO] [stdout] warning: constant `FAILED_TEST_SECTION_LINE_SEPARATOR` is never used
[INFO] [stdout]  --> src/pytest.rs:6:7
[INFO] [stdout]   |
[INFO] [stdout] 6 | const FAILED_TEST_SECTION_LINE_SEPARATOR: &str = "==================================";
[INFO] [stdout]   |       ^^^^^^^^^^^^^^^^^^^^^^^^^^^^^^^^^^
[INFO] [stdout]   |
[INFO] [stdout]   = note: `#[warn(dead_code)]` on by default
[INFO] [stdout] 
[INFO] [stdout] 
[INFO] [stdout] warning: 3 warnings emitted
[INFO] [stdout] 
[INFO] [stdout] 
[INFO] [stderr]     Finished dev [unoptimized + debuginfo] target(s) in 0.95s
[INFO] running `Command { std: "docker" "inspect" "03c6d674253bda3f766053e1584829e97d0288608b72053b51a79620caaf1bd6", kill_on_drop: false }`
[INFO] running `Command { std: "docker" "rm" "-f" "03c6d674253bda3f766053e1584829e97d0288608b72053b51a79620caaf1bd6", kill_on_drop: false }`
[INFO] [stdout] 03c6d674253bda3f766053e1584829e97d0288608b72053b51a79620caaf1bd6
[INFO] running `Command { std: "docker" "create" "-v" "/var/lib/crater-agent-workspace/builds/worker-7-tc1/target:/opt/rustwide/target:rw,Z" "-v" "/var/lib/crater-agent-workspace/builds/worker-7-tc1/source:/opt/rustwide/workdir:ro,Z" "-v" "/var/lib/crater-agent-workspace/cargo-home:/opt/rustwide/cargo-home:ro,Z" "-v" "/var/lib/crater-agent-workspace/rustup-home:/opt/rustwide/rustup-home:ro,Z" "-e" "SOURCE_DIR=/opt/rustwide/workdir" "-e" "CARGO_TARGET_DIR=/opt/rustwide/target" "-e" "CARGO_INCREMENTAL=0" "-e" "RUST_BACKTRACE=full" "-e" "RUSTFLAGS=--cap-lints=warn" "-e" "RUSTDOCFLAGS=--cap-lints=warn" "-e" "CARGO_HOME=/opt/rustwide/cargo-home" "-e" "RUSTUP_HOME=/opt/rustwide/rustup-home" "-w" "/opt/rustwide/workdir" "-m" "1610612736" "--user" "0:0" "--network" "none" "ghcr.io/rust-lang/crates-build-env/linux@sha256:2788e3201cd34a07e3172128adcd8b3090168a8e3bcc40d7c032b9dda1df7d1c" "/opt/rustwide/cargo-home/bin/cargo" "+1.75.0" "test" "--frozen" "--no-run" "--message-format=json", kill_on_drop: false }`
[INFO] [stdout] 2f530699b4c137ca3a81c3b7de12b79ead09074bc3fbdf668e9f40d3e9a222e1
[INFO] running `Command { std: "docker" "start" "-a" "2f530699b4c137ca3a81c3b7de12b79ead09074bc3fbdf668e9f40d3e9a222e1", kill_on_drop: false }`
[INFO] [stderr]    Compiling beautiful_pytest v0.1.0 (/opt/rustwide/workdir)
[INFO] [stdout] warning: unused import: `Black`
[INFO] [stdout]  --> src/handle_line.rs:1:31
[INFO] [stdout]   |
[INFO] [stdout] 1 | use ansi_term::Color::{Green, Black};
[INFO] [stdout]   |                               ^^^^^
[INFO] [stdout]   |
[INFO] [stdout]   = note: `#[warn(unused_imports)]` on by default
[INFO] [stdout] 
[INFO] [stdout] 
[INFO] [stdout] warning: unused import: `ansi_term::Style`
[INFO] [stdout]  --> src/handle_line.rs:2:5
[INFO] [stdout]   |
[INFO] [stdout] 2 | use ansi_term::Style;
[INFO] [stdout]   |     ^^^^^^^^^^^^^^^^
[INFO] [stdout] 
[INFO] [stdout] 
[INFO] [stdout] warning: constant `FAILED_TEST_SECTION_LINE_SEPARATOR` is never used
[INFO] [stdout]  --> src/pytest.rs:6:7
[INFO] [stdout]   |
[INFO] [stdout] 6 | const FAILED_TEST_SECTION_LINE_SEPARATOR: &str = "==================================";
[INFO] [stdout]   |       ^^^^^^^^^^^^^^^^^^^^^^^^^^^^^^^^^^
[INFO] [stdout]   |
[INFO] [stdout]   = note: `#[warn(dead_code)]` on by default
[INFO] [stdout] 
[INFO] [stdout] 
[INFO] [stdout] warning: 3 warnings emitted
[INFO] [stdout] 
[INFO] [stdout] 
[INFO] [stdout] warning: unused import: `Black`
[INFO] [stdout]  --> src/handle_line.rs:1:31
[INFO] [stdout]   |
[INFO] [stdout] 1 | use ansi_term::Color::{Green, Black};
[INFO] [stdout]   |                               ^^^^^
[INFO] [stdout]   |
[INFO] [stdout]   = note: `#[warn(unused_imports)]` on by default
[INFO] [stdout] 
[INFO] [stdout] 
[INFO] [stdout] warning: unused import: `ansi_term::Style`
[INFO] [stdout]  --> src/handle_line.rs:2:5
[INFO] [stdout]   |
[INFO] [stdout] 2 | use ansi_term::Style;
[INFO] [stdout]   |     ^^^^^^^^^^^^^^^^
[INFO] [stdout] 
[INFO] [stdout] 
[INFO] [stdout] warning: constant `FAILED_TEST_SECTION_LINE_SEPARATOR` is never used
[INFO] [stdout]  --> tests/../src/pytest.rs:6:7
[INFO] [stdout]   |
[INFO] [stdout] 6 | const FAILED_TEST_SECTION_LINE_SEPARATOR: &str = "==================================";
[INFO] [stdout]   |       ^^^^^^^^^^^^^^^^^^^^^^^^^^^^^^^^^^
[INFO] [stdout]   |
[INFO] [stdout]   = note: `#[warn(dead_code)]` on by default
[INFO] [stdout] 
[INFO] [stdout] 
[INFO] [stdout] warning: constant `CHECK_MARK` is never used
[INFO] [stdout]  --> tests/../src/pytest.rs:7:7
[INFO] [stdout]   |
[INFO] [stdout] 7 | const CHECK_MARK: char = '\u{2714}';
[INFO] [stdout]   |       ^^^^^^^^^^
[INFO] [stdout] 
[INFO] [stdout] 
[INFO] [stdout] warning: constant `X_MARK` is never used
[INFO] [stdout]  --> tests/../src/pytest.rs:8:7
[INFO] [stdout]   |
[INFO] [stdout] 8 | const X_MARK: char = '\u{2718}';
[INFO] [stdout]   |       ^^^^^^
[INFO] [stdout] 
[INFO] [stdout] 
[INFO] [stdout] warning: constant `FILE_NAME_WIDTH` is never used
[INFO] [stdout]   --> tests/../src/pytest.rs:10:7
[INFO] [stdout]    |
[INFO] [stdout] 10 | const FILE_NAME_WIDTH: usize  = 120;
[INFO] [stdout]    |       ^^^^^^^^^^^^^^^
[INFO] [stdout] 
[INFO] [stdout] 
[INFO] [stdout] warning: constant `ERROR_TYPE_WIDTH` is never used
[INFO] [stdout]   --> tests/../src/pytest.rs:11:7
[INFO] [stdout]    |
[INFO] [stdout] 11 | const ERROR_TYPE_WIDTH: usize  = 20;
[INFO] [stdout]    |       ^^^^^^^^^^^^^^^^
[INFO] [stdout] 
[INFO] [stdout] 
[INFO] [stdout] warning: constant `TEST_STATE_WIDTH` is never used
[INFO] [stdout]   --> tests/../src/pytest.rs:12:7
[INFO] [stdout]    |
[INFO] [stdout] 12 | const TEST_STATE_WIDTH: usize  = 10;
[INFO] [stdout]    |       ^^^^^^^^^^^^^^^^
[INFO] [stdout] 
[INFO] [stdout] 
[INFO] [stdout] warning: struct `File` is never constructed
[INFO] [stdout]   --> tests/../src/pytest.rs:14:12
[INFO] [stdout]    |
[INFO] [stdout] 14 | pub struct File {
[INFO] [stdout]    |            ^^^^
[INFO] [stdout] 
[INFO] [stdout] 
[INFO] [stdout] warning: associated items `new`, `print_tests_results`, and `all_tests_passed` are never used
[INFO] [stdout]   --> tests/../src/pytest.rs:20:12
[INFO] [stdout]    |
[INFO] [stdout] 19 | impl File {
[INFO] [stdout]    | --------- associated items in this implementation
[INFO] [stdout] 20 |     pub fn new(name: String) -> Self {
[INFO] [stdout]    |            ^^^
[INFO] [stdout] ...
[INFO] [stdout] 27 |     pub fn print_tests_results(&mut self) {
[INFO] [stdout]    |            ^^^^^^^^^^^^^^^^^^^
[INFO] [stdout] ...
[INFO] [stdout] 41 |     fn all_tests_passed(&self) -> bool {
[INFO] [stdout]    |        ^^^^^^^^^^^^^^^^
[INFO] [stdout] 
[INFO] [stdout] 
[INFO] [stdout] warning: struct `Test` is never constructed
[INFO] [stdout]   --> tests/../src/pytest.rs:52:12
[INFO] [stdout]    |
[INFO] [stdout] 52 | pub struct Test {
[INFO] [stdout]    |            ^^^^
[INFO] [stdout] 
[INFO] [stdout] 
[INFO] [stdout] warning: associated items `new`, `print_result`, and `print_error` are never used
[INFO] [stdout]   --> tests/../src/pytest.rs:62:12
[INFO] [stdout]    |
[INFO] [stdout] 61 | impl Test {
[INFO] [stdout]    | --------- associated items in this implementation
[INFO] [stdout] 62 |     pub fn new(name: String, failed: bool) -> Self {
[INFO] [stdout]    |            ^^^
[INFO] [stdout] ...
[INFO] [stdout] 73 |     pub fn print_result(&self) {
[INFO] [stdout]    |            ^^^^^^^^^^^^
[INFO] [stdout] ...
[INFO] [stdout] 81 |     pub fn print_error(&self, file_name: String) {
[INFO] [stdout]    |            ^^^^^^^^^^^
[INFO] [stdout] 
[INFO] [stdout] 
[INFO] [stdout] warning: function `line_contains_test` is never used
[INFO] [stdout]   --> tests/../src/pytest.rs:91:8
[INFO] [stdout]    |
[INFO] [stdout] 91 | pub fn line_contains_test(line: &str) -> bool {
[INFO] [stdout]    |        ^^^^^^^^^^^^^^^^^^
[INFO] [stdout] 
[INFO] [stdout] 
[INFO] [stdout] warning: function `test_passed` is never used
[INFO] [stdout]    --> tests/../src/pytest.rs:110:8
[INFO] [stdout]     |
[INFO] [stdout] 110 | pub fn test_passed(line: &str) -> bool {
[INFO] [stdout]     |        ^^^^^^^^^^^
[INFO] [stdout] 
[INFO] [stdout] 
[INFO] [stdout] warning: function `extract_test_name` is never used
[INFO] [stdout]    --> tests/../src/pytest.rs:114:8
[INFO] [stdout]     |
[INFO] [stdout] 114 | pub fn extract_test_name(line: &str) -> String {
[INFO] [stdout]     |        ^^^^^^^^^^^^^^^^^
[INFO] [stdout] 
[INFO] [stdout] 
[INFO] [stdout] warning: function `extract_file_name` is never used
[INFO] [stdout]    --> tests/../src/pytest.rs:128:8
[INFO] [stdout]     |
[INFO] [stdout] 128 | pub fn extract_file_name(line: &str) -> String {
[INFO] [stdout]     |        ^^^^^^^^^^^^^^^^^
[INFO] [stdout] 
[INFO] [stdout] 
[INFO] [stdout] warning: function `padded_text` is never used
[INFO] [stdout]    --> tests/../src/pytest.rs:138:5
[INFO] [stdout]     |
[INFO] [stdout] 138 |  fn padded_text(text: String, width: usize) -> String {
[INFO] [stdout]     |     ^^^^^^^^^^^
[INFO] [stdout] 
[INFO] [stdout] 
[INFO] [stdout] warning: constant `FAILED_TEST_SECTION_LINE_SEPARATOR` is never used
[INFO] [stdout]  --> src/pytest.rs:6:7
[INFO] [stdout]   |
[INFO] [stdout] 6 | const FAILED_TEST_SECTION_LINE_SEPARATOR: &str = "==================================";
[INFO] [stdout]   |       ^^^^^^^^^^^^^^^^^^^^^^^^^^^^^^^^^^
[INFO] [stdout]   |
[INFO] [stdout]   = note: `#[warn(dead_code)]` on by default
[INFO] [stdout] 
[INFO] [stdout] 
[INFO] [stdout] warning: 3 warnings emitted
[INFO] [stdout] 
[INFO] [stdout] 
[INFO] [stdout] warning: 15 warnings emitted
[INFO] [stdout] 
[INFO] [stdout] 
[INFO] [stderr]     Finished test [unoptimized + debuginfo] target(s) in 0.50s
[INFO] running `Command { std: "docker" "inspect" "2f530699b4c137ca3a81c3b7de12b79ead09074bc3fbdf668e9f40d3e9a222e1", kill_on_drop: false }`
[INFO] running `Command { std: "docker" "rm" "-f" "2f530699b4c137ca3a81c3b7de12b79ead09074bc3fbdf668e9f40d3e9a222e1", kill_on_drop: false }`
[INFO] [stdout] 2f530699b4c137ca3a81c3b7de12b79ead09074bc3fbdf668e9f40d3e9a222e1
[INFO] running `Command { std: "docker" "create" "-v" "/var/lib/crater-agent-workspace/builds/worker-7-tc1/target:/opt/rustwide/target:rw,Z" "-v" "/var/lib/crater-agent-workspace/builds/worker-7-tc1/source:/opt/rustwide/workdir:ro,Z" "-v" "/var/lib/crater-agent-workspace/cargo-home:/opt/rustwide/cargo-home:ro,Z" "-v" "/var/lib/crater-agent-workspace/rustup-home:/opt/rustwide/rustup-home:ro,Z" "-e" "SOURCE_DIR=/opt/rustwide/workdir" "-e" "CARGO_TARGET_DIR=/opt/rustwide/target" "-e" "CARGO_INCREMENTAL=0" "-e" "RUST_BACKTRACE=full" "-e" "RUSTFLAGS=--cap-lints=warn" "-e" "RUSTDOCFLAGS=--cap-lints=warn" "-e" "CARGO_HOME=/opt/rustwide/cargo-home" "-e" "RUSTUP_HOME=/opt/rustwide/rustup-home" "-w" "/opt/rustwide/workdir" "-m" "1610612736" "--user" "0:0" "--network" "none" "ghcr.io/rust-lang/crates-build-env/linux@sha256:2788e3201cd34a07e3172128adcd8b3090168a8e3bcc40d7c032b9dda1df7d1c" "/opt/rustwide/cargo-home/bin/cargo" "+1.75.0" "test" "--frozen", kill_on_drop: false }`
[INFO] [stdout] 8c398de8ae897fffcabb19b3e37216d8e57dc945d582362a7958c6f7e76acce5
[INFO] running `Command { std: "docker" "start" "-a" "8c398de8ae897fffcabb19b3e37216d8e57dc945d582362a7958c6f7e76acce5", kill_on_drop: false }`
[INFO] [stderr] warning: constant `FAILED_TEST_SECTION_LINE_SEPARATOR` is never used
[INFO] [stderr]  --> tests/../src/pytest.rs:6:7
[INFO] [stderr]   |
[INFO] [stderr] 6 | const FAILED_TEST_SECTION_LINE_SEPARATOR: &str = "==================================";
[INFO] [stderr]   |       ^^^^^^^^^^^^^^^^^^^^^^^^^^^^^^^^^^
[INFO] [stderr]   |
[INFO] [stderr]   = note: `#[warn(dead_code)]` on by default
[INFO] [stderr] 
[INFO] [stderr] warning: constant `CHECK_MARK` is never used
[INFO] [stderr]  --> tests/../src/pytest.rs:7:7
[INFO] [stderr]   |
[INFO] [stderr] 7 | const CHECK_MARK: char = '\u{2714}';
[INFO] [stderr]   |       ^^^^^^^^^^
[INFO] [stderr] 
[INFO] [stderr] warning: constant `X_MARK` is never used
[INFO] [stderr]  --> tests/../src/pytest.rs:8:7
[INFO] [stderr]   |
[INFO] [stderr] 8 | const X_MARK: char = '\u{2718}';
[INFO] [stderr]   |       ^^^^^^
[INFO] [stderr] 
[INFO] [stderr] warning: constant `FILE_NAME_WIDTH` is never used
[INFO] [stderr]   --> tests/../src/pytest.rs:10:7
[INFO] [stderr]    |
[INFO] [stderr] 10 | const FILE_NAME_WIDTH: usize  = 120;
[INFO] [stderr]    |       ^^^^^^^^^^^^^^^
[INFO] [stderr] 
[INFO] [stderr] warning: constant `ERROR_TYPE_WIDTH` is never used
[INFO] [stderr]   --> tests/../src/pytest.rs:11:7
[INFO] [stderr]    |
[INFO] [stderr] 11 | const ERROR_TYPE_WIDTH: usize  = 20;
[INFO] [stderr]    |       ^^^^^^^^^^^^^^^^
[INFO] [stderr] 
[INFO] [stderr] warning: constant `TEST_STATE_WIDTH` is never used
[INFO] [stderr]   --> tests/../src/pytest.rs:12:7
[INFO] [stderr]    |
[INFO] [stderr] 12 | const TEST_STATE_WIDTH: usize  = 10;
[INFO] [stderr]    |       ^^^^^^^^^^^^^^^^
[INFO] [stderr] 
[INFO] [stderr] warning: struct `File` is never constructed
[INFO] [stderr]   --> tests/../src/pytest.rs:14:12
[INFO] [stderr]    |
[INFO] [stderr] 14 | pub struct File {
[INFO] [stderr]    |            ^^^^
[INFO] [stderr] 
[INFO] [stderr] warning: associated items `new`, `print_tests_results`, and `all_tests_passed` are never used
[INFO] [stderr]   --> tests/../src/pytest.rs:20:12
[INFO] [stderr]    |
[INFO] [stderr] 19 | impl File {
[INFO] [stderr]    | --------- associated items in this implementation
[INFO] [stderr] 20 |     pub fn new(name: String) -> Self {
[INFO] [stderr]    |            ^^^
[INFO] [stderr] ...
[INFO] [stderr] 27 |     pub fn print_tests_results(&mut self) {
[INFO] [stderr]    |            ^^^^^^^^^^^^^^^^^^^
[INFO] [stderr] ...
[INFO] [stderr] 41 |     fn all_tests_passed(&self) -> bool {
[INFO] [stderr]    |        ^^^^^^^^^^^^^^^^
[INFO] [stderr] 
[INFO] [stderr] warning: struct `Test` is never constructed
[INFO] [stderr]   --> tests/../src/pytest.rs:52:12
[INFO] [stderr]    |
[INFO] [stderr] 52 | pub struct Test {
[INFO] [stderr]    |            ^^^^
[INFO] [stderr] 
[INFO] [stderr] warning: associated items `new`, `print_result`, and `print_error` are never used
[INFO] [stderr]   --> tests/../src/pytest.rs:62:12
[INFO] [stderr]    |
[INFO] [stderr] 61 | impl Test {
[INFO] [stderr]    | --------- associated items in this implementation
[INFO] [stderr] 62 |     pub fn new(name: String, failed: bool) -> Self {
[INFO] [stderr]    |            ^^^
[INFO] [stderr] ...
[INFO] [stderr] 73 |     pub fn print_result(&self) {
[INFO] [stderr]    |            ^^^^^^^^^^^^
[INFO] [stderr] ...
[INFO] [stderr] 81 |     pub fn print_error(&self, file_name: String) {
[INFO] [stderr]    |            ^^^^^^^^^^^
[INFO] [stderr] 
[INFO] [stderr] warning: function `line_contains_test` is never used
[INFO] [stderr]   --> tests/../src/pytest.rs:91:8
[INFO] [stderr]    |
[INFO] [stderr] 91 | pub fn line_contains_test(line: &str) -> bool {
[INFO] [stderr]    |        ^^^^^^^^^^^^^^^^^^
[INFO] [stderr] 
[INFO] [stderr] warning: function `test_passed` is never used
[INFO] [stderr]    --> tests/../src/pytest.rs:110:8
[INFO] [stderr]     |
[INFO] [stderr] 110 | pub fn test_passed(line: &str) -> bool {
[INFO] [stderr]     |        ^^^^^^^^^^^
[INFO] [stderr] 
[INFO] [stderr] warning: function `extract_test_name` is never used
[INFO] [stderr]    --> tests/../src/pytest.rs:114:8
[INFO] [stderr]     |
[INFO] [stderr] 114 | pub fn extract_test_name(line: &str) -> String {
[INFO] [stderr]     |        ^^^^^^^^^^^^^^^^^
[INFO] [stderr] 
[INFO] [stderr] warning: function `extract_file_name` is never used
[INFO] [stderr]    --> tests/../src/pytest.rs:128:8
[INFO] [stderr]     |
[INFO] [stderr] 128 | pub fn extract_file_name(line: &str) -> String {
[INFO] [stderr]     |        ^^^^^^^^^^^^^^^^^
[INFO] [stderr] 
[INFO] [stderr] warning: function `padded_text` is never used
[INFO] [stderr]    --> tests/../src/pytest.rs:138:5
[INFO] [stderr]     |
[INFO] [stderr] 138 |  fn padded_text(text: String, width: usize) -> String {
[INFO] [stderr]     |     ^^^^^^^^^^^
[INFO] [stderr] 
[INFO] [stderr] warning: `beautiful_pytest` (test "test_is_error_handler_for_test") generated 15 warnings
[INFO] [stderr] warning: unused import: `Black`
[INFO] [stderr]  --> src/handle_line.rs:1:31
[INFO] [stderr]   |
[INFO] [stderr] 1 | use ansi_term::Color::{Green, Black};
[INFO] [stderr]   |                               ^^^^^
[INFO] [stderr]   |
[INFO] [stderr]   = note: `#[warn(unused_imports)]` on by default
[INFO] [stderr] 
[INFO] [stderr] warning: unused import: `ansi_term::Style`
[INFO] [stderr]  --> src/handle_line.rs:2:5
[INFO] [stderr]   |
[INFO] [stderr] 2 | use ansi_term::Style;
[INFO] [stderr]   |     ^^^^^^^^^^^^^^^^
[INFO] [stderr] 
[INFO] [stderr] warning: constant `FAILED_TEST_SECTION_LINE_SEPARATOR` is never used
[INFO] [stderr]  --> src/pytest.rs:6:7
[INFO] [stderr]   |
[INFO] [stderr] 6 | const FAILED_TEST_SECTION_LINE_SEPARATOR: &str = "==================================";
[INFO] [stderr]   |       ^^^^^^^^^^^^^^^^^^^^^^^^^^^^^^^^^^
[INFO] [stderr]   |
[INFO] [stderr]   = note: `#[warn(dead_code)]` on by default
[INFO] [stderr] 
[INFO] [stderr] warning: `beautiful_pytest` (bin "beautiful_pytest" test) generated 3 warnings (run `cargo fix --bin "beautiful_pytest" --tests` to apply 2 suggestions)
[INFO] [stderr] warning: `beautiful_pytest` (bin "beautiful_pytest") generated 3 warnings (3 duplicates)
[INFO] [stderr]     Finished test [unoptimized + debuginfo] target(s) in 0.03s
[INFO] [stderr]      Running unittests src/main.rs (/opt/rustwide/target/debug/deps/beautiful_pytest-c5d3eb4d511ad0d0)
[INFO] [stdout] 
[INFO] [stdout] running 0 tests
[INFO] [stdout] 
[INFO] [stdout] test result: ok. 0 passed; 0 failed; 0 ignored; 0 measured; 0 filtered out; finished in 0.00s
[INFO] [stdout] 
[INFO] [stderr]      Running tests/test_is_error_handler_for_test.rs (/opt/rustwide/target/debug/deps/test_is_error_handler_for_test-6985b48039ab8d79)
[INFO] [stdout] 
[INFO] [stdout] running 1 test
[INFO] [stdout] test tests::it_is_error_handler_for_test ... FAILED
[INFO] [stdout] 
[INFO] [stdout] failures:
[INFO] [stdout] 
[INFO] [stdout] ---- tests::it_is_error_handler_for_test stdout ----
[INFO] [stdout] thread 'tests::it_is_error_handler_for_test' panicked at tests/test_is_error_handler_for_test.rs:11:9:
[INFO] [stdout] assertion `left == right` failed
[INFO] [stdout]   left: "passed test"
[INFO] [stdout]  right: "test_passed_test"
[INFO] [stdout] stack backtrace:
[INFO] [stdout]    0:     0x55a11545748c - std::backtrace_rs::backtrace::libunwind::trace::ha637c64ce894333a
[INFO] [stdout]                                at /rustc/82e1608dfa6e0b5569232559e3d385fea5a93112/library/std/src/../../backtrace/src/backtrace/libunwind.rs:104:5
[INFO] [stdout]    1:     0x55a11545748c - std::backtrace_rs::backtrace::trace_unsynchronized::h47f62dea28e0c88d
[INFO] [stdout]                                at /rustc/82e1608dfa6e0b5569232559e3d385fea5a93112/library/std/src/../../backtrace/src/backtrace/mod.rs:66:5
[INFO] [stdout]    2:     0x55a11545748c - std::sys_common::backtrace::_print_fmt::h9eef0abe20ede486
[INFO] [stdout]                                at /rustc/82e1608dfa6e0b5569232559e3d385fea5a93112/library/std/src/sys_common/backtrace.rs:67:5
[INFO] [stdout]    3:     0x55a11545748c - <std::sys_common::backtrace::_print::DisplayBacktrace as core::fmt::Display>::fmt::hed7f999df88cc644
[INFO] [stdout]                                at /rustc/82e1608dfa6e0b5569232559e3d385fea5a93112/library/std/src/sys_common/backtrace.rs:44:22
[INFO] [stdout]    4:     0x55a115480ff0 - core::fmt::rt::Argument::fmt::h1539a9308b8d058d
[INFO] [stdout]                                at /rustc/82e1608dfa6e0b5569232559e3d385fea5a93112/library/core/src/fmt/rt.rs:142:9
[INFO] [stdout]    5:     0x55a115480ff0 - core::fmt::write::h3a39390d8560d9c9
[INFO] [stdout]                                at /rustc/82e1608dfa6e0b5569232559e3d385fea5a93112/library/core/src/fmt/mod.rs:1120:17
[INFO] [stdout]    6:     0x55a115454e3f - std::io::Write::write_fmt::h040b369f3a0f9cbc
[INFO] [stdout]                                at /rustc/82e1608dfa6e0b5569232559e3d385fea5a93112/library/std/src/io/mod.rs:1762:15
[INFO] [stdout]    7:     0x55a115457274 - std::sys_common::backtrace::_print::h894006fb5c6f3d45
[INFO] [stdout]                                at /rustc/82e1608dfa6e0b5569232559e3d385fea5a93112/library/std/src/sys_common/backtrace.rs:47:5
[INFO] [stdout]    8:     0x55a115457274 - std::sys_common::backtrace::print::h23a2d212c6fff936
[INFO] [stdout]                                at /rustc/82e1608dfa6e0b5569232559e3d385fea5a93112/library/std/src/sys_common/backtrace.rs:34:9
[INFO] [stdout]    9:     0x55a115458f37 - std::panicking::default_hook::{{closure}}::h8a1d2ee00185001a
[INFO] [stdout]   10:     0x55a115458c23 - std::panicking::default_hook::h6038f2eba384e475
[INFO] [stdout]                                at /rustc/82e1608dfa6e0b5569232559e3d385fea5a93112/library/std/src/panicking.rs:289:9
[INFO] [stdout]   11:     0x55a115427267 - <alloc::boxed::Box<F,A> as core::ops::function::Fn<Args>>::call::h0ad024c9bdc6d768
[INFO] [stdout]                                at /rustc/82e1608dfa6e0b5569232559e3d385fea5a93112/library/alloc/src/boxed.rs:2021:9
[INFO] [stdout]   12:     0x55a115427267 - test::test_main::{{closure}}::h7500b54257359db6
[INFO] [stdout]                                at /rustc/82e1608dfa6e0b5569232559e3d385fea5a93112/library/test/src/lib.rs:138:21
[INFO] [stdout]   13:     0x55a115459548 - <alloc::boxed::Box<F,A> as core::ops::function::Fn<Args>>::call::h1f8f335eaa9cfaee
[INFO] [stdout]                                at /rustc/82e1608dfa6e0b5569232559e3d385fea5a93112/library/alloc/src/boxed.rs:2021:9
[INFO] [stdout]   14:     0x55a115459548 - std::panicking::rust_panic_with_hook::h2b5517d590cab22e
[INFO] [stdout]                                at /rustc/82e1608dfa6e0b5569232559e3d385fea5a93112/library/std/src/panicking.rs:783:13
[INFO] [stdout]   15:     0x55a11545929e - std::panicking::begin_panic_handler::{{closure}}::h233112c06e0ef43e
[INFO] [stdout]                                at /rustc/82e1608dfa6e0b5569232559e3d385fea5a93112/library/std/src/panicking.rs:657:13
[INFO] [stdout]   16:     0x55a115457956 - std::sys_common::backtrace::__rust_end_short_backtrace::h6e893f24d7ebbff8
[INFO] [stdout]                                at /rustc/82e1608dfa6e0b5569232559e3d385fea5a93112/library/std/src/sys_common/backtrace.rs:170:18
[INFO] [stdout]   17:     0x55a115459002 - rust_begin_unwind
[INFO] [stdout]                                at /rustc/82e1608dfa6e0b5569232559e3d385fea5a93112/library/std/src/panicking.rs:645:5
[INFO] [stdout]   18:     0x55a1153ebcf5 - core::panicking::panic_fmt::hbf0e066aabfa482c
[INFO] [stdout]                                at /rustc/82e1608dfa6e0b5569232559e3d385fea5a93112/library/core/src/panicking.rs:72:14
[INFO] [stdout]   19:     0x55a1153ec01b - core::panicking::assert_failed_inner::h0bba8b7c26ee4492
[INFO] [stdout]   20:     0x55a1153f1ff2 - core::panicking::assert_failed::hda882d058246c728
[INFO] [stdout]                                at /rustc/82e1608dfa6e0b5569232559e3d385fea5a93112/library/core/src/panicking.rs:279:5
[INFO] [stdout]   21:     0x55a1153f3867 - test_is_error_handler_for_test::tests::it_is_error_handler_for_test::h9c6d4dec510166d1
[INFO] [stdout]                                at /opt/rustwide/workdir/tests/test_is_error_handler_for_test.rs:11:9
[INFO] [stdout]   22:     0x55a1153f3677 - test_is_error_handler_for_test::tests::it_is_error_handler_for_test::{{closure}}::h3918eba0a9a6add2
[INFO] [stdout]                                at /opt/rustwide/workdir/tests/test_is_error_handler_for_test.rs:9:38
[INFO] [stdout]   23:     0x55a1153f0bd6 - core::ops::function::FnOnce::call_once::h1fb0648bbfcda58b
[INFO] [stdout]                                at /rustc/82e1608dfa6e0b5569232559e3d385fea5a93112/library/core/src/ops/function.rs:250:5
[INFO] [stdout]   24:     0x55a11542c8bf - core::ops::function::FnOnce::call_once::h2b5d431d5046312d
[INFO] [stdout]                                at /rustc/82e1608dfa6e0b5569232559e3d385fea5a93112/library/core/src/ops/function.rs:250:5
[INFO] [stdout]   25:     0x55a11542c8bf - test::__rust_begin_short_backtrace::h7714669af176e207
[INFO] [stdout]                                at /rustc/82e1608dfa6e0b5569232559e3d385fea5a93112/library/test/src/lib.rs:628:18
[INFO] [stdout]   26:     0x55a11542b8d5 - test::run_test_in_process::{{closure}}::h85218797dcbcec12
[INFO] [stdout]                                at /rustc/82e1608dfa6e0b5569232559e3d385fea5a93112/library/test/src/lib.rs:651:60
[INFO] [stdout]   27:     0x55a11542b8d5 - <core::panic::unwind_safe::AssertUnwindSafe<F> as core::ops::function::FnOnce<()>>::call_once::h76c106ea31c14d7b
[INFO] [stdout]                                at /rustc/82e1608dfa6e0b5569232559e3d385fea5a93112/library/core/src/panic/unwind_safe.rs:272:9
[INFO] [stdout]   28:     0x55a11542b8d5 - std::panicking::try::do_call::h3bd5d0f6620ee946
[INFO] [stdout]                                at /rustc/82e1608dfa6e0b5569232559e3d385fea5a93112/library/std/src/panicking.rs:552:40
[INFO] [stdout]   29:     0x55a11542b8d5 - std::panicking::try::h232e535e4744fe31
[INFO] [stdout]                                at /rustc/82e1608dfa6e0b5569232559e3d385fea5a93112/library/std/src/panicking.rs:516:19
[INFO] [stdout]   30:     0x55a11542b8d5 - std::panic::catch_unwind::h3ce3bd6ca8dbac68
[INFO] [stdout]                                at /rustc/82e1608dfa6e0b5569232559e3d385fea5a93112/library/std/src/panic.rs:142:14
[INFO] [stdout]   31:     0x55a11542b8d5 - test::run_test_in_process::hc97b257c9621286a
[INFO] [stdout]                                at /rustc/82e1608dfa6e0b5569232559e3d385fea5a93112/library/test/src/lib.rs:651:27
[INFO] [stdout]   32:     0x55a11542b8d5 - test::run_test::{{closure}}::h2aa798823a438d38
[INFO] [stdout]                                at /rustc/82e1608dfa6e0b5569232559e3d385fea5a93112/library/test/src/lib.rs:574:43
[INFO] [stdout]   33:     0x55a1153f3b96 - test::run_test::{{closure}}::h87d231c78fb59832
[INFO] [stdout]                                at /rustc/82e1608dfa6e0b5569232559e3d385fea5a93112/library/test/src/lib.rs:602:41
[INFO] [stdout]   34:     0x55a1153f3b96 - std::sys_common::backtrace::__rust_begin_short_backtrace::he6df152596625789
[INFO] [stdout]                                at /rustc/82e1608dfa6e0b5569232559e3d385fea5a93112/library/std/src/sys_common/backtrace.rs:154:18
[INFO] [stdout]   35:     0x55a1153f8c47 - std::thread::Builder::spawn_unchecked_::{{closure}}::{{closure}}::ha94be15d1e0acf36
[INFO] [stdout]                                at /rustc/82e1608dfa6e0b5569232559e3d385fea5a93112/library/std/src/thread/mod.rs:529:17
[INFO] [stdout]   36:     0x55a1153f8c47 - <core::panic::unwind_safe::AssertUnwindSafe<F> as core::ops::function::FnOnce<()>>::call_once::h9dc6bd6372f16606
[INFO] [stdout]                                at /rustc/82e1608dfa6e0b5569232559e3d385fea5a93112/library/core/src/panic/unwind_safe.rs:272:9
[INFO] [stdout]   37:     0x55a1153f8c47 - std::panicking::try::do_call::h9057517f80303cd4
[INFO] [stdout]                                at /rustc/82e1608dfa6e0b5569232559e3d385fea5a93112/library/std/src/panicking.rs:552:40
[INFO] [stdout]   38:     0x55a1153f8c47 - std::panicking::try::he3a30b11ee45340c
[INFO] [stdout]                                at /rustc/82e1608dfa6e0b5569232559e3d385fea5a93112/library/std/src/panicking.rs:516:19
[INFO] [stdout]   39:     0x55a1153f8c47 - std::panic::catch_unwind::h410458cfd3528b8b
[INFO] [stdout]                                at /rustc/82e1608dfa6e0b5569232559e3d385fea5a93112/library/std/src/panic.rs:142:14
[INFO] [stdout]   40:     0x55a1153f8c47 - std::thread::Builder::spawn_unchecked_::{{closure}}::h72ac3bdb567b737b
[INFO] [stdout]                                at /rustc/82e1608dfa6e0b5569232559e3d385fea5a93112/library/std/src/thread/mod.rs:528:30
[INFO] [stdout]   41:     0x55a1153f8c47 - core::ops::function::FnOnce::call_once{{vtable.shim}}::h38f34da3654a8344
[INFO] [stdout]                                at /rustc/82e1608dfa6e0b5569232559e3d385fea5a93112/library/core/src/ops/function.rs:250:5
[INFO] [stdout]   42:     0x55a11545dfd5 - <alloc::boxed::Box<F,A> as core::ops::function::FnOnce<Args>>::call_once::hc7eafaff61e32df9
[INFO] [stdout]                                at /rustc/82e1608dfa6e0b5569232559e3d385fea5a93112/library/alloc/src/boxed.rs:2007:9
[INFO] [stdout]   43:     0x55a11545dfd5 - <alloc::boxed::Box<F,A> as core::ops::function::FnOnce<Args>>::call_once::h6ba4a5de48dd2304
[INFO] [stdout]                                at /rustc/82e1608dfa6e0b5569232559e3d385fea5a93112/library/alloc/src/boxed.rs:2007:9
[INFO] [stdout]   44:     0x55a11545dfd5 - std::sys::unix::thread::Thread::new::thread_start::he469335aef763e45
[INFO] [stdout]                                at /rustc/82e1608dfa6e0b5569232559e3d385fea5a93112/library/std/src/sys/unix/thread.rs:108:17
[INFO] [stdout]   45:     0x7f2d25d57ac3 - <unknown>
[INFO] [stdout]   46:     0x7f2d25de8bf4 - __clone
[INFO] [stdout]   47:                0x0 - <unknown>
[INFO] [stdout] 
[INFO] [stdout] 
[INFO] [stdout] failures:
[INFO] [stdout]     tests::it_is_error_handler_for_test
[INFO] [stdout] 
[INFO] [stdout] test result: FAILED. 0 passed; 1 failed; 0 ignored; 0 measured; 0 filtered out; finished in 0.02s
[INFO] [stdout] 
[INFO] [stderr] error: test failed, to rerun pass `--test test_is_error_handler_for_test`
[INFO] running `Command { std: "docker" "inspect" "8c398de8ae897fffcabb19b3e37216d8e57dc945d582362a7958c6f7e76acce5", kill_on_drop: false }`
[INFO] running `Command { std: "docker" "rm" "-f" "8c398de8ae897fffcabb19b3e37216d8e57dc945d582362a7958c6f7e76acce5", kill_on_drop: false }`
[INFO] [stdout] 8c398de8ae897fffcabb19b3e37216d8e57dc945d582362a7958c6f7e76acce5
[INFO] testing mudandstars/beautiful-pytest against beta-2023-12-22 for beta-1.76-1
[INFO] running `Command { std: "git" "clone" "/workspace/cache/git-repos/https%3A%2F%2Fgithub.com%2Fmudandstars%2Fbeautiful-pytest" "/workspace/builds/worker-7-tc2/source", kill_on_drop: false }`
[INFO] [stderr] Cloning into '/workspace/builds/worker-7-tc2/source'...
[INFO] [stderr] done.
[INFO] validating manifest of git repo https://github.com/mudandstars/beautiful-pytest on toolchain beta-2023-12-22
[INFO] running `Command { std: CARGO_HOME="/workspace/cargo-home" RUSTUP_HOME="/workspace/rustup-home" "/workspace/cargo-home/bin/cargo" "+beta-2023-12-22" "metadata" "--manifest-path" "Cargo.toml" "--no-deps", kill_on_drop: false }`
[INFO] started tweaking git repo https://github.com/mudandstars/beautiful-pytest
[INFO] finished tweaking git repo https://github.com/mudandstars/beautiful-pytest
[INFO] tweaked toml for git repo https://github.com/mudandstars/beautiful-pytest written to /workspace/builds/worker-7-tc2/source/Cargo.toml
[INFO] crate git repo https://github.com/mudandstars/beautiful-pytest already has a lockfile, it will not be regenerated
[INFO] running `Command { std: CARGO_HOME="/workspace/cargo-home" RUSTUP_HOME="/workspace/rustup-home" "/workspace/cargo-home/bin/cargo" "+beta-2023-12-22" "fetch" "--manifest-path" "Cargo.toml", kill_on_drop: false }`
[INFO] running `Command { std: "docker" "create" "-v" "/var/lib/crater-agent-workspace/builds/worker-7-tc2/target:/opt/rustwide/target:rw,Z" "-v" "/var/lib/crater-agent-workspace/builds/worker-7-tc2/source:/opt/rustwide/workdir:ro,Z" "-v" "/var/lib/crater-agent-workspace/cargo-home:/opt/rustwide/cargo-home:ro,Z" "-v" "/var/lib/crater-agent-workspace/rustup-home:/opt/rustwide/rustup-home:ro,Z" "-e" "SOURCE_DIR=/opt/rustwide/workdir" "-e" "CARGO_TARGET_DIR=/opt/rustwide/target" "-e" "CARGO_HOME=/opt/rustwide/cargo-home" "-e" "RUSTUP_HOME=/opt/rustwide/rustup-home" "-w" "/opt/rustwide/workdir" "-m" "1610612736" "--user" "0:0" "--network" "none" "ghcr.io/rust-lang/crates-build-env/linux@sha256:2788e3201cd34a07e3172128adcd8b3090168a8e3bcc40d7c032b9dda1df7d1c" "/opt/rustwide/cargo-home/bin/cargo" "+beta-2023-12-22" "metadata" "--no-deps" "--format-version=1", kill_on_drop: false }`
[INFO] [stdout] 864f17f18ea55500e4f4c095e17ca7b082161278be945276ce09b26dd590e7d6
[INFO] running `Command { std: "docker" "start" "-a" "864f17f18ea55500e4f4c095e17ca7b082161278be945276ce09b26dd590e7d6", kill_on_drop: false }`
[INFO] running `Command { std: "docker" "inspect" "864f17f18ea55500e4f4c095e17ca7b082161278be945276ce09b26dd590e7d6", kill_on_drop: false }`
[INFO] running `Command { std: "docker" "rm" "-f" "864f17f18ea55500e4f4c095e17ca7b082161278be945276ce09b26dd590e7d6", kill_on_drop: false }`
[INFO] [stdout] 864f17f18ea55500e4f4c095e17ca7b082161278be945276ce09b26dd590e7d6
[INFO] running `Command { std: "docker" "create" "-v" "/var/lib/crater-agent-workspace/builds/worker-7-tc2/target:/opt/rustwide/target:rw,Z" "-v" "/var/lib/crater-agent-workspace/builds/worker-7-tc2/source:/opt/rustwide/workdir:ro,Z" "-v" "/var/lib/crater-agent-workspace/cargo-home:/opt/rustwide/cargo-home:ro,Z" "-v" "/var/lib/crater-agent-workspace/rustup-home:/opt/rustwide/rustup-home:ro,Z" "-e" "SOURCE_DIR=/opt/rustwide/workdir" "-e" "CARGO_TARGET_DIR=/opt/rustwide/target" "-e" "CARGO_INCREMENTAL=0" "-e" "RUST_BACKTRACE=full" "-e" "RUSTFLAGS=--cap-lints=warn" "-e" "RUSTDOCFLAGS=--cap-lints=warn" "-e" "CARGO_HOME=/opt/rustwide/cargo-home" "-e" "RUSTUP_HOME=/opt/rustwide/rustup-home" "-w" "/opt/rustwide/workdir" "-m" "1610612736" "--user" "0:0" "--network" "none" "ghcr.io/rust-lang/crates-build-env/linux@sha256:2788e3201cd34a07e3172128adcd8b3090168a8e3bcc40d7c032b9dda1df7d1c" "/opt/rustwide/cargo-home/bin/cargo" "+beta-2023-12-22" "build" "--frozen" "--message-format=json", kill_on_drop: false }`
[INFO] [stdout] b8ef9f814506bf08dd305f4a47efbd03242e79930f1ccdb0d2ebf531408fd58f
[INFO] running `Command { std: "docker" "start" "-a" "b8ef9f814506bf08dd305f4a47efbd03242e79930f1ccdb0d2ebf531408fd58f", kill_on_drop: false }`
[INFO] [stderr]    Compiling ansi_term v0.12.1
[INFO] [stderr]    Compiling beautiful_pytest v0.1.0 (/opt/rustwide/workdir)
[INFO] [stdout] warning: unused import: `Black`
[INFO] [stdout]  --> src/handle_line.rs:1:31
[INFO] [stdout]   |
[INFO] [stdout] 1 | use ansi_term::Color::{Green, Black};
[INFO] [stdout]   |                               ^^^^^
[INFO] [stdout]   |
[INFO] [stdout]   = note: `#[warn(unused_imports)]` on by default
[INFO] [stdout] 
[INFO] [stdout] 
[INFO] [stdout] warning: unused import: `ansi_term::Style`
[INFO] [stdout]  --> src/handle_line.rs:2:5
[INFO] [stdout]   |
[INFO] [stdout] 2 | use ansi_term::Style;
[INFO] [stdout]   |     ^^^^^^^^^^^^^^^^
[INFO] [stdout] 
[INFO] [stdout] 
[INFO] [stdout] warning: constant `FAILED_TEST_SECTION_LINE_SEPARATOR` is never used
[INFO] [stdout]  --> src/pytest.rs:6:7
[INFO] [stdout]   |
[INFO] [stdout] 6 | const FAILED_TEST_SECTION_LINE_SEPARATOR: &str = "==================================";
[INFO] [stdout]   |       ^^^^^^^^^^^^^^^^^^^^^^^^^^^^^^^^^^
[INFO] [stdout]   |
[INFO] [stdout]   = note: `#[warn(dead_code)]` on by default
[INFO] [stdout] 
[INFO] [stdout] 
[INFO] [stdout] warning: 3 warnings emitted
[INFO] [stdout] 
[INFO] [stdout] 
[INFO] [stderr]     Finished dev [unoptimized + debuginfo] target(s) in 0.95s
[INFO] running `Command { std: "docker" "inspect" "b8ef9f814506bf08dd305f4a47efbd03242e79930f1ccdb0d2ebf531408fd58f", kill_on_drop: false }`
[INFO] running `Command { std: "docker" "rm" "-f" "b8ef9f814506bf08dd305f4a47efbd03242e79930f1ccdb0d2ebf531408fd58f", kill_on_drop: false }`
[INFO] [stdout] b8ef9f814506bf08dd305f4a47efbd03242e79930f1ccdb0d2ebf531408fd58f
[INFO] running `Command { std: "docker" "create" "-v" "/var/lib/crater-agent-workspace/builds/worker-7-tc2/target:/opt/rustwide/target:rw,Z" "-v" "/var/lib/crater-agent-workspace/builds/worker-7-tc2/source:/opt/rustwide/workdir:ro,Z" "-v" "/var/lib/crater-agent-workspace/cargo-home:/opt/rustwide/cargo-home:ro,Z" "-v" "/var/lib/crater-agent-workspace/rustup-home:/opt/rustwide/rustup-home:ro,Z" "-e" "SOURCE_DIR=/opt/rustwide/workdir" "-e" "CARGO_TARGET_DIR=/opt/rustwide/target" "-e" "CARGO_INCREMENTAL=0" "-e" "RUST_BACKTRACE=full" "-e" "RUSTFLAGS=--cap-lints=warn" "-e" "RUSTDOCFLAGS=--cap-lints=warn" "-e" "CARGO_HOME=/opt/rustwide/cargo-home" "-e" "RUSTUP_HOME=/opt/rustwide/rustup-home" "-w" "/opt/rustwide/workdir" "-m" "1610612736" "--user" "0:0" "--network" "none" "ghcr.io/rust-lang/crates-build-env/linux@sha256:2788e3201cd34a07e3172128adcd8b3090168a8e3bcc40d7c032b9dda1df7d1c" "/opt/rustwide/cargo-home/bin/cargo" "+beta-2023-12-22" "test" "--frozen" "--no-run" "--message-format=json", kill_on_drop: false }`
[INFO] [stdout] 1cf20addbc6e2d2873d7dd08902f3fbf84de8f14c71f542d4865c5553d59457d
[INFO] running `Command { std: "docker" "start" "-a" "1cf20addbc6e2d2873d7dd08902f3fbf84de8f14c71f542d4865c5553d59457d", kill_on_drop: false }`
[INFO] [stdout] warning: unused import: `Black`
[INFO] [stdout]  --> src/handle_line.rs:1:31
[INFO] [stdout]   |
[INFO] [stdout] 1 | use ansi_term::Color::{Green, Black};
[INFO] [stdout]   |                               ^^^^^
[INFO] [stdout]   |
[INFO] [stdout]   = note: `#[warn(unused_imports)]` on by default
[INFO] [stdout] 
[INFO] [stdout] 
[INFO] [stdout] warning: unused import: `ansi_term::Style`
[INFO] [stdout]  --> src/handle_line.rs:2:5
[INFO] [stdout]   |
[INFO] [stdout] 2 | use ansi_term::Style;
[INFO] [stdout]   |     ^^^^^^^^^^^^^^^^
[INFO] [stdout] 
[INFO] [stdout] 
[INFO] [stdout] warning: constant `FAILED_TEST_SECTION_LINE_SEPARATOR` is never used
[INFO] [stdout]  --> src/pytest.rs:6:7
[INFO] [stdout]   |
[INFO] [stdout] 6 | const FAILED_TEST_SECTION_LINE_SEPARATOR: &str = "==================================";
[INFO] [stdout]   |       ^^^^^^^^^^^^^^^^^^^^^^^^^^^^^^^^^^
[INFO] [stdout]   |
[INFO] [stdout]   = note: `#[warn(dead_code)]` on by default
[INFO] [stdout] 
[INFO] [stdout] 
[INFO] [stdout] warning: 3 warnings emitted
[INFO] [stdout] 
[INFO] [stdout] 
[INFO] [stderr]    Compiling beautiful_pytest v0.1.0 (/opt/rustwide/workdir)
[INFO] [stdout] warning: unused import: `Black`
[INFO] [stdout]  --> src/handle_line.rs:1:31
[INFO] [stdout]   |
[INFO] [stdout] 1 | use ansi_term::Color::{Green, Black};
[INFO] [stdout]   |                               ^^^^^
[INFO] [stdout]   |
[INFO] [stdout]   = note: `#[warn(unused_imports)]` on by default
[INFO] [stdout] 
[INFO] [stdout] 
[INFO] [stdout] warning: unused import: `ansi_term::Style`
[INFO] [stdout]  --> src/handle_line.rs:2:5
[INFO] [stdout]   |
[INFO] [stdout] 2 | use ansi_term::Style;
[INFO] [stdout]   |     ^^^^^^^^^^^^^^^^
[INFO] [stdout] 
[INFO] [stdout] 
[INFO] [stdout] warning: constant `FAILED_TEST_SECTION_LINE_SEPARATOR` is never used
[INFO] [stdout]  --> tests/../src/pytest.rs:6:7
[INFO] [stdout]   |
[INFO] [stdout] 6 | const FAILED_TEST_SECTION_LINE_SEPARATOR: &str = "==================================";
[INFO] [stdout]   |       ^^^^^^^^^^^^^^^^^^^^^^^^^^^^^^^^^^
[INFO] [stdout]   |
[INFO] [stdout]   = note: `#[warn(dead_code)]` on by default
[INFO] [stdout] 
[INFO] [stdout] 
[INFO] [stdout] warning: constant `CHECK_MARK` is never used
[INFO] [stdout]  --> tests/../src/pytest.rs:7:7
[INFO] [stdout]   |
[INFO] [stdout] 7 | const CHECK_MARK: char = '\u{2714}';
[INFO] [stdout]   |       ^^^^^^^^^^
[INFO] [stdout] 
[INFO] [stdout] 
[INFO] [stdout] warning: constant `X_MARK` is never used
[INFO] [stdout]  --> tests/../src/pytest.rs:8:7
[INFO] [stdout]   |
[INFO] [stdout] 8 | const X_MARK: char = '\u{2718}';
[INFO] [stdout]   |       ^^^^^^
[INFO] [stdout] 
[INFO] [stdout] 
[INFO] [stdout] warning: constant `FILE_NAME_WIDTH` is never used
[INFO] [stdout]   --> tests/../src/pytest.rs:10:7
[INFO] [stdout]    |
[INFO] [stdout] 10 | const FILE_NAME_WIDTH: usize  = 120;
[INFO] [stdout]    |       ^^^^^^^^^^^^^^^
[INFO] [stdout] 
[INFO] [stdout] 
[INFO] [stdout] warning: constant `ERROR_TYPE_WIDTH` is never used
[INFO] [stdout]   --> tests/../src/pytest.rs:11:7
[INFO] [stdout]    |
[INFO] [stdout] 11 | const ERROR_TYPE_WIDTH: usize  = 20;
[INFO] [stdout]    |       ^^^^^^^^^^^^^^^^
[INFO] [stdout] 
[INFO] [stdout] 
[INFO] [stdout] warning: constant `TEST_STATE_WIDTH` is never used
[INFO] [stdout]   --> tests/../src/pytest.rs:12:7
[INFO] [stdout]    |
[INFO] [stdout] 12 | const TEST_STATE_WIDTH: usize  = 10;
[INFO] [stdout]    |       ^^^^^^^^^^^^^^^^
[INFO] [stdout] 
[INFO] [stdout] 
[INFO] [stdout] warning: struct `File` is never constructed
[INFO] [stdout]   --> tests/../src/pytest.rs:14:12
[INFO] [stdout]    |
[INFO] [stdout] 14 | pub struct File {
[INFO] [stdout]    |            ^^^^
[INFO] [stdout] 
[INFO] [stdout] 
[INFO] [stdout] warning: associated items `new`, `print_tests_results`, and `all_tests_passed` are never used
[INFO] [stdout]   --> tests/../src/pytest.rs:20:12
[INFO] [stdout]    |
[INFO] [stdout] 19 | impl File {
[INFO] [stdout]    | --------- associated items in this implementation
[INFO] [stdout] 20 |     pub fn new(name: String) -> Self {
[INFO] [stdout]    |            ^^^
[INFO] [stdout] ...
[INFO] [stdout] 27 |     pub fn print_tests_results(&mut self) {
[INFO] [stdout]    |            ^^^^^^^^^^^^^^^^^^^
[INFO] [stdout] ...
[INFO] [stdout] 41 |     fn all_tests_passed(&self) -> bool {
[INFO] [stdout]    |        ^^^^^^^^^^^^^^^^
[INFO] [stdout] 
[INFO] [stdout] 
[INFO] [stdout] warning: struct `Test` is never constructed
[INFO] [stdout]   --> tests/../src/pytest.rs:52:12
[INFO] [stdout]    |
[INFO] [stdout] 52 | pub struct Test {
[INFO] [stdout]    |            ^^^^
[INFO] [stdout] 
[INFO] [stdout] 
[INFO] [stdout] warning: associated items `new`, `print_result`, and `print_error` are never used
[INFO] [stdout]   --> tests/../src/pytest.rs:62:12
[INFO] [stdout]    |
[INFO] [stdout] 61 | impl Test {
[INFO] [stdout]    | --------- associated items in this implementation
[INFO] [stdout] 62 |     pub fn new(name: String, failed: bool) -> Self {
[INFO] [stdout]    |            ^^^
[INFO] [stdout] ...
[INFO] [stdout] 73 |     pub fn print_result(&self) {
[INFO] [stdout]    |            ^^^^^^^^^^^^
[INFO] [stdout] ...
[INFO] [stdout] 81 |     pub fn print_error(&self, file_name: String) {
[INFO] [stdout]    |            ^^^^^^^^^^^
[INFO] [stdout] 
[INFO] [stdout] 
[INFO] [stdout] warning: function `line_contains_test` is never used
[INFO] [stdout]   --> tests/../src/pytest.rs:91:8
[INFO] [stdout]    |
[INFO] [stdout] 91 | pub fn line_contains_test(line: &str) -> bool {
[INFO] [stdout]    |        ^^^^^^^^^^^^^^^^^^
[INFO] [stdout] 
[INFO] [stdout] 
[INFO] [stdout] warning: function `test_passed` is never used
[INFO] [stdout]    --> tests/../src/pytest.rs:110:8
[INFO] [stdout]     |
[INFO] [stdout] 110 | pub fn test_passed(line: &str) -> bool {
[INFO] [stdout]     |        ^^^^^^^^^^^
[INFO] [stdout] 
[INFO] [stdout] 
[INFO] [stdout] warning: function `extract_test_name` is never used
[INFO] [stdout]    --> tests/../src/pytest.rs:114:8
[INFO] [stdout]     |
[INFO] [stdout] 114 | pub fn extract_test_name(line: &str) -> String {
[INFO] [stdout]     |        ^^^^^^^^^^^^^^^^^
[INFO] [stdout] 
[INFO] [stdout] 
[INFO] [stdout] warning: function `extract_file_name` is never used
[INFO] [stdout]    --> tests/../src/pytest.rs:128:8
[INFO] [stdout]     |
[INFO] [stdout] 128 | pub fn extract_file_name(line: &str) -> String {
[INFO] [stdout]     |        ^^^^^^^^^^^^^^^^^
[INFO] [stdout] 
[INFO] [stdout] 
[INFO] [stdout] warning: function `padded_text` is never used
[INFO] [stdout]    --> tests/../src/pytest.rs:138:5
[INFO] [stdout]     |
[INFO] [stdout] 138 |  fn padded_text(text: String, width: usize) -> String {
[INFO] [stdout]     |     ^^^^^^^^^^^
[INFO] [stdout] 
[INFO] [stdout] 
[INFO] [stdout] warning: constant `FAILED_TEST_SECTION_LINE_SEPARATOR` is never used
[INFO] [stdout]  --> src/pytest.rs:6:7
[INFO] [stdout]   |
[INFO] [stdout] 6 | const FAILED_TEST_SECTION_LINE_SEPARATOR: &str = "==================================";
[INFO] [stdout]   |       ^^^^^^^^^^^^^^^^^^^^^^^^^^^^^^^^^^
[INFO] [stdout]   |
[INFO] [stdout]   = note: `#[warn(dead_code)]` on by default
[INFO] [stdout] 
[INFO] [stdout] 
[INFO] [stdout] warning: 3 warnings emitted
[INFO] [stdout] 
[INFO] [stdout] 
[INFO] [stdout] warning: 15 warnings emitted
[INFO] [stdout] 
[INFO] [stdout] 
[INFO] [stderr]     Finished test [unoptimized + debuginfo] target(s) in 0.54s
[INFO] running `Command { std: "docker" "inspect" "1cf20addbc6e2d2873d7dd08902f3fbf84de8f14c71f542d4865c5553d59457d", kill_on_drop: false }`
[INFO] running `Command { std: "docker" "rm" "-f" "1cf20addbc6e2d2873d7dd08902f3fbf84de8f14c71f542d4865c5553d59457d", kill_on_drop: false }`
[INFO] [stdout] 1cf20addbc6e2d2873d7dd08902f3fbf84de8f14c71f542d4865c5553d59457d
[INFO] running `Command { std: "docker" "create" "-v" "/var/lib/crater-agent-workspace/builds/worker-7-tc2/target:/opt/rustwide/target:rw,Z" "-v" "/var/lib/crater-agent-workspace/builds/worker-7-tc2/source:/opt/rustwide/workdir:ro,Z" "-v" "/var/lib/crater-agent-workspace/cargo-home:/opt/rustwide/cargo-home:ro,Z" "-v" "/var/lib/crater-agent-workspace/rustup-home:/opt/rustwide/rustup-home:ro,Z" "-e" "SOURCE_DIR=/opt/rustwide/workdir" "-e" "CARGO_TARGET_DIR=/opt/rustwide/target" "-e" "CARGO_INCREMENTAL=0" "-e" "RUST_BACKTRACE=full" "-e" "RUSTFLAGS=--cap-lints=warn" "-e" "RUSTDOCFLAGS=--cap-lints=warn" "-e" "CARGO_HOME=/opt/rustwide/cargo-home" "-e" "RUSTUP_HOME=/opt/rustwide/rustup-home" "-w" "/opt/rustwide/workdir" "-m" "1610612736" "--user" "0:0" "--network" "none" "ghcr.io/rust-lang/crates-build-env/linux@sha256:2788e3201cd34a07e3172128adcd8b3090168a8e3bcc40d7c032b9dda1df7d1c" "/opt/rustwide/cargo-home/bin/cargo" "+beta-2023-12-22" "test" "--frozen", kill_on_drop: false }`
[INFO] [stdout] a7a9555453f1fc9caa4746c6772a892466e39299f90fd605472e1278808f0ae9
[INFO] running `Command { std: "docker" "start" "-a" "a7a9555453f1fc9caa4746c6772a892466e39299f90fd605472e1278808f0ae9", kill_on_drop: false }`
[INFO] [stdout] 
[INFO] [stderr] warning: unused import: `Black`
[INFO] [stdout] running 0 tests
[INFO] [stderr]  --> src/handle_line.rs:1:31
[INFO] [stdout] 
[INFO] [stderr]   |
[INFO] [stdout] test result: ok. 0 passed; 0 failed; 0 ignored; 0 measured; 0 filtered out; finished in 0.00s
[INFO] [stderr] 1 | use ansi_term::Color::{Green, Black};
[INFO] [stdout] 
[INFO] [stderr]   |                               ^^^^^
[INFO] [stderr]   |
[INFO] [stderr]   = note: `#[warn(unused_imports)]` on by default
[INFO] [stderr] 
[INFO] [stderr] warning: unused import: `ansi_term::Style`
[INFO] [stderr]  --> src/handle_line.rs:2:5
[INFO] [stderr]   |
[INFO] [stderr] 2 | use ansi_term::Style;
[INFO] [stderr]   |     ^^^^^^^^^^^^^^^^
[INFO] [stderr] 
[INFO] [stderr] warning: constant `FAILED_TEST_SECTION_LINE_SEPARATOR` is never used
[INFO] [stderr]  --> src/pytest.rs:6:7
[INFO] [stderr]   |
[INFO] [stderr] 6 | const FAILED_TEST_SECTION_LINE_SEPARATOR: &str = "==================================";
[INFO] [stderr]   |       ^^^^^^^^^^^^^^^^^^^^^^^^^^^^^^^^^^
[INFO] [stderr]   |
[INFO] [stderr]   = note: `#[warn(dead_code)]` on by default
[INFO] [stderr] 
[INFO] [stderr] warning: `beautiful_pytest` (bin "beautiful_pytest") generated 3 warnings (run `cargo fix --bin "beautiful_pytest"` to apply 2 suggestions)
[INFO] [stderr] warning: constant `FAILED_TEST_SECTION_LINE_SEPARATOR` is never used
[INFO] [stderr]  --> tests/../src/pytest.rs:6:7
[INFO] [stderr]   |
[INFO] [stderr] 6 | const FAILED_TEST_SECTION_LINE_SEPARATOR: &str = "==================================";
[INFO] [stderr]   |       ^^^^^^^^^^^^^^^^^^^^^^^^^^^^^^^^^^
[INFO] [stderr]   |
[INFO] [stderr]   = note: `#[warn(dead_code)]` on by default
[INFO] [stderr] 
[INFO] [stderr] warning: constant `CHECK_MARK` is never used
[INFO] [stderr]  --> tests/../src/pytest.rs:7:7
[INFO] [stderr]   |
[INFO] [stderr] 7 | const CHECK_MARK: char = '\u{2714}';
[INFO] [stderr]   |       ^^^^^^^^^^
[INFO] [stderr] 
[INFO] [stderr] warning: constant `X_MARK` is never used
[INFO] [stderr]  --> tests/../src/pytest.rs:8:7
[INFO] [stderr]   |
[INFO] [stderr] 8 | const X_MARK: char = '\u{2718}';
[INFO] [stderr]   |       ^^^^^^
[INFO] [stderr] 
[INFO] [stderr] warning: constant `FILE_NAME_WIDTH` is never used
[INFO] [stderr]   --> tests/../src/pytest.rs:10:7
[INFO] [stderr]    |
[INFO] [stderr] 10 | const FILE_NAME_WIDTH: usize  = 120;
[INFO] [stderr]    |       ^^^^^^^^^^^^^^^
[INFO] [stderr] 
[INFO] [stderr] warning: constant `ERROR_TYPE_WIDTH` is never used
[INFO] [stderr]   --> tests/../src/pytest.rs:11:7
[INFO] [stderr]    |
[INFO] [stderr] 11 | const ERROR_TYPE_WIDTH: usize  = 20;
[INFO] [stderr]    |       ^^^^^^^^^^^^^^^^
[INFO] [stderr] 
[INFO] [stderr] warning: constant `TEST_STATE_WIDTH` is never used
[INFO] [stderr]   --> tests/../src/pytest.rs:12:7
[INFO] [stderr]    |
[INFO] [stderr] 12 | const TEST_STATE_WIDTH: usize  = 10;
[INFO] [stderr]    |       ^^^^^^^^^^^^^^^^
[INFO] [stderr] 
[INFO] [stderr] warning: struct `File` is never constructed
[INFO] [stderr]   --> tests/../src/pytest.rs:14:12
[INFO] [stderr]    |
[INFO] [stderr] 14 | pub struct File {
[INFO] [stderr]    |            ^^^^
[INFO] [stderr] 
[INFO] [stderr] warning: associated items `new`, `print_tests_results`, and `all_tests_passed` are never used
[INFO] [stderr]   --> tests/../src/pytest.rs:20:12
[INFO] [stderr]    |
[INFO] [stderr] 19 | impl File {
[INFO] [stderr]    | --------- associated items in this implementation
[INFO] [stderr] 20 |     pub fn new(name: String) -> Self {
[INFO] [stderr]    |            ^^^
[INFO] [stderr] ...
[INFO] [stderr] 27 |     pub fn print_tests_results(&mut self) {
[INFO] [stderr]    |            ^^^^^^^^^^^^^^^^^^^
[INFO] [stderr] ...
[INFO] [stderr] 41 |     fn all_tests_passed(&self) -> bool {
[INFO] [stderr]    |        ^^^^^^^^^^^^^^^^
[INFO] [stderr] 
[INFO] [stderr] warning: struct `Test` is never constructed
[INFO] [stderr]   --> tests/../src/pytest.rs:52:12
[INFO] [stderr]    |
[INFO] [stderr] 52 | pub struct Test {
[INFO] [stderr]    |            ^^^^
[INFO] [stderr] 
[INFO] [stderr] warning: associated items `new`, `print_result`, and `print_error` are never used
[INFO] [stderr]   --> tests/../src/pytest.rs:62:12
[INFO] [stderr]    |
[INFO] [stderr] 61 | impl Test {
[INFO] [stderr]    | --------- associated items in this implementation
[INFO] [stderr] 62 |     pub fn new(name: String, failed: bool) -> Self {
[INFO] [stderr]    |            ^^^
[INFO] [stderr] ...
[INFO] [stderr] 73 |     pub fn print_result(&self) {
[INFO] [stderr]    |            ^^^^^^^^^^^^
[INFO] [stderr] ...
[INFO] [stderr] 81 |     pub fn print_error(&self, file_name: String) {
[INFO] [stderr]    |            ^^^^^^^^^^^
[INFO] [stderr] 
[INFO] [stderr] warning: function `line_contains_test` is never used
[INFO] [stderr]   --> tests/../src/pytest.rs:91:8
[INFO] [stderr]    |
[INFO] [stderr] 91 | pub fn line_contains_test(line: &str) -> bool {
[INFO] [stderr]    |        ^^^^^^^^^^^^^^^^^^
[INFO] [stderr] 
[INFO] [stderr] warning: function `test_passed` is never used
[INFO] [stderr]    --> tests/../src/pytest.rs:110:8
[INFO] [stderr]     |
[INFO] [stderr] 110 | pub fn test_passed(line: &str) -> bool {
[INFO] [stderr]     |        ^^^^^^^^^^^
[INFO] [stderr] 
[INFO] [stderr] warning: function `extract_test_name` is never used
[INFO] [stderr]    --> tests/../src/pytest.rs:114:8
[INFO] [stderr]     |
[INFO] [stderr] 114 | pub fn extract_test_name(line: &str) -> String {
[INFO] [stderr]     |        ^^^^^^^^^^^^^^^^^
[INFO] [stderr] 
[INFO] [stderr] warning: function `extract_file_name` is never used
[INFO] [stderr]    --> tests/../src/pytest.rs:128:8
[INFO] [stderr]     |
[INFO] [stderr] 128 | pub fn extract_file_name(line: &str) -> String {
[INFO] [stderr]     |        ^^^^^^^^^^^^^^^^^
[INFO] [stderr] 
[INFO] [stderr] warning: function `padded_text` is never used
[INFO] [stderr]    --> tests/../src/pytest.rs:138:5
[INFO] [stderr]     |
[INFO] [stderr] 138 |  fn padded_text(text: String, width: usize) -> String {
[INFO] [stderr]     |     ^^^^^^^^^^^
[INFO] [stderr] 
[INFO] [stderr] warning: `beautiful_pytest` (test "test_is_error_handler_for_test") generated 15 warnings
[INFO] [stderr] warning: `beautiful_pytest` (bin "beautiful_pytest" test) generated 3 warnings (3 duplicates)
[INFO] [stderr]     Finished test [unoptimized + debuginfo] target(s) in 0.01s
[INFO] [stderr]      Running unittests src/main.rs (/opt/rustwide/target/debug/deps/beautiful_pytest-53a48951a952cc10)
[INFO] [stderr]      Running tests/test_is_error_handler_for_test.rs (/opt/rustwide/target/debug/deps/test_is_error_handler_for_test-3ffcf4f398af3e93)
[INFO] [stdout] 
[INFO] [stdout] running 1 test
[INFO] [stdout] test tests::it_is_error_handler_for_test ... FAILED
[INFO] [stdout] 
[INFO] [stdout] failures:
[INFO] [stdout] 
[INFO] [stdout] ---- tests::it_is_error_handler_for_test stdout ----
[INFO] [stdout] thread 'tests::it_is_error_handler_for_test' panicked at tests/test_is_error_handler_for_test.rs:11:9:
[INFO] [stdout] assertion `left == right` failed
[INFO] [stdout]   left: "passed test"
[INFO] [stdout]  right: "test_passed_test"
[INFO] [stdout] stack backtrace:
[INFO] [stdout]    0:     0x56320a7f0076 - std::backtrace_rs::backtrace::libunwind::trace::h261606ad26a499c1
[INFO] [stdout]                                at /rustc/0e09125c6c3c2fd70d7de961bcf0e51575235fad/library/std/src/../../backtrace/src/backtrace/libunwind.rs:104:5
[INFO] [stdout]    1:     0x56320a7f0076 - std::backtrace_rs::backtrace::trace_unsynchronized::hd183f0625477fb28
[INFO] [stdout]                                at /rustc/0e09125c6c3c2fd70d7de961bcf0e51575235fad/library/std/src/../../backtrace/src/backtrace/mod.rs:66:5
[INFO] [stdout]    2:     0x56320a7f0076 - std::sys_common::backtrace::_print_fmt::hd7f8fef21b4eda67
[INFO] [stdout]                                at /rustc/0e09125c6c3c2fd70d7de961bcf0e51575235fad/library/std/src/sys_common/backtrace.rs:68:5
[INFO] [stdout]    3:     0x56320a7f0076 - <std::sys_common::backtrace::_print::DisplayBacktrace as core::fmt::Display>::fmt::h623d9b51f2f453f1
[INFO] [stdout]                                at /rustc/0e09125c6c3c2fd70d7de961bcf0e51575235fad/library/std/src/sys_common/backtrace.rs:44:22
[INFO] [stdout]    4:     0x56320a818ee0 - core::fmt::rt::Argument::fmt::h9f417ac76a86f368
[INFO] [stdout]                                at /rustc/0e09125c6c3c2fd70d7de961bcf0e51575235fad/library/core/src/fmt/rt.rs:142:9
[INFO] [stdout]    5:     0x56320a818ee0 - core::fmt::write::hc9b6faf4ac2aeff7
[INFO] [stdout]                                at /rustc/0e09125c6c3c2fd70d7de961bcf0e51575235fad/library/core/src/fmt/mod.rs:1120:17
[INFO] [stdout]    6:     0x56320a7edadf - std::io::Write::write_fmt::he04625a3a989fec3
[INFO] [stdout]                                at /rustc/0e09125c6c3c2fd70d7de961bcf0e51575235fad/library/std/src/io/mod.rs:1810:15
[INFO] [stdout]    7:     0x56320a7efe54 - std::sys_common::backtrace::_print::hd5d66399c7df88a2
[INFO] [stdout]                                at /rustc/0e09125c6c3c2fd70d7de961bcf0e51575235fad/library/std/src/sys_common/backtrace.rs:47:5
[INFO] [stdout]    8:     0x56320a7efe54 - std::sys_common::backtrace::print::he81ed2da642d37e5
[INFO] [stdout]                                at /rustc/0e09125c6c3c2fd70d7de961bcf0e51575235fad/library/std/src/sys_common/backtrace.rs:34:9
[INFO] [stdout]    9:     0x56320a7f1bc7 - std::panicking::default_hook::{{closure}}::h85773f4fa117163d
[INFO] [stdout]   10:     0x56320a7f18ad - std::panicking::default_hook::h6a1694a91d09b278
[INFO] [stdout]                                at /rustc/0e09125c6c3c2fd70d7de961bcf0e51575235fad/library/std/src/panicking.rs:289:9
[INFO] [stdout]   11:     0x56320a7bf687 - <alloc::boxed::Box<F,A> as core::ops::function::Fn<Args>>::call::h616ac37fa3cd6c8f
[INFO] [stdout]                                at /rustc/0e09125c6c3c2fd70d7de961bcf0e51575235fad/library/alloc/src/boxed.rs:2029:9
[INFO] [stdout]   12:     0x56320a7bf687 - test::test_main::{{closure}}::h00d84697cefdcbb6
[INFO] [stdout]                                at /rustc/0e09125c6c3c2fd70d7de961bcf0e51575235fad/library/test/src/lib.rs:138:21
[INFO] [stdout]   13:     0x56320a7f21e6 - <alloc::boxed::Box<F,A> as core::ops::function::Fn<Args>>::call::hcb3fe3b9bb537ba8
[INFO] [stdout]                                at /rustc/0e09125c6c3c2fd70d7de961bcf0e51575235fad/library/alloc/src/boxed.rs:2029:9
[INFO] [stdout]   14:     0x56320a7f21e6 - std::panicking::rust_panic_with_hook::h0a7ad96e90f7145b
[INFO] [stdout]                                at /rustc/0e09125c6c3c2fd70d7de961bcf0e51575235fad/library/std/src/panicking.rs:783:13
[INFO] [stdout]   15:     0x56320a7f1f32 - std::panicking::begin_panic_handler::{{closure}}::h7919090525c6485e
[INFO] [stdout]                                at /rustc/0e09125c6c3c2fd70d7de961bcf0e51575235fad/library/std/src/panicking.rs:657:13
[INFO] [stdout]   16:     0x56320a7f0576 - std::sys_common::backtrace::__rust_end_short_backtrace::hf3289479464f7dfe
[INFO] [stdout]                                at /rustc/0e09125c6c3c2fd70d7de961bcf0e51575235fad/library/std/src/sys_common/backtrace.rs:171:18
[INFO] [stdout]   17:     0x56320a7f1c90 - rust_begin_unwind
[INFO] [stdout]                                at /rustc/0e09125c6c3c2fd70d7de961bcf0e51575235fad/library/std/src/panicking.rs:645:5
[INFO] [stdout]   18:     0x56320a782cd5 - core::panicking::panic_fmt::hcc9f77c5c132af55
[INFO] [stdout]                                at /rustc/0e09125c6c3c2fd70d7de961bcf0e51575235fad/library/core/src/panicking.rs:72:14
[INFO] [stdout]   19:     0x56320a78301b - core::panicking::assert_failed_inner::h9f13e27dd63c3a08
[INFO] [stdout]                                at /rustc/0e09125c6c3c2fd70d7de961bcf0e51575235fad/library/core/src/panicking.rs:342:17
[INFO] [stdout]   20:     0x56320a789432 - core::panicking::assert_failed::h3558cb88f134ce87
[INFO] [stdout]                                at /rustc/0e09125c6c3c2fd70d7de961bcf0e51575235fad/library/core/src/panicking.rs:297:5
[INFO] [stdout]   21:     0x56320a78ace7 - test_is_error_handler_for_test::tests::it_is_error_handler_for_test::h7cb4f0366cd007f1
[INFO] [stdout]                                at /opt/rustwide/workdir/tests/test_is_error_handler_for_test.rs:11:9
[INFO] [stdout]   22:     0x56320a78aaf7 - test_is_error_handler_for_test::tests::it_is_error_handler_for_test::{{closure}}::h67b42944041266b1
[INFO] [stdout]                                at /opt/rustwide/workdir/tests/test_is_error_handler_for_test.rs:9:38
[INFO] [stdout]   23:     0x56320a787be6 - core::ops::function::FnOnce::call_once::h853af63a83addc55
[INFO] [stdout]                                at /rustc/0e09125c6c3c2fd70d7de961bcf0e51575235fad/library/core/src/ops/function.rs:250:5
[INFO] [stdout]   24:     0x56320a7c4f5f - core::ops::function::FnOnce::call_once::hd64d26f405258157
[INFO] [stdout]                                at /rustc/0e09125c6c3c2fd70d7de961bcf0e51575235fad/library/core/src/ops/function.rs:250:5
[INFO] [stdout]   25:     0x56320a7c4f5f - test::__rust_begin_short_backtrace::he21b0b7a6d731bf9
[INFO] [stdout]                                at /rustc/0e09125c6c3c2fd70d7de961bcf0e51575235fad/library/test/src/lib.rs:627:18
[INFO] [stdout]   26:     0x56320a7c3ce1 - test::run_test_in_process::{{closure}}::hf5c73986d7bdfde2
[INFO] [stdout]                                at /rustc/0e09125c6c3c2fd70d7de961bcf0e51575235fad/library/test/src/lib.rs:650:60
[INFO] [stdout]   27:     0x56320a7c3ce1 - <core::panic::unwind_safe::AssertUnwindSafe<F> as core::ops::function::FnOnce<()>>::call_once::h330011ad032aadc0
[INFO] [stdout]                                at /rustc/0e09125c6c3c2fd70d7de961bcf0e51575235fad/library/core/src/panic/unwind_safe.rs:272:9
[INFO] [stdout]   28:     0x56320a7c3ce1 - std::panicking::try::do_call::he61b0a958b795a41
[INFO] [stdout]                                at /rustc/0e09125c6c3c2fd70d7de961bcf0e51575235fad/library/std/src/panicking.rs:552:40
[INFO] [stdout]   29:     0x56320a7c3ce1 - std::panicking::try::h7309da130f906eb7
[INFO] [stdout]                                at /rustc/0e09125c6c3c2fd70d7de961bcf0e51575235fad/library/std/src/panicking.rs:516:19
[INFO] [stdout]   30:     0x56320a7c3ce1 - std::panic::catch_unwind::hc5c3a06fdaf0a92a
[INFO] [stdout]                                at /rustc/0e09125c6c3c2fd70d7de961bcf0e51575235fad/library/std/src/panic.rs:142:14
[INFO] [stdout]   31:     0x56320a7c3ce1 - test::run_test_in_process::h7e7b7c71c3324e0f
[INFO] [stdout]                                at /rustc/0e09125c6c3c2fd70d7de961bcf0e51575235fad/library/test/src/lib.rs:650:27
[INFO] [stdout]   32:     0x56320a7c3ce1 - test::run_test::{{closure}}::h1f509f28f5cf20b1
[INFO] [stdout]                                at /rustc/0e09125c6c3c2fd70d7de961bcf0e51575235fad/library/test/src/lib.rs:573:43
[INFO] [stdout]   33:     0x56320a78b016 - test::run_test::{{closure}}::h1754218abf443f6d
[INFO] [stdout]                                at /rustc/0e09125c6c3c2fd70d7de961bcf0e51575235fad/library/test/src/lib.rs:601:41
[INFO] [stdout]   34:     0x56320a78b016 - std::sys_common::backtrace::__rust_begin_short_backtrace::h2ee174b9d5954948
[INFO] [stdout]                                at /rustc/0e09125c6c3c2fd70d7de961bcf0e51575235fad/library/std/src/sys_common/backtrace.rs:155:18
[INFO] [stdout]   35:     0x56320a790077 - std::thread::Builder::spawn_unchecked_::{{closure}}::{{closure}}::hf60bee9c1a17ef09
[INFO] [stdout]                                at /rustc/0e09125c6c3c2fd70d7de961bcf0e51575235fad/library/std/src/thread/mod.rs:529:17
[INFO] [stdout]   36:     0x56320a790077 - <core::panic::unwind_safe::AssertUnwindSafe<F> as core::ops::function::FnOnce<()>>::call_once::h33d0dddec5216160
[INFO] [stdout]                                at /rustc/0e09125c6c3c2fd70d7de961bcf0e51575235fad/library/core/src/panic/unwind_safe.rs:272:9
[INFO] [stdout]   37:     0x56320a790077 - std::panicking::try::do_call::h144b3048b546f835
[INFO] [stdout]                                at /rustc/0e09125c6c3c2fd70d7de961bcf0e51575235fad/library/std/src/panicking.rs:552:40
[INFO] [stdout]   38:     0x56320a790077 - std::panicking::try::h978244d04646189f
[INFO] [stdout]                                at /rustc/0e09125c6c3c2fd70d7de961bcf0e51575235fad/library/std/src/panicking.rs:516:19
[INFO] [stdout]   39:     0x56320a790077 - std::panic::catch_unwind::hdf436369d188fe86
[INFO] [stdout]                                at /rustc/0e09125c6c3c2fd70d7de961bcf0e51575235fad/library/std/src/panic.rs:142:14
[INFO] [stdout]   40:     0x56320a790077 - std::thread::Builder::spawn_unchecked_::{{closure}}::h87329cbdd33c79ec
[INFO] [stdout]                                at /rustc/0e09125c6c3c2fd70d7de961bcf0e51575235fad/library/std/src/thread/mod.rs:528:30
[INFO] [stdout]   41:     0x56320a790077 - core::ops::function::FnOnce::call_once{{vtable.shim}}::h401abbe67897d450
[INFO] [stdout]                                at /rustc/0e09125c6c3c2fd70d7de961bcf0e51575235fad/library/core/src/ops/function.rs:250:5
[INFO] [stdout]   42:     0x56320a7f6c95 - <alloc::boxed::Box<F,A> as core::ops::function::FnOnce<Args>>::call_once::h5d7c8f150ab9c84c
[INFO] [stdout]                                at /rustc/0e09125c6c3c2fd70d7de961bcf0e51575235fad/library/alloc/src/boxed.rs:2015:9
[INFO] [stdout]   43:     0x56320a7f6c95 - <alloc::boxed::Box<F,A> as core::ops::function::FnOnce<Args>>::call_once::h570d5b005c242c15
[INFO] [stdout]                                at /rustc/0e09125c6c3c2fd70d7de961bcf0e51575235fad/library/alloc/src/boxed.rs:2015:9
[INFO] [stdout]   44:     0x56320a7f6c95 - std::sys::unix::thread::Thread::new::thread_start::h36b0a20c0b2361ad
[INFO] [stdout]                                at /rustc/0e09125c6c3c2fd70d7de961bcf0e51575235fad/library/std/src/sys/unix/thread.rs:108:17
[INFO] [stdout]   45:     0x7ff8947b8ac3 - <unknown>
[INFO] [stdout]   46:     0x7ff894849bf4 - __clone
[INFO] [stdout]   47:                0x0 - <unknown>
[INFO] [stdout] 
[INFO] [stdout] 
[INFO] [stdout] failures:
[INFO] [stdout]     tests::it_is_error_handler_for_test
[INFO] [stdout] 
[INFO] [stdout] test result: FAILED. 0 passed; 1 failed; 0 ignored; 0 measured; 0 filtered out; finished in 0.02s
[INFO] [stdout] 
[INFO] [stderr] error: test failed, to rerun pass `--test test_is_error_handler_for_test`
[INFO] running `Command { std: "docker" "inspect" "a7a9555453f1fc9caa4746c6772a892466e39299f90fd605472e1278808f0ae9", kill_on_drop: false }`
[INFO] running `Command { std: "docker" "rm" "-f" "a7a9555453f1fc9caa4746c6772a892466e39299f90fd605472e1278808f0ae9", kill_on_drop: false }`
[INFO] [stdout] a7a9555453f1fc9caa4746c6772a892466e39299f90fd605472e1278808f0ae9
