[INFO] cloning repository https://github.com/msft-mirror-aosp/platform.external.rust.crates.protobuf-parse
[INFO] running `Command { std: "git" "-c" "credential.helper=" "-c" "credential.helper=/workspace/cargo-home/bin/git-credential-null" "clone" "--bare" "https://github.com/msft-mirror-aosp/platform.external.rust.crates.protobuf-parse" "/workspace/cache/git-repos/https%3A%2F%2Fgithub.com%2Fmsft-mirror-aosp%2Fplatform.external.rust.crates.protobuf-parse", kill_on_drop: false }`
[INFO] [stderr] Cloning into bare repository '/workspace/cache/git-repos/https%3A%2F%2Fgithub.com%2Fmsft-mirror-aosp%2Fplatform.external.rust.crates.protobuf-parse'...
[INFO] running `Command { std: "git" "rev-parse" "HEAD", kill_on_drop: false }`
[INFO] [stdout] af212b7d2ea81964c1e88643665ee0b62c5cc642
[INFO] testing msft-mirror-aosp/platform.external.rust.crates.protobuf-parse against 1.75.0 for beta-1.76-1
[INFO] running `Command { std: "git" "clone" "/workspace/cache/git-repos/https%3A%2F%2Fgithub.com%2Fmsft-mirror-aosp%2Fplatform.external.rust.crates.protobuf-parse" "/workspace/builds/worker-2-tc1/source", kill_on_drop: false }`
[INFO] [stderr] Cloning into '/workspace/builds/worker-2-tc1/source'...
[INFO] [stderr] done.
[INFO] validating manifest of git repo https://github.com/msft-mirror-aosp/platform.external.rust.crates.protobuf-parse on toolchain 1.75.0
[INFO] running `Command { std: CARGO_HOME="/workspace/cargo-home" RUSTUP_HOME="/workspace/rustup-home" "/workspace/cargo-home/bin/cargo" "+1.75.0" "metadata" "--manifest-path" "Cargo.toml" "--no-deps", kill_on_drop: false }`
[INFO] started tweaking git repo https://github.com/msft-mirror-aosp/platform.external.rust.crates.protobuf-parse
[INFO] finished tweaking git repo https://github.com/msft-mirror-aosp/platform.external.rust.crates.protobuf-parse
[INFO] tweaked toml for git repo https://github.com/msft-mirror-aosp/platform.external.rust.crates.protobuf-parse written to /workspace/builds/worker-2-tc1/source/Cargo.toml
[INFO] crate git repo https://github.com/msft-mirror-aosp/platform.external.rust.crates.protobuf-parse already has a lockfile, it will not be regenerated
[INFO] running `Command { std: CARGO_HOME="/workspace/cargo-home" RUSTUP_HOME="/workspace/rustup-home" "/workspace/cargo-home/bin/cargo" "+1.75.0" "fetch" "--manifest-path" "Cargo.toml", kill_on_drop: false }`
[INFO] running `Command { std: "docker" "create" "-v" "/var/lib/crater-agent-workspace/builds/worker-2-tc1/target:/opt/rustwide/target:rw,Z" "-v" "/var/lib/crater-agent-workspace/builds/worker-2-tc1/source:/opt/rustwide/workdir:ro,Z" "-v" "/var/lib/crater-agent-workspace/cargo-home:/opt/rustwide/cargo-home:ro,Z" "-v" "/var/lib/crater-agent-workspace/rustup-home:/opt/rustwide/rustup-home:ro,Z" "-e" "SOURCE_DIR=/opt/rustwide/workdir" "-e" "CARGO_TARGET_DIR=/opt/rustwide/target" "-e" "CARGO_HOME=/opt/rustwide/cargo-home" "-e" "RUSTUP_HOME=/opt/rustwide/rustup-home" "-w" "/opt/rustwide/workdir" "-m" "1610612736" "--user" "0:0" "--network" "none" "ghcr.io/rust-lang/crates-build-env/linux@sha256:2788e3201cd34a07e3172128adcd8b3090168a8e3bcc40d7c032b9dda1df7d1c" "/opt/rustwide/cargo-home/bin/cargo" "+1.75.0" "metadata" "--no-deps" "--format-version=1", kill_on_drop: false }`
[INFO] [stdout] 553aca06280de0fbbb3141683ee4dc1ccc65d6904f0240fc790ceb309fd70150
[INFO] running `Command { std: "docker" "start" "-a" "553aca06280de0fbbb3141683ee4dc1ccc65d6904f0240fc790ceb309fd70150", kill_on_drop: false }`
[INFO] running `Command { std: "docker" "inspect" "553aca06280de0fbbb3141683ee4dc1ccc65d6904f0240fc790ceb309fd70150", kill_on_drop: false }`
[INFO] running `Command { std: "docker" "rm" "-f" "553aca06280de0fbbb3141683ee4dc1ccc65d6904f0240fc790ceb309fd70150", kill_on_drop: false }`
[INFO] [stdout] 553aca06280de0fbbb3141683ee4dc1ccc65d6904f0240fc790ceb309fd70150
[INFO] running `Command { std: "docker" "create" "-v" "/var/lib/crater-agent-workspace/builds/worker-2-tc1/target:/opt/rustwide/target:rw,Z" "-v" "/var/lib/crater-agent-workspace/builds/worker-2-tc1/source:/opt/rustwide/workdir:ro,Z" "-v" "/var/lib/crater-agent-workspace/cargo-home:/opt/rustwide/cargo-home:ro,Z" "-v" "/var/lib/crater-agent-workspace/rustup-home:/opt/rustwide/rustup-home:ro,Z" "-e" "SOURCE_DIR=/opt/rustwide/workdir" "-e" "CARGO_TARGET_DIR=/opt/rustwide/target" "-e" "CARGO_INCREMENTAL=0" "-e" "RUST_BACKTRACE=full" "-e" "RUSTFLAGS=--cap-lints=warn" "-e" "RUSTDOCFLAGS=--cap-lints=warn" "-e" "CARGO_HOME=/opt/rustwide/cargo-home" "-e" "RUSTUP_HOME=/opt/rustwide/rustup-home" "-w" "/opt/rustwide/workdir" "-m" "1610612736" "--user" "0:0" "--network" "none" "ghcr.io/rust-lang/crates-build-env/linux@sha256:2788e3201cd34a07e3172128adcd8b3090168a8e3bcc40d7c032b9dda1df7d1c" "/opt/rustwide/cargo-home/bin/cargo" "+1.75.0" "build" "--frozen" "--message-format=json", kill_on_drop: false }`
[INFO] [stdout] ddc0ffffa22071b26e72548138e5dd2f24916446883c2e0b3e0adaaf30b38895
[INFO] running `Command { std: "docker" "start" "-a" "ddc0ffffa22071b26e72548138e5dd2f24916446883c2e0b3e0adaaf30b38895", kill_on_drop: false }`
[INFO] [stderr]    Compiling proc-macro2 v1.0.44
[INFO] [stderr]    Compiling unicode-ident v1.0.4
[INFO] [stderr]    Compiling quote v1.0.21
[INFO] [stderr]    Compiling syn v1.0.100
[INFO] [stderr]    Compiling libc v0.2.133
[INFO] [stderr]    Compiling thiserror v1.0.36
[INFO] [stderr]    Compiling autocfg v1.1.0
[INFO] [stderr]    Compiling cfg-if v1.0.0
[INFO] [stderr]    Compiling anyhow v1.0.65
[INFO] [stderr]    Compiling protobuf v3.2.0
[INFO] [stderr]    Compiling log v0.4.17
[INFO] [stderr]    Compiling remove_dir_all v0.5.3
[INFO] [stderr]    Compiling fastrand v1.8.0
[INFO] [stderr]    Compiling once_cell v1.15.0
[INFO] [stderr]    Compiling either v1.8.0
[INFO] [stderr]    Compiling hashbrown v0.12.3
[INFO] [stderr]    Compiling indexmap v1.9.1
[INFO] [stderr]    Compiling which v4.3.0
[INFO] [stderr]    Compiling tempfile v3.3.0
[INFO] [stderr]    Compiling thiserror-impl v1.0.36
[INFO] [stderr]    Compiling protobuf-support v3.2.0
[INFO] [stderr]    Compiling protobuf-parse v3.2.0 (/opt/rustwide/workdir)
[INFO] [stdout] warning: call to `.clone()` on a reference in this situation does nothing
[INFO] [stdout]   --> src/protobuf_rel_path.rs:75:27
[INFO] [stdout]    |
[INFO] [stdout] 75 |         let mut tmp = self.clone();
[INFO] [stdout]    |                           ^^^^^^^^ help: remove this redundant call
[INFO] [stdout]    |
[INFO] [stdout]    = note: the type `protobuf_rel_path::ProtobufRelPathRef` does not implement `Clone`, so calling `clone` on `&protobuf_rel_path::ProtobufRelPathRef` copies the reference, which does not do anything and can be removed
[INFO] [stdout]    = note: `#[warn(noop_method_call)]` on by default
[INFO] [stdout] 
[INFO] [stdout] 
[INFO] [stdout] warning: call to `.clone()` on a reference in this situation does nothing
[INFO] [stdout]   --> src/protobuf_rel_path.rs:79:20
[INFO] [stdout]    |
[INFO] [stdout] 79 |         r.push(self.clone());
[INFO] [stdout]    |                    ^^^^^^^^ help: remove this redundant call
[INFO] [stdout]    |
[INFO] [stdout]    = note: the type `protobuf_rel_path::ProtobufRelPathRef` does not implement `Clone`, so calling `clone` on `&protobuf_rel_path::ProtobufRelPathRef` copies the reference, which does not do anything and can be removed
[INFO] [stdout] 
[INFO] [stdout] 
[INFO] [stdout] warning: call to `.clone()` on a reference in this situation does nothing
[INFO] [stdout]   --> src/pure/convert/option_resolver.rs:93:38
[INFO] [stdout]    |
[INFO] [stdout] 93 |                 path.push_simple(name.clone());
[INFO] [stdout]    |                                      ^^^^^^^^ help: remove this redundant call
[INFO] [stdout]    |
[INFO] [stdout]    = note: the type `protobuf_ident::ProtobufIdentRef` does not implement `Clone`, so calling `clone` on `&protobuf_ident::ProtobufIdentRef` copies the reference, which does not do anything and can be removed
[INFO] [stdout] 
[INFO] [stdout] 
[INFO] [stdout] warning: 3 warnings emitted
[INFO] [stdout] 
[INFO] [stdout] 
[INFO] [stderr]     Finished dev [unoptimized + debuginfo] target(s) in 7.50s
[INFO] running `Command { std: "docker" "inspect" "ddc0ffffa22071b26e72548138e5dd2f24916446883c2e0b3e0adaaf30b38895", kill_on_drop: false }`
[INFO] running `Command { std: "docker" "rm" "-f" "ddc0ffffa22071b26e72548138e5dd2f24916446883c2e0b3e0adaaf30b38895", kill_on_drop: false }`
[INFO] [stdout] ddc0ffffa22071b26e72548138e5dd2f24916446883c2e0b3e0adaaf30b38895
[INFO] running `Command { std: "docker" "create" "-v" "/var/lib/crater-agent-workspace/builds/worker-2-tc1/target:/opt/rustwide/target:rw,Z" "-v" "/var/lib/crater-agent-workspace/builds/worker-2-tc1/source:/opt/rustwide/workdir:ro,Z" "-v" "/var/lib/crater-agent-workspace/cargo-home:/opt/rustwide/cargo-home:ro,Z" "-v" "/var/lib/crater-agent-workspace/rustup-home:/opt/rustwide/rustup-home:ro,Z" "-e" "SOURCE_DIR=/opt/rustwide/workdir" "-e" "CARGO_TARGET_DIR=/opt/rustwide/target" "-e" "CARGO_INCREMENTAL=0" "-e" "RUST_BACKTRACE=full" "-e" "RUSTFLAGS=--cap-lints=warn" "-e" "RUSTDOCFLAGS=--cap-lints=warn" "-e" "CARGO_HOME=/opt/rustwide/cargo-home" "-e" "RUSTUP_HOME=/opt/rustwide/rustup-home" "-w" "/opt/rustwide/workdir" "-m" "1610612736" "--user" "0:0" "--network" "none" "ghcr.io/rust-lang/crates-build-env/linux@sha256:2788e3201cd34a07e3172128adcd8b3090168a8e3bcc40d7c032b9dda1df7d1c" "/opt/rustwide/cargo-home/bin/cargo" "+1.75.0" "test" "--frozen" "--no-run" "--message-format=json", kill_on_drop: false }`
[INFO] [stdout] 13a5530a3682612c09588cb18255bc0fbb56f274a5eb555a2dfc773cb7574995
[INFO] running `Command { std: "docker" "start" "-a" "13a5530a3682612c09588cb18255bc0fbb56f274a5eb555a2dfc773cb7574995", kill_on_drop: false }`
[INFO] [stdout] warning: call to `.clone()` on a reference in this situation does nothing
[INFO] [stdout]   --> src/protobuf_rel_path.rs:75:27
[INFO] [stdout]    |
[INFO] [stdout] 75 |         let mut tmp = self.clone();
[INFO] [stdout]    |                           ^^^^^^^^ help: remove this redundant call
[INFO] [stdout]    |
[INFO] [stdout]    = note: the type `protobuf_rel_path::ProtobufRelPathRef` does not implement `Clone`, so calling `clone` on `&protobuf_rel_path::ProtobufRelPathRef` copies the reference, which does not do anything and can be removed
[INFO] [stdout]    = note: `#[warn(noop_method_call)]` on by default
[INFO] [stdout] 
[INFO] [stdout] 
[INFO] [stdout] warning: call to `.clone()` on a reference in this situation does nothing
[INFO] [stdout]   --> src/protobuf_rel_path.rs:79:20
[INFO] [stdout]    |
[INFO] [stdout] 79 |         r.push(self.clone());
[INFO] [stdout]    |                    ^^^^^^^^ help: remove this redundant call
[INFO] [stdout]    |
[INFO] [stdout]    = note: the type `protobuf_rel_path::ProtobufRelPathRef` does not implement `Clone`, so calling `clone` on `&protobuf_rel_path::ProtobufRelPathRef` copies the reference, which does not do anything and can be removed
[INFO] [stdout] 
[INFO] [stdout] 
[INFO] [stderr]    Compiling protobuf-parse v3.2.0 (/opt/rustwide/workdir)
[INFO] [stdout] warning: call to `.clone()` on a reference in this situation does nothing
[INFO] [stdout]   --> src/pure/convert/option_resolver.rs:93:38
[INFO] [stdout]    |
[INFO] [stdout] 93 |                 path.push_simple(name.clone());
[INFO] [stdout]    |                                      ^^^^^^^^ help: remove this redundant call
[INFO] [stdout]    |
[INFO] [stdout]    = note: the type `protobuf_ident::ProtobufIdentRef` does not implement `Clone`, so calling `clone` on `&protobuf_ident::ProtobufIdentRef` copies the reference, which does not do anything and can be removed
[INFO] [stdout] 
[INFO] [stdout] 
[INFO] [stdout] warning: 3 warnings emitted
[INFO] [stdout] 
[INFO] [stdout] 
[INFO] [stdout] warning: call to `.clone()` on a reference in this situation does nothing
[INFO] [stdout]   --> src/protobuf_rel_path.rs:75:27
[INFO] [stdout]    |
[INFO] [stdout] 75 |         let mut tmp = self.clone();
[INFO] [stdout]    |                           ^^^^^^^^ help: remove this redundant call
[INFO] [stdout]    |
[INFO] [stdout]    = note: the type `protobuf_rel_path::ProtobufRelPathRef` does not implement `Clone`, so calling `clone` on `&protobuf_rel_path::ProtobufRelPathRef` copies the reference, which does not do anything and can be removed
[INFO] [stdout]    = note: `#[warn(noop_method_call)]` on by default
[INFO] [stdout] 
[INFO] [stdout] 
[INFO] [stdout] warning: call to `.clone()` on a reference in this situation does nothing
[INFO] [stdout]   --> src/protobuf_rel_path.rs:79:20
[INFO] [stdout]    |
[INFO] [stdout] 79 |         r.push(self.clone());
[INFO] [stdout]    |                    ^^^^^^^^ help: remove this redundant call
[INFO] [stdout]    |
[INFO] [stdout]    = note: the type `protobuf_rel_path::ProtobufRelPathRef` does not implement `Clone`, so calling `clone` on `&protobuf_rel_path::ProtobufRelPathRef` copies the reference, which does not do anything and can be removed
[INFO] [stdout] 
[INFO] [stdout] 
[INFO] [stdout] warning: call to `.clone()` on a reference in this situation does nothing
[INFO] [stdout]   --> src/pure/convert/option_resolver.rs:93:38
[INFO] [stdout]    |
[INFO] [stdout] 93 |                 path.push_simple(name.clone());
[INFO] [stdout]    |                                      ^^^^^^^^ help: remove this redundant call
[INFO] [stdout]    |
[INFO] [stdout]    = note: the type `protobuf_ident::ProtobufIdentRef` does not implement `Clone`, so calling `clone` on `&protobuf_ident::ProtobufIdentRef` copies the reference, which does not do anything and can be removed
[INFO] [stdout] 
[INFO] [stdout] 
[INFO] [stdout] warning: 3 warnings emitted
[INFO] [stdout] 
[INFO] [stdout] 
[INFO] [stderr]     Finished test [unoptimized + debuginfo] target(s) in 2.29s
[INFO] running `Command { std: "docker" "inspect" "13a5530a3682612c09588cb18255bc0fbb56f274a5eb555a2dfc773cb7574995", kill_on_drop: false }`
[INFO] running `Command { std: "docker" "rm" "-f" "13a5530a3682612c09588cb18255bc0fbb56f274a5eb555a2dfc773cb7574995", kill_on_drop: false }`
[INFO] [stdout] 13a5530a3682612c09588cb18255bc0fbb56f274a5eb555a2dfc773cb7574995
[INFO] running `Command { std: "docker" "create" "-v" "/var/lib/crater-agent-workspace/builds/worker-2-tc1/target:/opt/rustwide/target:rw,Z" "-v" "/var/lib/crater-agent-workspace/builds/worker-2-tc1/source:/opt/rustwide/workdir:ro,Z" "-v" "/var/lib/crater-agent-workspace/cargo-home:/opt/rustwide/cargo-home:ro,Z" "-v" "/var/lib/crater-agent-workspace/rustup-home:/opt/rustwide/rustup-home:ro,Z" "-e" "SOURCE_DIR=/opt/rustwide/workdir" "-e" "CARGO_TARGET_DIR=/opt/rustwide/target" "-e" "CARGO_INCREMENTAL=0" "-e" "RUST_BACKTRACE=full" "-e" "RUSTFLAGS=--cap-lints=warn" "-e" "RUSTDOCFLAGS=--cap-lints=warn" "-e" "CARGO_HOME=/opt/rustwide/cargo-home" "-e" "RUSTUP_HOME=/opt/rustwide/rustup-home" "-w" "/opt/rustwide/workdir" "-m" "1610612736" "--user" "0:0" "--network" "none" "ghcr.io/rust-lang/crates-build-env/linux@sha256:2788e3201cd34a07e3172128adcd8b3090168a8e3bcc40d7c032b9dda1df7d1c" "/opt/rustwide/cargo-home/bin/cargo" "+1.75.0" "test" "--frozen", kill_on_drop: false }`
[INFO] [stdout] f31f979c4fdcce844a4c23363397ae0a802d3aea65f69b24f080f3d3eebfcd6a
[INFO] running `Command { std: "docker" "start" "-a" "f31f979c4fdcce844a4c23363397ae0a802d3aea65f69b24f080f3d3eebfcd6a", kill_on_drop: false }`
[INFO] [stderr] warning: call to `.clone()` on a reference in this situation does nothing
[INFO] [stderr]   --> src/protobuf_rel_path.rs:75:27
[INFO] [stderr]    |
[INFO] [stderr] 75 |         let mut tmp = self.clone();
[INFO] [stderr]    |                           ^^^^^^^^ help: remove this redundant call
[INFO] [stderr]    |
[INFO] [stderr]    = note: the type `protobuf_rel_path::ProtobufRelPathRef` does not implement `Clone`, so calling `clone` on `&protobuf_rel_path::ProtobufRelPathRef` copies the reference, which does not do anything and can be removed
[INFO] [stderr]    = note: `#[warn(noop_method_call)]` on by default
[INFO] [stderr] 
[INFO] [stderr] warning: call to `.clone()` on a reference in this situation does nothing
[INFO] [stderr]   --> src/protobuf_rel_path.rs:79:20
[INFO] [stderr]    |
[INFO] [stderr] 79 |         r.push(self.clone());
[INFO] [stderr]    |                    ^^^^^^^^ help: remove this redundant call
[INFO] [stderr]    |
[INFO] [stderr]    = note: the type `protobuf_rel_path::ProtobufRelPathRef` does not implement `Clone`, so calling `clone` on `&protobuf_rel_path::ProtobufRelPathRef` copies the reference, which does not do anything and can be removed
[INFO] [stderr] 
[INFO] [stderr] warning: call to `.clone()` on a reference in this situation does nothing
[INFO] [stderr]   --> src/pure/convert/option_resolver.rs:93:38
[INFO] [stderr]    |
[INFO] [stderr] 93 |                 path.push_simple(name.clone());
[INFO] [stderr]    |                                      ^^^^^^^^ help: remove this redundant call
[INFO] [stderr]    |
[INFO] [stderr]    = note: the type `protobuf_ident::ProtobufIdentRef` does not implement `Clone`, so calling `clone` on `&protobuf_ident::ProtobufIdentRef` copies the reference, which does not do anything and can be removed
[INFO] [stderr] 
[INFO] [stderr] warning: `protobuf-parse` (lib) generated 3 warnings (run `cargo fix --lib -p protobuf-parse` to apply 3 suggestions)
[INFO] [stderr] warning: `protobuf-parse` (lib test) generated 3 warnings (3 duplicates)
[INFO] [stderr]     Finished test [unoptimized + debuginfo] target(s) in 0.02s
[INFO] [stderr]      Running unittests src/lib.rs (/opt/rustwide/target/debug/deps/protobuf_parse-2ec79b77714df2c8)
[INFO] [stdout] 
[INFO] [stdout] running 31 tests
[INFO] [stdout] test case_convert::test::test_snake_case ... ok
[INFO] [stdout] test case_convert::test::test_camel_case ... ok
[INFO] [stdout] test protobuf_abs_path::test::absolute_path_push_simple ... ok
[INFO] [stdout] test path::test::test_fs_path_to_proto_path ... ok
[INFO] [stdout] test protobuf_abs_path::test::ends_with ... ok
[INFO] [stdout] test protobuf_abs_path::test::absolute_path_remove_prefix ... ok
[INFO] [stdout] test protobuf_abs_path::test::self_and_parents ... ok
[INFO] [stdout] test protobuf_rel_path::test::components ... ok
[INFO] [stdout] test protobuf_rel_path::test::parent ... ok
[INFO] [stdout] test protobuf_rel_path::test::self_and_parents ... ok
[INFO] [stdout] test pure::parse_and_typecheck::test::parse_and_typecheck_custom ... ok
[INFO] [stdout] test pure::parse_dependencies::test::parse_dependencies ... ok
[INFO] [stdout] test pure::parser::test::test_default_value_bytes ... ok
[INFO] [stdout] test pure::parser::test::test_enum ... ok
[INFO] [stdout] test pure::parser::test::test_field_default_value_float ... ok
[INFO] [stdout] test pure::parser::test::test_ignore ... ok
[INFO] [stdout] test pure::parser::test::test_default_value_int ... ok
[INFO] [stdout] test pure::parser::test::test_import ... ok
[INFO] [stdout] test pure::parser::test::test_group ... ok
[INFO] [stdout] test pure::parser::test::test_field_default_value_int ... ok
[INFO] [stdout] test pure::parser::test::test_reserved ... ok
[INFO] [stdout] test pure::parser::test::test_syntax ... ok
[INFO] [stdout] test pure::parser::test::test_nested_message ... ok
[INFO] [stdout] test pure::parser::test::test_incorrect_file_descriptor ... ok
[INFO] [stdout] test pure::parser::test::test_default_value_string ... ok
[INFO] [stdout] test pure::parser::test::test_map ... ok
[INFO] [stdout] test pure::parser::test::test_oneof ... ok
[INFO] [stdout] test pure::parser::test::test_message ... ok
[INFO] [stdout] test protoc::command::test::version ... ok
[INFO] [stdout] test parse_and_typecheck::test::parse_and_typecheck ... ok
[INFO] [stdout] test test_against_protobuf_protos::test ... FAILED
[INFO] [stdout] 
[INFO] [stdout] failures:
[INFO] [stdout] 
[INFO] [stdout] ---- test_against_protobuf_protos::test stdout ----
[INFO] [stdout] thread 'test_against_protobuf_protos::test' panicked at src/test_against_protobuf_protos.rs:12:5:
[INFO] [stdout] assertion failed: path.exists()
[INFO] [stdout] stack backtrace:
[INFO] [stdout]    0:     0x55bba36493fc - std::backtrace_rs::backtrace::libunwind::trace::ha637c64ce894333a
[INFO] [stdout]                                at /rustc/82e1608dfa6e0b5569232559e3d385fea5a93112/library/std/src/../../backtrace/src/backtrace/libunwind.rs:104:5
[INFO] [stdout]    1:     0x55bba36493fc - std::backtrace_rs::backtrace::trace_unsynchronized::h47f62dea28e0c88d
[INFO] [stdout]                                at /rustc/82e1608dfa6e0b5569232559e3d385fea5a93112/library/std/src/../../backtrace/src/backtrace/mod.rs:66:5
[INFO] [stdout]    2:     0x55bba36493fc - std::sys_common::backtrace::_print_fmt::h9eef0abe20ede486
[INFO] [stdout]                                at /rustc/82e1608dfa6e0b5569232559e3d385fea5a93112/library/std/src/sys_common/backtrace.rs:67:5
[INFO] [stdout]    3:     0x55bba36493fc - <std::sys_common::backtrace::_print::DisplayBacktrace as core::fmt::Display>::fmt::hed7f999df88cc644
[INFO] [stdout]                                at /rustc/82e1608dfa6e0b5569232559e3d385fea5a93112/library/std/src/sys_common/backtrace.rs:44:22
[INFO] [stdout]    4:     0x55bba3676ae0 - core::fmt::rt::Argument::fmt::h1539a9308b8d058d
[INFO] [stdout]                                at /rustc/82e1608dfa6e0b5569232559e3d385fea5a93112/library/core/src/fmt/rt.rs:142:9
[INFO] [stdout]    5:     0x55bba3676ae0 - core::fmt::write::h3a39390d8560d9c9
[INFO] [stdout]                                at /rustc/82e1608dfa6e0b5569232559e3d385fea5a93112/library/core/src/fmt/mod.rs:1120:17
[INFO] [stdout]    6:     0x55bba364643f - std::io::Write::write_fmt::h040b369f3a0f9cbc
[INFO] [stdout]                                at /rustc/82e1608dfa6e0b5569232559e3d385fea5a93112/library/std/src/io/mod.rs:1762:15
[INFO] [stdout]    7:     0x55bba36491e4 - std::sys_common::backtrace::_print::h894006fb5c6f3d45
[INFO] [stdout]                                at /rustc/82e1608dfa6e0b5569232559e3d385fea5a93112/library/std/src/sys_common/backtrace.rs:47:5
[INFO] [stdout]    8:     0x55bba36491e4 - std::sys_common::backtrace::print::h23a2d212c6fff936
[INFO] [stdout]                                at /rustc/82e1608dfa6e0b5569232559e3d385fea5a93112/library/std/src/sys_common/backtrace.rs:34:9
[INFO] [stdout]    9:     0x55bba364af27 - std::panicking::default_hook::{{closure}}::h8a1d2ee00185001a
[INFO] [stdout]   10:     0x55bba364ac13 - std::panicking::default_hook::h6038f2eba384e475
[INFO] [stdout]                                at /rustc/82e1608dfa6e0b5569232559e3d385fea5a93112/library/std/src/panicking.rs:289:9
[INFO] [stdout]   11:     0x55bba344c377 - <alloc::boxed::Box<F,A> as core::ops::function::Fn<Args>>::call::h0ad024c9bdc6d768
[INFO] [stdout]                                at /rustc/82e1608dfa6e0b5569232559e3d385fea5a93112/library/alloc/src/boxed.rs:2021:9
[INFO] [stdout]   12:     0x55bba344c377 - test::test_main::{{closure}}::h7500b54257359db6
[INFO] [stdout]                                at /rustc/82e1608dfa6e0b5569232559e3d385fea5a93112/library/test/src/lib.rs:138:21
[INFO] [stdout]   13:     0x55bba364b538 - <alloc::boxed::Box<F,A> as core::ops::function::Fn<Args>>::call::h1f8f335eaa9cfaee
[INFO] [stdout]                                at /rustc/82e1608dfa6e0b5569232559e3d385fea5a93112/library/alloc/src/boxed.rs:2021:9
[INFO] [stdout]   14:     0x55bba364b538 - std::panicking::rust_panic_with_hook::h2b5517d590cab22e
[INFO] [stdout]                                at /rustc/82e1608dfa6e0b5569232559e3d385fea5a93112/library/std/src/panicking.rs:783:13
[INFO] [stdout]   15:     0x55bba364b259 - std::panicking::begin_panic_handler::{{closure}}::h233112c06e0ef43e
[INFO] [stdout]                                at /rustc/82e1608dfa6e0b5569232559e3d385fea5a93112/library/std/src/panicking.rs:649:13
[INFO] [stdout]   16:     0x55bba36498c6 - std::sys_common::backtrace::__rust_end_short_backtrace::h6e893f24d7ebbff8
[INFO] [stdout]                                at /rustc/82e1608dfa6e0b5569232559e3d385fea5a93112/library/std/src/sys_common/backtrace.rs:170:18
[INFO] [stdout]   17:     0x55bba364aff2 - rust_begin_unwind
[INFO] [stdout]                                at /rustc/82e1608dfa6e0b5569232559e3d385fea5a93112/library/std/src/panicking.rs:645:5
[INFO] [stdout]   18:     0x55bba331a0e5 - core::panicking::panic_fmt::hbf0e066aabfa482c
[INFO] [stdout]                                at /rustc/82e1608dfa6e0b5569232559e3d385fea5a93112/library/core/src/panicking.rs:72:14
[INFO] [stdout]   19:     0x55bba331a183 - core::panicking::panic::h195fc2a96298d4c3
[INFO] [stdout]                                at /rustc/82e1608dfa6e0b5569232559e3d385fea5a93112/library/core/src/panicking.rs:127:5
[INFO] [stdout]   20:     0x55bba34071c6 - protobuf_parse::test_against_protobuf_protos::parse_recursively::h17c5e57c545eb95c
[INFO] [stdout]                                at /opt/rustwide/workdir/src/test_against_protobuf_protos.rs:12:5
[INFO] [stdout]   21:     0x55bba340b4c4 - protobuf_parse::test_against_protobuf_protos::test::hbf8bdff85efee538
[INFO] [stdout]                                at /opt/rustwide/workdir/src/test_against_protobuf_protos.rs:39:5
[INFO] [stdout]   22:     0x55bba340b467 - protobuf_parse::test_against_protobuf_protos::test::{{closure}}::hf08c0d9071cae8e0
[INFO] [stdout]                                at /opt/rustwide/workdir/src/test_against_protobuf_protos.rs:37:10
[INFO] [stdout]   23:     0x55bba3377926 - core::ops::function::FnOnce::call_once::ha7cfe839e6801cb3
[INFO] [stdout]                                at /rustc/82e1608dfa6e0b5569232559e3d385fea5a93112/library/core/src/ops/function.rs:250:5
[INFO] [stdout]   24:     0x55bba34519cf - core::ops::function::FnOnce::call_once::h2b5d431d5046312d
[INFO] [stdout]                                at /rustc/82e1608dfa6e0b5569232559e3d385fea5a93112/library/core/src/ops/function.rs:250:5
[INFO] [stdout]   25:     0x55bba34519cf - test::__rust_begin_short_backtrace::h7714669af176e207
[INFO] [stdout]                                at /rustc/82e1608dfa6e0b5569232559e3d385fea5a93112/library/test/src/lib.rs:628:18
[INFO] [stdout]   26:     0x55bba34509e5 - test::run_test_in_process::{{closure}}::h85218797dcbcec12
[INFO] [stdout]                                at /rustc/82e1608dfa6e0b5569232559e3d385fea5a93112/library/test/src/lib.rs:651:60
[INFO] [stdout]   27:     0x55bba34509e5 - <core::panic::unwind_safe::AssertUnwindSafe<F> as core::ops::function::FnOnce<()>>::call_once::h76c106ea31c14d7b
[INFO] [stdout]                                at /rustc/82e1608dfa6e0b5569232559e3d385fea5a93112/library/core/src/panic/unwind_safe.rs:272:9
[INFO] [stdout]   28:     0x55bba34509e5 - std::panicking::try::do_call::h3bd5d0f6620ee946
[INFO] [stdout]                                at /rustc/82e1608dfa6e0b5569232559e3d385fea5a93112/library/std/src/panicking.rs:552:40
[INFO] [stdout]   29:     0x55bba34509e5 - std::panicking::try::h232e535e4744fe31
[INFO] [stdout]                                at /rustc/82e1608dfa6e0b5569232559e3d385fea5a93112/library/std/src/panicking.rs:516:19
[INFO] [stdout]   30:     0x55bba34509e5 - std::panic::catch_unwind::h3ce3bd6ca8dbac68
[INFO] [stdout]                                at /rustc/82e1608dfa6e0b5569232559e3d385fea5a93112/library/std/src/panic.rs:142:14
[INFO] [stdout]   31:     0x55bba34509e5 - test::run_test_in_process::hc97b257c9621286a
[INFO] [stdout]                                at /rustc/82e1608dfa6e0b5569232559e3d385fea5a93112/library/test/src/lib.rs:651:27
[INFO] [stdout]   32:     0x55bba34509e5 - test::run_test::{{closure}}::h2aa798823a438d38
[INFO] [stdout]                                at /rustc/82e1608dfa6e0b5569232559e3d385fea5a93112/library/test/src/lib.rs:574:43
[INFO] [stdout]   33:     0x55bba3418ca6 - test::run_test::{{closure}}::h87d231c78fb59832
[INFO] [stdout]                                at /rustc/82e1608dfa6e0b5569232559e3d385fea5a93112/library/test/src/lib.rs:602:41
[INFO] [stdout]   34:     0x55bba3418ca6 - std::sys_common::backtrace::__rust_begin_short_backtrace::he6df152596625789
[INFO] [stdout]                                at /rustc/82e1608dfa6e0b5569232559e3d385fea5a93112/library/std/src/sys_common/backtrace.rs:154:18
[INFO] [stdout]   35:     0x55bba341dd57 - std::thread::Builder::spawn_unchecked_::{{closure}}::{{closure}}::ha94be15d1e0acf36
[INFO] [stdout]                                at /rustc/82e1608dfa6e0b5569232559e3d385fea5a93112/library/std/src/thread/mod.rs:529:17
[INFO] [stdout]   36:     0x55bba341dd57 - <core::panic::unwind_safe::AssertUnwindSafe<F> as core::ops::function::FnOnce<()>>::call_once::h9dc6bd6372f16606
[INFO] [stdout]                                at /rustc/82e1608dfa6e0b5569232559e3d385fea5a93112/library/core/src/panic/unwind_safe.rs:272:9
[INFO] [stdout]   37:     0x55bba341dd57 - std::panicking::try::do_call::h9057517f80303cd4
[INFO] [stdout]                                at /rustc/82e1608dfa6e0b5569232559e3d385fea5a93112/library/std/src/panicking.rs:552:40
[INFO] [stdout]   38:     0x55bba341dd57 - std::panicking::try::he3a30b11ee45340c
[INFO] [stdout]                                at /rustc/82e1608dfa6e0b5569232559e3d385fea5a93112/library/std/src/panicking.rs:516:19
[INFO] [stdout]   39:     0x55bba341dd57 - std::panic::catch_unwind::h410458cfd3528b8b
[INFO] [stdout]                                at /rustc/82e1608dfa6e0b5569232559e3d385fea5a93112/library/std/src/panic.rs:142:14
[INFO] [stdout]   40:     0x55bba341dd57 - std::thread::Builder::spawn_unchecked_::{{closure}}::h72ac3bdb567b737b
[INFO] [stdout]                                at /rustc/82e1608dfa6e0b5569232559e3d385fea5a93112/library/std/src/thread/mod.rs:528:30
[INFO] [stdout]   41:     0x55bba341dd57 - core::ops::function::FnOnce::call_once{{vtable.shim}}::h38f34da3654a8344
[INFO] [stdout]                                at /rustc/82e1608dfa6e0b5569232559e3d385fea5a93112/library/core/src/ops/function.rs:250:5
[INFO] [stdout]   42:     0x55bba3651495 - <alloc::boxed::Box<F,A> as core::ops::function::FnOnce<Args>>::call_once::hc7eafaff61e32df9
[INFO] [stdout]                                at /rustc/82e1608dfa6e0b5569232559e3d385fea5a93112/library/alloc/src/boxed.rs:2007:9
[INFO] [stdout]   43:     0x55bba3651495 - <alloc::boxed::Box<F,A> as core::ops::function::FnOnce<Args>>::call_once::h6ba4a5de48dd2304
[INFO] [stdout]                                at /rustc/82e1608dfa6e0b5569232559e3d385fea5a93112/library/alloc/src/boxed.rs:2007:9
[INFO] [stdout]   44:     0x55bba3651495 - std::sys::unix::thread::Thread::new::thread_start::he469335aef763e45
[INFO] [stdout]                                at /rustc/82e1608dfa6e0b5569232559e3d385fea5a93112/library/std/src/sys/unix/thread.rs:108:17
[INFO] [stdout]   45:     0x7fd3589feac3 - <unknown>
[INFO] [stdout]   46:     0x7fd358a8fbf4 - __clone
[INFO] [stdout]   47:                0x0 - <unknown>
[INFO] [stdout] 
[INFO] [stdout] 
[INFO] [stdout] failures:
[INFO] [stdout]     test_against_protobuf_protos::test
[INFO] [stdout] 
[INFO] [stdout] test result: FAILED. 30 passed; 1 failed; 0 ignored; 0 measured; 0 filtered out; finished in 0.02s
[INFO] [stdout] 
[INFO] [stderr] error: test failed, to rerun pass `--lib`
[INFO] running `Command { std: "docker" "inspect" "f31f979c4fdcce844a4c23363397ae0a802d3aea65f69b24f080f3d3eebfcd6a", kill_on_drop: false }`
[INFO] running `Command { std: "docker" "rm" "-f" "f31f979c4fdcce844a4c23363397ae0a802d3aea65f69b24f080f3d3eebfcd6a", kill_on_drop: false }`
[INFO] [stdout] f31f979c4fdcce844a4c23363397ae0a802d3aea65f69b24f080f3d3eebfcd6a
[INFO] testing msft-mirror-aosp/platform.external.rust.crates.protobuf-parse against beta-2023-12-22 for beta-1.76-1
[INFO] running `Command { std: "git" "clone" "/workspace/cache/git-repos/https%3A%2F%2Fgithub.com%2Fmsft-mirror-aosp%2Fplatform.external.rust.crates.protobuf-parse" "/workspace/builds/worker-2-tc2/source", kill_on_drop: false }`
[INFO] [stderr] Cloning into '/workspace/builds/worker-2-tc2/source'...
[INFO] [stderr] done.
[INFO] validating manifest of git repo https://github.com/msft-mirror-aosp/platform.external.rust.crates.protobuf-parse on toolchain beta-2023-12-22
[INFO] running `Command { std: CARGO_HOME="/workspace/cargo-home" RUSTUP_HOME="/workspace/rustup-home" "/workspace/cargo-home/bin/cargo" "+beta-2023-12-22" "metadata" "--manifest-path" "Cargo.toml" "--no-deps", kill_on_drop: false }`
[INFO] started tweaking git repo https://github.com/msft-mirror-aosp/platform.external.rust.crates.protobuf-parse
[INFO] finished tweaking git repo https://github.com/msft-mirror-aosp/platform.external.rust.crates.protobuf-parse
[INFO] tweaked toml for git repo https://github.com/msft-mirror-aosp/platform.external.rust.crates.protobuf-parse written to /workspace/builds/worker-2-tc2/source/Cargo.toml
[INFO] crate git repo https://github.com/msft-mirror-aosp/platform.external.rust.crates.protobuf-parse already has a lockfile, it will not be regenerated
[INFO] running `Command { std: CARGO_HOME="/workspace/cargo-home" RUSTUP_HOME="/workspace/rustup-home" "/workspace/cargo-home/bin/cargo" "+beta-2023-12-22" "fetch" "--manifest-path" "Cargo.toml", kill_on_drop: false }`
[INFO] running `Command { std: "docker" "create" "-v" "/var/lib/crater-agent-workspace/builds/worker-2-tc2/target:/opt/rustwide/target:rw,Z" "-v" "/var/lib/crater-agent-workspace/builds/worker-2-tc2/source:/opt/rustwide/workdir:ro,Z" "-v" "/var/lib/crater-agent-workspace/cargo-home:/opt/rustwide/cargo-home:ro,Z" "-v" "/var/lib/crater-agent-workspace/rustup-home:/opt/rustwide/rustup-home:ro,Z" "-e" "SOURCE_DIR=/opt/rustwide/workdir" "-e" "CARGO_TARGET_DIR=/opt/rustwide/target" "-e" "CARGO_HOME=/opt/rustwide/cargo-home" "-e" "RUSTUP_HOME=/opt/rustwide/rustup-home" "-w" "/opt/rustwide/workdir" "-m" "1610612736" "--user" "0:0" "--network" "none" "ghcr.io/rust-lang/crates-build-env/linux@sha256:2788e3201cd34a07e3172128adcd8b3090168a8e3bcc40d7c032b9dda1df7d1c" "/opt/rustwide/cargo-home/bin/cargo" "+beta-2023-12-22" "metadata" "--no-deps" "--format-version=1", kill_on_drop: false }`
[INFO] [stdout] e35507f47ca464abec006ec51cdb6221152e883bccb04b3aa4c417e69b783964
[INFO] running `Command { std: "docker" "start" "-a" "e35507f47ca464abec006ec51cdb6221152e883bccb04b3aa4c417e69b783964", kill_on_drop: false }`
[INFO] running `Command { std: "docker" "inspect" "e35507f47ca464abec006ec51cdb6221152e883bccb04b3aa4c417e69b783964", kill_on_drop: false }`
[INFO] running `Command { std: "docker" "rm" "-f" "e35507f47ca464abec006ec51cdb6221152e883bccb04b3aa4c417e69b783964", kill_on_drop: false }`
[INFO] [stdout] e35507f47ca464abec006ec51cdb6221152e883bccb04b3aa4c417e69b783964
[INFO] running `Command { std: "docker" "create" "-v" "/var/lib/crater-agent-workspace/builds/worker-2-tc2/target:/opt/rustwide/target:rw,Z" "-v" "/var/lib/crater-agent-workspace/builds/worker-2-tc2/source:/opt/rustwide/workdir:ro,Z" "-v" "/var/lib/crater-agent-workspace/cargo-home:/opt/rustwide/cargo-home:ro,Z" "-v" "/var/lib/crater-agent-workspace/rustup-home:/opt/rustwide/rustup-home:ro,Z" "-e" "SOURCE_DIR=/opt/rustwide/workdir" "-e" "CARGO_TARGET_DIR=/opt/rustwide/target" "-e" "CARGO_INCREMENTAL=0" "-e" "RUST_BACKTRACE=full" "-e" "RUSTFLAGS=--cap-lints=warn" "-e" "RUSTDOCFLAGS=--cap-lints=warn" "-e" "CARGO_HOME=/opt/rustwide/cargo-home" "-e" "RUSTUP_HOME=/opt/rustwide/rustup-home" "-w" "/opt/rustwide/workdir" "-m" "1610612736" "--user" "0:0" "--network" "none" "ghcr.io/rust-lang/crates-build-env/linux@sha256:2788e3201cd34a07e3172128adcd8b3090168a8e3bcc40d7c032b9dda1df7d1c" "/opt/rustwide/cargo-home/bin/cargo" "+beta-2023-12-22" "build" "--frozen" "--message-format=json", kill_on_drop: false }`
[INFO] [stdout] 09278ef9eb924545118c9d3199c1c73c73b1b27a9ccf650f88cb6b658a13ceb7
[INFO] running `Command { std: "docker" "start" "-a" "09278ef9eb924545118c9d3199c1c73c73b1b27a9ccf650f88cb6b658a13ceb7", kill_on_drop: false }`
[INFO] [stderr]    Compiling proc-macro2 v1.0.44
[INFO] [stderr]    Compiling unicode-ident v1.0.4
[INFO] [stderr]    Compiling quote v1.0.21
[INFO] [stderr]    Compiling syn v1.0.100
[INFO] [stderr]    Compiling thiserror v1.0.36
[INFO] [stderr]    Compiling libc v0.2.133
[INFO] [stderr]    Compiling autocfg v1.1.0
[INFO] [stderr]    Compiling protobuf v3.2.0
[INFO] [stderr]    Compiling cfg-if v1.0.0
[INFO] [stderr]    Compiling anyhow v1.0.65
[INFO] [stderr]    Compiling log v0.4.17
[INFO] [stderr]    Compiling remove_dir_all v0.5.3
[INFO] [stderr]    Compiling either v1.8.0
[INFO] [stderr]    Compiling hashbrown v0.12.3
[INFO] [stderr]    Compiling fastrand v1.8.0
[INFO] [stderr]    Compiling once_cell v1.15.0
[INFO] [stderr]    Compiling indexmap v1.9.1
[INFO] [stderr]    Compiling which v4.3.0
[INFO] [stderr]    Compiling tempfile v3.3.0
[INFO] [stderr]    Compiling thiserror-impl v1.0.36
[INFO] [stderr]    Compiling protobuf-support v3.2.0
[INFO] [stderr]    Compiling protobuf-parse v3.2.0 (/opt/rustwide/workdir)
[INFO] [stdout] warning: call to `.clone()` on a reference in this situation does nothing
[INFO] [stdout]   --> src/protobuf_rel_path.rs:75:27
[INFO] [stdout]    |
[INFO] [stdout] 75 |         let mut tmp = self.clone();
[INFO] [stdout]    |                           ^^^^^^^^ help: remove this redundant call
[INFO] [stdout]    |
[INFO] [stdout]    = note: the type `protobuf_rel_path::ProtobufRelPathRef` does not implement `Clone`, so calling `clone` on `&protobuf_rel_path::ProtobufRelPathRef` copies the reference, which does not do anything and can be removed
[INFO] [stdout]    = note: `#[warn(noop_method_call)]` on by default
[INFO] [stdout] 
[INFO] [stdout] 
[INFO] [stdout] warning: call to `.clone()` on a reference in this situation does nothing
[INFO] [stdout]   --> src/protobuf_rel_path.rs:79:20
[INFO] [stdout]    |
[INFO] [stdout] 79 |         r.push(self.clone());
[INFO] [stdout]    |                    ^^^^^^^^ help: remove this redundant call
[INFO] [stdout]    |
[INFO] [stdout]    = note: the type `protobuf_rel_path::ProtobufRelPathRef` does not implement `Clone`, so calling `clone` on `&protobuf_rel_path::ProtobufRelPathRef` copies the reference, which does not do anything and can be removed
[INFO] [stdout] 
[INFO] [stdout] 
[INFO] [stdout] warning: call to `.clone()` on a reference in this situation does nothing
[INFO] [stdout]   --> src/pure/convert/option_resolver.rs:93:38
[INFO] [stdout]    |
[INFO] [stdout] 93 |                 path.push_simple(name.clone());
[INFO] [stdout]    |                                      ^^^^^^^^ help: remove this redundant call
[INFO] [stdout]    |
[INFO] [stdout]    = note: the type `protobuf_ident::ProtobufIdentRef` does not implement `Clone`, so calling `clone` on `&protobuf_ident::ProtobufIdentRef` copies the reference, which does not do anything and can be removed
[INFO] [stdout] 
[INFO] [stdout] 
[INFO] [stdout] warning: 3 warnings emitted
[INFO] [stdout] 
[INFO] [stdout] 
[INFO] [stderr]     Finished dev [unoptimized + debuginfo] target(s) in 7.30s
[INFO] running `Command { std: "docker" "inspect" "09278ef9eb924545118c9d3199c1c73c73b1b27a9ccf650f88cb6b658a13ceb7", kill_on_drop: false }`
[INFO] running `Command { std: "docker" "rm" "-f" "09278ef9eb924545118c9d3199c1c73c73b1b27a9ccf650f88cb6b658a13ceb7", kill_on_drop: false }`
[INFO] [stdout] 09278ef9eb924545118c9d3199c1c73c73b1b27a9ccf650f88cb6b658a13ceb7
[INFO] running `Command { std: "docker" "create" "-v" "/var/lib/crater-agent-workspace/builds/worker-2-tc2/target:/opt/rustwide/target:rw,Z" "-v" "/var/lib/crater-agent-workspace/builds/worker-2-tc2/source:/opt/rustwide/workdir:ro,Z" "-v" "/var/lib/crater-agent-workspace/cargo-home:/opt/rustwide/cargo-home:ro,Z" "-v" "/var/lib/crater-agent-workspace/rustup-home:/opt/rustwide/rustup-home:ro,Z" "-e" "SOURCE_DIR=/opt/rustwide/workdir" "-e" "CARGO_TARGET_DIR=/opt/rustwide/target" "-e" "CARGO_INCREMENTAL=0" "-e" "RUST_BACKTRACE=full" "-e" "RUSTFLAGS=--cap-lints=warn" "-e" "RUSTDOCFLAGS=--cap-lints=warn" "-e" "CARGO_HOME=/opt/rustwide/cargo-home" "-e" "RUSTUP_HOME=/opt/rustwide/rustup-home" "-w" "/opt/rustwide/workdir" "-m" "1610612736" "--user" "0:0" "--network" "none" "ghcr.io/rust-lang/crates-build-env/linux@sha256:2788e3201cd34a07e3172128adcd8b3090168a8e3bcc40d7c032b9dda1df7d1c" "/opt/rustwide/cargo-home/bin/cargo" "+beta-2023-12-22" "test" "--frozen" "--no-run" "--message-format=json", kill_on_drop: false }`
[INFO] [stdout] 963de5017d51315c1cee866c3bc28796fe3b81f7a07401e0d8129d59c6284c81
[INFO] running `Command { std: "docker" "start" "-a" "963de5017d51315c1cee866c3bc28796fe3b81f7a07401e0d8129d59c6284c81", kill_on_drop: false }`
[INFO] [stdout] warning: call to `.clone()` on a reference in this situation does nothing
[INFO] [stdout]   --> src/protobuf_rel_path.rs:75:27
[INFO] [stdout]    |
[INFO] [stdout] 75 |         let mut tmp = self.clone();
[INFO] [stdout]    |                           ^^^^^^^^ help: remove this redundant call
[INFO] [stdout]    |
[INFO] [stdout]    = note: the type `protobuf_rel_path::ProtobufRelPathRef` does not implement `Clone`, so calling `clone` on `&protobuf_rel_path::ProtobufRelPathRef` copies the reference, which does not do anything and can be removed
[INFO] [stdout]    = note: `#[warn(noop_method_call)]` on by default
[INFO] [stdout] 
[INFO] [stdout] 
[INFO] [stdout] warning: call to `.clone()` on a reference in this situation does nothing
[INFO] [stdout]   --> src/protobuf_rel_path.rs:79:20
[INFO] [stdout]    |
[INFO] [stdout] 79 |         r.push(self.clone());
[INFO] [stdout]    |                    ^^^^^^^^ help: remove this redundant call
[INFO] [stdout]    |
[INFO] [stdout]    = note: the type `protobuf_rel_path::ProtobufRelPathRef` does not implement `Clone`, so calling `clone` on `&protobuf_rel_path::ProtobufRelPathRef` copies the reference, which does not do anything and can be removed
[INFO] [stdout] 
[INFO] [stdout] 
[INFO] [stdout] warning: call to `.clone()` on a reference in this situation does nothing
[INFO] [stdout]   --> src/pure/convert/option_resolver.rs:93:38
[INFO] [stdout]    |
[INFO] [stdout] 93 |                 path.push_simple(name.clone());
[INFO] [stdout]    |                                      ^^^^^^^^ help: remove this redundant call
[INFO] [stdout]    |
[INFO] [stdout]    = note: the type `protobuf_ident::ProtobufIdentRef` does not implement `Clone`, so calling `clone` on `&protobuf_ident::ProtobufIdentRef` copies the reference, which does not do anything and can be removed
[INFO] [stdout] 
[INFO] [stdout] 
[INFO] [stderr]    Compiling protobuf-parse v3.2.0 (/opt/rustwide/workdir)
[INFO] [stdout] warning: 3 warnings emitted
[INFO] [stdout] 
[INFO] [stdout] 
[INFO] [stdout] warning: call to `.clone()` on a reference in this situation does nothing
[INFO] [stdout]   --> src/protobuf_rel_path.rs:75:27
[INFO] [stdout]    |
[INFO] [stdout] 75 |         let mut tmp = self.clone();
[INFO] [stdout]    |                           ^^^^^^^^ help: remove this redundant call
[INFO] [stdout]    |
[INFO] [stdout]    = note: the type `protobuf_rel_path::ProtobufRelPathRef` does not implement `Clone`, so calling `clone` on `&protobuf_rel_path::ProtobufRelPathRef` copies the reference, which does not do anything and can be removed
[INFO] [stdout]    = note: `#[warn(noop_method_call)]` on by default
[INFO] [stdout] 
[INFO] [stdout] 
[INFO] [stdout] warning: call to `.clone()` on a reference in this situation does nothing
[INFO] [stdout]   --> src/protobuf_rel_path.rs:79:20
[INFO] [stdout]    |
[INFO] [stdout] 79 |         r.push(self.clone());
[INFO] [stdout]    |                    ^^^^^^^^ help: remove this redundant call
[INFO] [stdout]    |
[INFO] [stdout]    = note: the type `protobuf_rel_path::ProtobufRelPathRef` does not implement `Clone`, so calling `clone` on `&protobuf_rel_path::ProtobufRelPathRef` copies the reference, which does not do anything and can be removed
[INFO] [stdout] 
[INFO] [stdout] 
[INFO] [stdout] warning: call to `.clone()` on a reference in this situation does nothing
[INFO] [stdout]   --> src/pure/convert/option_resolver.rs:93:38
[INFO] [stdout]    |
[INFO] [stdout] 93 |                 path.push_simple(name.clone());
[INFO] [stdout]    |                                      ^^^^^^^^ help: remove this redundant call
[INFO] [stdout]    |
[INFO] [stdout]    = note: the type `protobuf_ident::ProtobufIdentRef` does not implement `Clone`, so calling `clone` on `&protobuf_ident::ProtobufIdentRef` copies the reference, which does not do anything and can be removed
[INFO] [stdout] 
[INFO] [stdout] 
[INFO] [stdout] warning: 3 warnings emitted
[INFO] [stdout] 
[INFO] [stdout] 
[INFO] [stderr]     Finished test [unoptimized + debuginfo] target(s) in 2.39s
[INFO] running `Command { std: "docker" "inspect" "963de5017d51315c1cee866c3bc28796fe3b81f7a07401e0d8129d59c6284c81", kill_on_drop: false }`
[INFO] running `Command { std: "docker" "rm" "-f" "963de5017d51315c1cee866c3bc28796fe3b81f7a07401e0d8129d59c6284c81", kill_on_drop: false }`
[INFO] [stdout] 963de5017d51315c1cee866c3bc28796fe3b81f7a07401e0d8129d59c6284c81
[INFO] running `Command { std: "docker" "create" "-v" "/var/lib/crater-agent-workspace/builds/worker-2-tc2/target:/opt/rustwide/target:rw,Z" "-v" "/var/lib/crater-agent-workspace/builds/worker-2-tc2/source:/opt/rustwide/workdir:ro,Z" "-v" "/var/lib/crater-agent-workspace/cargo-home:/opt/rustwide/cargo-home:ro,Z" "-v" "/var/lib/crater-agent-workspace/rustup-home:/opt/rustwide/rustup-home:ro,Z" "-e" "SOURCE_DIR=/opt/rustwide/workdir" "-e" "CARGO_TARGET_DIR=/opt/rustwide/target" "-e" "CARGO_INCREMENTAL=0" "-e" "RUST_BACKTRACE=full" "-e" "RUSTFLAGS=--cap-lints=warn" "-e" "RUSTDOCFLAGS=--cap-lints=warn" "-e" "CARGO_HOME=/opt/rustwide/cargo-home" "-e" "RUSTUP_HOME=/opt/rustwide/rustup-home" "-w" "/opt/rustwide/workdir" "-m" "1610612736" "--user" "0:0" "--network" "none" "ghcr.io/rust-lang/crates-build-env/linux@sha256:2788e3201cd34a07e3172128adcd8b3090168a8e3bcc40d7c032b9dda1df7d1c" "/opt/rustwide/cargo-home/bin/cargo" "+beta-2023-12-22" "test" "--frozen", kill_on_drop: false }`
[INFO] [stdout] 683fd731ffe96af2547f931e4aa4cc7f4813d776ebf56a6afc4d11820a2785b9
[INFO] running `Command { std: "docker" "start" "-a" "683fd731ffe96af2547f931e4aa4cc7f4813d776ebf56a6afc4d11820a2785b9", kill_on_drop: false }`
[INFO] [stderr] warning: call to `.clone()` on a reference in this situation does nothing
[INFO] [stderr]   --> src/protobuf_rel_path.rs:75:27
[INFO] [stderr]    |
[INFO] [stderr] 75 |         let mut tmp = self.clone();
[INFO] [stderr]    |                           ^^^^^^^^ help: remove this redundant call
[INFO] [stderr]    |
[INFO] [stderr]    = note: the type `protobuf_rel_path::ProtobufRelPathRef` does not implement `Clone`, so calling `clone` on `&protobuf_rel_path::ProtobufRelPathRef` copies the reference, which does not do anything and can be removed
[INFO] [stderr]    = note: `#[warn(noop_method_call)]` on by default
[INFO] [stderr] 
[INFO] [stderr] warning: call to `.clone()` on a reference in this situation does nothing
[INFO] [stderr]   --> src/protobuf_rel_path.rs:79:20
[INFO] [stderr]    |
[INFO] [stderr] 79 |         r.push(self.clone());
[INFO] [stderr]    |                    ^^^^^^^^ help: remove this redundant call
[INFO] [stderr]    |
[INFO] [stderr]    = note: the type `protobuf_rel_path::ProtobufRelPathRef` does not implement `Clone`, so calling `clone` on `&protobuf_rel_path::ProtobufRelPathRef` copies the reference, which does not do anything and can be removed
[INFO] [stderr] 
[INFO] [stderr] warning: call to `.clone()` on a reference in this situation does nothing
[INFO] [stderr]   --> src/pure/convert/option_resolver.rs:93:38
[INFO] [stderr]    |
[INFO] [stderr] 93 |                 path.push_simple(name.clone());
[INFO] [stderr]    |                                      ^^^^^^^^ help: remove this redundant call
[INFO] [stderr]    |
[INFO] [stderr]    = note: the type `protobuf_ident::ProtobufIdentRef` does not implement `Clone`, so calling `clone` on `&protobuf_ident::ProtobufIdentRef` copies the reference, which does not do anything and can be removed
[INFO] [stderr] 
[INFO] [stderr] warning: `protobuf-parse` (lib) generated 3 warnings (run `cargo fix --lib -p protobuf-parse` to apply 3 suggestions)
[INFO] [stderr] warning: `protobuf-parse` (lib test) generated 3 warnings (3 duplicates)
[INFO] [stderr]     Finished test [unoptimized + debuginfo] target(s) in 0.02s
[INFO] [stderr]      Running unittests src/lib.rs (/opt/rustwide/target/debug/deps/protobuf_parse-4f04086c4cf16a6c)
[INFO] [stdout] 
[INFO] [stdout] running 31 tests
[INFO] [stdout] test case_convert::test::test_snake_case ... ok
[INFO] [stdout] test case_convert::test::test_camel_case ... ok
[INFO] [stdout] test path::test::test_fs_path_to_proto_path ... ok
[INFO] [stdout] test protobuf_abs_path::test::absolute_path_remove_prefix ... ok
[INFO] [stdout] test protobuf_abs_path::test::absolute_path_push_simple ... ok
[INFO] [stdout] test protobuf_abs_path::test::ends_with ... ok
[INFO] [stdout] test protobuf_abs_path::test::self_and_parents ... ok
[INFO] [stdout] test protobuf_rel_path::test::components ... ok
[INFO] [stdout] test protobuf_rel_path::test::parent ... ok
[INFO] [stdout] test protobuf_rel_path::test::self_and_parents ... ok
[INFO] [stdout] test pure::parse_and_typecheck::test::parse_and_typecheck_custom ... ok
[INFO] [stdout] test pure::parse_dependencies::test::parse_dependencies ... ok
[INFO] [stdout] test pure::parser::test::test_default_value_bytes ... ok
[INFO] [stdout] test pure::parser::test::test_default_value_int ... ok
[INFO] [stdout] test pure::parser::test::test_default_value_string ... ok
[INFO] [stdout] test pure::parser::test::test_enum ... ok
[INFO] [stdout] test pure::parser::test::test_field_default_value_int ... ok
[INFO] [stdout] test pure::parser::test::test_ignore ... ok
[INFO] [stdout] test pure::parser::test::test_field_default_value_float ... ok
[INFO] [stdout] test pure::parser::test::test_syntax ... ok
[INFO] [stdout] test pure::parser::test::test_reserved ... ok
[INFO] [stdout] test pure::parser::test::test_map ... ok
[INFO] [stdout] test pure::parser::test::test_incorrect_file_descriptor ... ok
[INFO] [stdout] test pure::parser::test::test_nested_message ... ok
[INFO] [stdout] test pure::parser::test::test_message ... ok
[INFO] [stdout] test pure::parser::test::test_group ... ok
[INFO] [stdout] test pure::parser::test::test_oneof ... ok
[INFO] [stdout] test pure::parser::test::test_import ... ok
[INFO] [stdout] test protoc::command::test::version ... ok
[INFO] [stdout] test parse_and_typecheck::test::parse_and_typecheck ... ok
[INFO] [stdout] test test_against_protobuf_protos::test ... FAILED
[INFO] [stdout] 
[INFO] [stdout] failures:
[INFO] [stdout] 
[INFO] [stdout] ---- test_against_protobuf_protos::test stdout ----
[INFO] [stdout] thread 'test_against_protobuf_protos::test' panicked at src/test_against_protobuf_protos.rs:12:5:
[INFO] [stdout] assertion failed: path.exists()
[INFO] [stdout] stack backtrace:
[INFO] [stdout]    0:     0x56157a78fe16 - std::backtrace_rs::backtrace::libunwind::trace::h261606ad26a499c1
[INFO] [stdout]                                at /rustc/0e09125c6c3c2fd70d7de961bcf0e51575235fad/library/std/src/../../backtrace/src/backtrace/libunwind.rs:104:5
[INFO] [stdout]    1:     0x56157a78fe16 - std::backtrace_rs::backtrace::trace_unsynchronized::hd183f0625477fb28
[INFO] [stdout]                                at /rustc/0e09125c6c3c2fd70d7de961bcf0e51575235fad/library/std/src/../../backtrace/src/backtrace/mod.rs:66:5
[INFO] [stdout]    2:     0x56157a78fe16 - std::sys_common::backtrace::_print_fmt::hd7f8fef21b4eda67
[INFO] [stdout]                                at /rustc/0e09125c6c3c2fd70d7de961bcf0e51575235fad/library/std/src/sys_common/backtrace.rs:68:5
[INFO] [stdout]    3:     0x56157a78fe16 - <std::sys_common::backtrace::_print::DisplayBacktrace as core::fmt::Display>::fmt::h623d9b51f2f453f1
[INFO] [stdout]                                at /rustc/0e09125c6c3c2fd70d7de961bcf0e51575235fad/library/std/src/sys_common/backtrace.rs:44:22
[INFO] [stdout]    4:     0x56157a7bc810 - core::fmt::rt::Argument::fmt::h9f417ac76a86f368
[INFO] [stdout]                                at /rustc/0e09125c6c3c2fd70d7de961bcf0e51575235fad/library/core/src/fmt/rt.rs:142:9
[INFO] [stdout]    5:     0x56157a7bc810 - core::fmt::write::hc9b6faf4ac2aeff7
[INFO] [stdout]                                at /rustc/0e09125c6c3c2fd70d7de961bcf0e51575235fad/library/core/src/fmt/mod.rs:1120:17
[INFO] [stdout]    6:     0x56157a78cf9f - std::io::Write::write_fmt::he04625a3a989fec3
[INFO] [stdout]                                at /rustc/0e09125c6c3c2fd70d7de961bcf0e51575235fad/library/std/src/io/mod.rs:1810:15
[INFO] [stdout]    7:     0x56157a78fbf4 - std::sys_common::backtrace::_print::hd5d66399c7df88a2
[INFO] [stdout]                                at /rustc/0e09125c6c3c2fd70d7de961bcf0e51575235fad/library/std/src/sys_common/backtrace.rs:47:5
[INFO] [stdout]    8:     0x56157a78fbf4 - std::sys_common::backtrace::print::he81ed2da642d37e5
[INFO] [stdout]                                at /rustc/0e09125c6c3c2fd70d7de961bcf0e51575235fad/library/std/src/sys_common/backtrace.rs:34:9
[INFO] [stdout]    9:     0x56157a7919e7 - std::panicking::default_hook::{{closure}}::h85773f4fa117163d
[INFO] [stdout]   10:     0x56157a7916cd - std::panicking::default_hook::h6a1694a91d09b278
[INFO] [stdout]                                at /rustc/0e09125c6c3c2fd70d7de961bcf0e51575235fad/library/std/src/panicking.rs:289:9
[INFO] [stdout]   11:     0x56157a592bf7 - <alloc::boxed::Box<F,A> as core::ops::function::Fn<Args>>::call::h616ac37fa3cd6c8f
[INFO] [stdout]                                at /rustc/0e09125c6c3c2fd70d7de961bcf0e51575235fad/library/alloc/src/boxed.rs:2029:9
[INFO] [stdout]   12:     0x56157a592bf7 - test::test_main::{{closure}}::h00d84697cefdcbb6
[INFO] [stdout]                                at /rustc/0e09125c6c3c2fd70d7de961bcf0e51575235fad/library/test/src/lib.rs:138:21
[INFO] [stdout]   13:     0x56157a792006 - <alloc::boxed::Box<F,A> as core::ops::function::Fn<Args>>::call::hcb3fe3b9bb537ba8
[INFO] [stdout]                                at /rustc/0e09125c6c3c2fd70d7de961bcf0e51575235fad/library/alloc/src/boxed.rs:2029:9
[INFO] [stdout]   14:     0x56157a792006 - std::panicking::rust_panic_with_hook::h0a7ad96e90f7145b
[INFO] [stdout]                                at /rustc/0e09125c6c3c2fd70d7de961bcf0e51575235fad/library/std/src/panicking.rs:783:13
[INFO] [stdout]   15:     0x56157a791d19 - std::panicking::begin_panic_handler::{{closure}}::h7919090525c6485e
[INFO] [stdout]                                at /rustc/0e09125c6c3c2fd70d7de961bcf0e51575235fad/library/std/src/panicking.rs:649:13
[INFO] [stdout]   16:     0x56157a790316 - std::sys_common::backtrace::__rust_end_short_backtrace::hf3289479464f7dfe
[INFO] [stdout]                                at /rustc/0e09125c6c3c2fd70d7de961bcf0e51575235fad/library/std/src/sys_common/backtrace.rs:171:18
[INFO] [stdout]   17:     0x56157a791ab0 - rust_begin_unwind
[INFO] [stdout]                                at /rustc/0e09125c6c3c2fd70d7de961bcf0e51575235fad/library/std/src/panicking.rs:645:5
[INFO] [stdout]   18:     0x56157a45c0f5 - core::panicking::panic_fmt::hcc9f77c5c132af55
[INFO] [stdout]                                at /rustc/0e09125c6c3c2fd70d7de961bcf0e51575235fad/library/core/src/panicking.rs:72:14
[INFO] [stdout]   19:     0x56157a45c1b3 - core::panicking::panic::h5a1259c1164bd480
[INFO] [stdout]                                at /rustc/0e09125c6c3c2fd70d7de961bcf0e51575235fad/library/core/src/panicking.rs:144:5
[INFO] [stdout]   20:     0x56157a505fc6 - protobuf_parse::test_against_protobuf_protos::parse_recursively::h7e6e87fc74085fa6
[INFO] [stdout]                                at /opt/rustwide/workdir/src/test_against_protobuf_protos.rs:12:5
[INFO] [stdout]   21:     0x56157a508ad4 - protobuf_parse::test_against_protobuf_protos::test::h2b930b54deed6b47
[INFO] [stdout]                                at /opt/rustwide/workdir/src/test_against_protobuf_protos.rs:39:5
[INFO] [stdout]   22:     0x56157a508a77 - protobuf_parse::test_against_protobuf_protos::test::{{closure}}::he869d4fd22c1c1bb
[INFO] [stdout]                                at /opt/rustwide/workdir/src/test_against_protobuf_protos.rs:37:10
[INFO] [stdout]   23:     0x56157a4d3c06 - core::ops::function::FnOnce::call_once::hf5e00fe902c46ca2
[INFO] [stdout]                                at /rustc/0e09125c6c3c2fd70d7de961bcf0e51575235fad/library/core/src/ops/function.rs:250:5
[INFO] [stdout]   24:     0x56157a5984cf - core::ops::function::FnOnce::call_once::hd64d26f405258157
[INFO] [stdout]                                at /rustc/0e09125c6c3c2fd70d7de961bcf0e51575235fad/library/core/src/ops/function.rs:250:5
[INFO] [stdout]   25:     0x56157a5984cf - test::__rust_begin_short_backtrace::he21b0b7a6d731bf9
[INFO] [stdout]                                at /rustc/0e09125c6c3c2fd70d7de961bcf0e51575235fad/library/test/src/lib.rs:627:18
[INFO] [stdout]   26:     0x56157a597251 - test::run_test_in_process::{{closure}}::hf5c73986d7bdfde2
[INFO] [stdout]                                at /rustc/0e09125c6c3c2fd70d7de961bcf0e51575235fad/library/test/src/lib.rs:650:60
[INFO] [stdout]   27:     0x56157a597251 - <core::panic::unwind_safe::AssertUnwindSafe<F> as core::ops::function::FnOnce<()>>::call_once::h330011ad032aadc0
[INFO] [stdout]                                at /rustc/0e09125c6c3c2fd70d7de961bcf0e51575235fad/library/core/src/panic/unwind_safe.rs:272:9
[INFO] [stdout]   28:     0x56157a597251 - std::panicking::try::do_call::he61b0a958b795a41
[INFO] [stdout]                                at /rustc/0e09125c6c3c2fd70d7de961bcf0e51575235fad/library/std/src/panicking.rs:552:40
[INFO] [stdout]   29:     0x56157a597251 - std::panicking::try::h7309da130f906eb7
[INFO] [stdout]                                at /rustc/0e09125c6c3c2fd70d7de961bcf0e51575235fad/library/std/src/panicking.rs:516:19
[INFO] [stdout]   30:     0x56157a597251 - std::panic::catch_unwind::hc5c3a06fdaf0a92a
[INFO] [stdout]                                at /rustc/0e09125c6c3c2fd70d7de961bcf0e51575235fad/library/std/src/panic.rs:142:14
[INFO] [stdout]   31:     0x56157a597251 - test::run_test_in_process::h7e7b7c71c3324e0f
[INFO] [stdout]                                at /rustc/0e09125c6c3c2fd70d7de961bcf0e51575235fad/library/test/src/lib.rs:650:27
[INFO] [stdout]   32:     0x56157a597251 - test::run_test::{{closure}}::h1f509f28f5cf20b1
[INFO] [stdout]                                at /rustc/0e09125c6c3c2fd70d7de961bcf0e51575235fad/library/test/src/lib.rs:573:43
[INFO] [stdout]   33:     0x56157a55e586 - test::run_test::{{closure}}::h1754218abf443f6d
[INFO] [stdout]                                at /rustc/0e09125c6c3c2fd70d7de961bcf0e51575235fad/library/test/src/lib.rs:601:41
[INFO] [stdout]   34:     0x56157a55e586 - std::sys_common::backtrace::__rust_begin_short_backtrace::h2ee174b9d5954948
[INFO] [stdout]                                at /rustc/0e09125c6c3c2fd70d7de961bcf0e51575235fad/library/std/src/sys_common/backtrace.rs:155:18
[INFO] [stdout]   35:     0x56157a5635e7 - std::thread::Builder::spawn_unchecked_::{{closure}}::{{closure}}::hf60bee9c1a17ef09
[INFO] [stdout]                                at /rustc/0e09125c6c3c2fd70d7de961bcf0e51575235fad/library/std/src/thread/mod.rs:529:17
[INFO] [stdout]   36:     0x56157a5635e7 - <core::panic::unwind_safe::AssertUnwindSafe<F> as core::ops::function::FnOnce<()>>::call_once::h33d0dddec5216160
[INFO] [stdout]                                at /rustc/0e09125c6c3c2fd70d7de961bcf0e51575235fad/library/core/src/panic/unwind_safe.rs:272:9
[INFO] [stdout]   37:     0x56157a5635e7 - std::panicking::try::do_call::h144b3048b546f835
[INFO] [stdout]                                at /rustc/0e09125c6c3c2fd70d7de961bcf0e51575235fad/library/std/src/panicking.rs:552:40
[INFO] [stdout]   38:     0x56157a5635e7 - std::panicking::try::h978244d04646189f
[INFO] [stdout]                                at /rustc/0e09125c6c3c2fd70d7de961bcf0e51575235fad/library/std/src/panicking.rs:516:19
[INFO] [stdout]   39:     0x56157a5635e7 - std::panic::catch_unwind::hdf436369d188fe86
[INFO] [stdout]                                at /rustc/0e09125c6c3c2fd70d7de961bcf0e51575235fad/library/std/src/panic.rs:142:14
[INFO] [stdout]   40:     0x56157a5635e7 - std::thread::Builder::spawn_unchecked_::{{closure}}::h87329cbdd33c79ec
[INFO] [stdout]                                at /rustc/0e09125c6c3c2fd70d7de961bcf0e51575235fad/library/std/src/thread/mod.rs:528:30
[INFO] [stdout]   41:     0x56157a5635e7 - core::ops::function::FnOnce::call_once{{vtable.shim}}::h401abbe67897d450
[INFO] [stdout]                                at /rustc/0e09125c6c3c2fd70d7de961bcf0e51575235fad/library/core/src/ops/function.rs:250:5
[INFO] [stdout]   42:     0x56157a797fb5 - <alloc::boxed::Box<F,A> as core::ops::function::FnOnce<Args>>::call_once::h5d7c8f150ab9c84c
[INFO] [stdout]                                at /rustc/0e09125c6c3c2fd70d7de961bcf0e51575235fad/library/alloc/src/boxed.rs:2015:9
[INFO] [stdout]   43:     0x56157a797fb5 - <alloc::boxed::Box<F,A> as core::ops::function::FnOnce<Args>>::call_once::h570d5b005c242c15
[INFO] [stdout]                                at /rustc/0e09125c6c3c2fd70d7de961bcf0e51575235fad/library/alloc/src/boxed.rs:2015:9
[INFO] [stdout]   44:     0x56157a797fb5 - std::sys::unix::thread::Thread::new::thread_start::h36b0a20c0b2361ad
[INFO] [stdout]                                at /rustc/0e09125c6c3c2fd70d7de961bcf0e51575235fad/library/std/src/sys/unix/thread.rs:108:17
[INFO] [stdout]   45:     0x7f7396823ac3 - <unknown>
[INFO] [stdout]   46:     0x7f73968b4bf4 - __clone
[INFO] [stdout]   47:                0x0 - <unknown>
[INFO] [stdout] 
[INFO] [stdout] 
[INFO] [stdout] failures:
[INFO] [stdout]     test_against_protobuf_protos::test
[INFO] [stdout] 
[INFO] [stdout] test result: FAILED. 30 passed; 1 failed; 0 ignored; 0 measured; 0 filtered out; finished in 0.02s
[INFO] [stdout] 
[INFO] [stderr] error: test failed, to rerun pass `--lib`
[INFO] running `Command { std: "docker" "inspect" "683fd731ffe96af2547f931e4aa4cc7f4813d776ebf56a6afc4d11820a2785b9", kill_on_drop: false }`
[INFO] running `Command { std: "docker" "rm" "-f" "683fd731ffe96af2547f931e4aa4cc7f4813d776ebf56a6afc4d11820a2785b9", kill_on_drop: false }`
[INFO] [stdout] 683fd731ffe96af2547f931e4aa4cc7f4813d776ebf56a6afc4d11820a2785b9
