[INFO] cloning repository https://github.com/mrdoos/RVAM2x
[INFO] running `Command { std: "git" "-c" "credential.helper=" "-c" "credential.helper=/workspace/cargo-home/bin/git-credential-null" "clone" "--bare" "https://github.com/mrdoos/RVAM2x" "/workspace/cache/git-repos/https%3A%2F%2Fgithub.com%2Fmrdoos%2FRVAM2x", kill_on_drop: false }`
[INFO] [stderr] Cloning into bare repository '/workspace/cache/git-repos/https%3A%2F%2Fgithub.com%2Fmrdoos%2FRVAM2x'...
[INFO] running `Command { std: "git" "rev-parse" "HEAD", kill_on_drop: false }`
[INFO] [stdout] 40456f64bcbc9b455c40349a6c7d52756844355d
[INFO] testing mrdoos/RVAM2x against 1.75.0 for beta-1.76-1
[INFO] running `Command { std: "git" "clone" "/workspace/cache/git-repos/https%3A%2F%2Fgithub.com%2Fmrdoos%2FRVAM2x" "/workspace/builds/worker-1-tc1/source", kill_on_drop: false }`
[INFO] [stderr] Cloning into '/workspace/builds/worker-1-tc1/source'...
[INFO] [stderr] done.
[INFO] [stderr] Updating files:  84% (5945/7045)
Updating files:  85% (5989/7045)
Updating files:  86% (6059/7045)
Updating files:  87% (6130/7045)
Updating files:  88% (6200/7045)
Updating files:  89% (6271/7045)
Updating files:  90% (6341/7045)
Updating files:  91% (6411/7045)
Updating files:  92% (6482/7045)
Updating files:  93% (6552/7045)
Updating files:  94% (6623/7045)
Updating files:  95% (6693/7045)
Updating files:  96% (6764/7045)
Updating files:  97% (6834/7045)
Updating files:  98% (6905/7045)
Updating files:  99% (6975/7045)
Updating files: 100% (7045/7045)
Updating files: 100% (7045/7045), done.
[INFO] validating manifest of git repo https://github.com/mrdoos/RVAM2x on toolchain 1.75.0
[INFO] running `Command { std: CARGO_HOME="/workspace/cargo-home" RUSTUP_HOME="/workspace/rustup-home" "/workspace/cargo-home/bin/cargo" "+1.75.0" "metadata" "--manifest-path" "Cargo.toml" "--no-deps", kill_on_drop: false }`
[INFO] removed /workspace/builds/worker-1-tc1/source/.cargo/config.toml
[INFO] removed /workspace/builds/worker-1-tc1/source/rust-toolchain.toml
[INFO] started tweaking git repo https://github.com/mrdoos/RVAM2x
[INFO] finished tweaking git repo https://github.com/mrdoos/RVAM2x
[INFO] tweaked toml for git repo https://github.com/mrdoos/RVAM2x written to /workspace/builds/worker-1-tc1/source/Cargo.toml
[INFO] crate git repo https://github.com/mrdoos/RVAM2x already has a lockfile, it will not be regenerated
[INFO] running `Command { std: CARGO_HOME="/workspace/cargo-home" RUSTUP_HOME="/workspace/rustup-home" "/workspace/cargo-home/bin/cargo" "+1.75.0" "fetch" "--manifest-path" "Cargo.toml", kill_on_drop: false }`
[INFO] [stderr]     Updating git repository `https://github.com/iron-fish/bellman`
[INFO] [stderr]     Updating git repository `https://github.com/iron-fish/bellperson.git`
[INFO] [stderr]     Updating crates.io index
[INFO] [stderr]     Updating git repository `https://github.com/iron-fish/jubjub.git`
[INFO] [stderr]     Updating git repository `https://github.com/iron-fish/librustzcash.git`
[INFO] [stderr]  Downloading crates ...
[INFO] [stderr]   Downloaded ctor v0.2.2
[INFO] [stderr]   Downloaded crypto_box v0.8.2
[INFO] [stderr]   Downloaded nonempty v0.7.0
[INFO] [stderr]   Downloaded memuse v0.2.1
[INFO] [stderr]   Downloaded reddsa v0.3.0
[INFO] [stderr]   Downloaded hex-literal-impl v0.1.2
[INFO] [stderr]   Downloaded xsalsa20poly1305 v0.9.1
[INFO] [stderr]   Downloaded hex-literal v0.1.4
[INFO] [stderr]   Downloaded fpe v0.5.1
[INFO] [stderr]   Downloaded ec-gpu-gen v0.5.2
[INFO] [stderr]   Downloaded halo2_proofs v0.2.0
[INFO] [stderr]   Downloaded rustix v0.37.3
[INFO] [stderr]   Downloaded halo2_gadgets v0.2.0
[INFO] [stderr]   Downloaded orchard v0.2.0
[INFO] [stderr]   Downloaded blstrs v0.6.1
[INFO] [stderr]   Downloaded redjubjub v0.5.0
[INFO] [stderr]   Downloaded incrementalmerkletree v0.3.0
[INFO] [stderr]   Downloaded bip0039 v0.9.0
[INFO] [stderr]   Downloaded napi v2.13.2
[INFO] [stderr]   Downloaded ec-gpu v0.2.0
[INFO] [stderr]   Downloaded pbkdf2 v0.9.0
[INFO] [stderr]   Downloaded jubjub v0.9.0
[INFO] [stderr]   Downloaded zcash_note_encryption v0.1.0
[INFO] running `Command { std: "docker" "create" "-v" "/var/lib/crater-agent-workspace/builds/worker-1-tc1/target:/opt/rustwide/target:rw,Z" "-v" "/var/lib/crater-agent-workspace/builds/worker-1-tc1/source:/opt/rustwide/workdir:ro,Z" "-v" "/var/lib/crater-agent-workspace/cargo-home:/opt/rustwide/cargo-home:ro,Z" "-v" "/var/lib/crater-agent-workspace/rustup-home:/opt/rustwide/rustup-home:ro,Z" "-e" "SOURCE_DIR=/opt/rustwide/workdir" "-e" "CARGO_TARGET_DIR=/opt/rustwide/target" "-e" "CARGO_HOME=/opt/rustwide/cargo-home" "-e" "RUSTUP_HOME=/opt/rustwide/rustup-home" "-w" "/opt/rustwide/workdir" "-m" "1610612736" "--user" "0:0" "--network" "none" "ghcr.io/rust-lang/crates-build-env/linux@sha256:2788e3201cd34a07e3172128adcd8b3090168a8e3bcc40d7c032b9dda1df7d1c" "/opt/rustwide/cargo-home/bin/cargo" "+1.75.0" "metadata" "--no-deps" "--format-version=1", kill_on_drop: false }`
[INFO] [stdout] fe5c8400968e06492dfed18c3394bda9d8994427aa5a13dec95cd3edce2e883f
[INFO] running `Command { std: "docker" "start" "-a" "fe5c8400968e06492dfed18c3394bda9d8994427aa5a13dec95cd3edce2e883f", kill_on_drop: false }`
[INFO] running `Command { std: "docker" "inspect" "fe5c8400968e06492dfed18c3394bda9d8994427aa5a13dec95cd3edce2e883f", kill_on_drop: false }`
[INFO] running `Command { std: "docker" "rm" "-f" "fe5c8400968e06492dfed18c3394bda9d8994427aa5a13dec95cd3edce2e883f", kill_on_drop: false }`
[INFO] [stdout] fe5c8400968e06492dfed18c3394bda9d8994427aa5a13dec95cd3edce2e883f
[INFO] running `Command { std: "docker" "create" "-v" "/var/lib/crater-agent-workspace/builds/worker-1-tc1/target:/opt/rustwide/target:rw,Z" "-v" "/var/lib/crater-agent-workspace/builds/worker-1-tc1/source:/opt/rustwide/workdir:ro,Z" "-v" "/var/lib/crater-agent-workspace/cargo-home:/opt/rustwide/cargo-home:ro,Z" "-v" "/var/lib/crater-agent-workspace/rustup-home:/opt/rustwide/rustup-home:ro,Z" "-e" "SOURCE_DIR=/opt/rustwide/workdir" "-e" "CARGO_TARGET_DIR=/opt/rustwide/target" "-e" "CARGO_INCREMENTAL=0" "-e" "RUST_BACKTRACE=full" "-e" "RUSTFLAGS=--cap-lints=warn" "-e" "RUSTDOCFLAGS=--cap-lints=warn" "-e" "CARGO_HOME=/opt/rustwide/cargo-home" "-e" "RUSTUP_HOME=/opt/rustwide/rustup-home" "-w" "/opt/rustwide/workdir" "-m" "1610612736" "--user" "0:0" "--network" "none" "ghcr.io/rust-lang/crates-build-env/linux@sha256:2788e3201cd34a07e3172128adcd8b3090168a8e3bcc40d7c032b9dda1df7d1c" "/opt/rustwide/cargo-home/bin/cargo" "+1.75.0" "build" "--frozen" "--message-format=json", kill_on_drop: false }`
[INFO] [stdout] 32232137017d4721bd80cf092e45907c0812aa7f6c2ebaa99feece55c6a1f539
[INFO] running `Command { std: "docker" "start" "-a" "32232137017d4721bd80cf092e45907c0812aa7f6c2ebaa99feece55c6a1f539", kill_on_drop: false }`
[INFO] [stderr]    Compiling libc v0.2.139
[INFO] [stderr]    Compiling typenum v1.16.0
[INFO] [stderr]    Compiling version_check v0.9.4
[INFO] [stderr]    Compiling proc-macro2 v1.0.59
[INFO] [stderr]    Compiling quote v1.0.28
[INFO] [stderr]    Compiling unicode-ident v1.0.6
[INFO] [stderr]    Compiling subtle v2.4.1
[INFO] [stderr]    Compiling syn v1.0.107
[INFO] [stderr]    Compiling radium v0.7.0
[INFO] [stderr]    Compiling wyz v0.5.1
[INFO] [stderr]    Compiling funty v2.0.0
[INFO] [stderr]    Compiling generic-array v0.14.6
[INFO] [stderr]    Compiling unicode-xid v0.2.4
[INFO] [stderr]    Compiling cpufeatures v0.2.5
[INFO] [stderr]    Compiling ppv-lite86 v0.2.17
[INFO] [stderr]    Compiling scopeguard v1.1.0
[INFO] [stderr]    Compiling crossbeam-utils v0.8.14
[INFO] [stderr]    Compiling memoffset v0.7.1
[INFO] [stderr]    Compiling crossbeam-epoch v0.9.13
[INFO] [stderr]    Compiling bitvec v1.0.1
[INFO] [stderr]    Compiling getrandom v0.2.8
[INFO] [stderr]    Compiling num_cpus v1.15.0
[INFO] [stderr]    Compiling rand_core v0.6.4
[INFO] [stderr]    Compiling serde_derive v1.0.152
[INFO] [stderr]    Compiling rand_chacha v0.3.1
[INFO] [stderr]    Compiling rand_xorshift v0.3.0
[INFO] [stderr]    Compiling arrayvec v0.7.2
[INFO] [stderr]    Compiling rayon-core v1.10.1
[INFO] [stderr]    Compiling arrayref v0.3.6
[INFO] [stderr]    Compiling rand v0.8.5
[INFO] [stderr]    Compiling crossbeam-channel v0.5.8
[INFO] [stderr]    Compiling crossbeam-deque v0.8.2
[INFO] [stderr]    Compiling byteorder v1.4.3
[INFO] [stderr]    Compiling crypto-common v0.1.6
[INFO] [stderr]    Compiling constant_time_eq v0.1.5
[INFO] [stderr]    Compiling block-buffer v0.10.3
[INFO] [stderr]    Compiling cc v1.0.78
[INFO] [stderr]    Compiling either v1.8.0
[INFO] [stderr]    Compiling serde v1.0.152
[INFO] [stderr]    Compiling once_cell v1.17.0
[INFO] [stderr]    Compiling digest v0.9.0
[INFO] [stderr]    Compiling log v0.4.17
[INFO] [stderr]    Compiling thiserror v1.0.38
[INFO] [stderr]    Compiling rayon v1.6.1
[INFO] [stderr]    Compiling blake2b_simd v1.0.0
[INFO] [stderr]    Compiling syn v2.0.18
[INFO] [stderr]    Compiling lock_api v0.4.10
[INFO] [stderr]    Compiling ff v0.12.1
[INFO] [stderr]    Compiling group v0.12.1
[INFO] [stderr]    Compiling digest v0.10.6
[INFO] [stderr]    Compiling cipher v0.3.0
[INFO] [stderr]    Compiling pairing v0.22.0
[INFO] [stderr]    Compiling threadpool v1.8.1
[INFO] [stderr]    Compiling bls12_381 v0.7.1
[INFO] [stderr]    Compiling num-traits v0.2.15
[INFO] [stderr]    Compiling execute-command-tokens v0.1.6
[INFO] [stderr]    Compiling spin v0.9.8
[INFO] [stderr]    Compiling blake2s_simd v1.0.0
[INFO] [stderr]    Compiling byte-slice-cast v1.2.2
[INFO] [stderr]    Compiling flume v0.10.14
[INFO] [stderr]    Compiling sha2 v0.10.6
[INFO] [stderr]    Compiling blst v0.3.10
[INFO] [stderr]    Compiling block-buffer v0.9.0
[INFO] [stderr]    Compiling universal-hash v0.4.1
[INFO] [stderr]    Compiling synstructure v0.12.6
[INFO] [stderr]    Compiling ec-gpu-gen v0.5.2
[INFO] [stderr]    Compiling crunchy v0.2.2
[INFO] [stderr]    Compiling getrandom v0.1.16
[INFO] [stderr]    Compiling poly1305 v0.7.2
[INFO] [stderr]    Compiling sha2 v0.9.9
[INFO] [stderr]    Compiling yastl v0.1.2
[INFO] [stderr]    Compiling pasta_curves v0.4.1
[INFO] [stderr]    Compiling tracing-core v0.1.30
[INFO] [stderr]    Compiling aead v0.4.3
[INFO] [stderr]    Compiling num-bigint v0.4.3
[INFO] [stderr]    Compiling pin-project-lite v0.2.9
[INFO] [stderr]    Compiling rustversion v1.0.12
[INFO] [stderr]    Compiling ec-gpu v0.2.0
[INFO] [stderr]    Compiling libm v0.2.6
[INFO] [stderr]    Compiling nonempty v0.7.0
[INFO] [stderr]    Compiling tinyvec v1.6.0
[INFO] [stderr]    Compiling num-integer v0.1.45
[INFO] [stderr]    Compiling jubjub v0.9.0
[INFO] [stderr]    Compiling crypto-mac v0.11.1
[INFO] [stderr]    Compiling base64ct v1.0.1
[INFO] [stderr]    Compiling block-padding v0.2.1
[INFO] [stderr]    Compiling password-hash v0.3.2
[INFO] [stderr]    Compiling execute-command-macro-impl v0.1.9
[INFO] [stderr]    Compiling block-modes v0.8.1
[INFO] [stderr]    Compiling unicode-normalization v0.1.22
[INFO] [stderr]    Compiling uint v0.9.5
[INFO] [stderr]    Compiling rand_core v0.5.1
[INFO] [stderr]    Compiling execute-command-macro v0.1.8
[INFO] [stderr]    Compiling zeroize_derive v1.3.3
[INFO] [stderr]    Compiling thiserror-impl v1.0.38
[INFO] [stderr]    Compiling execute v0.2.12
[INFO] [stderr]    Compiling tracing-attributes v0.1.23
[INFO] [stderr]    Compiling zeroize v1.6.0
[INFO] [stderr]    Compiling chacha20 v0.8.2
[INFO] [stderr]    Compiling chacha20poly1305 v0.9.1
[INFO] [stderr]    Compiling inout v0.1.3
[INFO] [stderr]    Compiling cipher v0.4.4
[INFO] [stderr]    Compiling zcash_note_encryption v0.1.0
[INFO] [stderr]    Compiling fpe v0.5.1
[INFO] [stderr]    Compiling pbkdf2 v0.9.0
[INFO] [stderr]    Compiling hmac v0.11.0
[INFO] [stderr]    Compiling zcash_encoding v0.1.0 (https://github.com/iron-fish/librustzcash.git?branch=blstrs#d5518200)
[INFO] [stderr]    Compiling memuse v0.2.1
[INFO] [stderr]    Compiling bs58 v0.4.0
[INFO] [stderr]    Compiling aes v0.7.5
[INFO] [stderr]    Compiling f4jumble v0.1.0 (https://github.com/iron-fish/librustzcash.git?branch=blstrs#d5518200)
[INFO] [stderr]    Compiling bech32 v0.8.1
[INFO] [stderr]    Compiling zcash_address v0.1.0 (https://github.com/iron-fish/librustzcash.git?branch=blstrs#d5518200)
[INFO] [stderr]    Compiling bip0039 v0.9.0
[INFO] [stderr]    Compiling zcash_note_encryption v0.1.0 (https://github.com/iron-fish/librustzcash.git?branch=blstrs#d5518200)
[INFO] [stderr]    Compiling equihash v0.2.0 (https://github.com/iron-fish/librustzcash.git?branch=blstrs#d5518200)
[INFO] [stderr]    Compiling tracing v0.1.37
[INFO] [stderr]    Compiling universal-hash v0.5.1
[INFO] [stderr]    Compiling halo2_proofs v0.2.0
[INFO] [stderr]    Compiling memmap2 v0.5.10
[INFO] [stderr]    Compiling dirs-sys v0.3.7
[INFO] [stderr]    Compiling memchr v2.5.0
[INFO] [stderr]    Compiling poly1305 v0.8.0
[INFO] [stderr]    Compiling directories v4.0.1
[INFO] [stderr]    Compiling aead v0.5.2
[INFO] [stderr]    Compiling crypto-mac v0.8.0
[INFO] [stderr]    Compiling ff v0.13.0
[INFO] [stderr]    Compiling anyhow v1.0.68
[INFO] [stderr]    Compiling chacha20 v0.9.1
[INFO] [stderr]    Compiling group v0.13.0
[INFO] [stderr]    Compiling salsa20 v0.10.2
[INFO] [stderr]    Compiling curve25519-dalek v3.2.0
[INFO] [stderr]    Compiling rand_chacha v0.2.2
[INFO] [stderr]    Compiling bellman v0.13.1 (https://github.com/iron-fish/bellman?rev=1cc52ca33e6db14233f1cbc0c9c5b7c822b229ec#1cc52ca3)
[INFO] [stderr]    Compiling blake2 v0.10.6
[INFO] [stderr]    Compiling blake3 v1.3.3
[INFO] [stderr]    Compiling indexmap v1.9.3
[INFO] [stderr]    Compiling semver v1.0.17
[INFO] [stderr]    Compiling serde_json v1.0.96
[INFO] [stderr]    Compiling x25519-dalek v1.1.1
[INFO] [stderr]    Compiling aho-corasick v0.7.20
[INFO] [stderr]    Compiling rand v0.7.3
[INFO] [stderr]    Compiling ironfish-phase2 v0.2.2 (/opt/rustwide/workdir/ironfish-phase2)
[INFO] [stderr]    Compiling xsalsa20poly1305 v0.9.1
[INFO] [stderr]    Compiling pairing v0.23.0
[INFO] [stderr]    Compiling chacha20poly1305 v0.10.1
[INFO] [stderr]    Compiling hmac v0.8.1
[INFO] [stderr]    Compiling pbkdf2 v0.4.0
[INFO] [stderr]    Compiling ironfish v0.3.0 (/opt/rustwide/workdir/ironfish-rust)
[INFO] [stderr]    Compiling rand_seeder v0.2.3
[INFO] [stderr]    Compiling hashbrown v0.12.3
[INFO] [stderr]    Compiling ciborium-io v0.2.0
[INFO] [stderr]    Compiling half v1.8.2
[INFO] [stderr]    Compiling regex-syntax v0.6.28
[INFO] [stderr]    Compiling plotters-backend v0.3.4
[INFO] [stderr]    Compiling unicode-segmentation v1.10.1
[INFO] [stderr]    Compiling os_str_bytes v6.5.0
[INFO] [stderr]    Compiling halo2_gadgets v0.2.0
[INFO] [stderr]    Compiling constant_time_eq v0.2.4
[INFO] [stderr]    Compiling rustc-hash v1.1.0
[INFO] [stderr]    Compiling ryu v1.0.13
[INFO] [stderr]    Compiling tiny-bip39 v0.8.2
[INFO] [stderr]    Compiling convert_case v0.6.0
[INFO] [stderr]    Compiling clap_lex v0.2.4
[INFO] [stderr]    Compiling regex v1.7.1
[INFO] [stderr]    Compiling plotters-svg v0.3.3
[INFO] [stderr]    Compiling ciborium-ll v0.2.0
[INFO] [stderr]    Compiling ironfish_mpc v0.2.0 (/opt/rustwide/workdir/ironfish-mpc)
[INFO] [stderr]    Compiling crypto_box v0.8.2
[INFO] [stderr]    Compiling itertools v0.10.5
[INFO] [stderr]    Compiling textwrap v0.16.0
[INFO] [stderr]    Compiling same-file v1.0.6
[INFO] [stderr]    Compiling blstrs v0.6.1
[INFO] [stderr]    Compiling xxhash-rust v0.8.6
[INFO] [stderr]    Compiling cast v0.3.0
[INFO] [stderr]    Compiling incrementalmerkletree v0.3.0
[INFO] [stderr]    Compiling reddsa v0.3.0
[INFO] [stderr]    Compiling bincode v1.3.3
[INFO] [stderr]    Compiling bellperson v0.24.1 (https://github.com/iron-fish/bellperson.git?branch=blstrs#37b9976b)
[INFO] [stderr]    Compiling jubjub v0.9.0 (https://github.com/iron-fish/jubjub.git?branch=blstrs#a1a0c2ed)
[INFO] [stderr]    Compiling redjubjub v0.5.0
[INFO] [stderr]    Compiling napi-build v2.0.1
[INFO] [stderr]    Compiling ironfish-rust-nodejs v0.1.0 (/opt/rustwide/workdir/ironfish-rust-nodejs)
[INFO] [stderr]    Compiling clap v3.2.25
[INFO] [stderr]    Compiling criterion-plot v0.5.0
[INFO] [stderr]    Compiling tinytemplate v1.2.1
[INFO] [stderr]    Compiling ciborium v0.2.0
[INFO] [stderr]    Compiling orchard v0.2.0
[INFO] [stderr]    Compiling walkdir v2.3.3
[INFO] [stderr]    Compiling napi-derive-backend v1.0.52
[INFO] [stderr]    Compiling plotters v0.3.4
[INFO] [stderr]    Compiling ctor v0.2.2
[INFO] [stderr]    Compiling atty v0.2.14
[INFO] [stderr]    Compiling napi-sys v2.2.3
[INFO] [stderr]    Compiling bitflags v2.3.3
[INFO] [stderr]    Compiling oorandom v11.1.3
[INFO] [stderr]    Compiling anes v0.1.6
[INFO] [stderr]    Compiling napi v2.13.2
[INFO] [stderr]    Compiling base64 v0.13.1
[INFO] [stderr]    Compiling criterion v0.4.0
[INFO] [stderr]    Compiling napi-derive v2.13.0
[INFO] [stderr]    Compiling zcash_primitives v0.7.0 (https://github.com/iron-fish/librustzcash.git?branch=blstrs#d5518200)
[INFO] [stderr]    Compiling zcash_proofs v0.7.1 (https://github.com/iron-fish/librustzcash.git?branch=blstrs#d5518200)
[INFO] [stderr]    Compiling ironfish_zkp v0.2.0 (/opt/rustwide/workdir/ironfish-zkp)
[INFO] [stderr]    Compiling benchmarks v0.1.0 (/opt/rustwide/workdir/benchmarks)
[INFO] [stderr]     Finished dev [unoptimized + debuginfo] target(s) in 1m 03s
[INFO] running `Command { std: "docker" "inspect" "32232137017d4721bd80cf092e45907c0812aa7f6c2ebaa99feece55c6a1f539", kill_on_drop: false }`
[INFO] running `Command { std: "docker" "rm" "-f" "32232137017d4721bd80cf092e45907c0812aa7f6c2ebaa99feece55c6a1f539", kill_on_drop: false }`
[INFO] [stdout] 32232137017d4721bd80cf092e45907c0812aa7f6c2ebaa99feece55c6a1f539
[INFO] running `Command { std: "docker" "create" "-v" "/var/lib/crater-agent-workspace/builds/worker-1-tc1/target:/opt/rustwide/target:rw,Z" "-v" "/var/lib/crater-agent-workspace/builds/worker-1-tc1/source:/opt/rustwide/workdir:ro,Z" "-v" "/var/lib/crater-agent-workspace/cargo-home:/opt/rustwide/cargo-home:ro,Z" "-v" "/var/lib/crater-agent-workspace/rustup-home:/opt/rustwide/rustup-home:ro,Z" "-e" "SOURCE_DIR=/opt/rustwide/workdir" "-e" "CARGO_TARGET_DIR=/opt/rustwide/target" "-e" "CARGO_INCREMENTAL=0" "-e" "RUST_BACKTRACE=full" "-e" "RUSTFLAGS=--cap-lints=warn" "-e" "RUSTDOCFLAGS=--cap-lints=warn" "-e" "CARGO_HOME=/opt/rustwide/cargo-home" "-e" "RUSTUP_HOME=/opt/rustwide/rustup-home" "-w" "/opt/rustwide/workdir" "-m" "1610612736" "--user" "0:0" "--network" "none" "ghcr.io/rust-lang/crates-build-env/linux@sha256:2788e3201cd34a07e3172128adcd8b3090168a8e3bcc40d7c032b9dda1df7d1c" "/opt/rustwide/cargo-home/bin/cargo" "+1.75.0" "test" "--frozen" "--no-run" "--message-format=json", kill_on_drop: false }`
[INFO] [stdout] 86cca9dcfb50151f85a69bfec433c6ca4029a04aaeb781b78fc67d74c782070f
[INFO] running `Command { std: "docker" "start" "-a" "86cca9dcfb50151f85a69bfec433c6ca4029a04aaeb781b78fc67d74c782070f", kill_on_drop: false }`
[INFO] [stderr]    Compiling hex-literal v0.4.1
[INFO] [stderr]    Compiling benchmarks v0.1.0 (/opt/rustwide/workdir/benchmarks)
[INFO] [stderr]    Compiling ironfish_mpc v0.2.0 (/opt/rustwide/workdir/ironfish-mpc)
[INFO] [stderr]    Compiling ironfish-rust-nodejs v0.1.0 (/opt/rustwide/workdir/ironfish-rust-nodejs)
[INFO] [stderr]    Compiling ironfish_zkp v0.2.0 (/opt/rustwide/workdir/ironfish-zkp)
[INFO] [stderr]    Compiling ironfish-phase2 v0.2.2 (/opt/rustwide/workdir/ironfish-phase2)
[INFO] [stderr]    Compiling ironfish v0.3.0 (/opt/rustwide/workdir/ironfish-rust)
[INFO] [stderr]     Finished test [unoptimized + debuginfo] target(s) in 8.04s
[INFO] running `Command { std: "docker" "inspect" "86cca9dcfb50151f85a69bfec433c6ca4029a04aaeb781b78fc67d74c782070f", kill_on_drop: false }`
[INFO] running `Command { std: "docker" "rm" "-f" "86cca9dcfb50151f85a69bfec433c6ca4029a04aaeb781b78fc67d74c782070f", kill_on_drop: false }`
[INFO] [stdout] 86cca9dcfb50151f85a69bfec433c6ca4029a04aaeb781b78fc67d74c782070f
[INFO] running `Command { std: "docker" "create" "-v" "/var/lib/crater-agent-workspace/builds/worker-1-tc1/target:/opt/rustwide/target:rw,Z" "-v" "/var/lib/crater-agent-workspace/builds/worker-1-tc1/source:/opt/rustwide/workdir:ro,Z" "-v" "/var/lib/crater-agent-workspace/cargo-home:/opt/rustwide/cargo-home:ro,Z" "-v" "/var/lib/crater-agent-workspace/rustup-home:/opt/rustwide/rustup-home:ro,Z" "-e" "SOURCE_DIR=/opt/rustwide/workdir" "-e" "CARGO_TARGET_DIR=/opt/rustwide/target" "-e" "CARGO_INCREMENTAL=0" "-e" "RUST_BACKTRACE=full" "-e" "RUSTFLAGS=--cap-lints=warn" "-e" "RUSTDOCFLAGS=--cap-lints=warn" "-e" "CARGO_HOME=/opt/rustwide/cargo-home" "-e" "RUSTUP_HOME=/opt/rustwide/rustup-home" "-w" "/opt/rustwide/workdir" "-m" "1610612736" "--user" "0:0" "--network" "none" "ghcr.io/rust-lang/crates-build-env/linux@sha256:2788e3201cd34a07e3172128adcd8b3090168a8e3bcc40d7c032b9dda1df7d1c" "/opt/rustwide/cargo-home/bin/cargo" "+1.75.0" "test" "--frozen", kill_on_drop: false }`
[INFO] [stdout] f9dcee4853de7e99cd128ac7b4b06fd8520c7831deb4d4a95517349ae0ad792b
[INFO] running `Command { std: "docker" "start" "-a" "f9dcee4853de7e99cd128ac7b4b06fd8520c7831deb4d4a95517349ae0ad792b", kill_on_drop: false }`
[INFO] [stderr]     Finished test [unoptimized + debuginfo] target(s) in 0.33s
[INFO] [stderr]      Running unittests src/lib.rs (/opt/rustwide/target/debug/deps/benchmarks-cf539fa843f86ddc)
[INFO] [stdout] 
[INFO] [stdout] running 0 tests
[INFO] [stdout] 
[INFO] [stdout] test result: ok. 0 passed; 0 failed; 0 ignored; 0 measured; 0 filtered out; finished in 0.00s
[INFO] [stdout] 
[INFO] [stderr]      Running unittests src/lib.rs (/opt/rustwide/target/debug/deps/ironfish-bbab85f60f70ea78)
[INFO] [stdout] 
[INFO] [stdout] running 69 tests
[INFO] [stdout] test assets::asset::test::test_asset_new_with_nonce ... ok
[INFO] [stdout] test keys::ephemeral::test::test_ephemeral_key_pair ... ok
[INFO] [stdout] test assets::asset_identifier::test::test_asset_native_identifier ... ok
[INFO] [stdout] test keys::public_address::test::public_address_generation ... ok
[INFO] [stdout] test assets::asset::test::test_serialization ... ok
[INFO] [stdout] test assets::asset::test::test_asset_new ... ok
[INFO] [stdout] test assets::asset::test::test_asset_new_with_nonce_invalid_nonce ... ok
[INFO] [stdout] test assets::asset::test::test_asset_name_must_be_set ... ok
[INFO] [stdout] test keys::public_address::test::public_address_validation ... ok
[INFO] [stdout] test keys::test::test_diffie_hellman_shared_key ... ok
[INFO] [stdout] test keys::test::test_key_generation_and_construction ... ok
[INFO] [stdout] test keys::view_keys::test::test_view_key ... ok
[INFO] [stdout] test keys::test::test_hex_conversion ... ok
[INFO] [stdout] test keys::test::test_serialization ... ok
[INFO] [stdout] test keys::test::test_diffie_hellman_shared_key_with_other_key ... ok
[INFO] [stdout] test keys::test::test_from_and_to_words ... ok
[INFO] [stdout] test mining::mine::test::test_mine_batch_no_match ... ok
[INFO] [stdout] test mining::mine::test::test_mine_batch_match ... ok
[INFO] [stdout] test mining::mine::test::test_mine_batch_step_size ... ok
[INFO] [stdout] test mining::mine::test::test_mine_bytes_lte ... ok
[INFO] [stdout] test nacl::test::test_secret_key ... ok
[INFO] [stdout] test note::test::construct_memo_from_string ... ok
[INFO] [stdout] test nacl::test::test_random_bytes ... ok
[INFO] [stdout] test nacl::test::test_box_unbox ... ok
[INFO] [stdout] test note::test::test_plaintext_serialization ... ok
[INFO] [stdout] test serializing::aead::test::test_aead_facade ... ok
[INFO] [stdout] test serializing::test::hex_serde ... ok
[INFO] [stdout] test transaction::burns::test::test_burn_builder ... ok
[INFO] [stdout] test note::test::test_note_encryption ... ok
[INFO] [stdout] test transaction::burns::test::test_burn_description_serialization ... ok
[INFO] [stdout] test rolling_filter::test::test_rolling_filter ... ok
[INFO] [stdout] test merkle_note::test::test_new_miners_fee_key ... ok
[INFO] [stdout] test merkle_note::test::test_new_not_miners_fee_key ... ok
[INFO] [stdout] test merkle_note::test::test_view_key_encryption_with_other_key ... ok
[INFO] [stdout] test merkle_note::test::test_view_key_encryption ... ok
[INFO] [stdout] test merkle_note::test::test_output_invalid_commitment ... ok
[INFO] [stdout] test transaction::mints::test::test_mint_description_serialization_v2_without_transfer ... ok
[INFO] [stdout] test transaction::mints::test::test_mint_description_serialization_v2_with_transfer ... ok
[INFO] [stdout] test transaction::mints::test::test_mint_description_v1_invalid_owner ... ok
[INFO] [stdout] test transaction::mints::test::test_mint_invalid_id ... ok
[INFO] [stdout] test transaction::mints::test::test_mint_description_serialization_v2_with_different_owner ... ok
[INFO] [stdout] test transaction::mints::test::test_mint_builder ... ok
[INFO] [stdout] test transaction::mints::test::test_mint_description_serialization_v1 ... ok
[INFO] [stdout] test transaction::mints::test::test_mint_description_serialization_v2_with_creator_owner ... ok
[INFO] [stdout] test transaction::outputs::test::test_output_round_trip ... ok
[INFO] [stdout] test transaction::outputs::test::test_output_not_miners_fee ... ok
[INFO] [stdout] test transaction::outputs::test::test_output_miners_fee ... ok
[INFO] [stdout] test transaction::spends::test::test_spend_round_trip ... ok
[INFO] [stdout] test transaction::outputs::test::test_output_builder has been running for over 60 seconds
[INFO] [stdout] test transaction::spends::test::test_spend_builder has been running for over 60 seconds
[INFO] [stdout] test transaction::tests::test_batch_verify has been running for over 60 seconds
[INFO] [stdout] test transaction::tests::test_batch_verify_wrong_params has been running for over 60 seconds
[INFO] [stdout] test transaction::tests::test_miners_fee ... ok
[INFO] [stdout] test transaction::tests::test_transaction has been running for over 60 seconds
[INFO] [stdout] test transaction::tests::test_transaction_created_with_version_1 has been running for over 60 seconds
[INFO] [stdout] test transaction::tests::test_transaction_signature has been running for over 60 seconds
[INFO] [stdout] test transaction::tests::test_transaction_simple has been running for over 60 seconds
[INFO] [stdout] test transaction::outputs::test::test_output_builder ... ok
[INFO] [stdout] test transaction::tests::test_transaction_value_overflows ... ok
[INFO] [stdout] test transaction::tests::test_transaction_version_is_checked ... ok
[INFO] [stdout] test transaction::value_balances::test::test_value_balances_checks_overflows_add ... ok
[INFO] [stdout] test transaction::value_balances::test::test_value_balances_checks_overflows_sub ... ok
[INFO] [stdout] test transaction::value_balances::test::test_value_balances_fee ... ok
[INFO] [stdout] test transaction::value_balances::test::test_value_balances_has_native_asset ... ok
[INFO] [stdout] test transaction::value_balances::test::test_value_balances_multiple_assets ... ok
[INFO] [stdout] test transaction::version::tests::test_as_u8 ... ok
[INFO] [stdout] test transaction::version::tests::test_from_u8 ... ok
[INFO] [stdout] test transaction::version::tests::test_ordering ... ok
[INFO] [stdout] test util::test::test_str_to_array_string_fits ... ok
[INFO] [stdout] test util::test::test_str_to_array_string_too_long ... ok
[INFO] [stdout] test transaction::spends::test::test_spend_builder ... ok
[INFO] [stdout] test transaction::tests::test_transaction_created_with_version_1 ... ok
[INFO] [stdout] test transaction::tests::test_transaction_signature ... ok
[INFO] [stdout] test transaction::tests::test_transaction_simple ... ok
[INFO] [stdout] test transaction::tests::test_transaction ... ok
[INFO] [stdout] test transaction::tests::test_batch_verify ... ok
[INFO] [stdout] test transaction::tests::test_batch_verify_wrong_params ... ok
[INFO] [stdout] 
[INFO] [stdout] test result: ok. 69 passed; 0 failed; 0 ignored; 0 measured; 0 filtered out; finished in 223.41s
[INFO] [stdout] 
[INFO] [stderr]      Running unittests src/lib.rs (/opt/rustwide/target/debug/deps/ironfish_phase2-86047f0b633a7ce1)
[INFO] [stdout] 
[INFO] [stdout] running 0 tests
[INFO] [stdout] 
[INFO] [stdout] test result: ok. 0 passed; 0 failed; 0 ignored; 0 measured; 0 filtered out; finished in 0.00s
[INFO] [stdout] 
[INFO] [stderr]      Running unittests src/lib.rs (/opt/rustwide/target/debug/deps/ironfish_rust_nodejs-b73033063c0a11e6)
[INFO] [stdout] 
[INFO] [stdout] running 0 tests
[INFO] [stdout] 
[INFO] [stdout] test result: ok. 0 passed; 0 failed; 0 ignored; 0 measured; 0 filtered out; finished in 0.00s
[INFO] [stdout] 
[INFO] [stderr]      Running unittests src/lib.rs (/opt/rustwide/target/debug/deps/ironfish_mpc-9aa21755e27589f9)
[INFO] [stdout] 
[INFO] [stdout] running 0 tests
[INFO] [stdout] 
[INFO] [stdout] test result: ok. 0 passed; 0 failed; 0 ignored; 0 measured; 0 filtered out; finished in 0.00s
[INFO] [stdout] 
[INFO] [stderr]      Running unittests src/bin/compute.rs (/opt/rustwide/target/debug/deps/compute-42c699ea6e224881)
[INFO] [stdout] 
[INFO] [stdout] running 0 tests
[INFO] [stdout] 
[INFO] [stdout] test result: ok. 0 passed; 0 failed; 0 ignored; 0 measured; 0 filtered out; finished in 0.00s
[INFO] [stdout] 
[INFO] [stderr]      Running unittests src/bin/split_params.rs (/opt/rustwide/target/debug/deps/split_params-534a6f6f85f4e63b)
[INFO] [stdout] 
[INFO] [stdout] running 0 tests
[INFO] [stdout] 
[INFO] [stdout] test result: ok. 0 passed; 0 failed; 0 ignored; 0 measured; 0 filtered out; finished in 0.00s
[INFO] [stdout] 
[INFO] [stderr]      Running unittests src/lib.rs (/opt/rustwide/target/debug/deps/ironfish_zkp-9b2a59bc7e5f8faa)
[INFO] [stdout] 
[INFO] [stdout] running 9 tests
[INFO] [stdout] test primitives::value_commitment::test::test_value_commitment_new ... ok
[INFO] [stdout] test primitives::value_commitment::test::test_value_commitment ... ok
[INFO] [stdout] test primitives::value_commitment::test::test_value_commitments_different_randomness ... ok
[INFO] [stdout] test primitives::value_commitment::test::test_value_commitments_different_value ... ok
[INFO] [stdout] test primitives::value_commitment::test::test_value_commitments_different_assets ... ok
[INFO] [stdout] test circuits::mint_asset::test::test_mint_asset_circuit ... ok
[INFO] [stdout] test circuits::output::test::test_output_circuit_with_blstrs ... ok
[INFO] [stdout] test circuits::spend::test::test_spend_circuit_with_blstrs_external_test_vectors ... ok
[INFO] [stdout] test circuits::spend::test::test_spend_circuit_with_blstrs ... ok
[INFO] [stdout] 
[INFO] [stdout] test result: ok. 9 passed; 0 failed; 0 ignored; 0 measured; 0 filtered out; finished in 41.27s
[INFO] [stdout] 
[INFO] [stderr]      Running unittests src/bin/generate_params.rs (/opt/rustwide/target/debug/deps/generate_params-66838d241a64a1d1)
[INFO] [stdout] 
[INFO] [stderr]    Doc-tests benchmarks
[INFO] [stdout] running 0 tests
[INFO] [stdout] 
[INFO] [stdout] test result: ok. 0 passed; 0 failed; 0 ignored; 0 measured; 0 filtered out; finished in 0.00s
[INFO] [stdout] 
[INFO] [stdout] 
[INFO] [stdout] running 0 tests
[INFO] [stdout] 
[INFO] [stdout] test result: ok. 0 passed; 0 failed; 0 ignored; 0 measured; 0 filtered out; finished in 0.00s
[INFO] [stdout] 
[INFO] [stderr]    Doc-tests ironfish
[INFO] [stdout] 
[INFO] [stdout] running 0 tests
[INFO] [stdout] 
[INFO] [stdout] test result: ok. 0 passed; 0 failed; 0 ignored; 0 measured; 0 filtered out; finished in 0.00s
[INFO] [stdout] 
[INFO] [stderr]    Doc-tests ironfish-phase2
[INFO] [stdout] 
[INFO] [stdout] running 5 tests
[INFO] [stdout] test ironfish-phase2/src/lib.rs - (line 152) ... ignored
[INFO] [stdout] test ironfish-phase2/src/lib.rs - (line 168) ... ignored
[INFO] [stdout] test ironfish-phase2/src/lib.rs - (line 184) ... ignored
[INFO] [stdout] test ironfish-phase2/src/lib.rs - (line 85) ... ignored
[INFO] [stderr] error: doctest failed, to rerun pass `-p ironfish-phase2 --doc`
[INFO] [stdout] test ironfish-phase2/src/lib.rs - (line 13) ... FAILED
[INFO] [stdout] 
[INFO] [stdout] failures:
[INFO] [stdout] 
[INFO] [stdout] ---- ironfish-phase2/src/lib.rs - (line 13) stdout ----
[INFO] [stdout] error[E0432]: unresolved import `pairing::Field`
[INFO] [stdout]  --> ironfish-phase2/src/lib.rs:17:23
[INFO] [stdout]   |
[INFO] [stdout] 6 | use pairing::{Engine, Field};
[INFO] [stdout]   |                       ^^^^^ no `Field` in the root
[INFO] [stdout]   |
[INFO] [stdout]   = help: consider importing this trait instead:
[INFO] [stdout]           ff::Field
[INFO] [stdout] 
[INFO] [stdout] error[E0277]: the trait bound `E: PrimeField` is not satisfied
[INFO] [stdout]    --> ironfish-phase2/src/lib.rs:28:17
[INFO] [stdout]     |
[INFO] [stdout] 17  | impl<E: Engine> Circuit<E> for CubeRoot<E> {
[INFO] [stdout]     |                 ^^^^^^^^^^ the trait `PrimeField` is not implemented for `E`
[INFO] [stdout]     |
[INFO] [stdout] note: required by a bound in `Circuit`
[INFO] [stdout]    --> /opt/rustwide/cargo-home/git/checkouts/bellman-da7690e577055432/1cc52ca/src/lib.rs:159:27
[INFO] [stdout]     |
[INFO] [stdout] 159 | pub trait Circuit<Scalar: PrimeField> {
[INFO] [stdout]     |                           ^^^^^^^^^^ required by this bound in `Circuit`
[INFO] [stdout] help: consider further restricting this bound
[INFO] [stdout]     |
[INFO] [stdout] 17  | impl<E: Engine + pairing::group::ff::PrimeField> Circuit<E> for CubeRoot<E> {
[INFO] [stdout]     |                ++++++++++++++++++++++++++++++++
[INFO] [stdout] 
[INFO] [stdout] error[E0277]: the trait bound `E: PrimeField` is not satisfied
[INFO] [stdout]    --> ironfish-phase2/src/lib.rs:29:23
[INFO] [stdout]     |
[INFO] [stdout] 18  |     fn synthesize<CS: ConstraintSystem<E>>(
[INFO] [stdout]     |                       ^^^^^^^^^^^^^^^^^^^ the trait `PrimeField` is not implemented for `E`
[INFO] [stdout]     |
[INFO] [stdout] note: required by a bound in `ConstraintSystem`
[INFO] [stdout]    --> /opt/rustwide/cargo-home/git/checkouts/bellman-da7690e577055432/1cc52ca/src/lib.rs:377:36
[INFO] [stdout]     |
[INFO] [stdout] 377 | pub trait ConstraintSystem<Scalar: PrimeField>: Sized {
[INFO] [stdout]     |                                    ^^^^^^^^^^ required by this bound in `ConstraintSystem`
[INFO] [stdout] help: consider further restricting this bound
[INFO] [stdout]     |
[INFO] [stdout] 17  | impl<E: Engine + pairing::group::ff::PrimeField> Circuit<E> for CubeRoot<E> {
[INFO] [stdout]     |                ++++++++++++++++++++++++++++++++
[INFO] [stdout] 
[INFO] [stdout] error: aborting due to 3 previous errors
[INFO] [stdout] 
[INFO] [stdout] Some errors have detailed explanations: E0277, E0432.
[INFO] [stdout] For more information about an error, try `rustc --explain E0277`.
[INFO] [stdout] Couldn't compile the test.
[INFO] [stdout] 
[INFO] [stdout] failures:
[INFO] [stdout]     ironfish-phase2/src/lib.rs - (line 13)
[INFO] [stdout] 
[INFO] [stdout] test result: FAILED. 0 passed; 1 failed; 4 ignored; 0 measured; 0 filtered out; finished in 0.10s
[INFO] [stdout] 
[INFO] running `Command { std: "docker" "inspect" "f9dcee4853de7e99cd128ac7b4b06fd8520c7831deb4d4a95517349ae0ad792b", kill_on_drop: false }`
[INFO] running `Command { std: "docker" "rm" "-f" "f9dcee4853de7e99cd128ac7b4b06fd8520c7831deb4d4a95517349ae0ad792b", kill_on_drop: false }`
[INFO] [stdout] f9dcee4853de7e99cd128ac7b4b06fd8520c7831deb4d4a95517349ae0ad792b
