[INFO] cloning repository https://github.com/motorlatitude/oai_rs
[INFO] running `Command { std: "git" "-c" "credential.helper=" "-c" "credential.helper=/workspace/cargo-home/bin/git-credential-null" "clone" "--bare" "https://github.com/motorlatitude/oai_rs" "/workspace/cache/git-repos/https%3A%2F%2Fgithub.com%2Fmotorlatitude%2Foai_rs", kill_on_drop: false }`
[INFO] [stderr] Cloning into bare repository '/workspace/cache/git-repos/https%3A%2F%2Fgithub.com%2Fmotorlatitude%2Foai_rs'...
[INFO] running `Command { std: "git" "rev-parse" "HEAD", kill_on_drop: false }`
[INFO] [stdout] bdfcb597e9350c5201ae2d86a25f91d5d215ae8d
[INFO] testing motorlatitude/oai_rs against 1.75.0 for beta-1.76-1
[INFO] running `Command { std: "git" "clone" "/workspace/cache/git-repos/https%3A%2F%2Fgithub.com%2Fmotorlatitude%2Foai_rs" "/workspace/builds/worker-0-tc1/source", kill_on_drop: false }`
[INFO] [stderr] Cloning into '/workspace/builds/worker-0-tc1/source'...
[INFO] [stderr] done.
[INFO] validating manifest of git repo https://github.com/motorlatitude/oai_rs on toolchain 1.75.0
[INFO] running `Command { std: CARGO_HOME="/workspace/cargo-home" RUSTUP_HOME="/workspace/rustup-home" "/workspace/cargo-home/bin/cargo" "+1.75.0" "metadata" "--manifest-path" "Cargo.toml" "--no-deps", kill_on_drop: false }`
[INFO] started tweaking git repo https://github.com/motorlatitude/oai_rs
[INFO] finished tweaking git repo https://github.com/motorlatitude/oai_rs
[INFO] tweaked toml for git repo https://github.com/motorlatitude/oai_rs written to /workspace/builds/worker-0-tc1/source/Cargo.toml
[INFO] crate git repo https://github.com/motorlatitude/oai_rs already has a lockfile, it will not be regenerated
[INFO] running `Command { std: CARGO_HOME="/workspace/cargo-home" RUSTUP_HOME="/workspace/rustup-home" "/workspace/cargo-home/bin/cargo" "+1.75.0" "fetch" "--manifest-path" "Cargo.toml", kill_on_drop: false }`
[INFO] [stderr] warning: only one of `license` or `license-file` is necessary
[INFO] [stderr] `license` should be used if the package license can be expressed with a standard SPDX expression.
[INFO] [stderr] `license-file` should be used if the package uses a non-standard license.
[INFO] [stderr] See https://doc.rust-lang.org/cargo/reference/manifest.html#the-license-and-license-file-fields for more information.
[INFO] running `Command { std: "docker" "create" "-v" "/var/lib/crater-agent-workspace/builds/worker-0-tc1/target:/opt/rustwide/target:rw,Z" "-v" "/var/lib/crater-agent-workspace/builds/worker-0-tc1/source:/opt/rustwide/workdir:ro,Z" "-v" "/var/lib/crater-agent-workspace/cargo-home:/opt/rustwide/cargo-home:ro,Z" "-v" "/var/lib/crater-agent-workspace/rustup-home:/opt/rustwide/rustup-home:ro,Z" "-e" "SOURCE_DIR=/opt/rustwide/workdir" "-e" "CARGO_TARGET_DIR=/opt/rustwide/target" "-e" "CARGO_HOME=/opt/rustwide/cargo-home" "-e" "RUSTUP_HOME=/opt/rustwide/rustup-home" "-w" "/opt/rustwide/workdir" "-m" "1610612736" "--user" "0:0" "--network" "none" "ghcr.io/rust-lang/crates-build-env/linux@sha256:2788e3201cd34a07e3172128adcd8b3090168a8e3bcc40d7c032b9dda1df7d1c" "/opt/rustwide/cargo-home/bin/cargo" "+1.75.0" "metadata" "--no-deps" "--format-version=1", kill_on_drop: false }`
[INFO] [stdout] 76b6ec05ab147520bec8f11fdc5cc756c2847ef4f39e284f0a1625f4e5aaf703
[INFO] running `Command { std: "docker" "start" "-a" "76b6ec05ab147520bec8f11fdc5cc756c2847ef4f39e284f0a1625f4e5aaf703", kill_on_drop: false }`
[INFO] running `Command { std: "docker" "inspect" "76b6ec05ab147520bec8f11fdc5cc756c2847ef4f39e284f0a1625f4e5aaf703", kill_on_drop: false }`
[INFO] running `Command { std: "docker" "rm" "-f" "76b6ec05ab147520bec8f11fdc5cc756c2847ef4f39e284f0a1625f4e5aaf703", kill_on_drop: false }`
[INFO] [stdout] 76b6ec05ab147520bec8f11fdc5cc756c2847ef4f39e284f0a1625f4e5aaf703
[INFO] running `Command { std: "docker" "create" "-v" "/var/lib/crater-agent-workspace/builds/worker-0-tc1/target:/opt/rustwide/target:rw,Z" "-v" "/var/lib/crater-agent-workspace/builds/worker-0-tc1/source:/opt/rustwide/workdir:ro,Z" "-v" "/var/lib/crater-agent-workspace/cargo-home:/opt/rustwide/cargo-home:ro,Z" "-v" "/var/lib/crater-agent-workspace/rustup-home:/opt/rustwide/rustup-home:ro,Z" "-e" "SOURCE_DIR=/opt/rustwide/workdir" "-e" "CARGO_TARGET_DIR=/opt/rustwide/target" "-e" "CARGO_INCREMENTAL=0" "-e" "RUST_BACKTRACE=full" "-e" "RUSTFLAGS=--cap-lints=warn" "-e" "RUSTDOCFLAGS=--cap-lints=warn" "-e" "CARGO_HOME=/opt/rustwide/cargo-home" "-e" "RUSTUP_HOME=/opt/rustwide/rustup-home" "-w" "/opt/rustwide/workdir" "-m" "1610612736" "--user" "0:0" "--network" "none" "ghcr.io/rust-lang/crates-build-env/linux@sha256:2788e3201cd34a07e3172128adcd8b3090168a8e3bcc40d7c032b9dda1df7d1c" "/opt/rustwide/cargo-home/bin/cargo" "+1.75.0" "build" "--frozen" "--message-format=json", kill_on_drop: false }`
[INFO] [stdout] 2648d2acc54bf49b27c4962f2b61e76cfe8060efdf867c922f1b037e3ff7f846
[INFO] running `Command { std: "docker" "start" "-a" "2648d2acc54bf49b27c4962f2b61e76cfe8060efdf867c922f1b037e3ff7f846", kill_on_drop: false }`
[INFO] [stderr] warning: only one of `license` or `license-file` is necessary
[INFO] [stderr] `license` should be used if the package license can be expressed with a standard SPDX expression.
[INFO] [stderr] `license-file` should be used if the package uses a non-standard license.
[INFO] [stderr] See https://doc.rust-lang.org/cargo/reference/manifest.html#the-license-and-license-file-fields for more information.
[INFO] [stderr]    Compiling autocfg v1.1.0
[INFO] [stderr]    Compiling proc-macro2 v1.0.47
[INFO] [stderr]    Compiling cfg-if v1.0.0
[INFO] [stderr]    Compiling libc v0.2.138
[INFO] [stderr]    Compiling unicode-ident v1.0.5
[INFO] [stderr]    Compiling quote v1.0.21
[INFO] [stderr]    Compiling syn v1.0.105
[INFO] [stderr]    Compiling log v0.4.17
[INFO] [stderr]    Compiling pin-project-lite v0.2.9
[INFO] [stderr]    Compiling cc v1.0.77
[INFO] [stderr]    Compiling pkg-config v0.3.26
[INFO] [stderr]    Compiling once_cell v1.16.0
[INFO] [stderr]    Compiling bytes v1.3.0
[INFO] [stderr]    Compiling memchr v2.5.0
[INFO] [stderr]    Compiling futures-core v0.3.25
[INFO] [stderr]    Compiling tokio v1.22.0
[INFO] [stderr]    Compiling itoa v1.0.4
[INFO] [stderr]    Compiling futures-task v0.3.25
[INFO] [stderr]    Compiling tracing-core v0.1.30
[INFO] [stderr]    Compiling slab v0.4.7
[INFO] [stderr]    Compiling socket2 v0.4.7
[INFO] [stderr]    Compiling mio v0.8.5
[INFO] [stderr]    Compiling indexmap v1.9.2
[INFO] [stderr]    Compiling futures-util v0.3.25
[INFO] [stderr]    Compiling openssl-sys v0.9.78
[INFO] [stderr]    Compiling serde_derive v1.0.149
[INFO] [stderr]    Compiling openssl v0.10.43
[INFO] [stderr]    Compiling foreign-types-shared v0.1.1
[INFO] [stderr]    Compiling fnv v1.0.7
[INFO] [stderr]    Compiling foreign-types v0.3.2
[INFO] [stderr]    Compiling http v0.2.8
[INFO] [stderr]    Compiling tracing v0.1.37
[INFO] [stderr]    Compiling native-tls v0.2.11
[INFO] [stderr]    Compiling hashbrown v0.12.3
[INFO] [stderr]    Compiling futures-sink v0.3.25
[INFO] [stderr]    Compiling pin-utils v0.1.0
[INFO] [stderr]    Compiling futures-channel v0.3.25
[INFO] [stderr]    Compiling tinyvec_macros v0.1.0
[INFO] [stderr]    Compiling serde v1.0.149
[INFO] [stderr]    Compiling httparse v1.8.0
[INFO] [stderr]    Compiling bitflags v1.3.2
[INFO] [stderr]    Compiling tinyvec v1.6.0
[INFO] [stderr]    Compiling percent-encoding v2.2.0
[INFO] [stderr]    Compiling try-lock v0.2.3
[INFO] [stderr]    Compiling openssl-probe v0.1.5
[INFO] [stderr]    Compiling form_urlencoded v1.1.0
[INFO] [stderr]    Compiling want v0.3.0
[INFO] [stderr]    Compiling http-body v0.4.5
[INFO] [stderr]    Compiling unicode-bidi v0.3.8
[INFO] [stderr]    Compiling unicode-normalization v0.1.22
[INFO] [stderr]    Compiling encoding_rs v0.8.31
[INFO] [stderr]    Compiling serde_json v1.0.89
[INFO] [stderr]    Compiling tower-service v0.3.2
[INFO] [stderr]    Compiling httpdate v1.0.2
[INFO] [stderr]    Compiling ryu v1.0.11
[INFO] [stderr]    Compiling rustversion v1.0.9
[INFO] [stderr]    Compiling idna v0.3.0
[INFO] [stderr]    Compiling ipnet v2.5.1
[INFO] [stderr]    Compiling mime v0.3.16
[INFO] [stderr]    Compiling base64 v0.13.1
[INFO] [stderr]    Compiling url v2.3.1
[INFO] [stderr]    Compiling tokio-util v0.7.4
[INFO] [stderr]    Compiling heck v0.4.0
[INFO] [stderr]    Compiling dotenv v0.15.0
[INFO] [stderr]    Compiling h2 v0.3.15
[INFO] [stderr]    Compiling strum v0.24.1
[INFO] [stderr]    Compiling openssl-macros v0.1.0
[INFO] [stderr]    Compiling strum_macros v0.24.3
[INFO] [stderr]    Compiling hyper v0.14.23
[INFO] [stderr]    Compiling tokio-native-tls v0.3.0
[INFO] [stderr]    Compiling hyper-tls v0.5.0
[INFO] [stderr]    Compiling serde_urlencoded v0.7.1
[INFO] [stderr]    Compiling reqwest v0.11.13
[INFO] [stderr]    Compiling oai_rs v0.1.3 (/opt/rustwide/workdir)
[INFO] [stderr]     Finished dev [unoptimized + debuginfo] target(s) in 13.89s
[INFO] running `Command { std: "docker" "inspect" "2648d2acc54bf49b27c4962f2b61e76cfe8060efdf867c922f1b037e3ff7f846", kill_on_drop: false }`
[INFO] running `Command { std: "docker" "rm" "-f" "2648d2acc54bf49b27c4962f2b61e76cfe8060efdf867c922f1b037e3ff7f846", kill_on_drop: false }`
[INFO] [stdout] 2648d2acc54bf49b27c4962f2b61e76cfe8060efdf867c922f1b037e3ff7f846
[INFO] running `Command { std: "docker" "create" "-v" "/var/lib/crater-agent-workspace/builds/worker-0-tc1/target:/opt/rustwide/target:rw,Z" "-v" "/var/lib/crater-agent-workspace/builds/worker-0-tc1/source:/opt/rustwide/workdir:ro,Z" "-v" "/var/lib/crater-agent-workspace/cargo-home:/opt/rustwide/cargo-home:ro,Z" "-v" "/var/lib/crater-agent-workspace/rustup-home:/opt/rustwide/rustup-home:ro,Z" "-e" "SOURCE_DIR=/opt/rustwide/workdir" "-e" "CARGO_TARGET_DIR=/opt/rustwide/target" "-e" "CARGO_INCREMENTAL=0" "-e" "RUST_BACKTRACE=full" "-e" "RUSTFLAGS=--cap-lints=warn" "-e" "RUSTDOCFLAGS=--cap-lints=warn" "-e" "CARGO_HOME=/opt/rustwide/cargo-home" "-e" "RUSTUP_HOME=/opt/rustwide/rustup-home" "-w" "/opt/rustwide/workdir" "-m" "1610612736" "--user" "0:0" "--network" "none" "ghcr.io/rust-lang/crates-build-env/linux@sha256:2788e3201cd34a07e3172128adcd8b3090168a8e3bcc40d7c032b9dda1df7d1c" "/opt/rustwide/cargo-home/bin/cargo" "+1.75.0" "test" "--frozen" "--no-run" "--message-format=json", kill_on_drop: false }`
[INFO] [stdout] 84e498ff1ea8ac97999d026264385cef0be2bf15ac5bbf76dbc5edd95fd64f1e
[INFO] running `Command { std: "docker" "start" "-a" "84e498ff1ea8ac97999d026264385cef0be2bf15ac5bbf76dbc5edd95fd64f1e", kill_on_drop: false }`
[INFO] [stderr] warning: only one of `license` or `license-file` is necessary
[INFO] [stderr] `license` should be used if the package license can be expressed with a standard SPDX expression.
[INFO] [stderr] `license-file` should be used if the package uses a non-standard license.
[INFO] [stderr] See https://doc.rust-lang.org/cargo/reference/manifest.html#the-license-and-license-file-fields for more information.
[INFO] [stderr]    Compiling oai_rs v0.1.3 (/opt/rustwide/workdir)
[INFO] [stderr]     Finished test [unoptimized + debuginfo] target(s) in 0.42s
[INFO] running `Command { std: "docker" "inspect" "84e498ff1ea8ac97999d026264385cef0be2bf15ac5bbf76dbc5edd95fd64f1e", kill_on_drop: false }`
[INFO] running `Command { std: "docker" "rm" "-f" "84e498ff1ea8ac97999d026264385cef0be2bf15ac5bbf76dbc5edd95fd64f1e", kill_on_drop: false }`
[INFO] [stdout] 84e498ff1ea8ac97999d026264385cef0be2bf15ac5bbf76dbc5edd95fd64f1e
[INFO] running `Command { std: "docker" "create" "-v" "/var/lib/crater-agent-workspace/builds/worker-0-tc1/target:/opt/rustwide/target:rw,Z" "-v" "/var/lib/crater-agent-workspace/builds/worker-0-tc1/source:/opt/rustwide/workdir:ro,Z" "-v" "/var/lib/crater-agent-workspace/cargo-home:/opt/rustwide/cargo-home:ro,Z" "-v" "/var/lib/crater-agent-workspace/rustup-home:/opt/rustwide/rustup-home:ro,Z" "-e" "SOURCE_DIR=/opt/rustwide/workdir" "-e" "CARGO_TARGET_DIR=/opt/rustwide/target" "-e" "CARGO_INCREMENTAL=0" "-e" "RUST_BACKTRACE=full" "-e" "RUSTFLAGS=--cap-lints=warn" "-e" "RUSTDOCFLAGS=--cap-lints=warn" "-e" "CARGO_HOME=/opt/rustwide/cargo-home" "-e" "RUSTUP_HOME=/opt/rustwide/rustup-home" "-w" "/opt/rustwide/workdir" "-m" "1610612736" "--user" "0:0" "--network" "none" "ghcr.io/rust-lang/crates-build-env/linux@sha256:2788e3201cd34a07e3172128adcd8b3090168a8e3bcc40d7c032b9dda1df7d1c" "/opt/rustwide/cargo-home/bin/cargo" "+1.75.0" "test" "--frozen", kill_on_drop: false }`
[INFO] [stdout] e0e9bd2c214495a7e079f8feca50ab17e842913b9b89d903951e8d7aef076ae7
[INFO] running `Command { std: "docker" "start" "-a" "e0e9bd2c214495a7e079f8feca50ab17e842913b9b89d903951e8d7aef076ae7", kill_on_drop: false }`
[INFO] [stderr] warning: only one of `license` or `license-file` is necessary
[INFO] [stderr] `license` should be used if the package license can be expressed with a standard SPDX expression.
[INFO] [stderr] `license-file` should be used if the package uses a non-standard license.
[INFO] [stderr] See https://doc.rust-lang.org/cargo/reference/manifest.html#the-license-and-license-file-fields for more information.
[INFO] [stderr]     Finished test [unoptimized + debuginfo] target(s) in 0.05s
[INFO] [stderr]      Running unittests src/lib.rs (/opt/rustwide/target/debug/deps/oai_rs-fe3191b9a11787f0)
[INFO] [stdout] 
[INFO] [stdout] running 0 tests
[INFO] [stdout] 
[INFO] [stdout] test result: ok. 0 passed; 0 failed; 0 ignored; 0 measured; 0 filtered out; finished in 0.00s
[INFO] [stdout] 
[INFO] [stderr]    Doc-tests oai_rs
[INFO] [stdout] 
[INFO] [stdout] running 5 tests
[INFO] [stdout] test src/models.rs - models::CompletionModels::from_str (line 85) ... FAILED
[INFO] [stdout] test src/models.rs - models::EditModels::from_str (line 121) ... FAILED
[INFO] [stdout] test src/edits.rs - edits::build (line 37) ... ok
[INFO] [stdout] test src/completions.rs - completions::build (line 40) ... ok
[INFO] [stdout] test src/images.rs - images::build (line 47) ... ok
[INFO] [stdout] 
[INFO] [stdout] failures:
[INFO] [stdout] 
[INFO] [stdout] ---- src/models.rs - models::CompletionModels::from_str (line 85) stdout ----
[INFO] [stdout] error[E0432]: unresolved import `crate::models`
[INFO] [stdout]  --> src/models.rs:86:5
[INFO] [stdout]   |
[INFO] [stdout] 3 | use crate::models;
[INFO] [stdout]   |     ^^^^^^^^^^^^^ no `models` in the root
[INFO] [stdout]   |
[INFO] [stdout] help: consider importing this module instead
[INFO] [stdout]   |
[INFO] [stdout] 3 | use oai_rs::models;
[INFO] [stdout]   |     ~~~~~~~~~~~~~~
[INFO] [stdout] 
[INFO] [stdout] error: aborting due to previous error
[INFO] [stdout] 
[INFO] [stdout] For more information about this error, try `rustc --explain E0432`.
[INFO] [stdout] Couldn't compile the test.
[INFO] [stdout] ---- src/models.rs - models::EditModels::from_str (line 121) stdout ----
[INFO] [stdout] error[E0432]: unresolved import `crate::models`
[INFO] [stdout]  --> src/models.rs:122:5
[INFO] [stdout]   |
[INFO] [stdout] 3 | use crate::models;
[INFO] [stdout]   |     ^^^^^^^^^^^^^ no `models` in the root
[INFO] [stdout]   |
[INFO] [stdout] help: consider importing this module instead
[INFO] [stdout]   |
[INFO] [stdout] 3 | use oai_rs::models;
[INFO] [stdout]   |     ~~~~~~~~~~~~~~
[INFO] [stdout] 
[INFO] [stdout] error: aborting due to previous error
[INFO] [stdout] 
[INFO] [stdout] For more information about this error, try `rustc --explain E0432`.
[INFO] [stdout] Couldn't compile the test.
[INFO] [stdout] 
[INFO] [stdout] failures:
[INFO] [stdout]     src/models.rs - models::CompletionModels::from_str (line 85)
[INFO] [stdout]     src/models.rs - models::EditModels::from_str (line 121)
[INFO] [stdout] 
[INFO] [stdout] test result: FAILED. 3 passed; 2 failed; 0 ignored; 0 measured; 0 filtered out; finished in 0.97s
[INFO] [stdout] 
[INFO] [stderr] error: doctest failed, to rerun pass `--doc`
[INFO] running `Command { std: "docker" "inspect" "e0e9bd2c214495a7e079f8feca50ab17e842913b9b89d903951e8d7aef076ae7", kill_on_drop: false }`
[INFO] running `Command { std: "docker" "rm" "-f" "e0e9bd2c214495a7e079f8feca50ab17e842913b9b89d903951e8d7aef076ae7", kill_on_drop: false }`
[INFO] [stdout] e0e9bd2c214495a7e079f8feca50ab17e842913b9b89d903951e8d7aef076ae7
[INFO] testing motorlatitude/oai_rs against beta-2023-12-22 for beta-1.76-1
[INFO] running `Command { std: "git" "clone" "/workspace/cache/git-repos/https%3A%2F%2Fgithub.com%2Fmotorlatitude%2Foai_rs" "/workspace/builds/worker-0-tc2/source", kill_on_drop: false }`
[INFO] [stderr] Cloning into '/workspace/builds/worker-0-tc2/source'...
[INFO] [stderr] done.
[INFO] validating manifest of git repo https://github.com/motorlatitude/oai_rs on toolchain beta-2023-12-22
[INFO] running `Command { std: CARGO_HOME="/workspace/cargo-home" RUSTUP_HOME="/workspace/rustup-home" "/workspace/cargo-home/bin/cargo" "+beta-2023-12-22" "metadata" "--manifest-path" "Cargo.toml" "--no-deps", kill_on_drop: false }`
[INFO] started tweaking git repo https://github.com/motorlatitude/oai_rs
[INFO] finished tweaking git repo https://github.com/motorlatitude/oai_rs
[INFO] tweaked toml for git repo https://github.com/motorlatitude/oai_rs written to /workspace/builds/worker-0-tc2/source/Cargo.toml
[INFO] crate git repo https://github.com/motorlatitude/oai_rs already has a lockfile, it will not be regenerated
[INFO] running `Command { std: CARGO_HOME="/workspace/cargo-home" RUSTUP_HOME="/workspace/rustup-home" "/workspace/cargo-home/bin/cargo" "+beta-2023-12-22" "fetch" "--manifest-path" "Cargo.toml", kill_on_drop: false }`
[INFO] [stderr] warning: only one of `license` or `license-file` is necessary
[INFO] [stderr] `license` should be used if the package license can be expressed with a standard SPDX expression.
[INFO] [stderr] `license-file` should be used if the package uses a non-standard license.
[INFO] [stderr] See https://doc.rust-lang.org/cargo/reference/manifest.html#the-license-and-license-file-fields for more information.
[INFO] running `Command { std: "docker" "create" "-v" "/var/lib/crater-agent-workspace/builds/worker-0-tc2/target:/opt/rustwide/target:rw,Z" "-v" "/var/lib/crater-agent-workspace/builds/worker-0-tc2/source:/opt/rustwide/workdir:ro,Z" "-v" "/var/lib/crater-agent-workspace/cargo-home:/opt/rustwide/cargo-home:ro,Z" "-v" "/var/lib/crater-agent-workspace/rustup-home:/opt/rustwide/rustup-home:ro,Z" "-e" "SOURCE_DIR=/opt/rustwide/workdir" "-e" "CARGO_TARGET_DIR=/opt/rustwide/target" "-e" "CARGO_HOME=/opt/rustwide/cargo-home" "-e" "RUSTUP_HOME=/opt/rustwide/rustup-home" "-w" "/opt/rustwide/workdir" "-m" "1610612736" "--user" "0:0" "--network" "none" "ghcr.io/rust-lang/crates-build-env/linux@sha256:2788e3201cd34a07e3172128adcd8b3090168a8e3bcc40d7c032b9dda1df7d1c" "/opt/rustwide/cargo-home/bin/cargo" "+beta-2023-12-22" "metadata" "--no-deps" "--format-version=1", kill_on_drop: false }`
[INFO] [stdout] d9ff17127bc8780288bf93e459a5e55156e068ad1ddfc45f546ad74f2e85b8b5
[INFO] running `Command { std: "docker" "start" "-a" "d9ff17127bc8780288bf93e459a5e55156e068ad1ddfc45f546ad74f2e85b8b5", kill_on_drop: false }`
[INFO] running `Command { std: "docker" "inspect" "d9ff17127bc8780288bf93e459a5e55156e068ad1ddfc45f546ad74f2e85b8b5", kill_on_drop: false }`
[INFO] running `Command { std: "docker" "rm" "-f" "d9ff17127bc8780288bf93e459a5e55156e068ad1ddfc45f546ad74f2e85b8b5", kill_on_drop: false }`
[INFO] [stdout] d9ff17127bc8780288bf93e459a5e55156e068ad1ddfc45f546ad74f2e85b8b5
[INFO] running `Command { std: "docker" "create" "-v" "/var/lib/crater-agent-workspace/builds/worker-0-tc2/target:/opt/rustwide/target:rw,Z" "-v" "/var/lib/crater-agent-workspace/builds/worker-0-tc2/source:/opt/rustwide/workdir:ro,Z" "-v" "/var/lib/crater-agent-workspace/cargo-home:/opt/rustwide/cargo-home:ro,Z" "-v" "/var/lib/crater-agent-workspace/rustup-home:/opt/rustwide/rustup-home:ro,Z" "-e" "SOURCE_DIR=/opt/rustwide/workdir" "-e" "CARGO_TARGET_DIR=/opt/rustwide/target" "-e" "CARGO_INCREMENTAL=0" "-e" "RUST_BACKTRACE=full" "-e" "RUSTFLAGS=--cap-lints=warn" "-e" "RUSTDOCFLAGS=--cap-lints=warn" "-e" "CARGO_HOME=/opt/rustwide/cargo-home" "-e" "RUSTUP_HOME=/opt/rustwide/rustup-home" "-w" "/opt/rustwide/workdir" "-m" "1610612736" "--user" "0:0" "--network" "none" "ghcr.io/rust-lang/crates-build-env/linux@sha256:2788e3201cd34a07e3172128adcd8b3090168a8e3bcc40d7c032b9dda1df7d1c" "/opt/rustwide/cargo-home/bin/cargo" "+beta-2023-12-22" "build" "--frozen" "--message-format=json", kill_on_drop: false }`
[INFO] [stdout] 21b7008245121233457804e6385eaaef7f7bd7a9910ed6254629b983810f1e61
[INFO] running `Command { std: "docker" "start" "-a" "21b7008245121233457804e6385eaaef7f7bd7a9910ed6254629b983810f1e61", kill_on_drop: false }`
[INFO] [stderr] warning: only one of `license` or `license-file` is necessary
[INFO] [stderr] `license` should be used if the package license can be expressed with a standard SPDX expression.
[INFO] [stderr] `license-file` should be used if the package uses a non-standard license.
[INFO] [stderr] See https://doc.rust-lang.org/cargo/reference/manifest.html#the-license-and-license-file-fields for more information.
[INFO] [stderr]    Compiling autocfg v1.1.0
[INFO] [stderr]    Compiling proc-macro2 v1.0.47
[INFO] [stderr]    Compiling unicode-ident v1.0.5
[INFO] [stderr]    Compiling cfg-if v1.0.0
[INFO] [stderr]    Compiling libc v0.2.138
[INFO] [stderr]    Compiling quote v1.0.21
[INFO] [stderr]    Compiling syn v1.0.105
[INFO] [stderr]    Compiling log v0.4.17
[INFO] [stderr]    Compiling pin-project-lite v0.2.9
[INFO] [stderr]    Compiling once_cell v1.16.0
[INFO] [stderr]    Compiling cc v1.0.77
[INFO] [stderr]    Compiling pkg-config v0.3.26
[INFO] [stderr]    Compiling futures-core v0.3.25
[INFO] [stderr]    Compiling bytes v1.3.0
[INFO] [stderr]    Compiling memchr v2.5.0
[INFO] [stderr]    Compiling tokio v1.22.0
[INFO] [stderr]    Compiling itoa v1.0.4
[INFO] [stderr]    Compiling futures-task v0.3.25
[INFO] [stderr]    Compiling indexmap v1.9.2
[INFO] [stderr]    Compiling socket2 v0.4.7
[INFO] [stderr]    Compiling mio v0.8.5
[INFO] [stderr]    Compiling slab v0.4.7
[INFO] [stderr]    Compiling tracing-core v0.1.30
[INFO] [stderr]    Compiling futures-util v0.3.25
[INFO] [stderr]    Compiling foreign-types-shared v0.1.1
[INFO] [stderr]    Compiling serde_derive v1.0.149
[INFO] [stderr]    Compiling openssl v0.10.43
[INFO] [stderr]    Compiling openssl-sys v0.9.78
[INFO] [stderr]    Compiling fnv v1.0.7
[INFO] [stderr]    Compiling tracing v0.1.37
[INFO] [stderr]    Compiling foreign-types v0.3.2
[INFO] [stderr]    Compiling http v0.2.8
[INFO] [stderr]    Compiling bitflags v1.3.2
[INFO] [stderr]    Compiling serde v1.0.149
[INFO] [stderr]    Compiling futures-sink v0.3.25
[INFO] [stderr]    Compiling native-tls v0.2.11
[INFO] [stderr]    Compiling futures-channel v0.3.25
[INFO] [stderr]    Compiling httparse v1.8.0
[INFO] [stderr]    Compiling tinyvec_macros v0.1.0
[INFO] [stderr]    Compiling hashbrown v0.12.3
[INFO] [stderr]    Compiling pin-utils v0.1.0
[INFO] [stderr]    Compiling tinyvec v1.6.0
[INFO] [stderr]    Compiling percent-encoding v2.2.0
[INFO] [stderr]    Compiling try-lock v0.2.3
[INFO] [stderr]    Compiling openssl-probe v0.1.5
[INFO] [stderr]    Compiling want v0.3.0
[INFO] [stderr]    Compiling form_urlencoded v1.1.0
[INFO] [stderr]    Compiling http-body v0.4.5
[INFO] [stderr]    Compiling unicode-normalization v0.1.22
[INFO] [stderr]    Compiling ryu v1.0.11
[INFO] [stderr]    Compiling rustversion v1.0.9
[INFO] [stderr]    Compiling tower-service v0.3.2
[INFO] [stderr]    Compiling unicode-bidi v0.3.8
[INFO] [stderr]    Compiling serde_json v1.0.89
[INFO] [stderr]    Compiling encoding_rs v0.8.31
[INFO] [stderr]    Compiling httpdate v1.0.2
[INFO] [stderr]    Compiling idna v0.3.0
[INFO] [stderr]    Compiling heck v0.4.0
[INFO] [stderr]    Compiling ipnet v2.5.1
[INFO] [stderr]    Compiling mime v0.3.16
[INFO] [stderr]    Compiling base64 v0.13.1
[INFO] [stderr]    Compiling url v2.3.1
[INFO] [stderr]    Compiling tokio-util v0.7.4
[INFO] [stderr]    Compiling dotenv v0.15.0
[INFO] [stderr]    Compiling strum v0.24.1
[INFO] [stderr]    Compiling h2 v0.3.15
[INFO] [stderr]    Compiling openssl-macros v0.1.0
[INFO] [stderr]    Compiling strum_macros v0.24.3
[INFO] [stderr]    Compiling hyper v0.14.23
[INFO] [stderr]    Compiling tokio-native-tls v0.3.0
[INFO] [stderr]    Compiling hyper-tls v0.5.0
[INFO] [stderr]    Compiling serde_urlencoded v0.7.1
[INFO] [stderr]    Compiling reqwest v0.11.13
[INFO] [stderr]    Compiling oai_rs v0.1.3 (/opt/rustwide/workdir)
[INFO] [stderr]     Finished dev [unoptimized + debuginfo] target(s) in 15.19s
[INFO] running `Command { std: "docker" "inspect" "21b7008245121233457804e6385eaaef7f7bd7a9910ed6254629b983810f1e61", kill_on_drop: false }`
[INFO] running `Command { std: "docker" "rm" "-f" "21b7008245121233457804e6385eaaef7f7bd7a9910ed6254629b983810f1e61", kill_on_drop: false }`
[INFO] [stdout] 21b7008245121233457804e6385eaaef7f7bd7a9910ed6254629b983810f1e61
[INFO] running `Command { std: "docker" "create" "-v" "/var/lib/crater-agent-workspace/builds/worker-0-tc2/target:/opt/rustwide/target:rw,Z" "-v" "/var/lib/crater-agent-workspace/builds/worker-0-tc2/source:/opt/rustwide/workdir:ro,Z" "-v" "/var/lib/crater-agent-workspace/cargo-home:/opt/rustwide/cargo-home:ro,Z" "-v" "/var/lib/crater-agent-workspace/rustup-home:/opt/rustwide/rustup-home:ro,Z" "-e" "SOURCE_DIR=/opt/rustwide/workdir" "-e" "CARGO_TARGET_DIR=/opt/rustwide/target" "-e" "CARGO_INCREMENTAL=0" "-e" "RUST_BACKTRACE=full" "-e" "RUSTFLAGS=--cap-lints=warn" "-e" "RUSTDOCFLAGS=--cap-lints=warn" "-e" "CARGO_HOME=/opt/rustwide/cargo-home" "-e" "RUSTUP_HOME=/opt/rustwide/rustup-home" "-w" "/opt/rustwide/workdir" "-m" "1610612736" "--user" "0:0" "--network" "none" "ghcr.io/rust-lang/crates-build-env/linux@sha256:2788e3201cd34a07e3172128adcd8b3090168a8e3bcc40d7c032b9dda1df7d1c" "/opt/rustwide/cargo-home/bin/cargo" "+beta-2023-12-22" "test" "--frozen" "--no-run" "--message-format=json", kill_on_drop: false }`
[INFO] [stdout] 94f40f8c78b699f6e627c7a05b46e0d6e3ee71187a31888d57aa15e60ee4f16f
[INFO] running `Command { std: "docker" "start" "-a" "94f40f8c78b699f6e627c7a05b46e0d6e3ee71187a31888d57aa15e60ee4f16f", kill_on_drop: false }`
[INFO] [stderr] warning: only one of `license` or `license-file` is necessary
[INFO] [stderr] `license` should be used if the package license can be expressed with a standard SPDX expression.
[INFO] [stderr] `license-file` should be used if the package uses a non-standard license.
[INFO] [stderr] See https://doc.rust-lang.org/cargo/reference/manifest.html#the-license-and-license-file-fields for more information.
[INFO] [stderr]    Compiling oai_rs v0.1.3 (/opt/rustwide/workdir)
[INFO] [stderr]     Finished test [unoptimized + debuginfo] target(s) in 0.48s
[INFO] running `Command { std: "docker" "inspect" "94f40f8c78b699f6e627c7a05b46e0d6e3ee71187a31888d57aa15e60ee4f16f", kill_on_drop: false }`
[INFO] running `Command { std: "docker" "rm" "-f" "94f40f8c78b699f6e627c7a05b46e0d6e3ee71187a31888d57aa15e60ee4f16f", kill_on_drop: false }`
[INFO] [stdout] 94f40f8c78b699f6e627c7a05b46e0d6e3ee71187a31888d57aa15e60ee4f16f
[INFO] running `Command { std: "docker" "create" "-v" "/var/lib/crater-agent-workspace/builds/worker-0-tc2/target:/opt/rustwide/target:rw,Z" "-v" "/var/lib/crater-agent-workspace/builds/worker-0-tc2/source:/opt/rustwide/workdir:ro,Z" "-v" "/var/lib/crater-agent-workspace/cargo-home:/opt/rustwide/cargo-home:ro,Z" "-v" "/var/lib/crater-agent-workspace/rustup-home:/opt/rustwide/rustup-home:ro,Z" "-e" "SOURCE_DIR=/opt/rustwide/workdir" "-e" "CARGO_TARGET_DIR=/opt/rustwide/target" "-e" "CARGO_INCREMENTAL=0" "-e" "RUST_BACKTRACE=full" "-e" "RUSTFLAGS=--cap-lints=warn" "-e" "RUSTDOCFLAGS=--cap-lints=warn" "-e" "CARGO_HOME=/opt/rustwide/cargo-home" "-e" "RUSTUP_HOME=/opt/rustwide/rustup-home" "-w" "/opt/rustwide/workdir" "-m" "1610612736" "--user" "0:0" "--network" "none" "ghcr.io/rust-lang/crates-build-env/linux@sha256:2788e3201cd34a07e3172128adcd8b3090168a8e3bcc40d7c032b9dda1df7d1c" "/opt/rustwide/cargo-home/bin/cargo" "+beta-2023-12-22" "test" "--frozen", kill_on_drop: false }`
[INFO] [stdout] 02ee2c98e62504889ce211ac66cde2bf5c6483e2205a5f0ef359a0616406bf17
[INFO] running `Command { std: "docker" "start" "-a" "02ee2c98e62504889ce211ac66cde2bf5c6483e2205a5f0ef359a0616406bf17", kill_on_drop: false }`
[INFO] [stderr] warning: only one of `license` or `license-file` is necessary
[INFO] [stderr] `license` should be used if the package license can be expressed with a standard SPDX expression.
[INFO] [stderr] `license-file` should be used if the package uses a non-standard license.
[INFO] [stderr] See https://doc.rust-lang.org/cargo/reference/manifest.html#the-license-and-license-file-fields for more information.
[INFO] [stderr]     Finished test [unoptimized + debuginfo] target(s) in 0.05s
[INFO] [stderr]      Running unittests src/lib.rs (/opt/rustwide/target/debug/deps/oai_rs-99209f19ded4f415)
[INFO] [stdout] 
[INFO] [stdout] running 0 tests
[INFO] [stdout] 
[INFO] [stdout] test result: ok. 0 passed; 0 failed; 0 ignored; 0 measured; 0 filtered out; finished in 0.00s
[INFO] [stdout] 
[INFO] [stderr]    Doc-tests oai_rs
[INFO] [stdout] 
[INFO] [stdout] running 5 tests
[INFO] [stdout] test src/models.rs - models::CompletionModels::from_str (line 85) ... FAILED
[INFO] [stdout] test src/models.rs - models::EditModels::from_str (line 121) ... FAILED
[INFO] [stdout] test src/edits.rs - edits::build (line 37) ... ok
[INFO] [stdout] test src/images.rs - images::build (line 47) ... ok
[INFO] [stdout] test src/completions.rs - completions::build (line 40) ... ok
[INFO] [stdout] 
[INFO] [stdout] failures:
[INFO] [stdout] 
[INFO] [stdout] ---- src/models.rs - models::CompletionModels::from_str (line 85) stdout ----
[INFO] [stdout] error[E0432]: unresolved import `crate::models`
[INFO] [stdout]  --> src/models.rs:86:5
[INFO] [stdout]   |
[INFO] [stdout] 3 | use crate::models;
[INFO] [stdout]   |     ^^^^^^^^^^^^^ no `models` in the root
[INFO] [stdout]   |
[INFO] [stdout] help: consider importing this module instead
[INFO] [stdout]   |
[INFO] [stdout] 3 | use oai_rs::models;
[INFO] [stdout]   |     ~~~~~~~~~~~~~~
[INFO] [stdout] 
[INFO] [stdout] error: aborting due to 1 previous error
[INFO] [stdout] 
[INFO] [stdout] For more information about this error, try `rustc --explain E0432`.
[INFO] [stdout] Couldn't compile the test.
[INFO] [stdout] ---- src/models.rs - models::EditModels::from_str (line 121) stdout ----
[INFO] [stdout] error[E0432]: unresolved import `crate::models`
[INFO] [stdout]  --> src/models.rs:122:5
[INFO] [stdout]   |
[INFO] [stdout] 3 | use crate::models;
[INFO] [stdout]   |     ^^^^^^^^^^^^^ no `models` in the root
[INFO] [stdout]   |
[INFO] [stdout] help: consider importing this module instead
[INFO] [stdout]   |
[INFO] [stdout] 3 | use oai_rs::models;
[INFO] [stdout]   |     ~~~~~~~~~~~~~~
[INFO] [stdout] 
[INFO] [stdout] error: aborting due to 1 previous error
[INFO] [stdout] 
[INFO] [stdout] For more information about this error, try `rustc --explain E0432`.
[INFO] [stdout] Couldn't compile the test.
[INFO] [stdout] 
[INFO] [stdout] failures:
[INFO] [stdout]     src/models.rs - models::CompletionModels::from_str (line 85)
[INFO] [stdout]     src/models.rs - models::EditModels::from_str (line 121)
[INFO] [stdout] 
[INFO] [stdout] test result: FAILED. 3 passed; 2 failed; 0 ignored; 0 measured; 0 filtered out; finished in 1.17s
[INFO] [stdout] 
[INFO] [stderr] error: doctest failed, to rerun pass `--doc`
[INFO] running `Command { std: "docker" "inspect" "02ee2c98e62504889ce211ac66cde2bf5c6483e2205a5f0ef359a0616406bf17", kill_on_drop: false }`
[INFO] running `Command { std: "docker" "rm" "-f" "02ee2c98e62504889ce211ac66cde2bf5c6483e2205a5f0ef359a0616406bf17", kill_on_drop: false }`
[INFO] [stdout] 02ee2c98e62504889ce211ac66cde2bf5c6483e2205a5f0ef359a0616406bf17
