[INFO] cloning repository https://github.com/moritztng/llamars
[INFO] running `Command { std: "git" "-c" "credential.helper=" "-c" "credential.helper=/workspace/cargo-home/bin/git-credential-null" "clone" "--bare" "https://github.com/moritztng/llamars" "/workspace/cache/git-repos/https%3A%2F%2Fgithub.com%2Fmoritztng%2Fllamars", kill_on_drop: false }`
[INFO] [stderr] Cloning into bare repository '/workspace/cache/git-repos/https%3A%2F%2Fgithub.com%2Fmoritztng%2Fllamars'...
[INFO] running `Command { std: "git" "rev-parse" "HEAD", kill_on_drop: false }`
[INFO] [stdout] 6b76f9295ad8ea12c21c479e462631b7bf77aa0c
[INFO] testing moritztng/llamars against 1.75.0 for beta-1.76-1
[INFO] running `Command { std: "git" "clone" "/workspace/cache/git-repos/https%3A%2F%2Fgithub.com%2Fmoritztng%2Fllamars" "/workspace/builds/worker-3-tc1/source", kill_on_drop: false }`
[INFO] [stderr] Cloning into '/workspace/builds/worker-3-tc1/source'...
[INFO] [stderr] done.
[INFO] validating manifest of git repo https://github.com/moritztng/llamars on toolchain 1.75.0
[INFO] running `Command { std: CARGO_HOME="/workspace/cargo-home" RUSTUP_HOME="/workspace/rustup-home" "/workspace/cargo-home/bin/cargo" "+1.75.0" "metadata" "--manifest-path" "Cargo.toml" "--no-deps", kill_on_drop: false }`
[INFO] started tweaking git repo https://github.com/moritztng/llamars
[INFO] finished tweaking git repo https://github.com/moritztng/llamars
[INFO] tweaked toml for git repo https://github.com/moritztng/llamars written to /workspace/builds/worker-3-tc1/source/Cargo.toml
[INFO] crate git repo https://github.com/moritztng/llamars already has a lockfile, it will not be regenerated
[INFO] running `Command { std: CARGO_HOME="/workspace/cargo-home" RUSTUP_HOME="/workspace/rustup-home" "/workspace/cargo-home/bin/cargo" "+1.75.0" "fetch" "--manifest-path" "Cargo.toml", kill_on_drop: false }`
[INFO] [stderr]  Downloading crates ...
[INFO] [stderr]   Downloaded memmap2 v0.9.3
[INFO] running `Command { std: "docker" "create" "-v" "/var/lib/crater-agent-workspace/builds/worker-3-tc1/target:/opt/rustwide/target:rw,Z" "-v" "/var/lib/crater-agent-workspace/builds/worker-3-tc1/source:/opt/rustwide/workdir:ro,Z" "-v" "/var/lib/crater-agent-workspace/cargo-home:/opt/rustwide/cargo-home:ro,Z" "-v" "/var/lib/crater-agent-workspace/rustup-home:/opt/rustwide/rustup-home:ro,Z" "-e" "SOURCE_DIR=/opt/rustwide/workdir" "-e" "CARGO_TARGET_DIR=/opt/rustwide/target" "-e" "CARGO_HOME=/opt/rustwide/cargo-home" "-e" "RUSTUP_HOME=/opt/rustwide/rustup-home" "-w" "/opt/rustwide/workdir" "-m" "1610612736" "--user" "0:0" "--network" "none" "ghcr.io/rust-lang/crates-build-env/linux@sha256:2788e3201cd34a07e3172128adcd8b3090168a8e3bcc40d7c032b9dda1df7d1c" "/opt/rustwide/cargo-home/bin/cargo" "+1.75.0" "metadata" "--no-deps" "--format-version=1", kill_on_drop: false }`
[INFO] [stdout] 35f0d1bcd30f1489c9ab37bf71948b02681d06e87bd2b2dc316e6335dbc41e5d
[INFO] running `Command { std: "docker" "start" "-a" "35f0d1bcd30f1489c9ab37bf71948b02681d06e87bd2b2dc316e6335dbc41e5d", kill_on_drop: false }`
[INFO] running `Command { std: "docker" "inspect" "35f0d1bcd30f1489c9ab37bf71948b02681d06e87bd2b2dc316e6335dbc41e5d", kill_on_drop: false }`
[INFO] running `Command { std: "docker" "rm" "-f" "35f0d1bcd30f1489c9ab37bf71948b02681d06e87bd2b2dc316e6335dbc41e5d", kill_on_drop: false }`
[INFO] [stdout] 35f0d1bcd30f1489c9ab37bf71948b02681d06e87bd2b2dc316e6335dbc41e5d
[INFO] running `Command { std: "docker" "create" "-v" "/var/lib/crater-agent-workspace/builds/worker-3-tc1/target:/opt/rustwide/target:rw,Z" "-v" "/var/lib/crater-agent-workspace/builds/worker-3-tc1/source:/opt/rustwide/workdir:ro,Z" "-v" "/var/lib/crater-agent-workspace/cargo-home:/opt/rustwide/cargo-home:ro,Z" "-v" "/var/lib/crater-agent-workspace/rustup-home:/opt/rustwide/rustup-home:ro,Z" "-e" "SOURCE_DIR=/opt/rustwide/workdir" "-e" "CARGO_TARGET_DIR=/opt/rustwide/target" "-e" "CARGO_INCREMENTAL=0" "-e" "RUST_BACKTRACE=full" "-e" "RUSTFLAGS=--cap-lints=warn" "-e" "RUSTDOCFLAGS=--cap-lints=warn" "-e" "CARGO_HOME=/opt/rustwide/cargo-home" "-e" "RUSTUP_HOME=/opt/rustwide/rustup-home" "-w" "/opt/rustwide/workdir" "-m" "1610612736" "--user" "0:0" "--network" "none" "ghcr.io/rust-lang/crates-build-env/linux@sha256:2788e3201cd34a07e3172128adcd8b3090168a8e3bcc40d7c032b9dda1df7d1c" "/opt/rustwide/cargo-home/bin/cargo" "+1.75.0" "build" "--frozen" "--message-format=json", kill_on_drop: false }`
[INFO] [stdout] 1a9ab162ffa62f8fdd96f17c9f07f2d8fbdfd14afe79ac860a65897497f99ec0
[INFO] running `Command { std: "docker" "start" "-a" "1a9ab162ffa62f8fdd96f17c9f07f2d8fbdfd14afe79ac860a65897497f99ec0", kill_on_drop: false }`
[INFO] [stderr]    Compiling proc-macro2 v1.0.71
[INFO] [stderr]    Compiling unicode-ident v1.0.12
[INFO] [stderr]    Compiling libc v0.2.151
[INFO] [stderr]    Compiling cfg-if v1.0.0
[INFO] [stderr]    Compiling serde v1.0.193
[INFO] [stderr]    Compiling syn v1.0.109
[INFO] [stderr]    Compiling strsim v0.10.0
[INFO] [stderr]    Compiling crossbeam-utils v0.8.18
[INFO] [stderr]    Compiling fnv v1.0.7
[INFO] [stderr]    Compiling ident_case v1.0.1
[INFO] [stderr]    Compiling memchr v2.7.1
[INFO] [stderr]    Compiling rayon-core v1.12.0
[INFO] [stderr]    Compiling pkg-config v0.3.28
[INFO] [stderr]    Compiling utf8parse v0.2.1
[INFO] [stderr]    Compiling either v1.9.0
[INFO] [stderr]    Compiling anstyle-parse v0.2.3
[INFO] [stderr]    Compiling paste v1.0.14
[INFO] [stderr]    Compiling colorchoice v1.0.0
[INFO] [stderr]    Compiling crossbeam-epoch v0.9.17
[INFO] [stderr]    Compiling getrandom v0.2.11
[INFO] [stderr]    Compiling quote v1.0.33
[INFO] [stderr]    Compiling syn v2.0.43
[INFO] [stderr]    Compiling crossbeam-deque v0.8.4
[INFO] [stderr]    Compiling anstyle v1.0.4
[INFO] [stderr]    Compiling anstyle-query v1.0.2
[INFO] [stderr]    Compiling tinyvec_macros v0.1.1
[INFO] [stderr]    Compiling cc v1.0.83
[INFO] [stderr]    Compiling portable-atomic v1.6.0
[INFO] [stderr]    Compiling tinyvec v1.6.0
[INFO] [stderr]    Compiling anstream v0.6.5
[INFO] [stderr]    Compiling rand_core v0.6.4
[INFO] [stderr]    Compiling aho-corasick v1.1.2
[INFO] [stderr]    Compiling unicode-width v0.1.11
[INFO] [stderr]    Compiling heck v0.4.1
[INFO] [stderr]    Compiling regex-syntax v0.8.2
[INFO] [stderr]    Compiling thiserror v1.0.52
[INFO] [stderr]    Compiling minimal-lexical v0.2.1
[INFO] [stderr]    Compiling lazy_static v1.4.0
[INFO] [stderr]    Compiling clap_lex v0.6.0
[INFO] [stderr]    Compiling onig_sys v69.8.1
[INFO] [stderr]    Compiling esaxx-rs v0.1.10
[INFO] [stderr]    Compiling ppv-lite86 v0.2.17
[INFO] [stderr]    Compiling hashbrown v0.14.3
[INFO] [stderr]    Compiling equivalent v1.0.1
[INFO] [stderr]    Compiling serde_json v1.0.108
[INFO] [stderr]    Compiling rand_chacha v0.3.1
[INFO] [stderr]    Compiling indexmap v2.1.0
[INFO] [stderr]    Compiling nom v7.1.3
[INFO] [stderr]    Compiling clap_builder v4.4.12
[INFO] [stderr]    Compiling darling_core v0.14.4
[INFO] [stderr]    Compiling serde_derive v1.0.193
[INFO] [stderr]    Compiling thiserror-impl v1.0.52
[INFO] [stderr]    Compiling monostate-impl v0.1.10
[INFO] [stderr]    Compiling clap_derive v4.4.7
[INFO] [stderr]    Compiling regex-automata v0.4.3
[INFO] [stderr]    Compiling console v0.15.7
[INFO] [stderr]    Compiling unicode-normalization v0.1.22
[INFO] [stderr]    Compiling darling_macro v0.14.4
[INFO] [stderr]    Compiling rayon v1.8.0
[INFO] [stderr]    Compiling darling v0.14.4
[INFO] [stderr]    Compiling derive_builder_core v0.12.0
[INFO] [stderr]    Compiling itertools v0.11.0
[INFO] [stderr]    Compiling ryu v1.0.16
[INFO] [stderr]    Compiling base64 v0.13.1
[INFO] [stderr]    Compiling once_cell v1.19.0
[INFO] [stderr]    Compiling bitflags v1.3.2
[INFO] [stderr]    Compiling unicode-segmentation v1.10.1
[INFO] [stderr]    Compiling derive_builder_macro v0.12.0
[INFO] [stderr]    Compiling macro_rules_attribute-proc_macro v0.2.0
[INFO] [stderr]    Compiling winnow v0.5.31
[INFO] [stderr]    Compiling itoa v1.0.10
[INFO] [stderr]    Compiling unicode-bidi v0.3.14
[INFO] [stderr]    Compiling number_prefix v0.4.0
[INFO] [stderr]    Compiling httparse v1.8.0
[INFO] [stderr]    Compiling smallvec v1.11.2
[INFO] [stderr]    Compiling percent-encoding v2.3.1
[INFO] [stderr]    Compiling unicode-normalization-alignments v0.1.12
[INFO] [stderr]    Compiling form_urlencoded v1.2.1
[INFO] [stderr]    Compiling idna v0.5.0
[INFO] [stderr]    Compiling macro_rules_attribute v0.2.0
[INFO] [stderr]    Compiling indicatif v0.17.7
[INFO] [stderr]    Compiling rayon-cond v0.3.0
[INFO] [stderr]    Compiling derive_builder v0.12.0
[INFO] [stderr]    Compiling clap v4.4.12
[INFO] [stderr]    Compiling onig v6.4.0
[INFO] [stderr]    Compiling regex v1.10.2
[INFO] [stderr]    Compiling rand v0.8.5
[INFO] [stderr]    Compiling log v0.4.20
[INFO] [stderr]    Compiling unicode_categories v0.1.1
[INFO] [stderr]    Compiling regex-syntax v0.7.5
[INFO] [stderr]    Compiling url v2.5.0
[INFO] [stderr]    Compiling memmap2 v0.9.3
[INFO] [stderr]    Compiling serde_spanned v0.6.5
[INFO] [stderr]    Compiling toml_datetime v0.6.5
[INFO] [stderr]    Compiling spm_precompiled v0.1.4
[INFO] [stderr]    Compiling monostate v0.1.10
[INFO] [stderr]    Compiling toml_edit v0.21.0
[INFO] [stderr]    Compiling tokenizers v0.15.0
[INFO] [stderr]    Compiling toml v0.8.8
[INFO] [stderr]    Compiling llamars v0.1.0 (/opt/rustwide/workdir)
[INFO] [stdout] warning: field `mmap` is never read
[INFO] [stdout]   --> src/lib.rs:96:5
[INFO] [stdout]    |
[INFO] [stdout] 89 | pub struct Model {
[INFO] [stdout]    |            ----- field in this struct
[INFO] [stdout] ...
[INFO] [stdout] 96 |     mmap: MmapRaw,
[INFO] [stdout]    |     ^^^^
[INFO] [stdout]    |
[INFO] [stdout]    = note: `#[warn(dead_code)]` on by default
[INFO] [stdout] 
[INFO] [stdout] 
[INFO] [stdout] warning: constant `vocab_size` should have an upper case name
[INFO] [stdout]  --> src/lib.rs:7:7
[INFO] [stdout]   |
[INFO] [stdout] 7 | const vocab_size: usize = 32000;
[INFO] [stdout]   |       ^^^^^^^^^^ help: convert the identifier to upper case: `VOCAB_SIZE`
[INFO] [stdout]   |
[INFO] [stdout]   = note: `#[warn(non_upper_case_globals)]` on by default
[INFO] [stdout] 
[INFO] [stdout] 
[INFO] [stdout] warning: constant `state_size` should have an upper case name
[INFO] [stdout]  --> src/lib.rs:8:7
[INFO] [stdout]   |
[INFO] [stdout] 8 | const state_size: usize = 2048;
[INFO] [stdout]   |       ^^^^^^^^^^ help: convert the identifier to upper case: `STATE_SIZE`
[INFO] [stdout] 
[INFO] [stdout] 
[INFO] [stdout] warning: constant `n_layers` should have an upper case name
[INFO] [stdout]  --> src/lib.rs:9:7
[INFO] [stdout]   |
[INFO] [stdout] 9 | const n_layers: usize = 32;
[INFO] [stdout]   |       ^^^^^^^^ help: convert the identifier to upper case: `N_LAYERS`
[INFO] [stdout] 
[INFO] [stdout] 
[INFO] [stdout] warning: constant `n_kv_heads` should have an upper case name
[INFO] [stdout]   --> src/lib.rs:10:7
[INFO] [stdout]    |
[INFO] [stdout] 10 | const n_kv_heads: usize = 8;
[INFO] [stdout]    |       ^^^^^^^^^^ help: convert the identifier to upper case: `N_KV_HEADS`
[INFO] [stdout] 
[INFO] [stdout] 
[INFO] [stdout] warning: constant `n_heads` should have an upper case name
[INFO] [stdout]   --> src/lib.rs:11:7
[INFO] [stdout]    |
[INFO] [stdout] 11 | const n_heads: usize = 32;
[INFO] [stdout]    |       ^^^^^^^ help: convert the identifier to upper case: `N_HEADS`
[INFO] [stdout] 
[INFO] [stdout] 
[INFO] [stdout] warning: constant `head_size` should have an upper case name
[INFO] [stdout]   --> src/lib.rs:12:7
[INFO] [stdout]    |
[INFO] [stdout] 12 | const head_size: usize = 128;
[INFO] [stdout]    |       ^^^^^^^^^ help: convert the identifier to upper case: `HEAD_SIZE`
[INFO] [stdout] 
[INFO] [stdout] 
[INFO] [stdout] warning: constant `hidden_dim` should have an upper case name
[INFO] [stdout]   --> src/lib.rs:13:7
[INFO] [stdout]    |
[INFO] [stdout] 13 | const hidden_dim: usize = 14336;
[INFO] [stdout]    |       ^^^^^^^^^^ help: convert the identifier to upper case: `HIDDEN_DIM`
[INFO] [stdout] 
[INFO] [stdout] 
[INFO] [stdout] warning: constant `n_experts` should have an upper case name
[INFO] [stdout]   --> src/lib.rs:14:7
[INFO] [stdout]    |
[INFO] [stdout] 14 | const n_experts: usize = 8;
[INFO] [stdout]    |       ^^^^^^^^^ help: convert the identifier to upper case: `N_EXPERTS`
[INFO] [stdout] 
[INFO] [stdout] 
[INFO] [stdout] warning: constant `n_experts_per_token` should have an upper case name
[INFO] [stdout]   --> src/lib.rs:15:7
[INFO] [stdout]    |
[INFO] [stdout] 15 | const n_experts_per_token: usize = 2;
[INFO] [stdout]    |       ^^^^^^^^^^^^^^^^^^^ help: convert the identifier to upper case: `N_EXPERTS_PER_TOKEN`
[INFO] [stdout] 
[INFO] [stdout] 
[INFO] [stdout] warning: constant `dim` should have an upper case name
[INFO] [stdout]   --> src/lib.rs:16:7
[INFO] [stdout]    |
[INFO] [stdout] 16 | const dim: usize = head_size * n_heads;
[INFO] [stdout]    |       ^^^ help: convert the identifier to upper case: `DIM`
[INFO] [stdout] 
[INFO] [stdout] 
[INFO] [stdout] warning: constant `kv_dim` should have an upper case name
[INFO] [stdout]   --> src/lib.rs:17:7
[INFO] [stdout]    |
[INFO] [stdout] 17 | const kv_dim: usize = head_size * n_kv_heads;
[INFO] [stdout]    |       ^^^^^^ help: convert the identifier to upper case: `KV_DIM`
[INFO] [stdout] 
[INFO] [stdout] 
[INFO] [stdout] warning: constant `q_group_size` should have an upper case name
[INFO] [stdout]   --> src/lib.rs:18:7
[INFO] [stdout]    |
[INFO] [stdout] 18 | const q_group_size: usize = 64;
[INFO] [stdout]    |       ^^^^^^^^^^^^ help: convert the identifier to upper case: `Q_GROUP_SIZE`
[INFO] [stdout] 
[INFO] [stdout] 
[INFO] [stdout] warning: constant `q_max` should have an upper case name
[INFO] [stdout]    --> src/lib.rs:100:11
[INFO] [stdout]     |
[INFO] [stdout] 100 |     const q_max: f32 = 127f32;
[INFO] [stdout]     |           ^^^^^ help: convert the identifier to upper case: `Q_MAX`
[INFO] [stdout] 
[INFO] [stdout] 
[INFO] [stdout] warning: 14 warnings emitted
[INFO] [stdout] 
[INFO] [stdout] 
[INFO] [stdout] warning: value assigned to `output` is never read
[INFO] [stdout]   --> src/main.rs:77:25
[INFO] [stdout]    |
[INFO] [stdout] 77 |                 let mut output: Option<String> = None;
[INFO] [stdout]    |                         ^^^^^^
[INFO] [stdout]    |
[INFO] [stdout]    = help: maybe it is overwritten before being read?
[INFO] [stdout]    = note: `#[warn(unused_assignments)]` on by default
[INFO] [stdout] 
[INFO] [stdout] 
[INFO] [stdout] warning: 1 warning emitted
[INFO] [stdout] 
[INFO] [stdout] 
[INFO] [stderr]     Finished dev [unoptimized + debuginfo] target(s) in 1m 11s
[INFO] running `Command { std: "docker" "inspect" "1a9ab162ffa62f8fdd96f17c9f07f2d8fbdfd14afe79ac860a65897497f99ec0", kill_on_drop: false }`
[INFO] running `Command { std: "docker" "rm" "-f" "1a9ab162ffa62f8fdd96f17c9f07f2d8fbdfd14afe79ac860a65897497f99ec0", kill_on_drop: false }`
[INFO] [stdout] 1a9ab162ffa62f8fdd96f17c9f07f2d8fbdfd14afe79ac860a65897497f99ec0
[INFO] running `Command { std: "docker" "create" "-v" "/var/lib/crater-agent-workspace/builds/worker-3-tc1/target:/opt/rustwide/target:rw,Z" "-v" "/var/lib/crater-agent-workspace/builds/worker-3-tc1/source:/opt/rustwide/workdir:ro,Z" "-v" "/var/lib/crater-agent-workspace/cargo-home:/opt/rustwide/cargo-home:ro,Z" "-v" "/var/lib/crater-agent-workspace/rustup-home:/opt/rustwide/rustup-home:ro,Z" "-e" "SOURCE_DIR=/opt/rustwide/workdir" "-e" "CARGO_TARGET_DIR=/opt/rustwide/target" "-e" "CARGO_INCREMENTAL=0" "-e" "RUST_BACKTRACE=full" "-e" "RUSTFLAGS=--cap-lints=warn" "-e" "RUSTDOCFLAGS=--cap-lints=warn" "-e" "CARGO_HOME=/opt/rustwide/cargo-home" "-e" "RUSTUP_HOME=/opt/rustwide/rustup-home" "-w" "/opt/rustwide/workdir" "-m" "1610612736" "--user" "0:0" "--network" "none" "ghcr.io/rust-lang/crates-build-env/linux@sha256:2788e3201cd34a07e3172128adcd8b3090168a8e3bcc40d7c032b9dda1df7d1c" "/opt/rustwide/cargo-home/bin/cargo" "+1.75.0" "test" "--frozen" "--no-run" "--message-format=json", kill_on_drop: false }`
[INFO] [stdout] d366af9d52b3746c2579b37fbf58a471df84a2741d6e8ccaeb3e2c948f098358
[INFO] running `Command { std: "docker" "start" "-a" "d366af9d52b3746c2579b37fbf58a471df84a2741d6e8ccaeb3e2c948f098358", kill_on_drop: false }`
[INFO] [stderr]    Compiling autocfg v1.1.0
[INFO] [stderr]    Compiling plotters-backend v0.3.5
[INFO] [stderr]    Compiling textwrap v0.11.0
[INFO] [stderr]    Compiling itertools v0.10.5
[INFO] [stderr]    Compiling csv-core v0.1.11
[INFO] [stderr]    Compiling cast v0.3.0
[INFO] [stderr]    Compiling half v1.8.2
[INFO] [stderr]    Compiling same-file v1.0.6
[INFO] [stderr]    Compiling walkdir v2.4.0
[INFO] [stderr]    Compiling clap v2.34.0
[INFO] [stderr]    Compiling plotters-svg v0.3.5
[INFO] [stderr]    Compiling csv v1.3.0
[INFO] [stderr]    Compiling serde_cbor v0.11.2
[INFO] [stderr]    Compiling tinytemplate v1.2.1
[INFO] [stderr]    Compiling num-traits v0.2.17
[INFO] [stderr]    Compiling atty v0.2.14
[INFO] [stderr]    Compiling oorandom v11.1.3
[INFO] [stdout] warning: field `mmap` is never read
[INFO] [stdout]   --> src/lib.rs:96:5
[INFO] [stdout]    |
[INFO] [stdout] 89 | pub struct Model {
[INFO] [stdout]    |            ----- field in this struct
[INFO] [stdout] ...
[INFO] [stdout] 96 |     mmap: MmapRaw,
[INFO] [stdout]    |     ^^^^
[INFO] [stdout]    |
[INFO] [stdout]    = note: `#[warn(dead_code)]` on by default
[INFO] [stdout] 
[INFO] [stdout] 
[INFO] [stdout] warning: constant `vocab_size` should have an upper case name
[INFO] [stdout]  --> src/lib.rs:7:7
[INFO] [stdout]   |
[INFO] [stdout] 7 | const vocab_size: usize = 32000;
[INFO] [stdout]   |       ^^^^^^^^^^ help: convert the identifier to upper case: `VOCAB_SIZE`
[INFO] [stdout]   |
[INFO] [stdout]   = note: `#[warn(non_upper_case_globals)]` on by default
[INFO] [stdout] 
[INFO] [stdout] 
[INFO] [stdout] warning: constant `state_size` should have an upper case name
[INFO] [stdout]  --> src/lib.rs:8:7
[INFO] [stdout]   |
[INFO] [stdout] 8 | const state_size: usize = 2048;
[INFO] [stdout]   |       ^^^^^^^^^^ help: convert the identifier to upper case: `STATE_SIZE`
[INFO] [stdout] 
[INFO] [stdout] 
[INFO] [stdout] warning: constant `n_layers` should have an upper case name
[INFO] [stdout]  --> src/lib.rs:9:7
[INFO] [stdout]   |
[INFO] [stdout] 9 | const n_layers: usize = 32;
[INFO] [stdout]   |       ^^^^^^^^ help: convert the identifier to upper case: `N_LAYERS`
[INFO] [stdout] 
[INFO] [stdout] 
[INFO] [stdout] warning: constant `n_kv_heads` should have an upper case name
[INFO] [stdout]   --> src/lib.rs:10:7
[INFO] [stdout]    |
[INFO] [stdout] 10 | const n_kv_heads: usize = 8;
[INFO] [stdout]    |       ^^^^^^^^^^ help: convert the identifier to upper case: `N_KV_HEADS`
[INFO] [stdout] 
[INFO] [stdout] 
[INFO] [stdout] warning: constant `n_heads` should have an upper case name
[INFO] [stdout]   --> src/lib.rs:11:7
[INFO] [stdout]    |
[INFO] [stdout] 11 | const n_heads: usize = 32;
[INFO] [stdout]    |       ^^^^^^^ help: convert the identifier to upper case: `N_HEADS`
[INFO] [stdout] 
[INFO] [stdout] 
[INFO] [stdout] warning: constant `head_size` should have an upper case name
[INFO] [stdout]   --> src/lib.rs:12:7
[INFO] [stdout]    |
[INFO] [stdout] 12 | const head_size: usize = 128;
[INFO] [stdout]    |       ^^^^^^^^^ help: convert the identifier to upper case: `HEAD_SIZE`
[INFO] [stdout] 
[INFO] [stdout] 
[INFO] [stdout] warning: constant `hidden_dim` should have an upper case name
[INFO] [stdout]   --> src/lib.rs:13:7
[INFO] [stdout]    |
[INFO] [stdout] 13 | const hidden_dim: usize = 14336;
[INFO] [stdout]    |       ^^^^^^^^^^ help: convert the identifier to upper case: `HIDDEN_DIM`
[INFO] [stdout] 
[INFO] [stdout] 
[INFO] [stdout] warning: constant `n_experts` should have an upper case name
[INFO] [stdout]   --> src/lib.rs:14:7
[INFO] [stdout]    |
[INFO] [stdout] 14 | const n_experts: usize = 8;
[INFO] [stdout]    |       ^^^^^^^^^ help: convert the identifier to upper case: `N_EXPERTS`
[INFO] [stdout] 
[INFO] [stdout] 
[INFO] [stdout] warning: constant `n_experts_per_token` should have an upper case name
[INFO] [stdout]   --> src/lib.rs:15:7
[INFO] [stdout]    |
[INFO] [stdout] 15 | const n_experts_per_token: usize = 2;
[INFO] [stdout]    |       ^^^^^^^^^^^^^^^^^^^ help: convert the identifier to upper case: `N_EXPERTS_PER_TOKEN`
[INFO] [stdout] 
[INFO] [stdout] 
[INFO] [stdout] warning: constant `dim` should have an upper case name
[INFO] [stdout]   --> src/lib.rs:16:7
[INFO] [stdout]    |
[INFO] [stdout] 16 | const dim: usize = head_size * n_heads;
[INFO] [stdout]    |       ^^^ help: convert the identifier to upper case: `DIM`
[INFO] [stdout] 
[INFO] [stdout] 
[INFO] [stdout] warning: constant `kv_dim` should have an upper case name
[INFO] [stdout]   --> src/lib.rs:17:7
[INFO] [stdout]    |
[INFO] [stdout] 17 | const kv_dim: usize = head_size * n_kv_heads;
[INFO] [stdout]    |       ^^^^^^ help: convert the identifier to upper case: `KV_DIM`
[INFO] [stdout] 
[INFO] [stdout] 
[INFO] [stdout] warning: constant `q_group_size` should have an upper case name
[INFO] [stdout]   --> src/lib.rs:18:7
[INFO] [stdout]    |
[INFO] [stdout] 18 | const q_group_size: usize = 64;
[INFO] [stdout]    |       ^^^^^^^^^^^^ help: convert the identifier to upper case: `Q_GROUP_SIZE`
[INFO] [stdout] 
[INFO] [stdout] 
[INFO] [stdout] warning: constant `q_max` should have an upper case name
[INFO] [stdout]    --> src/lib.rs:100:11
[INFO] [stdout]     |
[INFO] [stdout] 100 |     const q_max: f32 = 127f32;
[INFO] [stdout]     |           ^^^^^ help: convert the identifier to upper case: `Q_MAX`
[INFO] [stdout] 
[INFO] [stdout] 
[INFO] [stdout] warning: 14 warnings emitted
[INFO] [stdout] 
[INFO] [stdout] 
[INFO] [stdout] warning: value assigned to `output` is never read
[INFO] [stdout]   --> src/main.rs:77:25
[INFO] [stdout]    |
[INFO] [stdout] 77 |                 let mut output: Option<String> = None;
[INFO] [stdout]    |                         ^^^^^^
[INFO] [stdout]    |
[INFO] [stdout]    = help: maybe it is overwritten before being read?
[INFO] [stdout]    = note: `#[warn(unused_assignments)]` on by default
[INFO] [stdout] 
[INFO] [stdout] 
[INFO] [stdout] warning: 1 warning emitted
[INFO] [stdout] 
[INFO] [stdout] 
[INFO] [stderr]    Compiling criterion-plot v0.4.5
[INFO] [stderr]    Compiling plotters v0.3.5
[INFO] [stderr]    Compiling criterion v0.3.6
[INFO] [stderr]    Compiling llamars v0.1.0 (/opt/rustwide/workdir)
[INFO] [stdout] warning: value assigned to `output` is never read
[INFO] [stdout]   --> src/main.rs:77:25
[INFO] [stdout]    |
[INFO] [stdout] 77 |                 let mut output: Option<String> = None;
[INFO] [stdout]    |                         ^^^^^^
[INFO] [stdout]    |
[INFO] [stdout]    = help: maybe it is overwritten before being read?
[INFO] [stdout]    = note: `#[warn(unused_assignments)]` on by default
[INFO] [stdout] 
[INFO] [stdout] 
[INFO] [stdout] warning: field `mmap` is never read
[INFO] [stdout]   --> src/lib.rs:96:5
[INFO] [stdout]    |
[INFO] [stdout] 89 | pub struct Model {
[INFO] [stdout]    |            ----- field in this struct
[INFO] [stdout] ...
[INFO] [stdout] 96 |     mmap: MmapRaw,
[INFO] [stdout]    |     ^^^^
[INFO] [stdout]    |
[INFO] [stdout]    = note: `#[warn(dead_code)]` on by default
[INFO] [stdout] 
[INFO] [stdout] 
[INFO] [stdout] warning: constant `vocab_size` should have an upper case name
[INFO] [stdout]  --> src/lib.rs:7:7
[INFO] [stdout]   |
[INFO] [stdout] 7 | const vocab_size: usize = 32000;
[INFO] [stdout]   |       ^^^^^^^^^^ help: convert the identifier to upper case: `VOCAB_SIZE`
[INFO] [stdout]   |
[INFO] [stdout]   = note: `#[warn(non_upper_case_globals)]` on by default
[INFO] [stdout] 
[INFO] [stdout] 
[INFO] [stdout] warning: constant `state_size` should have an upper case name
[INFO] [stdout]  --> src/lib.rs:8:7
[INFO] [stdout]   |
[INFO] [stdout] 8 | const state_size: usize = 2048;
[INFO] [stdout]   |       ^^^^^^^^^^ help: convert the identifier to upper case: `STATE_SIZE`
[INFO] [stdout] 
[INFO] [stdout] 
[INFO] [stdout] warning: constant `n_layers` should have an upper case name
[INFO] [stdout]  --> src/lib.rs:9:7
[INFO] [stdout]   |
[INFO] [stdout] 9 | const n_layers: usize = 32;
[INFO] [stdout]   |       ^^^^^^^^ help: convert the identifier to upper case: `N_LAYERS`
[INFO] [stdout] 
[INFO] [stdout] 
[INFO] [stdout] warning: constant `n_kv_heads` should have an upper case name
[INFO] [stdout]   --> src/lib.rs:10:7
[INFO] [stdout]    |
[INFO] [stdout] 10 | const n_kv_heads: usize = 8;
[INFO] [stdout]    |       ^^^^^^^^^^ help: convert the identifier to upper case: `N_KV_HEADS`
[INFO] [stdout] 
[INFO] [stdout] 
[INFO] [stdout] warning: constant `n_heads` should have an upper case name
[INFO] [stdout]   --> src/lib.rs:11:7
[INFO] [stdout]    |
[INFO] [stdout] 11 | const n_heads: usize = 32;
[INFO] [stdout]    |       ^^^^^^^ help: convert the identifier to upper case: `N_HEADS`
[INFO] [stdout] 
[INFO] [stdout] 
[INFO] [stdout] warning: constant `head_size` should have an upper case name
[INFO] [stdout]   --> src/lib.rs:12:7
[INFO] [stdout]    |
[INFO] [stdout] 12 | const head_size: usize = 128;
[INFO] [stdout]    |       ^^^^^^^^^ help: convert the identifier to upper case: `HEAD_SIZE`
[INFO] [stdout] 
[INFO] [stdout] 
[INFO] [stdout] warning: constant `hidden_dim` should have an upper case name
[INFO] [stdout]   --> src/lib.rs:13:7
[INFO] [stdout]    |
[INFO] [stdout] 13 | const hidden_dim: usize = 14336;
[INFO] [stdout]    |       ^^^^^^^^^^ help: convert the identifier to upper case: `HIDDEN_DIM`
[INFO] [stdout] 
[INFO] [stdout] 
[INFO] [stdout] warning: constant `n_experts` should have an upper case name
[INFO] [stdout]   --> src/lib.rs:14:7
[INFO] [stdout]    |
[INFO] [stdout] 14 | const n_experts: usize = 8;
[INFO] [stdout]    |       ^^^^^^^^^ help: convert the identifier to upper case: `N_EXPERTS`
[INFO] [stdout] 
[INFO] [stdout] 
[INFO] [stdout] warning: constant `n_experts_per_token` should have an upper case name
[INFO] [stdout]   --> src/lib.rs:15:7
[INFO] [stdout]    |
[INFO] [stdout] 15 | const n_experts_per_token: usize = 2;
[INFO] [stdout]    |       ^^^^^^^^^^^^^^^^^^^ help: convert the identifier to upper case: `N_EXPERTS_PER_TOKEN`
[INFO] [stdout] 
[INFO] [stdout] 
[INFO] [stdout] warning: constant `dim` should have an upper case name
[INFO] [stdout]   --> src/lib.rs:16:7
[INFO] [stdout]    |
[INFO] [stdout] 16 | const dim: usize = head_size * n_heads;
[INFO] [stdout]    |       ^^^ help: convert the identifier to upper case: `DIM`
[INFO] [stdout] 
[INFO] [stdout] 
[INFO] [stdout] warning: constant `kv_dim` should have an upper case name
[INFO] [stdout]   --> src/lib.rs:17:7
[INFO] [stdout]    |
[INFO] [stdout] 17 | const kv_dim: usize = head_size * n_kv_heads;
[INFO] [stdout]    |       ^^^^^^ help: convert the identifier to upper case: `KV_DIM`
[INFO] [stdout] 
[INFO] [stdout] 
[INFO] [stdout] warning: constant `q_group_size` should have an upper case name
[INFO] [stdout]   --> src/lib.rs:18:7
[INFO] [stdout]    |
[INFO] [stdout] 18 | const q_group_size: usize = 64;
[INFO] [stdout]    |       ^^^^^^^^^^^^ help: convert the identifier to upper case: `Q_GROUP_SIZE`
[INFO] [stdout] 
[INFO] [stdout] 
[INFO] [stdout] warning: constant `q_max` should have an upper case name
[INFO] [stdout]    --> src/lib.rs:100:11
[INFO] [stdout]     |
[INFO] [stdout] 100 |     const q_max: f32 = 127f32;
[INFO] [stdout]     |           ^^^^^ help: convert the identifier to upper case: `Q_MAX`
[INFO] [stdout] 
[INFO] [stdout] 
[INFO] [stdout] warning: 14 warnings emitted
[INFO] [stdout] 
[INFO] [stdout] 
[INFO] [stdout] warning: 1 warning emitted
[INFO] [stdout] 
[INFO] [stdout] 
[INFO] [stderr]     Finished test [unoptimized + debuginfo] target(s) in 14.10s
[INFO] running `Command { std: "docker" "inspect" "d366af9d52b3746c2579b37fbf58a471df84a2741d6e8ccaeb3e2c948f098358", kill_on_drop: false }`
[INFO] running `Command { std: "docker" "rm" "-f" "d366af9d52b3746c2579b37fbf58a471df84a2741d6e8ccaeb3e2c948f098358", kill_on_drop: false }`
[INFO] [stdout] d366af9d52b3746c2579b37fbf58a471df84a2741d6e8ccaeb3e2c948f098358
[INFO] running `Command { std: "docker" "create" "-v" "/var/lib/crater-agent-workspace/builds/worker-3-tc1/target:/opt/rustwide/target:rw,Z" "-v" "/var/lib/crater-agent-workspace/builds/worker-3-tc1/source:/opt/rustwide/workdir:ro,Z" "-v" "/var/lib/crater-agent-workspace/cargo-home:/opt/rustwide/cargo-home:ro,Z" "-v" "/var/lib/crater-agent-workspace/rustup-home:/opt/rustwide/rustup-home:ro,Z" "-e" "SOURCE_DIR=/opt/rustwide/workdir" "-e" "CARGO_TARGET_DIR=/opt/rustwide/target" "-e" "CARGO_INCREMENTAL=0" "-e" "RUST_BACKTRACE=full" "-e" "RUSTFLAGS=--cap-lints=warn" "-e" "RUSTDOCFLAGS=--cap-lints=warn" "-e" "CARGO_HOME=/opt/rustwide/cargo-home" "-e" "RUSTUP_HOME=/opt/rustwide/rustup-home" "-w" "/opt/rustwide/workdir" "-m" "1610612736" "--user" "0:0" "--network" "none" "ghcr.io/rust-lang/crates-build-env/linux@sha256:2788e3201cd34a07e3172128adcd8b3090168a8e3bcc40d7c032b9dda1df7d1c" "/opt/rustwide/cargo-home/bin/cargo" "+1.75.0" "test" "--frozen", kill_on_drop: false }`
[INFO] [stdout] dedaf572f63647a267ae6e38706d79a2df08c4f4e74c938101f9840f825b4bad
[INFO] running `Command { std: "docker" "start" "-a" "dedaf572f63647a267ae6e38706d79a2df08c4f4e74c938101f9840f825b4bad", kill_on_drop: false }`
[INFO] [stderr] warning: field `mmap` is never read
[INFO] [stderr]   --> src/lib.rs:96:5
[INFO] [stderr]    |
[INFO] [stderr] 89 | pub struct Model {
[INFO] [stderr]    |            ----- field in this struct
[INFO] [stderr] ...
[INFO] [stderr] 96 |     mmap: MmapRaw,
[INFO] [stderr]    |     ^^^^
[INFO] [stderr]    |
[INFO] [stderr]    = note: `#[warn(dead_code)]` on by default
[INFO] [stderr] 
[INFO] [stderr] warning: constant `vocab_size` should have an upper case name
[INFO] [stderr]  --> src/lib.rs:7:7
[INFO] [stderr]   |
[INFO] [stderr] 7 | const vocab_size: usize = 32000;
[INFO] [stderr]   |       ^^^^^^^^^^ help: convert the identifier to upper case: `VOCAB_SIZE`
[INFO] [stderr]   |
[INFO] [stderr]   = note: `#[warn(non_upper_case_globals)]` on by default
[INFO] [stderr] 
[INFO] [stderr] warning: constant `state_size` should have an upper case name
[INFO] [stderr]  --> src/lib.rs:8:7
[INFO] [stderr]   |
[INFO] [stderr] 8 | const state_size: usize = 2048;
[INFO] [stderr]   |       ^^^^^^^^^^ help: convert the identifier to upper case: `STATE_SIZE`
[INFO] [stderr] 
[INFO] [stderr] warning: constant `n_layers` should have an upper case name
[INFO] [stderr]  --> src/lib.rs:9:7
[INFO] [stderr]   |
[INFO] [stderr] 9 | const n_layers: usize = 32;
[INFO] [stderr]   |       ^^^^^^^^ help: convert the identifier to upper case: `N_LAYERS`
[INFO] [stderr] 
[INFO] [stderr] warning: constant `n_kv_heads` should have an upper case name
[INFO] [stderr]   --> src/lib.rs:10:7
[INFO] [stderr]    |
[INFO] [stderr] 10 | const n_kv_heads: usize = 8;
[INFO] [stderr]    |       ^^^^^^^^^^ help: convert the identifier to upper case: `N_KV_HEADS`
[INFO] [stderr] 
[INFO] [stderr] warning: constant `n_heads` should have an upper case name
[INFO] [stderr]   --> src/lib.rs:11:7
[INFO] [stderr]    |
[INFO] [stderr] 11 | const n_heads: usize = 32;
[INFO] [stderr]    |       ^^^^^^^ help: convert the identifier to upper case: `N_HEADS`
[INFO] [stderr] 
[INFO] [stderr] warning: constant `head_size` should have an upper case name
[INFO] [stderr]   --> src/lib.rs:12:7
[INFO] [stderr]    |
[INFO] [stderr] 12 | const head_size: usize = 128;
[INFO] [stderr]    |       ^^^^^^^^^ help: convert the identifier to upper case: `HEAD_SIZE`
[INFO] [stderr] 
[INFO] [stderr] warning: constant `hidden_dim` should have an upper case name
[INFO] [stderr]   --> src/lib.rs:13:7
[INFO] [stderr]    |
[INFO] [stderr] 13 | const hidden_dim: usize = 14336;
[INFO] [stderr]    |       ^^^^^^^^^^ help: convert the identifier to upper case: `HIDDEN_DIM`
[INFO] [stderr] 
[INFO] [stderr] warning: constant `n_experts` should have an upper case name
[INFO] [stderr]   --> src/lib.rs:14:7
[INFO] [stderr]    |
[INFO] [stderr] 14 | const n_experts: usize = 8;
[INFO] [stderr]    |       ^^^^^^^^^ help: convert the identifier to upper case: `N_EXPERTS`
[INFO] [stderr] 
[INFO] [stderr] warning: constant `n_experts_per_token` should have an upper case name
[INFO] [stderr]   --> src/lib.rs:15:7
[INFO] [stderr]    |
[INFO] [stderr] 15 | const n_experts_per_token: usize = 2;
[INFO] [stderr]    |       ^^^^^^^^^^^^^^^^^^^ help: convert the identifier to upper case: `N_EXPERTS_PER_TOKEN`
[INFO] [stderr] 
[INFO] [stderr] warning: constant `dim` should have an upper case name
[INFO] [stderr]   --> src/lib.rs:16:7
[INFO] [stderr]    |
[INFO] [stderr] 16 | const dim: usize = head_size * n_heads;
[INFO] [stderr]    |       ^^^ help: convert the identifier to upper case: `DIM`
[INFO] [stderr] 
[INFO] [stderr] warning: constant `kv_dim` should have an upper case name
[INFO] [stderr]   --> src/lib.rs:17:7
[INFO] [stderr]    |
[INFO] [stderr] 17 | const kv_dim: usize = head_size * n_kv_heads;
[INFO] [stderr]    |       ^^^^^^ help: convert the identifier to upper case: `KV_DIM`
[INFO] [stderr] 
[INFO] [stderr] warning: constant `q_group_size` should have an upper case name
[INFO] [stderr]   --> src/lib.rs:18:7
[INFO] [stderr]    |
[INFO] [stderr] 18 | const q_group_size: usize = 64;
[INFO] [stderr]    |       ^^^^^^^^^^^^ help: convert the identifier to upper case: `Q_GROUP_SIZE`
[INFO] [stderr] 
[INFO] [stderr] warning: constant `q_max` should have an upper case name
[INFO] [stderr]    --> src/lib.rs:100:11
[INFO] [stderr]     |
[INFO] [stderr] 100 |     const q_max: f32 = 127f32;
[INFO] [stderr]     |           ^^^^^ help: convert the identifier to upper case: `Q_MAX`
[INFO] [stderr] 
[INFO] [stderr] warning: `llamars` (lib) generated 14 warnings
[INFO] [stderr] warning: value assigned to `output` is never read
[INFO] [stderr]   --> src/main.rs:77:25
[INFO] [stderr]    |
[INFO] [stderr] 77 |                 let mut output: Option<String> = None;
[INFO] [stderr]    |                         ^^^^^^
[INFO] [stderr]    |
[INFO] [stderr]    = help: maybe it is overwritten before being read?
[INFO] [stderr]    = note: `#[warn(unused_assignments)]` on by default
[INFO] [stderr] 
[INFO] [stderr] warning: `llamars` (bin "llamars") generated 1 warning
[INFO] [stderr] warning: `llamars` (lib test) generated 14 warnings (14 duplicates)
[INFO] [stderr] warning: `llamars` (bin "llamars" test) generated 1 warning (1 duplicate)
[INFO] [stderr]     Finished test [unoptimized + debuginfo] target(s) in 0.14s
[INFO] [stderr]      Running unittests src/lib.rs (/opt/rustwide/target/debug/deps/llamars-232c74ca2dab8256)
[INFO] [stdout] 
[INFO] [stderr]      Running unittests src/main.rs (/opt/rustwide/target/debug/deps/llamars-cfd6641efba9d822)
[INFO] [stdout] running 0 tests
[INFO] [stdout] 
[INFO] [stdout] test result: ok. 0 passed; 0 failed; 0 ignored; 0 measured; 0 filtered out; finished in 0.00s
[INFO] [stdout] 
[INFO] [stdout] 
[INFO] [stdout] running 0 tests
[INFO] [stdout] 
[INFO] [stdout] test result: ok. 0 passed; 0 failed; 0 ignored; 0 measured; 0 filtered out; finished in 0.00s
[INFO] [stdout] 
[INFO] [stderr]      Running tests/tests.rs (/opt/rustwide/target/debug/deps/tests-9f71df105c4ff153)
[INFO] [stdout] 
[INFO] [stdout] running 1 test
[INFO] [stdout] test test_generate ... FAILED
[INFO] [stdout] 
[INFO] [stdout] failures:
[INFO] [stdout] 
[INFO] [stdout] ---- test_generate stdout ----
[INFO] [stdout] thread 'test_generate' panicked at src/lib.rs:195:70:
[INFO] [stdout] called `Result::unwrap()` on an `Err` value: Os { code: 2, kind: NotFound, message: "No such file or directory" }
[INFO] [stdout] stack backtrace:
[INFO] [stdout]    0:     0x55b3ba4370dc - std::backtrace_rs::backtrace::libunwind::trace::ha637c64ce894333a
[INFO] [stdout]                                at /rustc/82e1608dfa6e0b5569232559e3d385fea5a93112/library/std/src/../../backtrace/src/backtrace/libunwind.rs:104:5
[INFO] [stdout]    1:     0x55b3ba4370dc - std::backtrace_rs::backtrace::trace_unsynchronized::h47f62dea28e0c88d
[INFO] [stdout]                                at /rustc/82e1608dfa6e0b5569232559e3d385fea5a93112/library/std/src/../../backtrace/src/backtrace/mod.rs:66:5
[INFO] [stdout]    2:     0x55b3ba4370dc - std::sys_common::backtrace::_print_fmt::h9eef0abe20ede486
[INFO] [stdout]                                at /rustc/82e1608dfa6e0b5569232559e3d385fea5a93112/library/std/src/sys_common/backtrace.rs:67:5
[INFO] [stdout]    3:     0x55b3ba4370dc - <std::sys_common::backtrace::_print::DisplayBacktrace as core::fmt::Display>::fmt::hed7f999df88cc644
[INFO] [stdout]                                at /rustc/82e1608dfa6e0b5569232559e3d385fea5a93112/library/std/src/sys_common/backtrace.rs:44:22
[INFO] [stdout]    4:     0x55b3ba461c60 - core::fmt::rt::Argument::fmt::h1539a9308b8d058d
[INFO] [stdout]                                at /rustc/82e1608dfa6e0b5569232559e3d385fea5a93112/library/core/src/fmt/rt.rs:142:9
[INFO] [stdout]    5:     0x55b3ba461c60 - core::fmt::write::h3a39390d8560d9c9
[INFO] [stdout]                                at /rustc/82e1608dfa6e0b5569232559e3d385fea5a93112/library/core/src/fmt/mod.rs:1120:17
[INFO] [stdout]    6:     0x55b3ba4348bf - std::io::Write::write_fmt::h040b369f3a0f9cbc
[INFO] [stdout]                                at /rustc/82e1608dfa6e0b5569232559e3d385fea5a93112/library/std/src/io/mod.rs:1762:15
[INFO] [stdout]    7:     0x55b3ba436ec4 - std::sys_common::backtrace::_print::h894006fb5c6f3d45
[INFO] [stdout]                                at /rustc/82e1608dfa6e0b5569232559e3d385fea5a93112/library/std/src/sys_common/backtrace.rs:47:5
[INFO] [stdout]    8:     0x55b3ba436ec4 - std::sys_common::backtrace::print::h23a2d212c6fff936
[INFO] [stdout]                                at /rustc/82e1608dfa6e0b5569232559e3d385fea5a93112/library/std/src/sys_common/backtrace.rs:34:9
[INFO] [stdout]    9:     0x55b3ba438b87 - std::panicking::default_hook::{{closure}}::h8a1d2ee00185001a
[INFO] [stdout]   10:     0x55b3ba438873 - std::panicking::default_hook::h6038f2eba384e475
[INFO] [stdout]                                at /rustc/82e1608dfa6e0b5569232559e3d385fea5a93112/library/std/src/panicking.rs:289:9
[INFO] [stdout]   11:     0x55b3b9e0ce47 - <alloc::boxed::Box<F,A> as core::ops::function::Fn<Args>>::call::h0ad024c9bdc6d768
[INFO] [stdout]                                at /rustc/82e1608dfa6e0b5569232559e3d385fea5a93112/library/alloc/src/boxed.rs:2021:9
[INFO] [stdout]   12:     0x55b3b9e0ce47 - test::test_main::{{closure}}::h7500b54257359db6
[INFO] [stdout]                                at /rustc/82e1608dfa6e0b5569232559e3d385fea5a93112/library/test/src/lib.rs:138:21
[INFO] [stdout]   13:     0x55b3ba439198 - <alloc::boxed::Box<F,A> as core::ops::function::Fn<Args>>::call::h1f8f335eaa9cfaee
[INFO] [stdout]                                at /rustc/82e1608dfa6e0b5569232559e3d385fea5a93112/library/alloc/src/boxed.rs:2021:9
[INFO] [stdout]   14:     0x55b3ba439198 - std::panicking::rust_panic_with_hook::h2b5517d590cab22e
[INFO] [stdout]                                at /rustc/82e1608dfa6e0b5569232559e3d385fea5a93112/library/std/src/panicking.rs:783:13
[INFO] [stdout]   15:     0x55b3ba438eee - std::panicking::begin_panic_handler::{{closure}}::h233112c06e0ef43e
[INFO] [stdout]                                at /rustc/82e1608dfa6e0b5569232559e3d385fea5a93112/library/std/src/panicking.rs:657:13
[INFO] [stdout]   16:     0x55b3ba4375a6 - std::sys_common::backtrace::__rust_end_short_backtrace::h6e893f24d7ebbff8
[INFO] [stdout]                                at /rustc/82e1608dfa6e0b5569232559e3d385fea5a93112/library/std/src/sys_common/backtrace.rs:170:18
[INFO] [stdout]   17:     0x55b3ba438c52 - rust_begin_unwind
[INFO] [stdout]                                at /rustc/82e1608dfa6e0b5569232559e3d385fea5a93112/library/std/src/panicking.rs:645:5
[INFO] [stdout]   18:     0x55b3b9dd8335 - core::panicking::panic_fmt::hbf0e066aabfa482c
[INFO] [stdout]                                at /rustc/82e1608dfa6e0b5569232559e3d385fea5a93112/library/core/src/panicking.rs:72:14
[INFO] [stdout]   19:     0x55b3b9dd8903 - core::result::unwrap_failed::hddb4fea594200c52
[INFO] [stdout]                                at /rustc/82e1608dfa6e0b5569232559e3d385fea5a93112/library/core/src/result.rs:1653:5
[INFO] [stdout]   20:     0x55b3b9e308db - core::result::Result<T,E>::unwrap::hc031f9b3413dc7cc
[INFO] [stdout]                                at /rustc/82e1608dfa6e0b5569232559e3d385fea5a93112/library/core/src/result.rs:1077:23
[INFO] [stdout]   21:     0x55b3b9e1a966 - llamars::Model::from_dir::hfa16c78ea393190a
[INFO] [stdout]                                at /opt/rustwide/workdir/src/lib.rs:195:33
[INFO] [stdout]   22:     0x55b3b9dd934d - tests::test_generate::h2a1359a7044d41c1
[INFO] [stdout]                                at /opt/rustwide/workdir/tests/tests.rs:7:21
[INFO] [stdout]   23:     0x55b3b9dd9307 - tests::test_generate::{{closure}}::h256f1e1af0c67792
[INFO] [stdout]                                at /opt/rustwide/workdir/tests/tests.rs:6:19
[INFO] [stdout]   24:     0x55b3b9dd8f26 - core::ops::function::FnOnce::call_once::ha35d99528e8e04cd
[INFO] [stdout]                                at /rustc/82e1608dfa6e0b5569232559e3d385fea5a93112/library/core/src/ops/function.rs:250:5
[INFO] [stdout]   25:     0x55b3b9e1249f - core::ops::function::FnOnce::call_once::h2b5d431d5046312d
[INFO] [stdout]                                at /rustc/82e1608dfa6e0b5569232559e3d385fea5a93112/library/core/src/ops/function.rs:250:5
[INFO] [stdout]   26:     0x55b3b9e1249f - test::__rust_begin_short_backtrace::h7714669af176e207
[INFO] [stdout]                                at /rustc/82e1608dfa6e0b5569232559e3d385fea5a93112/library/test/src/lib.rs:628:18
[INFO] [stdout]   27:     0x55b3b9e114b5 - test::run_test_in_process::{{closure}}::h85218797dcbcec12
[INFO] [stdout]                                at /rustc/82e1608dfa6e0b5569232559e3d385fea5a93112/library/test/src/lib.rs:651:60
[INFO] [stdout]   28:     0x55b3b9e114b5 - <core::panic::unwind_safe::AssertUnwindSafe<F> as core::ops::function::FnOnce<()>>::call_once::h76c106ea31c14d7b
[INFO] [stdout]                                at /rustc/82e1608dfa6e0b5569232559e3d385fea5a93112/library/core/src/panic/unwind_safe.rs:272:9
[INFO] [stdout]   29:     0x55b3b9e114b5 - std::panicking::try::do_call::h3bd5d0f6620ee946
[INFO] [stdout]                                at /rustc/82e1608dfa6e0b5569232559e3d385fea5a93112/library/std/src/panicking.rs:552:40
[INFO] [stdout]   30:     0x55b3b9e114b5 - std::panicking::try::h232e535e4744fe31
[INFO] [stdout]                                at /rustc/82e1608dfa6e0b5569232559e3d385fea5a93112/library/std/src/panicking.rs:516:19
[INFO] [stdout]   31:     0x55b3b9e114b5 - std::panic::catch_unwind::h3ce3bd6ca8dbac68
[INFO] [stdout]                                at /rustc/82e1608dfa6e0b5569232559e3d385fea5a93112/library/std/src/panic.rs:142:14
[INFO] [stdout]   32:     0x55b3b9e114b5 - test::run_test_in_process::hc97b257c9621286a
[INFO] [stdout]                                at /rustc/82e1608dfa6e0b5569232559e3d385fea5a93112/library/test/src/lib.rs:651:27
[INFO] [stdout]   33:     0x55b3b9e114b5 - test::run_test::{{closure}}::h2aa798823a438d38
[INFO] [stdout]                                at /rustc/82e1608dfa6e0b5569232559e3d385fea5a93112/library/test/src/lib.rs:574:43
[INFO] [stdout]   34:     0x55b3b9dd9776 - test::run_test::{{closure}}::h87d231c78fb59832
[INFO] [stdout]                                at /rustc/82e1608dfa6e0b5569232559e3d385fea5a93112/library/test/src/lib.rs:602:41
[INFO] [stdout]   35:     0x55b3b9dd9776 - std::sys_common::backtrace::__rust_begin_short_backtrace::he6df152596625789
[INFO] [stdout]                                at /rustc/82e1608dfa6e0b5569232559e3d385fea5a93112/library/std/src/sys_common/backtrace.rs:154:18
[INFO] [stdout]   36:     0x55b3b9dde827 - std::thread::Builder::spawn_unchecked_::{{closure}}::{{closure}}::ha94be15d1e0acf36
[INFO] [stdout]                                at /rustc/82e1608dfa6e0b5569232559e3d385fea5a93112/library/std/src/thread/mod.rs:529:17
[INFO] [stdout]   37:     0x55b3b9dde827 - <core::panic::unwind_safe::AssertUnwindSafe<F> as core::ops::function::FnOnce<()>>::call_once::h9dc6bd6372f16606
[INFO] [stdout]                                at /rustc/82e1608dfa6e0b5569232559e3d385fea5a93112/library/core/src/panic/unwind_safe.rs:272:9
[INFO] [stdout]   38:     0x55b3b9dde827 - std::panicking::try::do_call::h9057517f80303cd4
[INFO] [stdout]                                at /rustc/82e1608dfa6e0b5569232559e3d385fea5a93112/library/std/src/panicking.rs:552:40
[INFO] [stdout]   39:     0x55b3b9dde827 - std::panicking::try::he3a30b11ee45340c
[INFO] [stdout]                                at /rustc/82e1608dfa6e0b5569232559e3d385fea5a93112/library/std/src/panicking.rs:516:19
[INFO] [stdout]   40:     0x55b3b9dde827 - std::panic::catch_unwind::h410458cfd3528b8b
[INFO] [stdout]                                at /rustc/82e1608dfa6e0b5569232559e3d385fea5a93112/library/std/src/panic.rs:142:14
[INFO] [stdout]   41:     0x55b3b9dde827 - std::thread::Builder::spawn_unchecked_::{{closure}}::h72ac3bdb567b737b
[INFO] [stdout]                                at /rustc/82e1608dfa6e0b5569232559e3d385fea5a93112/library/std/src/thread/mod.rs:528:30
[INFO] [stdout]   42:     0x55b3b9dde827 - core::ops::function::FnOnce::call_once{{vtable.shim}}::h38f34da3654a8344
[INFO] [stdout]                                at /rustc/82e1608dfa6e0b5569232559e3d385fea5a93112/library/core/src/ops/function.rs:250:5
[INFO] [stdout]   43:     0x55b3ba43dd45 - <alloc::boxed::Box<F,A> as core::ops::function::FnOnce<Args>>::call_once::hc7eafaff61e32df9
[INFO] [stdout]                                at /rustc/82e1608dfa6e0b5569232559e3d385fea5a93112/library/alloc/src/boxed.rs:2007:9
[INFO] [stdout]   44:     0x55b3ba43dd45 - <alloc::boxed::Box<F,A> as core::ops::function::FnOnce<Args>>::call_once::h6ba4a5de48dd2304
[INFO] [stdout]                                at /rustc/82e1608dfa6e0b5569232559e3d385fea5a93112/library/alloc/src/boxed.rs:2007:9
[INFO] [stdout]   45:     0x55b3ba43dd45 - std::sys::unix::thread::Thread::new::thread_start::he469335aef763e45
[INFO] [stdout]                                at /rustc/82e1608dfa6e0b5569232559e3d385fea5a93112/library/std/src/sys/unix/thread.rs:108:17
[INFO] [stdout]   46:     0x7fc29801bac3 - <unknown>
[INFO] [stdout]   47:     0x7fc2980acbf4 - __clone
[INFO] [stdout]   48:                0x0 - <unknown>
[INFO] [stdout] 
[INFO] [stdout] 
[INFO] [stdout] failures:
[INFO] [stdout]     test_generate
[INFO] [stdout] 
[INFO] [stdout] test result: FAILED. 0 passed; 1 failed; 0 ignored; 0 measured; 0 filtered out; finished in 0.03s
[INFO] [stdout] 
[INFO] [stderr] error: test failed, to rerun pass `--test tests`
[INFO] running `Command { std: "docker" "inspect" "dedaf572f63647a267ae6e38706d79a2df08c4f4e74c938101f9840f825b4bad", kill_on_drop: false }`
[INFO] running `Command { std: "docker" "rm" "-f" "dedaf572f63647a267ae6e38706d79a2df08c4f4e74c938101f9840f825b4bad", kill_on_drop: false }`
[INFO] [stdout] dedaf572f63647a267ae6e38706d79a2df08c4f4e74c938101f9840f825b4bad
[INFO] testing moritztng/llamars against beta-2023-12-22 for beta-1.76-1
[INFO] running `Command { std: "git" "clone" "/workspace/cache/git-repos/https%3A%2F%2Fgithub.com%2Fmoritztng%2Fllamars" "/workspace/builds/worker-3-tc2/source", kill_on_drop: false }`
[INFO] [stderr] Cloning into '/workspace/builds/worker-3-tc2/source'...
[INFO] [stderr] done.
[INFO] validating manifest of git repo https://github.com/moritztng/llamars on toolchain beta-2023-12-22
[INFO] running `Command { std: CARGO_HOME="/workspace/cargo-home" RUSTUP_HOME="/workspace/rustup-home" "/workspace/cargo-home/bin/cargo" "+beta-2023-12-22" "metadata" "--manifest-path" "Cargo.toml" "--no-deps", kill_on_drop: false }`
[INFO] started tweaking git repo https://github.com/moritztng/llamars
[INFO] finished tweaking git repo https://github.com/moritztng/llamars
[INFO] tweaked toml for git repo https://github.com/moritztng/llamars written to /workspace/builds/worker-3-tc2/source/Cargo.toml
[INFO] crate git repo https://github.com/moritztng/llamars already has a lockfile, it will not be regenerated
[INFO] running `Command { std: CARGO_HOME="/workspace/cargo-home" RUSTUP_HOME="/workspace/rustup-home" "/workspace/cargo-home/bin/cargo" "+beta-2023-12-22" "fetch" "--manifest-path" "Cargo.toml", kill_on_drop: false }`
[INFO] running `Command { std: "docker" "create" "-v" "/var/lib/crater-agent-workspace/builds/worker-3-tc2/target:/opt/rustwide/target:rw,Z" "-v" "/var/lib/crater-agent-workspace/builds/worker-3-tc2/source:/opt/rustwide/workdir:ro,Z" "-v" "/var/lib/crater-agent-workspace/cargo-home:/opt/rustwide/cargo-home:ro,Z" "-v" "/var/lib/crater-agent-workspace/rustup-home:/opt/rustwide/rustup-home:ro,Z" "-e" "SOURCE_DIR=/opt/rustwide/workdir" "-e" "CARGO_TARGET_DIR=/opt/rustwide/target" "-e" "CARGO_HOME=/opt/rustwide/cargo-home" "-e" "RUSTUP_HOME=/opt/rustwide/rustup-home" "-w" "/opt/rustwide/workdir" "-m" "1610612736" "--user" "0:0" "--network" "none" "ghcr.io/rust-lang/crates-build-env/linux@sha256:2788e3201cd34a07e3172128adcd8b3090168a8e3bcc40d7c032b9dda1df7d1c" "/opt/rustwide/cargo-home/bin/cargo" "+beta-2023-12-22" "metadata" "--no-deps" "--format-version=1", kill_on_drop: false }`
[INFO] [stdout] d4c7905cacc02cac866caed398b8e9799f0ff9dc553b266ed2ed8359603781f4
[INFO] running `Command { std: "docker" "start" "-a" "d4c7905cacc02cac866caed398b8e9799f0ff9dc553b266ed2ed8359603781f4", kill_on_drop: false }`
[INFO] running `Command { std: "docker" "inspect" "d4c7905cacc02cac866caed398b8e9799f0ff9dc553b266ed2ed8359603781f4", kill_on_drop: false }`
[INFO] running `Command { std: "docker" "rm" "-f" "d4c7905cacc02cac866caed398b8e9799f0ff9dc553b266ed2ed8359603781f4", kill_on_drop: false }`
[INFO] [stdout] d4c7905cacc02cac866caed398b8e9799f0ff9dc553b266ed2ed8359603781f4
[INFO] running `Command { std: "docker" "create" "-v" "/var/lib/crater-agent-workspace/builds/worker-3-tc2/target:/opt/rustwide/target:rw,Z" "-v" "/var/lib/crater-agent-workspace/builds/worker-3-tc2/source:/opt/rustwide/workdir:ro,Z" "-v" "/var/lib/crater-agent-workspace/cargo-home:/opt/rustwide/cargo-home:ro,Z" "-v" "/var/lib/crater-agent-workspace/rustup-home:/opt/rustwide/rustup-home:ro,Z" "-e" "SOURCE_DIR=/opt/rustwide/workdir" "-e" "CARGO_TARGET_DIR=/opt/rustwide/target" "-e" "CARGO_INCREMENTAL=0" "-e" "RUST_BACKTRACE=full" "-e" "RUSTFLAGS=--cap-lints=warn" "-e" "RUSTDOCFLAGS=--cap-lints=warn" "-e" "CARGO_HOME=/opt/rustwide/cargo-home" "-e" "RUSTUP_HOME=/opt/rustwide/rustup-home" "-w" "/opt/rustwide/workdir" "-m" "1610612736" "--user" "0:0" "--network" "none" "ghcr.io/rust-lang/crates-build-env/linux@sha256:2788e3201cd34a07e3172128adcd8b3090168a8e3bcc40d7c032b9dda1df7d1c" "/opt/rustwide/cargo-home/bin/cargo" "+beta-2023-12-22" "build" "--frozen" "--message-format=json", kill_on_drop: false }`
[INFO] [stdout] 33b98298e2d472d5c4b8d2fbc3e338e58340663db82d6bc5a3db9f75aa301827
[INFO] running `Command { std: "docker" "start" "-a" "33b98298e2d472d5c4b8d2fbc3e338e58340663db82d6bc5a3db9f75aa301827", kill_on_drop: false }`
[INFO] [stderr]    Compiling proc-macro2 v1.0.71
[INFO] [stderr]    Compiling unicode-ident v1.0.12
[INFO] [stderr]    Compiling cfg-if v1.0.0
[INFO] [stderr]    Compiling libc v0.2.151
[INFO] [stderr]    Compiling serde v1.0.193
[INFO] [stderr]    Compiling strsim v0.10.0
[INFO] [stderr]    Compiling syn v1.0.109
[INFO] [stderr]    Compiling crossbeam-utils v0.8.18
[INFO] [stderr]    Compiling fnv v1.0.7
[INFO] [stderr]    Compiling ident_case v1.0.1
[INFO] [stderr]    Compiling memchr v2.7.1
[INFO] [stderr]    Compiling utf8parse v0.2.1
[INFO] [stderr]    Compiling pkg-config v0.3.28
[INFO] [stderr]    Compiling rayon-core v1.12.0
[INFO] [stderr]    Compiling anstyle-parse v0.2.3
[INFO] [stderr]    Compiling portable-atomic v1.6.0
[INFO] [stderr]    Compiling colorchoice v1.0.0
[INFO] [stderr]    Compiling quote v1.0.33
[INFO] [stderr]    Compiling syn v2.0.43
[INFO] [stderr]    Compiling crossbeam-epoch v0.9.17
[INFO] [stderr]    Compiling getrandom v0.2.11
[INFO] [stderr]    Compiling cc v1.0.83
[INFO] [stderr]    Compiling tinyvec_macros v0.1.1
[INFO] [stderr]    Compiling anstyle-query v1.0.2
[INFO] [stderr]    Compiling either v1.9.0
[INFO] [stderr]    Compiling paste v1.0.14
[INFO] [stderr]    Compiling anstyle v1.0.4
[INFO] [stderr]    Compiling tinyvec v1.6.0
[INFO] [stderr]    Compiling rand_core v0.6.4
[INFO] [stderr]    Compiling crossbeam-deque v0.8.4
[INFO] [stderr]    Compiling anstream v0.6.5
[INFO] [stderr]    Compiling aho-corasick v1.1.2
[INFO] [stderr]    Compiling unicode-width v0.1.11
[INFO] [stderr]    Compiling minimal-lexical v0.2.1
[INFO] [stderr]    Compiling hashbrown v0.14.3
[INFO] [stderr]    Compiling ppv-lite86 v0.2.17
[INFO] [stderr]    Compiling thiserror v1.0.52
[INFO] [stderr]    Compiling lazy_static v1.4.0
[INFO] [stderr]    Compiling equivalent v1.0.1
[INFO] [stderr]    Compiling serde_json v1.0.108
[INFO] [stderr]    Compiling heck v0.4.1
[INFO] [stderr]    Compiling onig_sys v69.8.1
[INFO] [stderr]    Compiling esaxx-rs v0.1.10
[INFO] [stderr]    Compiling clap_lex v0.6.0
[INFO] [stderr]    Compiling regex-syntax v0.8.2
[INFO] [stderr]    Compiling clap_builder v4.4.12
[INFO] [stderr]    Compiling indexmap v2.1.0
[INFO] [stderr]    Compiling console v0.15.7
[INFO] [stderr]    Compiling unicode-normalization v0.1.22
[INFO] [stderr]    Compiling rand_chacha v0.3.1
[INFO] [stderr]    Compiling rayon v1.8.0
[INFO] [stderr]    Compiling darling_core v0.14.4
[INFO] [stderr]    Compiling regex-automata v0.4.3
[INFO] [stderr]    Compiling serde_derive v1.0.193
[INFO] [stderr]    Compiling thiserror-impl v1.0.52
[INFO] [stderr]    Compiling clap_derive v4.4.7
[INFO] [stderr]    Compiling monostate-impl v0.1.10
[INFO] [stderr]    Compiling nom v7.1.3
[INFO] [stderr]    Compiling darling_macro v0.14.4
[INFO] [stderr]    Compiling darling v0.14.4
[INFO] [stderr]    Compiling itertools v0.11.0
[INFO] [stderr]    Compiling derive_builder_core v0.12.0
[INFO] [stderr]    Compiling unicode-bidi v0.3.14
[INFO] [stderr]    Compiling itoa v1.0.10
[INFO] [stderr]    Compiling percent-encoding v2.3.1
[INFO] [stderr]    Compiling number_prefix v0.4.0
[INFO] [stderr]    Compiling unicode-segmentation v1.10.1
[INFO] [stderr]    Compiling macro_rules_attribute-proc_macro v0.2.0
[INFO] [stderr]    Compiling once_cell v1.19.0
[INFO] [stderr]    Compiling bitflags v1.3.2
[INFO] [stderr]    Compiling base64 v0.13.1
[INFO] [stderr]    Compiling httparse v1.8.0
[INFO] [stderr]    Compiling smallvec v1.11.2
[INFO] [stderr]    Compiling derive_builder_macro v0.12.0
[INFO] [stderr]    Compiling ryu v1.0.16
[INFO] [stderr]    Compiling winnow v0.5.31
[INFO] [stderr]    Compiling unicode-normalization-alignments v0.1.12
[INFO] [stderr]    Compiling onig v6.4.0
[INFO] [stderr]    Compiling macro_rules_attribute v0.2.0
[INFO] [stderr]    Compiling rayon-cond v0.3.0
[INFO] [stderr]    Compiling clap v4.4.12
[INFO] [stderr]    Compiling indicatif v0.17.7
[INFO] [stderr]    Compiling form_urlencoded v1.2.1
[INFO] [stderr]    Compiling idna v0.5.0
[INFO] [stderr]    Compiling regex v1.10.2
[INFO] [stderr]    Compiling rand v0.8.5
[INFO] [stderr]    Compiling derive_builder v0.12.0
[INFO] [stderr]    Compiling unicode_categories v0.1.1
[INFO] [stderr]    Compiling regex-syntax v0.7.5
[INFO] [stderr]    Compiling log v0.4.20
[INFO] [stderr]    Compiling url v2.5.0
[INFO] [stderr]    Compiling memmap2 v0.9.3
[INFO] [stderr]    Compiling toml_datetime v0.6.5
[INFO] [stderr]    Compiling serde_spanned v0.6.5
[INFO] [stderr]    Compiling spm_precompiled v0.1.4
[INFO] [stderr]    Compiling monostate v0.1.10
[INFO] [stderr]    Compiling toml_edit v0.21.0
[INFO] [stderr]    Compiling tokenizers v0.15.0
[INFO] [stderr]    Compiling toml v0.8.8
[INFO] [stderr]    Compiling llamars v0.1.0 (/opt/rustwide/workdir)
[INFO] [stdout] warning: field `mmap` is never read
[INFO] [stdout]   --> src/lib.rs:96:5
[INFO] [stdout]    |
[INFO] [stdout] 89 | pub struct Model {
[INFO] [stdout]    |            ----- field in this struct
[INFO] [stdout] ...
[INFO] [stdout] 96 |     mmap: MmapRaw,
[INFO] [stdout]    |     ^^^^
[INFO] [stdout]    |
[INFO] [stdout]    = note: `#[warn(dead_code)]` on by default
[INFO] [stdout] 
[INFO] [stdout] 
[INFO] [stdout] warning: constant `vocab_size` should have an upper case name
[INFO] [stdout]  --> src/lib.rs:7:7
[INFO] [stdout]   |
[INFO] [stdout] 7 | const vocab_size: usize = 32000;
[INFO] [stdout]   |       ^^^^^^^^^^ help: convert the identifier to upper case: `VOCAB_SIZE`
[INFO] [stdout]   |
[INFO] [stdout]   = note: `#[warn(non_upper_case_globals)]` on by default
[INFO] [stdout] 
[INFO] [stdout] 
[INFO] [stdout] warning: constant `state_size` should have an upper case name
[INFO] [stdout]  --> src/lib.rs:8:7
[INFO] [stdout]   |
[INFO] [stdout] 8 | const state_size: usize = 2048;
[INFO] [stdout]   |       ^^^^^^^^^^ help: convert the identifier to upper case: `STATE_SIZE`
[INFO] [stdout] 
[INFO] [stdout] 
[INFO] [stdout] warning: constant `n_layers` should have an upper case name
[INFO] [stdout]  --> src/lib.rs:9:7
[INFO] [stdout]   |
[INFO] [stdout] 9 | const n_layers: usize = 32;
[INFO] [stdout]   |       ^^^^^^^^ help: convert the identifier to upper case: `N_LAYERS`
[INFO] [stdout] 
[INFO] [stdout] 
[INFO] [stdout] warning: constant `n_kv_heads` should have an upper case name
[INFO] [stdout]   --> src/lib.rs:10:7
[INFO] [stdout]    |
[INFO] [stdout] 10 | const n_kv_heads: usize = 8;
[INFO] [stdout]    |       ^^^^^^^^^^ help: convert the identifier to upper case: `N_KV_HEADS`
[INFO] [stdout] 
[INFO] [stdout] 
[INFO] [stdout] warning: constant `n_heads` should have an upper case name
[INFO] [stdout]   --> src/lib.rs:11:7
[INFO] [stdout]    |
[INFO] [stdout] 11 | const n_heads: usize = 32;
[INFO] [stdout]    |       ^^^^^^^ help: convert the identifier to upper case: `N_HEADS`
[INFO] [stdout] 
[INFO] [stdout] 
[INFO] [stdout] warning: constant `head_size` should have an upper case name
[INFO] [stdout]   --> src/lib.rs:12:7
[INFO] [stdout]    |
[INFO] [stdout] 12 | const head_size: usize = 128;
[INFO] [stdout]    |       ^^^^^^^^^ help: convert the identifier to upper case: `HEAD_SIZE`
[INFO] [stdout] 
[INFO] [stdout] 
[INFO] [stdout] warning: constant `hidden_dim` should have an upper case name
[INFO] [stdout]   --> src/lib.rs:13:7
[INFO] [stdout]    |
[INFO] [stdout] 13 | const hidden_dim: usize = 14336;
[INFO] [stdout]    |       ^^^^^^^^^^ help: convert the identifier to upper case: `HIDDEN_DIM`
[INFO] [stdout] 
[INFO] [stdout] 
[INFO] [stdout] warning: constant `n_experts` should have an upper case name
[INFO] [stdout]   --> src/lib.rs:14:7
[INFO] [stdout]    |
[INFO] [stdout] 14 | const n_experts: usize = 8;
[INFO] [stdout]    |       ^^^^^^^^^ help: convert the identifier to upper case: `N_EXPERTS`
[INFO] [stdout] 
[INFO] [stdout] 
[INFO] [stdout] warning: constant `n_experts_per_token` should have an upper case name
[INFO] [stdout]   --> src/lib.rs:15:7
[INFO] [stdout]    |
[INFO] [stdout] 15 | const n_experts_per_token: usize = 2;
[INFO] [stdout]    |       ^^^^^^^^^^^^^^^^^^^ help: convert the identifier to upper case: `N_EXPERTS_PER_TOKEN`
[INFO] [stdout] 
[INFO] [stdout] 
[INFO] [stdout] warning: constant `dim` should have an upper case name
[INFO] [stdout]   --> src/lib.rs:16:7
[INFO] [stdout]    |
[INFO] [stdout] 16 | const dim: usize = head_size * n_heads;
[INFO] [stdout]    |       ^^^ help: convert the identifier to upper case: `DIM`
[INFO] [stdout] 
[INFO] [stdout] 
[INFO] [stdout] warning: constant `kv_dim` should have an upper case name
[INFO] [stdout]   --> src/lib.rs:17:7
[INFO] [stdout]    |
[INFO] [stdout] 17 | const kv_dim: usize = head_size * n_kv_heads;
[INFO] [stdout]    |       ^^^^^^ help: convert the identifier to upper case: `KV_DIM`
[INFO] [stdout] 
[INFO] [stdout] 
[INFO] [stdout] warning: constant `q_group_size` should have an upper case name
[INFO] [stdout]   --> src/lib.rs:18:7
[INFO] [stdout]    |
[INFO] [stdout] 18 | const q_group_size: usize = 64;
[INFO] [stdout]    |       ^^^^^^^^^^^^ help: convert the identifier to upper case: `Q_GROUP_SIZE`
[INFO] [stdout] 
[INFO] [stdout] 
[INFO] [stdout] warning: constant `q_max` should have an upper case name
[INFO] [stdout]    --> src/lib.rs:100:11
[INFO] [stdout]     |
[INFO] [stdout] 100 |     const q_max: f32 = 127f32;
[INFO] [stdout]     |           ^^^^^ help: convert the identifier to upper case: `Q_MAX`
[INFO] [stdout] 
[INFO] [stdout] 
[INFO] [stdout] warning: 14 warnings emitted
[INFO] [stdout] 
[INFO] [stdout] 
[INFO] [stdout] warning: value assigned to `output` is never read
[INFO] [stdout]   --> src/main.rs:77:25
[INFO] [stdout]    |
[INFO] [stdout] 77 |                 let mut output: Option<String> = None;
[INFO] [stdout]    |                         ^^^^^^
[INFO] [stdout]    |
[INFO] [stdout]    = help: maybe it is overwritten before being read?
[INFO] [stdout]    = note: `#[warn(unused_assignments)]` on by default
[INFO] [stdout] 
[INFO] [stdout] 
[INFO] [stdout] warning: 1 warning emitted
[INFO] [stdout] 
[INFO] [stdout] 
[INFO] [stderr]     Finished dev [unoptimized + debuginfo] target(s) in 47.31s
[INFO] running `Command { std: "docker" "inspect" "33b98298e2d472d5c4b8d2fbc3e338e58340663db82d6bc5a3db9f75aa301827", kill_on_drop: false }`
[INFO] running `Command { std: "docker" "rm" "-f" "33b98298e2d472d5c4b8d2fbc3e338e58340663db82d6bc5a3db9f75aa301827", kill_on_drop: false }`
[INFO] [stdout] 33b98298e2d472d5c4b8d2fbc3e338e58340663db82d6bc5a3db9f75aa301827
[INFO] running `Command { std: "docker" "create" "-v" "/var/lib/crater-agent-workspace/builds/worker-3-tc2/target:/opt/rustwide/target:rw,Z" "-v" "/var/lib/crater-agent-workspace/builds/worker-3-tc2/source:/opt/rustwide/workdir:ro,Z" "-v" "/var/lib/crater-agent-workspace/cargo-home:/opt/rustwide/cargo-home:ro,Z" "-v" "/var/lib/crater-agent-workspace/rustup-home:/opt/rustwide/rustup-home:ro,Z" "-e" "SOURCE_DIR=/opt/rustwide/workdir" "-e" "CARGO_TARGET_DIR=/opt/rustwide/target" "-e" "CARGO_INCREMENTAL=0" "-e" "RUST_BACKTRACE=full" "-e" "RUSTFLAGS=--cap-lints=warn" "-e" "RUSTDOCFLAGS=--cap-lints=warn" "-e" "CARGO_HOME=/opt/rustwide/cargo-home" "-e" "RUSTUP_HOME=/opt/rustwide/rustup-home" "-w" "/opt/rustwide/workdir" "-m" "1610612736" "--user" "0:0" "--network" "none" "ghcr.io/rust-lang/crates-build-env/linux@sha256:2788e3201cd34a07e3172128adcd8b3090168a8e3bcc40d7c032b9dda1df7d1c" "/opt/rustwide/cargo-home/bin/cargo" "+beta-2023-12-22" "test" "--frozen" "--no-run" "--message-format=json", kill_on_drop: false }`
[INFO] [stdout] 59d702fcd03acb2d7965095c8b83498c8699f4e4fa6c829afe5e8d95ae1b6bb7
[INFO] running `Command { std: "docker" "start" "-a" "59d702fcd03acb2d7965095c8b83498c8699f4e4fa6c829afe5e8d95ae1b6bb7", kill_on_drop: false }`
[INFO] [stderr]    Compiling autocfg v1.1.0
[INFO] [stderr]    Compiling plotters-backend v0.3.5
[INFO] [stderr]    Compiling itertools v0.10.5
[INFO] [stderr]    Compiling textwrap v0.11.0
[INFO] [stderr]    Compiling csv-core v0.1.11
[INFO] [stderr]    Compiling half v1.8.2
[INFO] [stderr]    Compiling same-file v1.0.6
[INFO] [stderr]    Compiling cast v0.3.0
[INFO] [stderr]    Compiling walkdir v2.4.0
[INFO] [stderr]    Compiling plotters-svg v0.3.5
[INFO] [stderr]    Compiling clap v2.34.0
[INFO] [stderr]    Compiling csv v1.3.0
[INFO] [stderr]    Compiling num-traits v0.2.17
[INFO] [stderr]    Compiling serde_cbor v0.11.2
[INFO] [stderr]    Compiling tinytemplate v1.2.1
[INFO] [stderr]    Compiling atty v0.2.14
[INFO] [stderr]    Compiling oorandom v11.1.3
[INFO] [stdout] warning: field `mmap` is never read
[INFO] [stdout]   --> src/lib.rs:96:5
[INFO] [stdout]    |
[INFO] [stdout] 89 | pub struct Model {
[INFO] [stdout]    |            ----- field in this struct
[INFO] [stdout] ...
[INFO] [stdout] 96 |     mmap: MmapRaw,
[INFO] [stdout]    |     ^^^^
[INFO] [stdout]    |
[INFO] [stdout]    = note: `#[warn(dead_code)]` on by default
[INFO] [stdout] 
[INFO] [stdout] 
[INFO] [stdout] warning: constant `vocab_size` should have an upper case name
[INFO] [stdout]  --> src/lib.rs:7:7
[INFO] [stdout]   |
[INFO] [stdout] 7 | const vocab_size: usize = 32000;
[INFO] [stdout]   |       ^^^^^^^^^^ help: convert the identifier to upper case: `VOCAB_SIZE`
[INFO] [stdout]   |
[INFO] [stdout]   = note: `#[warn(non_upper_case_globals)]` on by default
[INFO] [stdout] 
[INFO] [stdout] 
[INFO] [stdout] warning: constant `state_size` should have an upper case name
[INFO] [stdout]  --> src/lib.rs:8:7
[INFO] [stdout]   |
[INFO] [stdout] 8 | const state_size: usize = 2048;
[INFO] [stdout]   |       ^^^^^^^^^^ help: convert the identifier to upper case: `STATE_SIZE`
[INFO] [stdout] 
[INFO] [stdout] 
[INFO] [stdout] warning: constant `n_layers` should have an upper case name
[INFO] [stdout]  --> src/lib.rs:9:7
[INFO] [stdout]   |
[INFO] [stdout] 9 | const n_layers: usize = 32;
[INFO] [stdout]   |       ^^^^^^^^ help: convert the identifier to upper case: `N_LAYERS`
[INFO] [stdout] 
[INFO] [stdout] 
[INFO] [stdout] warning: constant `n_kv_heads` should have an upper case name
[INFO] [stdout]   --> src/lib.rs:10:7
[INFO] [stdout]    |
[INFO] [stdout] 10 | const n_kv_heads: usize = 8;
[INFO] [stdout]    |       ^^^^^^^^^^ help: convert the identifier to upper case: `N_KV_HEADS`
[INFO] [stdout] 
[INFO] [stdout] 
[INFO] [stdout] warning: constant `n_heads` should have an upper case name
[INFO] [stdout]   --> src/lib.rs:11:7
[INFO] [stdout]    |
[INFO] [stdout] 11 | const n_heads: usize = 32;
[INFO] [stdout]    |       ^^^^^^^ help: convert the identifier to upper case: `N_HEADS`
[INFO] [stdout] 
[INFO] [stdout] 
[INFO] [stdout] warning: constant `head_size` should have an upper case name
[INFO] [stdout]   --> src/lib.rs:12:7
[INFO] [stdout]    |
[INFO] [stdout] 12 | const head_size: usize = 128;
[INFO] [stdout]    |       ^^^^^^^^^ help: convert the identifier to upper case: `HEAD_SIZE`
[INFO] [stdout] 
[INFO] [stdout] 
[INFO] [stdout] warning: constant `hidden_dim` should have an upper case name
[INFO] [stdout]   --> src/lib.rs:13:7
[INFO] [stdout]    |
[INFO] [stdout] 13 | const hidden_dim: usize = 14336;
[INFO] [stdout]    |       ^^^^^^^^^^ help: convert the identifier to upper case: `HIDDEN_DIM`
[INFO] [stdout] 
[INFO] [stdout] 
[INFO] [stdout] warning: constant `n_experts` should have an upper case name
[INFO] [stdout]   --> src/lib.rs:14:7
[INFO] [stdout]    |
[INFO] [stdout] 14 | const n_experts: usize = 8;
[INFO] [stdout]    |       ^^^^^^^^^ help: convert the identifier to upper case: `N_EXPERTS`
[INFO] [stdout] 
[INFO] [stdout] 
[INFO] [stdout] warning: constant `n_experts_per_token` should have an upper case name
[INFO] [stdout]   --> src/lib.rs:15:7
[INFO] [stdout]    |
[INFO] [stdout] 15 | const n_experts_per_token: usize = 2;
[INFO] [stdout]    |       ^^^^^^^^^^^^^^^^^^^ help: convert the identifier to upper case: `N_EXPERTS_PER_TOKEN`
[INFO] [stdout] 
[INFO] [stdout] 
[INFO] [stdout] warning: constant `dim` should have an upper case name
[INFO] [stdout]   --> src/lib.rs:16:7
[INFO] [stdout]    |
[INFO] [stdout] 16 | const dim: usize = head_size * n_heads;
[INFO] [stdout]    |       ^^^ help: convert the identifier to upper case: `DIM`
[INFO] [stdout] 
[INFO] [stdout] 
[INFO] [stdout] warning: constant `kv_dim` should have an upper case name
[INFO] [stdout]   --> src/lib.rs:17:7
[INFO] [stdout]    |
[INFO] [stdout] 17 | const kv_dim: usize = head_size * n_kv_heads;
[INFO] [stdout]    |       ^^^^^^ help: convert the identifier to upper case: `KV_DIM`
[INFO] [stdout] 
[INFO] [stdout] 
[INFO] [stdout] warning: constant `q_group_size` should have an upper case name
[INFO] [stdout]   --> src/lib.rs:18:7
[INFO] [stdout]    |
[INFO] [stdout] 18 | const q_group_size: usize = 64;
[INFO] [stdout]    |       ^^^^^^^^^^^^ help: convert the identifier to upper case: `Q_GROUP_SIZE`
[INFO] [stdout] 
[INFO] [stdout] 
[INFO] [stdout] warning: constant `q_max` should have an upper case name
[INFO] [stdout]    --> src/lib.rs:100:11
[INFO] [stdout]     |
[INFO] [stdout] 100 |     const q_max: f32 = 127f32;
[INFO] [stdout]     |           ^^^^^ help: convert the identifier to upper case: `Q_MAX`
[INFO] [stdout] 
[INFO] [stdout] 
[INFO] [stdout] warning: 14 warnings emitted
[INFO] [stdout] 
[INFO] [stdout] 
[INFO] [stdout] warning: value assigned to `output` is never read
[INFO] [stdout]   --> src/main.rs:77:25
[INFO] [stdout]    |
[INFO] [stdout] 77 |                 let mut output: Option<String> = None;
[INFO] [stdout]    |                         ^^^^^^
[INFO] [stdout]    |
[INFO] [stdout]    = help: maybe it is overwritten before being read?
[INFO] [stdout]    = note: `#[warn(unused_assignments)]` on by default
[INFO] [stdout] 
[INFO] [stdout] 
[INFO] [stdout] warning: 1 warning emitted
[INFO] [stdout] 
[INFO] [stdout] 
[INFO] [stderr]    Compiling criterion-plot v0.4.5
[INFO] [stderr]    Compiling plotters v0.3.5
[INFO] [stderr]    Compiling criterion v0.3.6
[INFO] [stderr]    Compiling llamars v0.1.0 (/opt/rustwide/workdir)
[INFO] [stdout] warning: field `mmap` is never read
[INFO] [stdout]   --> src/lib.rs:96:5
[INFO] [stdout]    |
[INFO] [stdout] 89 | pub struct Model {
[INFO] [stdout]    |            ----- field in this struct
[INFO] [stdout] ...
[INFO] [stdout] 96 |     mmap: MmapRaw,
[INFO] [stdout]    |     ^^^^
[INFO] [stdout]    |
[INFO] [stdout]    = note: `#[warn(dead_code)]` on by default
[INFO] [stdout] 
[INFO] [stdout] 
[INFO] [stdout] warning: constant `vocab_size` should have an upper case name
[INFO] [stdout]  --> src/lib.rs:7:7
[INFO] [stdout]   |
[INFO] [stdout] 7 | const vocab_size: usize = 32000;
[INFO] [stdout]   |       ^^^^^^^^^^ help: convert the identifier to upper case: `VOCAB_SIZE`
[INFO] [stdout]   |
[INFO] [stdout]   = note: `#[warn(non_upper_case_globals)]` on by default
[INFO] [stdout] 
[INFO] [stdout] 
[INFO] [stdout] warning: constant `state_size` should have an upper case name
[INFO] [stdout]  --> src/lib.rs:8:7
[INFO] [stdout]   |
[INFO] [stdout] 8 | const state_size: usize = 2048;
[INFO] [stdout]   |       ^^^^^^^^^^ help: convert the identifier to upper case: `STATE_SIZE`
[INFO] [stdout] 
[INFO] [stdout] 
[INFO] [stdout] warning: constant `n_layers` should have an upper case name
[INFO] [stdout]  --> src/lib.rs:9:7
[INFO] [stdout]   |
[INFO] [stdout] 9 | const n_layers: usize = 32;
[INFO] [stdout]   |       ^^^^^^^^ help: convert the identifier to upper case: `N_LAYERS`
[INFO] [stdout] 
[INFO] [stdout] 
[INFO] [stdout] warning: constant `n_kv_heads` should have an upper case name
[INFO] [stdout]   --> src/lib.rs:10:7
[INFO] [stdout]    |
[INFO] [stdout] 10 | const n_kv_heads: usize = 8;
[INFO] [stdout]    |       ^^^^^^^^^^ help: convert the identifier to upper case: `N_KV_HEADS`
[INFO] [stdout] 
[INFO] [stdout] 
[INFO] [stdout] warning: constant `n_heads` should have an upper case name
[INFO] [stdout]   --> src/lib.rs:11:7
[INFO] [stdout]    |
[INFO] [stdout] 11 | const n_heads: usize = 32;
[INFO] [stdout]    |       ^^^^^^^ help: convert the identifier to upper case: `N_HEADS`
[INFO] [stdout] 
[INFO] [stdout] 
[INFO] [stdout] warning: constant `head_size` should have an upper case name
[INFO] [stdout]   --> src/lib.rs:12:7
[INFO] [stdout]    |
[INFO] [stdout] 12 | const head_size: usize = 128;
[INFO] [stdout]    |       ^^^^^^^^^ help: convert the identifier to upper case: `HEAD_SIZE`
[INFO] [stdout] 
[INFO] [stdout] 
[INFO] [stdout] warning: constant `hidden_dim` should have an upper case name
[INFO] [stdout]   --> src/lib.rs:13:7
[INFO] [stdout]    |
[INFO] [stdout] 13 | const hidden_dim: usize = 14336;
[INFO] [stdout]    |       ^^^^^^^^^^ help: convert the identifier to upper case: `HIDDEN_DIM`
[INFO] [stdout] 
[INFO] [stdout] 
[INFO] [stdout] warning: constant `n_experts` should have an upper case name
[INFO] [stdout]   --> src/lib.rs:14:7
[INFO] [stdout]    |
[INFO] [stdout] 14 | const n_experts: usize = 8;
[INFO] [stdout]    |       ^^^^^^^^^ help: convert the identifier to upper case: `N_EXPERTS`
[INFO] [stdout] 
[INFO] [stdout] 
[INFO] [stdout] warning: constant `n_experts_per_token` should have an upper case name
[INFO] [stdout]   --> src/lib.rs:15:7
[INFO] [stdout]    |
[INFO] [stdout] 15 | const n_experts_per_token: usize = 2;
[INFO] [stdout]    |       ^^^^^^^^^^^^^^^^^^^ help: convert the identifier to upper case: `N_EXPERTS_PER_TOKEN`
[INFO] [stdout] 
[INFO] [stdout] 
[INFO] [stdout] warning: constant `dim` should have an upper case name
[INFO] [stdout]   --> src/lib.rs:16:7
[INFO] [stdout]    |
[INFO] [stdout] 16 | const dim: usize = head_size * n_heads;
[INFO] [stdout]    |       ^^^ help: convert the identifier to upper case: `DIM`
[INFO] [stdout] 
[INFO] [stdout] 
[INFO] [stdout] warning: constant `kv_dim` should have an upper case name
[INFO] [stdout]   --> src/lib.rs:17:7
[INFO] [stdout]    |
[INFO] [stdout] 17 | const kv_dim: usize = head_size * n_kv_heads;
[INFO] [stdout]    |       ^^^^^^ help: convert the identifier to upper case: `KV_DIM`
[INFO] [stdout] 
[INFO] [stdout] 
[INFO] [stdout] warning: constant `q_group_size` should have an upper case name
[INFO] [stdout]   --> src/lib.rs:18:7
[INFO] [stdout]    |
[INFO] [stdout] 18 | const q_group_size: usize = 64;
[INFO] [stdout]    |       ^^^^^^^^^^^^ help: convert the identifier to upper case: `Q_GROUP_SIZE`
[INFO] [stdout] 
[INFO] [stdout] 
[INFO] [stdout] warning: constant `q_max` should have an upper case name
[INFO] [stdout]    --> src/lib.rs:100:11
[INFO] [stdout]     |
[INFO] [stdout] 100 |     const q_max: f32 = 127f32;
[INFO] [stdout]     |           ^^^^^ help: convert the identifier to upper case: `Q_MAX`
[INFO] [stdout] 
[INFO] [stdout] 
[INFO] [stdout] warning: value assigned to `output` is never read
[INFO] [stdout]   --> src/main.rs:77:25
[INFO] [stdout]    |
[INFO] [stdout] 77 |                 let mut output: Option<String> = None;
[INFO] [stdout]    |                         ^^^^^^
[INFO] [stdout]    |
[INFO] [stdout]    = help: maybe it is overwritten before being read?
[INFO] [stdout]    = note: `#[warn(unused_assignments)]` on by default
[INFO] [stdout] 
[INFO] [stdout] 
[INFO] [stdout] warning: 14 warnings emitted
[INFO] [stdout] 
[INFO] [stdout] 
[INFO] [stdout] warning: 1 warning emitted
[INFO] [stdout] 
[INFO] [stdout] 
[INFO] [stderr]     Finished test [unoptimized + debuginfo] target(s) in 11.70s
[INFO] running `Command { std: "docker" "inspect" "59d702fcd03acb2d7965095c8b83498c8699f4e4fa6c829afe5e8d95ae1b6bb7", kill_on_drop: false }`
[INFO] running `Command { std: "docker" "rm" "-f" "59d702fcd03acb2d7965095c8b83498c8699f4e4fa6c829afe5e8d95ae1b6bb7", kill_on_drop: false }`
[INFO] [stdout] 59d702fcd03acb2d7965095c8b83498c8699f4e4fa6c829afe5e8d95ae1b6bb7
[INFO] running `Command { std: "docker" "create" "-v" "/var/lib/crater-agent-workspace/builds/worker-3-tc2/target:/opt/rustwide/target:rw,Z" "-v" "/var/lib/crater-agent-workspace/builds/worker-3-tc2/source:/opt/rustwide/workdir:ro,Z" "-v" "/var/lib/crater-agent-workspace/cargo-home:/opt/rustwide/cargo-home:ro,Z" "-v" "/var/lib/crater-agent-workspace/rustup-home:/opt/rustwide/rustup-home:ro,Z" "-e" "SOURCE_DIR=/opt/rustwide/workdir" "-e" "CARGO_TARGET_DIR=/opt/rustwide/target" "-e" "CARGO_INCREMENTAL=0" "-e" "RUST_BACKTRACE=full" "-e" "RUSTFLAGS=--cap-lints=warn" "-e" "RUSTDOCFLAGS=--cap-lints=warn" "-e" "CARGO_HOME=/opt/rustwide/cargo-home" "-e" "RUSTUP_HOME=/opt/rustwide/rustup-home" "-w" "/opt/rustwide/workdir" "-m" "1610612736" "--user" "0:0" "--network" "none" "ghcr.io/rust-lang/crates-build-env/linux@sha256:2788e3201cd34a07e3172128adcd8b3090168a8e3bcc40d7c032b9dda1df7d1c" "/opt/rustwide/cargo-home/bin/cargo" "+beta-2023-12-22" "test" "--frozen", kill_on_drop: false }`
[INFO] [stdout] d1ee7a8678feb9fcb80a4fd70f8ef9b7b955ec77a5a9cf89857af8bb9311490e
[INFO] running `Command { std: "docker" "start" "-a" "d1ee7a8678feb9fcb80a4fd70f8ef9b7b955ec77a5a9cf89857af8bb9311490e", kill_on_drop: false }`
[INFO] [stderr] warning: field `mmap` is never read
[INFO] [stderr]   --> src/lib.rs:96:5
[INFO] [stderr]    |
[INFO] [stderr] 89 | pub struct Model {
[INFO] [stderr]    |            ----- field in this struct
[INFO] [stderr] ...
[INFO] [stderr] 96 |     mmap: MmapRaw,
[INFO] [stderr]    |     ^^^^
[INFO] [stderr]    |
[INFO] [stderr]    = note: `#[warn(dead_code)]` on by default
[INFO] [stderr] 
[INFO] [stderr] warning: constant `vocab_size` should have an upper case name
[INFO] [stderr]  --> src/lib.rs:7:7
[INFO] [stderr]   |
[INFO] [stderr] 7 | const vocab_size: usize = 32000;
[INFO] [stderr]   |       ^^^^^^^^^^ help: convert the identifier to upper case: `VOCAB_SIZE`
[INFO] [stderr]   |
[INFO] [stderr]   = note: `#[warn(non_upper_case_globals)]` on by default
[INFO] [stderr] 
[INFO] [stderr] warning: constant `state_size` should have an upper case name
[INFO] [stderr]  --> src/lib.rs:8:7
[INFO] [stderr]   |
[INFO] [stderr] 8 | const state_size: usize = 2048;
[INFO] [stderr]   |       ^^^^^^^^^^ help: convert the identifier to upper case: `STATE_SIZE`
[INFO] [stderr] 
[INFO] [stderr] warning: constant `n_layers` should have an upper case name
[INFO] [stderr]  --> src/lib.rs:9:7
[INFO] [stderr]   |
[INFO] [stderr] 9 | const n_layers: usize = 32;
[INFO] [stderr]   |       ^^^^^^^^ help: convert the identifier to upper case: `N_LAYERS`
[INFO] [stderr] 
[INFO] [stderr] warning: constant `n_kv_heads` should have an upper case name
[INFO] [stderr]   --> src/lib.rs:10:7
[INFO] [stderr]    |
[INFO] [stderr] 10 | const n_kv_heads: usize = 8;
[INFO] [stderr]    |       ^^^^^^^^^^ help: convert the identifier to upper case: `N_KV_HEADS`
[INFO] [stderr] 
[INFO] [stderr] warning: constant `n_heads` should have an upper case name
[INFO] [stderr]   --> src/lib.rs:11:7
[INFO] [stderr]    |
[INFO] [stderr] 11 | const n_heads: usize = 32;
[INFO] [stderr]    |       ^^^^^^^ help: convert the identifier to upper case: `N_HEADS`
[INFO] [stderr] 
[INFO] [stderr] warning: constant `head_size` should have an upper case name
[INFO] [stderr]   --> src/lib.rs:12:7
[INFO] [stderr]    |
[INFO] [stderr] 12 | const head_size: usize = 128;
[INFO] [stderr]    |       ^^^^^^^^^ help: convert the identifier to upper case: `HEAD_SIZE`
[INFO] [stderr] 
[INFO] [stderr] warning: constant `hidden_dim` should have an upper case name
[INFO] [stderr]   --> src/lib.rs:13:7
[INFO] [stderr]    |
[INFO] [stderr] 13 | const hidden_dim: usize = 14336;
[INFO] [stderr]    |       ^^^^^^^^^^ help: convert the identifier to upper case: `HIDDEN_DIM`
[INFO] [stderr] 
[INFO] [stderr] warning: constant `n_experts` should have an upper case name
[INFO] [stderr]   --> src/lib.rs:14:7
[INFO] [stderr]    |
[INFO] [stderr] 14 | const n_experts: usize = 8;
[INFO] [stderr]    |       ^^^^^^^^^ help: convert the identifier to upper case: `N_EXPERTS`
[INFO] [stderr] 
[INFO] [stderr] warning: constant `n_experts_per_token` should have an upper case name
[INFO] [stderr]   --> src/lib.rs:15:7
[INFO] [stderr]    |
[INFO] [stderr] 15 | const n_experts_per_token: usize = 2;
[INFO] [stderr]    |       ^^^^^^^^^^^^^^^^^^^ help: convert the identifier to upper case: `N_EXPERTS_PER_TOKEN`
[INFO] [stderr] 
[INFO] [stderr] warning: constant `dim` should have an upper case name
[INFO] [stderr]   --> src/lib.rs:16:7
[INFO] [stderr]    |
[INFO] [stderr] 16 | const dim: usize = head_size * n_heads;
[INFO] [stderr]    |       ^^^ help: convert the identifier to upper case: `DIM`
[INFO] [stderr] 
[INFO] [stderr] warning: constant `kv_dim` should have an upper case name
[INFO] [stderr]   --> src/lib.rs:17:7
[INFO] [stderr]    |
[INFO] [stderr] 17 | const kv_dim: usize = head_size * n_kv_heads;
[INFO] [stderr]    |       ^^^^^^ help: convert the identifier to upper case: `KV_DIM`
[INFO] [stderr] 
[INFO] [stderr] warning: constant `q_group_size` should have an upper case name
[INFO] [stderr]   --> src/lib.rs:18:7
[INFO] [stderr]    |
[INFO] [stderr] 18 | const q_group_size: usize = 64;
[INFO] [stderr]    |       ^^^^^^^^^^^^ help: convert the identifier to upper case: `Q_GROUP_SIZE`
[INFO] [stderr] 
[INFO] [stderr] warning: constant `q_max` should have an upper case name
[INFO] [stderr]    --> src/lib.rs:100:11
[INFO] [stderr]     |
[INFO] [stderr] 100 |     const q_max: f32 = 127f32;
[INFO] [stderr]     |           ^^^^^ help: convert the identifier to upper case: `Q_MAX`
[INFO] [stderr] 
[INFO] [stderr] warning: `llamars` (lib) generated 14 warnings
[INFO] [stderr] warning: value assigned to `output` is never read
[INFO] [stderr]   --> src/main.rs:77:25
[INFO] [stderr]    |
[INFO] [stderr] 77 |                 let mut output: Option<String> = None;
[INFO] [stderr]    |                         ^^^^^^
[INFO] [stderr]    |
[INFO] [stderr]    = help: maybe it is overwritten before being read?
[INFO] [stderr]    = note: `#[warn(unused_assignments)]` on by default
[INFO] [stderr] 
[INFO] [stderr] warning: `llamars` (bin "llamars") generated 1 warning
[INFO] [stderr] warning: `llamars` (lib test) generated 14 warnings (14 duplicates)
[INFO] [stderr] warning: `llamars` (bin "llamars" test) generated 1 warning (1 duplicate)
[INFO] [stderr]     Finished test [unoptimized + debuginfo] target(s) in 0.12s
[INFO] [stderr]      Running unittests src/lib.rs (/opt/rustwide/target/debug/deps/llamars-2f05a07d2e9434ed)
[INFO] [stdout] 
[INFO] [stdout] running 0 tests
[INFO] [stdout] 
[INFO] [stdout] test result: ok. 0 passed; 0 failed; 0 ignored; 0 measured; 0 filtered out; finished in 0.00s
[INFO] [stdout] 
[INFO] [stderr]      Running unittests src/main.rs (/opt/rustwide/target/debug/deps/llamars-6e458dbfe58590e4)
[INFO] [stdout] 
[INFO] [stdout] running 0 tests
[INFO] [stdout] 
[INFO] [stdout] test result: ok. 0 passed; 0 failed; 0 ignored; 0 measured; 0 filtered out; finished in 0.00s
[INFO] [stdout] 
[INFO] [stderr]      Running tests/tests.rs (/opt/rustwide/target/debug/deps/tests-ec7dd7bbf6f86f07)
[INFO] [stdout] 
[INFO] [stdout] running 1 test
[INFO] [stdout] test test_generate ... FAILED
[INFO] [stdout] 
[INFO] [stdout] failures:
[INFO] [stdout] 
[INFO] [stdout] ---- test_generate stdout ----
[INFO] [stdout] thread 'test_generate' panicked at src/lib.rs:195:70:
[INFO] [stdout] called `Result::unwrap()` on an `Err` value: Os { code: 2, kind: NotFound, message: "No such file or directory" }
[INFO] [stdout] stack backtrace:
[INFO] [stdout]    0:     0x5571d106f236 - std::backtrace_rs::backtrace::libunwind::trace::h261606ad26a499c1
[INFO] [stdout]                                at /rustc/0e09125c6c3c2fd70d7de961bcf0e51575235fad/library/std/src/../../backtrace/src/backtrace/libunwind.rs:104:5
[INFO] [stdout]    1:     0x5571d106f236 - std::backtrace_rs::backtrace::trace_unsynchronized::hd183f0625477fb28
[INFO] [stdout]                                at /rustc/0e09125c6c3c2fd70d7de961bcf0e51575235fad/library/std/src/../../backtrace/src/backtrace/mod.rs:66:5
[INFO] [stdout]    2:     0x5571d106f236 - std::sys_common::backtrace::_print_fmt::hd7f8fef21b4eda67
[INFO] [stdout]                                at /rustc/0e09125c6c3c2fd70d7de961bcf0e51575235fad/library/std/src/sys_common/backtrace.rs:68:5
[INFO] [stdout]    3:     0x5571d106f236 - <std::sys_common::backtrace::_print::DisplayBacktrace as core::fmt::Display>::fmt::h623d9b51f2f453f1
[INFO] [stdout]                                at /rustc/0e09125c6c3c2fd70d7de961bcf0e51575235fad/library/std/src/sys_common/backtrace.rs:44:22
[INFO] [stdout]    4:     0x5571d10990b0 - core::fmt::rt::Argument::fmt::h9f417ac76a86f368
[INFO] [stdout]                                at /rustc/0e09125c6c3c2fd70d7de961bcf0e51575235fad/library/core/src/fmt/rt.rs:142:9
[INFO] [stdout]    5:     0x5571d10990b0 - core::fmt::write::hc9b6faf4ac2aeff7
[INFO] [stdout]                                at /rustc/0e09125c6c3c2fd70d7de961bcf0e51575235fad/library/core/src/fmt/mod.rs:1120:17
[INFO] [stdout]    6:     0x5571d106cacf - std::io::Write::write_fmt::he04625a3a989fec3
[INFO] [stdout]                                at /rustc/0e09125c6c3c2fd70d7de961bcf0e51575235fad/library/std/src/io/mod.rs:1810:15
[INFO] [stdout]    7:     0x5571d106f014 - std::sys_common::backtrace::_print::hd5d66399c7df88a2
[INFO] [stdout]                                at /rustc/0e09125c6c3c2fd70d7de961bcf0e51575235fad/library/std/src/sys_common/backtrace.rs:47:5
[INFO] [stdout]    8:     0x5571d106f014 - std::sys_common::backtrace::print::he81ed2da642d37e5
[INFO] [stdout]                                at /rustc/0e09125c6c3c2fd70d7de961bcf0e51575235fad/library/std/src/sys_common/backtrace.rs:34:9
[INFO] [stdout]    9:     0x5571d1070d87 - std::panicking::default_hook::{{closure}}::h85773f4fa117163d
[INFO] [stdout]   10:     0x5571d1070a6d - std::panicking::default_hook::h6a1694a91d09b278
[INFO] [stdout]                                at /rustc/0e09125c6c3c2fd70d7de961bcf0e51575235fad/library/std/src/panicking.rs:289:9
[INFO] [stdout]   11:     0x5571d0a3cdd7 - <alloc::boxed::Box<F,A> as core::ops::function::Fn<Args>>::call::h616ac37fa3cd6c8f
[INFO] [stdout]                                at /rustc/0e09125c6c3c2fd70d7de961bcf0e51575235fad/library/alloc/src/boxed.rs:2029:9
[INFO] [stdout]   12:     0x5571d0a3cdd7 - test::test_main::{{closure}}::h00d84697cefdcbb6
[INFO] [stdout]                                at /rustc/0e09125c6c3c2fd70d7de961bcf0e51575235fad/library/test/src/lib.rs:138:21
[INFO] [stdout]   13:     0x5571d10713a6 - <alloc::boxed::Box<F,A> as core::ops::function::Fn<Args>>::call::hcb3fe3b9bb537ba8
[INFO] [stdout]                                at /rustc/0e09125c6c3c2fd70d7de961bcf0e51575235fad/library/alloc/src/boxed.rs:2029:9
[INFO] [stdout]   14:     0x5571d10713a6 - std::panicking::rust_panic_with_hook::h0a7ad96e90f7145b
[INFO] [stdout]                                at /rustc/0e09125c6c3c2fd70d7de961bcf0e51575235fad/library/std/src/panicking.rs:783:13
[INFO] [stdout]   15:     0x5571d10710f2 - std::panicking::begin_panic_handler::{{closure}}::h7919090525c6485e
[INFO] [stdout]                                at /rustc/0e09125c6c3c2fd70d7de961bcf0e51575235fad/library/std/src/panicking.rs:657:13
[INFO] [stdout]   16:     0x5571d106f736 - std::sys_common::backtrace::__rust_end_short_backtrace::hf3289479464f7dfe
[INFO] [stdout]                                at /rustc/0e09125c6c3c2fd70d7de961bcf0e51575235fad/library/std/src/sys_common/backtrace.rs:171:18
[INFO] [stdout]   17:     0x5571d1070e50 - rust_begin_unwind
[INFO] [stdout]                                at /rustc/0e09125c6c3c2fd70d7de961bcf0e51575235fad/library/std/src/panicking.rs:645:5
[INFO] [stdout]   18:     0x5571d0a07315 - core::panicking::panic_fmt::hcc9f77c5c132af55
[INFO] [stdout]                                at /rustc/0e09125c6c3c2fd70d7de961bcf0e51575235fad/library/core/src/panicking.rs:72:14
[INFO] [stdout]   19:     0x5571d0a078f3 - core::result::unwrap_failed::hbe14f498be1452f9
[INFO] [stdout]                                at /rustc/0e09125c6c3c2fd70d7de961bcf0e51575235fad/library/core/src/result.rs:1649:5
[INFO] [stdout]   20:     0x5571d0a61bfb - core::result::Result<T,E>::unwrap::h1a66a1161e452c60
[INFO] [stdout]                                at /rustc/0e09125c6c3c2fd70d7de961bcf0e51575235fad/library/core/src/result.rs:1073:23
[INFO] [stdout]   21:     0x5571d0a4ac13 - llamars::Model::from_dir::h72bf0f0c74a0024c
[INFO] [stdout]                                at /opt/rustwide/workdir/src/lib.rs:195:33
[INFO] [stdout]   22:     0x5571d0a0834d - tests::test_generate::hae09f52188c847ec
[INFO] [stdout]                                at /opt/rustwide/workdir/tests/tests.rs:7:21
[INFO] [stdout]   23:     0x5571d0a08307 - tests::test_generate::{{closure}}::h5554fbe60558bbbb
[INFO] [stdout]                                at /opt/rustwide/workdir/tests/tests.rs:6:19
[INFO] [stdout]   24:     0x5571d0a07f16 - core::ops::function::FnOnce::call_once::h49c794dbc02106b4
[INFO] [stdout]                                at /rustc/0e09125c6c3c2fd70d7de961bcf0e51575235fad/library/core/src/ops/function.rs:250:5
[INFO] [stdout]   25:     0x5571d0a426af - core::ops::function::FnOnce::call_once::hd64d26f405258157
[INFO] [stdout]                                at /rustc/0e09125c6c3c2fd70d7de961bcf0e51575235fad/library/core/src/ops/function.rs:250:5
[INFO] [stdout]   26:     0x5571d0a426af - test::__rust_begin_short_backtrace::he21b0b7a6d731bf9
[INFO] [stdout]                                at /rustc/0e09125c6c3c2fd70d7de961bcf0e51575235fad/library/test/src/lib.rs:627:18
[INFO] [stdout]   27:     0x5571d0a41431 - test::run_test_in_process::{{closure}}::hf5c73986d7bdfde2
[INFO] [stdout]                                at /rustc/0e09125c6c3c2fd70d7de961bcf0e51575235fad/library/test/src/lib.rs:650:60
[INFO] [stdout]   28:     0x5571d0a41431 - <core::panic::unwind_safe::AssertUnwindSafe<F> as core::ops::function::FnOnce<()>>::call_once::h330011ad032aadc0
[INFO] [stdout]                                at /rustc/0e09125c6c3c2fd70d7de961bcf0e51575235fad/library/core/src/panic/unwind_safe.rs:272:9
[INFO] [stdout]   29:     0x5571d0a41431 - std::panicking::try::do_call::he61b0a958b795a41
[INFO] [stdout]                                at /rustc/0e09125c6c3c2fd70d7de961bcf0e51575235fad/library/std/src/panicking.rs:552:40
[INFO] [stdout]   30:     0x5571d0a41431 - std::panicking::try::h7309da130f906eb7
[INFO] [stdout]                                at /rustc/0e09125c6c3c2fd70d7de961bcf0e51575235fad/library/std/src/panicking.rs:516:19
[INFO] [stdout]   31:     0x5571d0a41431 - std::panic::catch_unwind::hc5c3a06fdaf0a92a
[INFO] [stdout]                                at /rustc/0e09125c6c3c2fd70d7de961bcf0e51575235fad/library/std/src/panic.rs:142:14
[INFO] [stdout]   32:     0x5571d0a41431 - test::run_test_in_process::h7e7b7c71c3324e0f
[INFO] [stdout]                                at /rustc/0e09125c6c3c2fd70d7de961bcf0e51575235fad/library/test/src/lib.rs:650:27
[INFO] [stdout]   33:     0x5571d0a41431 - test::run_test::{{closure}}::h1f509f28f5cf20b1
[INFO] [stdout]                                at /rustc/0e09125c6c3c2fd70d7de961bcf0e51575235fad/library/test/src/lib.rs:573:43
[INFO] [stdout]   34:     0x5571d0a08766 - test::run_test::{{closure}}::h1754218abf443f6d
[INFO] [stdout]                                at /rustc/0e09125c6c3c2fd70d7de961bcf0e51575235fad/library/test/src/lib.rs:601:41
[INFO] [stdout]   35:     0x5571d0a08766 - std::sys_common::backtrace::__rust_begin_short_backtrace::h2ee174b9d5954948
[INFO] [stdout]                                at /rustc/0e09125c6c3c2fd70d7de961bcf0e51575235fad/library/std/src/sys_common/backtrace.rs:155:18
[INFO] [stdout]   36:     0x5571d0a0d7c7 - std::thread::Builder::spawn_unchecked_::{{closure}}::{{closure}}::hf60bee9c1a17ef09
[INFO] [stdout]                                at /rustc/0e09125c6c3c2fd70d7de961bcf0e51575235fad/library/std/src/thread/mod.rs:529:17
[INFO] [stdout]   37:     0x5571d0a0d7c7 - <core::panic::unwind_safe::AssertUnwindSafe<F> as core::ops::function::FnOnce<()>>::call_once::h33d0dddec5216160
[INFO] [stdout]                                at /rustc/0e09125c6c3c2fd70d7de961bcf0e51575235fad/library/core/src/panic/unwind_safe.rs:272:9
[INFO] [stdout]   38:     0x5571d0a0d7c7 - std::panicking::try::do_call::h144b3048b546f835
[INFO] [stdout]                                at /rustc/0e09125c6c3c2fd70d7de961bcf0e51575235fad/library/std/src/panicking.rs:552:40
[INFO] [stdout]   39:     0x5571d0a0d7c7 - std::panicking::try::h978244d04646189f
[INFO] [stdout]                                at /rustc/0e09125c6c3c2fd70d7de961bcf0e51575235fad/library/std/src/panicking.rs:516:19
[INFO] [stdout]   40:     0x5571d0a0d7c7 - std::panic::catch_unwind::hdf436369d188fe86
[INFO] [stdout]                                at /rustc/0e09125c6c3c2fd70d7de961bcf0e51575235fad/library/std/src/panic.rs:142:14
[INFO] [stdout]   41:     0x5571d0a0d7c7 - std::thread::Builder::spawn_unchecked_::{{closure}}::h87329cbdd33c79ec
[INFO] [stdout]                                at /rustc/0e09125c6c3c2fd70d7de961bcf0e51575235fad/library/std/src/thread/mod.rs:528:30
[INFO] [stdout]   42:     0x5571d0a0d7c7 - core::ops::function::FnOnce::call_once{{vtable.shim}}::h401abbe67897d450
[INFO] [stdout]                                at /rustc/0e09125c6c3c2fd70d7de961bcf0e51575235fad/library/core/src/ops/function.rs:250:5
[INFO] [stdout]   43:     0x5571d1075f75 - <alloc::boxed::Box<F,A> as core::ops::function::FnOnce<Args>>::call_once::h5d7c8f150ab9c84c
[INFO] [stdout]                                at /rustc/0e09125c6c3c2fd70d7de961bcf0e51575235fad/library/alloc/src/boxed.rs:2015:9
[INFO] [stdout]   44:     0x5571d1075f75 - <alloc::boxed::Box<F,A> as core::ops::function::FnOnce<Args>>::call_once::h570d5b005c242c15
[INFO] [stdout]                                at /rustc/0e09125c6c3c2fd70d7de961bcf0e51575235fad/library/alloc/src/boxed.rs:2015:9
[INFO] [stdout]   45:     0x5571d1075f75 - std::sys::unix::thread::Thread::new::thread_start::h36b0a20c0b2361ad
[INFO] [stdout]                                at /rustc/0e09125c6c3c2fd70d7de961bcf0e51575235fad/library/std/src/sys/unix/thread.rs:108:17
[INFO] [stdout]   46:     0x7f0ae71a8ac3 - <unknown>
[INFO] [stdout]   47:     0x7f0ae7239bf4 - __clone
[INFO] [stdout]   48:                0x0 - <unknown>
[INFO] [stdout] 
[INFO] [stdout] 
[INFO] [stdout] failures:
[INFO] [stdout]     test_generate
[INFO] [stdout] 
[INFO] [stdout] test result: FAILED. 0 passed; 1 failed; 0 ignored; 0 measured; 0 filtered out; finished in 0.03s
[INFO] [stdout] 
[INFO] [stderr] error: test failed, to rerun pass `--test tests`
[INFO] running `Command { std: "docker" "inspect" "d1ee7a8678feb9fcb80a4fd70f8ef9b7b955ec77a5a9cf89857af8bb9311490e", kill_on_drop: false }`
[INFO] running `Command { std: "docker" "rm" "-f" "d1ee7a8678feb9fcb80a4fd70f8ef9b7b955ec77a5a9cf89857af8bb9311490e", kill_on_drop: false }`
[INFO] [stdout] d1ee7a8678feb9fcb80a4fd70f8ef9b7b955ec77a5a9cf89857af8bb9311490e
