[INFO] cloning repository https://github.com/mondobe/tuck5
[INFO] running `Command { std: "git" "-c" "credential.helper=" "-c" "credential.helper=/workspace/cargo-home/bin/git-credential-null" "clone" "--bare" "https://github.com/mondobe/tuck5" "/workspace/cache/git-repos/https%3A%2F%2Fgithub.com%2Fmondobe%2Ftuck5", kill_on_drop: false }`
[INFO] [stderr] Cloning into bare repository '/workspace/cache/git-repos/https%3A%2F%2Fgithub.com%2Fmondobe%2Ftuck5'...
[INFO] running `Command { std: "git" "rev-parse" "HEAD", kill_on_drop: false }`
[INFO] [stdout] 7387d439e042700aed68ddab89a0081b328ea04e
[INFO] testing mondobe/tuck5 against 1.75.0 for beta-1.76-1
[INFO] running `Command { std: "git" "clone" "/workspace/cache/git-repos/https%3A%2F%2Fgithub.com%2Fmondobe%2Ftuck5" "/workspace/builds/worker-2-tc1/source", kill_on_drop: false }`
[INFO] [stderr] Cloning into '/workspace/builds/worker-2-tc1/source'...
[INFO] [stderr] done.
[INFO] validating manifest of git repo https://github.com/mondobe/tuck5 on toolchain 1.75.0
[INFO] running `Command { std: CARGO_HOME="/workspace/cargo-home" RUSTUP_HOME="/workspace/rustup-home" "/workspace/cargo-home/bin/cargo" "+1.75.0" "metadata" "--manifest-path" "Cargo.toml" "--no-deps", kill_on_drop: false }`
[INFO] started tweaking git repo https://github.com/mondobe/tuck5
[INFO] finished tweaking git repo https://github.com/mondobe/tuck5
[INFO] tweaked toml for git repo https://github.com/mondobe/tuck5 written to /workspace/builds/worker-2-tc1/source/Cargo.toml
[INFO] crate git repo https://github.com/mondobe/tuck5 already has a lockfile, it will not be regenerated
[INFO] running `Command { std: CARGO_HOME="/workspace/cargo-home" RUSTUP_HOME="/workspace/rustup-home" "/workspace/cargo-home/bin/cargo" "+1.75.0" "fetch" "--manifest-path" "Cargo.toml", kill_on_drop: false }`
[INFO] [stderr]  Downloading crates ...
[INFO] [stderr]   Downloaded test-case v3.1.0
[INFO] [stderr]   Downloaded test-case-core v3.1.0
[INFO] [stderr]   Downloaded test-case-macros v3.1.0
[INFO] running `Command { std: "docker" "create" "-v" "/var/lib/crater-agent-workspace/builds/worker-2-tc1/target:/opt/rustwide/target:rw,Z" "-v" "/var/lib/crater-agent-workspace/builds/worker-2-tc1/source:/opt/rustwide/workdir:ro,Z" "-v" "/var/lib/crater-agent-workspace/cargo-home:/opt/rustwide/cargo-home:ro,Z" "-v" "/var/lib/crater-agent-workspace/rustup-home:/opt/rustwide/rustup-home:ro,Z" "-e" "SOURCE_DIR=/opt/rustwide/workdir" "-e" "CARGO_TARGET_DIR=/opt/rustwide/target" "-e" "CARGO_HOME=/opt/rustwide/cargo-home" "-e" "RUSTUP_HOME=/opt/rustwide/rustup-home" "-w" "/opt/rustwide/workdir" "-m" "1610612736" "--user" "0:0" "--network" "none" "ghcr.io/rust-lang/crates-build-env/linux@sha256:2788e3201cd34a07e3172128adcd8b3090168a8e3bcc40d7c032b9dda1df7d1c" "/opt/rustwide/cargo-home/bin/cargo" "+1.75.0" "metadata" "--no-deps" "--format-version=1", kill_on_drop: false }`
[INFO] [stdout] c976e0869fbde22e76ea6284faffc2dd74d3b5e5879f59f226ceb4dab8d87223
[INFO] running `Command { std: "docker" "start" "-a" "c976e0869fbde22e76ea6284faffc2dd74d3b5e5879f59f226ceb4dab8d87223", kill_on_drop: false }`
[INFO] running `Command { std: "docker" "inspect" "c976e0869fbde22e76ea6284faffc2dd74d3b5e5879f59f226ceb4dab8d87223", kill_on_drop: false }`
[INFO] running `Command { std: "docker" "rm" "-f" "c976e0869fbde22e76ea6284faffc2dd74d3b5e5879f59f226ceb4dab8d87223", kill_on_drop: false }`
[INFO] [stdout] c976e0869fbde22e76ea6284faffc2dd74d3b5e5879f59f226ceb4dab8d87223
[INFO] running `Command { std: "docker" "create" "-v" "/var/lib/crater-agent-workspace/builds/worker-2-tc1/target:/opt/rustwide/target:rw,Z" "-v" "/var/lib/crater-agent-workspace/builds/worker-2-tc1/source:/opt/rustwide/workdir:ro,Z" "-v" "/var/lib/crater-agent-workspace/cargo-home:/opt/rustwide/cargo-home:ro,Z" "-v" "/var/lib/crater-agent-workspace/rustup-home:/opt/rustwide/rustup-home:ro,Z" "-e" "SOURCE_DIR=/opt/rustwide/workdir" "-e" "CARGO_TARGET_DIR=/opt/rustwide/target" "-e" "CARGO_INCREMENTAL=0" "-e" "RUST_BACKTRACE=full" "-e" "RUSTFLAGS=--cap-lints=warn" "-e" "RUSTDOCFLAGS=--cap-lints=warn" "-e" "CARGO_HOME=/opt/rustwide/cargo-home" "-e" "RUSTUP_HOME=/opt/rustwide/rustup-home" "-w" "/opt/rustwide/workdir" "-m" "1610612736" "--user" "0:0" "--network" "none" "ghcr.io/rust-lang/crates-build-env/linux@sha256:2788e3201cd34a07e3172128adcd8b3090168a8e3bcc40d7c032b9dda1df7d1c" "/opt/rustwide/cargo-home/bin/cargo" "+1.75.0" "build" "--frozen" "--message-format=json", kill_on_drop: false }`
[INFO] [stdout] ff78776a7310b688e9288356b4b0c293a055febd12eeb9b287a391caa7ccc9c0
[INFO] running `Command { std: "docker" "start" "-a" "ff78776a7310b688e9288356b4b0c293a055febd12eeb9b287a391caa7ccc9c0", kill_on_drop: false }`
[INFO] [stderr]    Compiling tuck5 v0.2.0 (/opt/rustwide/workdir)
[INFO] [stderr]     Finished dev [unoptimized + debuginfo] target(s) in 0.43s
[INFO] running `Command { std: "docker" "inspect" "ff78776a7310b688e9288356b4b0c293a055febd12eeb9b287a391caa7ccc9c0", kill_on_drop: false }`
[INFO] running `Command { std: "docker" "rm" "-f" "ff78776a7310b688e9288356b4b0c293a055febd12eeb9b287a391caa7ccc9c0", kill_on_drop: false }`
[INFO] [stdout] ff78776a7310b688e9288356b4b0c293a055febd12eeb9b287a391caa7ccc9c0
[INFO] running `Command { std: "docker" "create" "-v" "/var/lib/crater-agent-workspace/builds/worker-2-tc1/target:/opt/rustwide/target:rw,Z" "-v" "/var/lib/crater-agent-workspace/builds/worker-2-tc1/source:/opt/rustwide/workdir:ro,Z" "-v" "/var/lib/crater-agent-workspace/cargo-home:/opt/rustwide/cargo-home:ro,Z" "-v" "/var/lib/crater-agent-workspace/rustup-home:/opt/rustwide/rustup-home:ro,Z" "-e" "SOURCE_DIR=/opt/rustwide/workdir" "-e" "CARGO_TARGET_DIR=/opt/rustwide/target" "-e" "CARGO_INCREMENTAL=0" "-e" "RUST_BACKTRACE=full" "-e" "RUSTFLAGS=--cap-lints=warn" "-e" "RUSTDOCFLAGS=--cap-lints=warn" "-e" "CARGO_HOME=/opt/rustwide/cargo-home" "-e" "RUSTUP_HOME=/opt/rustwide/rustup-home" "-w" "/opt/rustwide/workdir" "-m" "1610612736" "--user" "0:0" "--network" "none" "ghcr.io/rust-lang/crates-build-env/linux@sha256:2788e3201cd34a07e3172128adcd8b3090168a8e3bcc40d7c032b9dda1df7d1c" "/opt/rustwide/cargo-home/bin/cargo" "+1.75.0" "test" "--frozen" "--no-run" "--message-format=json", kill_on_drop: false }`
[INFO] [stdout] ae63e677967c336cbd819191b892ff48e6c5ad4f76274912babe9ff91f09410f
[INFO] running `Command { std: "docker" "start" "-a" "ae63e677967c336cbd819191b892ff48e6c5ad4f76274912babe9ff91f09410f", kill_on_drop: false }`
[INFO] [stderr]    Compiling version_check v0.9.4
[INFO] [stderr]    Compiling proc-macro2 v1.0.66
[INFO] [stderr]    Compiling unicode-ident v1.0.11
[INFO] [stderr]    Compiling syn v1.0.109
[INFO] [stderr]    Compiling cfg-if v1.0.0
[INFO] [stderr]    Compiling proc-macro-error-attr v1.0.4
[INFO] [stderr]    Compiling proc-macro-error v1.0.4
[INFO] [stderr]    Compiling quote v1.0.32
[INFO] [stderr]    Compiling test-case-core v3.1.0
[INFO] [stderr]    Compiling test-case-macros v3.1.0
[INFO] [stderr]    Compiling test-case v3.1.0
[INFO] [stderr]    Compiling tuck5 v0.2.0 (/opt/rustwide/workdir)
[INFO] [stdout] warning: unused import: `token::*`
[INFO] [stdout]  --> src/sequence/tests.rs:4:9
[INFO] [stdout]   |
[INFO] [stdout] 4 | pub use token::*;
[INFO] [stdout]   |         ^^^^^^^^
[INFO] [stdout]   |
[INFO] [stdout]   = note: `#[warn(unused_imports)]` on by default
[INFO] [stdout] 
[INFO] [stdout] 
[INFO] [stdout] warning: private item shadows public glob re-export
[INFO] [stdout]  --> src/transform/mod.rs:6:1
[INFO] [stdout]   |
[INFO] [stdout] 6 | mod tests;
[INFO] [stdout]   | ^^^^^^^^^^
[INFO] [stdout]   |
[INFO] [stdout] note: the name `tests` in the type namespace is supposed to be publicly re-exported here
[INFO] [stdout]  --> src/transform/mod.rs:1:9
[INFO] [stdout]   |
[INFO] [stdout] 1 | pub use crate::*;
[INFO] [stdout]   |         ^^^^^^^^
[INFO] [stdout] note: but the private item here shadows it
[INFO] [stdout]  --> src/transform/mod.rs:6:1
[INFO] [stdout]   |
[INFO] [stdout] 6 | mod tests;
[INFO] [stdout]   | ^^^^^^^^^^
[INFO] [stdout]   = note: `#[warn(hidden_glob_reexports)]` on by default
[INFO] [stdout] 
[INFO] [stdout] 
[INFO] [stdout] warning: unused import: `token::*`
[INFO] [stdout]  --> src/transform/tests.rs:4:9
[INFO] [stdout]   |
[INFO] [stdout] 4 | pub use token::*;
[INFO] [stdout]   |         ^^^^^^^^
[INFO] [stdout] 
[INFO] [stdout] 
[INFO] [stdout] warning: 3 warnings emitted
[INFO] [stdout] 
[INFO] [stdout] 
[INFO] [stderr]     Finished test [unoptimized + debuginfo] target(s) in 6.41s
[INFO] running `Command { std: "docker" "inspect" "ae63e677967c336cbd819191b892ff48e6c5ad4f76274912babe9ff91f09410f", kill_on_drop: false }`
[INFO] running `Command { std: "docker" "rm" "-f" "ae63e677967c336cbd819191b892ff48e6c5ad4f76274912babe9ff91f09410f", kill_on_drop: false }`
[INFO] [stdout] ae63e677967c336cbd819191b892ff48e6c5ad4f76274912babe9ff91f09410f
[INFO] running `Command { std: "docker" "create" "-v" "/var/lib/crater-agent-workspace/builds/worker-2-tc1/target:/opt/rustwide/target:rw,Z" "-v" "/var/lib/crater-agent-workspace/builds/worker-2-tc1/source:/opt/rustwide/workdir:ro,Z" "-v" "/var/lib/crater-agent-workspace/cargo-home:/opt/rustwide/cargo-home:ro,Z" "-v" "/var/lib/crater-agent-workspace/rustup-home:/opt/rustwide/rustup-home:ro,Z" "-e" "SOURCE_DIR=/opt/rustwide/workdir" "-e" "CARGO_TARGET_DIR=/opt/rustwide/target" "-e" "CARGO_INCREMENTAL=0" "-e" "RUST_BACKTRACE=full" "-e" "RUSTFLAGS=--cap-lints=warn" "-e" "RUSTDOCFLAGS=--cap-lints=warn" "-e" "CARGO_HOME=/opt/rustwide/cargo-home" "-e" "RUSTUP_HOME=/opt/rustwide/rustup-home" "-w" "/opt/rustwide/workdir" "-m" "1610612736" "--user" "0:0" "--network" "none" "ghcr.io/rust-lang/crates-build-env/linux@sha256:2788e3201cd34a07e3172128adcd8b3090168a8e3bcc40d7c032b9dda1df7d1c" "/opt/rustwide/cargo-home/bin/cargo" "+1.75.0" "test" "--frozen", kill_on_drop: false }`
[INFO] [stdout] b7a85d9e3544ace8824a9c226fc482bc31ed03c7512eb6bb396aa93efd21d99e
[INFO] running `Command { std: "docker" "start" "-a" "b7a85d9e3544ace8824a9c226fc482bc31ed03c7512eb6bb396aa93efd21d99e", kill_on_drop: false }`
[INFO] [stderr] warning: unused import: `token::*`
[INFO] [stderr]  --> src/sequence/tests.rs:4:9
[INFO] [stderr]   |
[INFO] [stderr] 4 | pub use token::*;
[INFO] [stderr]   |         ^^^^^^^^
[INFO] [stderr]   |
[INFO] [stderr]   = note: `#[warn(unused_imports)]` on by default
[INFO] [stderr] 
[INFO] [stderr] warning: private item shadows public glob re-export
[INFO] [stderr]  --> src/transform/mod.rs:6:1
[INFO] [stderr]   |
[INFO] [stderr] 6 | mod tests;
[INFO] [stderr]   | ^^^^^^^^^^
[INFO] [stderr]   |
[INFO] [stderr] note: the name `tests` in the type namespace is supposed to be publicly re-exported here
[INFO] [stderr]  --> src/transform/mod.rs:1:9
[INFO] [stderr]   |
[INFO] [stderr] 1 | pub use crate::*;
[INFO] [stderr]   |         ^^^^^^^^
[INFO] [stderr] note: but the private item here shadows it
[INFO] [stderr]  --> src/transform/mod.rs:6:1
[INFO] [stderr]   |
[INFO] [stderr] 6 | mod tests;
[INFO] [stderr]   | ^^^^^^^^^^
[INFO] [stderr]   = note: `#[warn(hidden_glob_reexports)]` on by default
[INFO] [stderr] 
[INFO] [stderr] warning: unused import: `token::*`
[INFO] [stderr]  --> src/transform/tests.rs:4:9
[INFO] [stderr]   |
[INFO] [stderr] 4 | pub use token::*;
[INFO] [stderr]   |         ^^^^^^^^
[INFO] [stderr] 
[INFO] [stderr] warning: `tuck5` (lib test) generated 3 warnings (run `cargo fix --lib -p tuck5 --tests` to apply 2 suggestions)
[INFO] [stderr]     Finished test [unoptimized + debuginfo] target(s) in 0.02s
[INFO] [stderr]      Running unittests src/lib.rs (/opt/rustwide/target/debug/deps/tuck5-d9c745a9b8a473f5)
[INFO] [stdout] 
[INFO] [stdout] running 108 tests
[INFO] [stdout] test meta::tests::eval_simple_prog::basic_optional_sequence ... ok
[INFO] [stdout] test meta::tests::eval_simple_prog::basic_choose_sequence ... ok
[INFO] [stdout] test meta::tests::eval_simple_prog::sugared_has_tag_sequence ... ok
[INFO] [stdout] test meta::tests::eval_simple_prog::basic_has_tag_sequence ... ok
[INFO] [stdout] test meta::tests::eval_simple_prog::sugared_raw_sequence ... ok
[INFO] [stdout] test sequence::tests::choose_seq_test::first_option ... ok
[INFO] [stdout] test sequence::tests::choose_seq_test::matching_empty_string ... ok
[INFO] [stdout] test sequence::tests::choose_seq_test::multiple_of_correct_token ... ok
[INFO] [stdout] test sequence::tests::choose_seq_test::both_correct_tokens ... ok
[INFO] [stdout] test sequence::tests::choose_seq_test::single_incorrect_token ... ok
[INFO] [stdout] test sequence::tests::mult_seq_test::basic_passing_case ... ok
[INFO] [stdout] test sequence::tests::choose_seq_test::second_option ... ok
[INFO] [stdout] test meta::tests::eval_simple_prog::sugared_range_sequence ... ok
[INFO] [stdout] test meta::tests::eval_simple_prog::one_or_more_in_parens_sequence ... ok
[INFO] [stdout] test meta::tests::eval_simple_prog::sugared_one_or_more_sequence ... ok
[INFO] [stdout] test meta::tests::eval_simple_prog::basic_recursive_choose_sequence ... ok
[INFO] [stdout] test meta::tests::eval_simple_prog::basic_raw_sequence ... ok
[INFO] [stdout] test meta::tests::eval_simple_prog::quotes ... ok
[INFO] [stdout] test meta::tests::eval_simple_prog::basic_repeated_sequence ... ok
[INFO] [stdout] test meta::tests::eval_simple_prog::empty_program ... ok
[INFO] [stdout] test meta::tests::eval_simple_prog::comments ... ok
[INFO] [stdout] test meta::tests::eval_simple_prog::more_than_one_tag ... ok
[INFO] [stdout] test sequence::tests::mult_seq_test::multiple_of_correct_token_followed_by_one_incorrect ... ok
[INFO] [stdout] test meta::tests::eval_simple_prog::many_in_parens_sequence ... ok
[INFO] [stdout] test meta::tests::eval_simple_prog::basic_multiple_sequence ... ok
[INFO] [stdout] test sequence::tests::raw_seq_test::basic_failing_case ... ok
[INFO] [stdout] test sequence::tests::opt_seq_test::empty_passing_case ... ok
[INFO] [stdout] test sequence::tests::mult_seq_test::empty_failing_case ... ok
[INFO] [stdout] test sequence::tests::mult_seq_test::multiple_of_incorrect_token ... ok
[INFO] [stdout] test sequence::tests::mult_seq_test::incorrect_string ... ok
[INFO] [stdout] test sequence::tests::opt_seq_test::incorrect_string ... ok
[INFO] [stdout] test sequence::tests::opt_seq_test::multiple_of_incorrect_token ... ok
[INFO] [stdout] test sequence::tests::raw_seq_test::multiple_of_correct_token ... ok
[INFO] [stdout] test sequence::tests::raw_seq_test::basic_passing_case ... ok
[INFO] [stdout] test sequence::tests::rep_seq_test::basic_passing_case ... ok
[INFO] [stdout] test sequence::tests::opt_seq_test::basic_passing_case ... ok
[INFO] [stdout] test sequence::tests::raw_seq_test::matching_empty_string ... ok
[INFO] [stdout] test meta::tests::eval_simple_prog::basic_whitespace_removal ... ok
[INFO] [stdout] test meta::tests::eval_simple_prog::long_comments ... ok
[INFO] [stdout] test sequence::tests::rep_seq_test::incorrect_string ... ok
[INFO] [stdout] test sequence::tests::rep_seq_test::multiple_of_correct_token_followed_by_one_incorrect ... ok
[INFO] [stdout] test tests::calculator::eval_test::basic_application ... ok
[INFO] [stdout] test tests::calculator::eval_test::basic_integer_subtracting ... ok
[INFO] [stdout] test tests::calculator::eval_test::leading_space ... ok
[INFO] [stdout] test tests::calculator::eval_test::leading_zero ... ok
[INFO] [stdout] test tests::calculator::eval_test::negative_integer ... ok
[INFO] [stdout] test tests::calculator::eval_test::nested_applications ... ok
[INFO] [stdout] test tests::calculator::eval_test::basic_integer_multiplication ... ok
[INFO] [stdout] test tests::calculator::eval_test::no_text ... ok
[INFO] [stdout] test sequence::tests::rep_seq_test::empty_passing_case ... ok
[INFO] [stdout] test sequence::tests::rep_seq_test::multiple_of_incorrect_token ... ok
[INFO] [stdout] test tests::calculator::eval_test::basic_parenthetical ... ok
[INFO] [stdout] test tests::calculator::eval_test::basic_integer_addition ... ok
[INFO] [stdout] test tests::calculator::eval_test::basic_letter_fail ... ok
[INFO] [stdout] test tests::calculator::eval_test::basic_integer_division ... ok
[INFO] [stdout] test tests::calculator::eval_test::no_trailing_end_parens ... ok
[INFO] [stdout] test tests::calculator::eval_test::multiple_digit_number ... ok
[INFO] [stdout] test tests::calculator::eval_test::even_longer_decimal ... ok
[INFO] [stdout] test tests::calculator::eval_test::long_decimal ... ok
[INFO] [stdout] test tests::calculator::eval_test::multiple_digit_number_with_decimal ... ok
[INFO] [stdout] test tests::calculator::eval_test::negative_decimal ... ok
[INFO] [stdout] test tests::calculator::eval_test::order_of_operations ... ok
[INFO] [stdout] test tests::calculator::eval_test::one_digit_number ... ok
[INFO] [stdout] test tests::calculator::eval_test::zero ... ok
[INFO] [stdout] test tests::calculator::int_test::one_digit_int ... ok
[INFO] [stdout] test tests::calculator::eval_test::order_of_operations_with_nested_parens ... ok
[INFO] [stdout] test tests::calculator::int_test::all_digits ... ok
[INFO] [stdout] test tests::calculator::int_test::leading_zero ... ok
[INFO] [stdout] test tests::calculator::int_test::special_case ... ok
[INFO] [stdout] test tests::calculator::meta::eval_test::basic_integer_subtracting ... ok
[INFO] [stdout] test tests::calculator::meta::eval_test::multiple_digit_number ... ok
[INFO] [stdout] test tests::calculator::meta::eval_test::basic_parenthetical ... ok
[INFO] [stdout] test tests::calculator::meta::eval_test::negative_decimal ... ok
[INFO] [stdout] test tests::calculator::meta::eval_test::multiple_digit_number_with_decimal ... ok
[INFO] [stdout] test tests::calculator::meta::eval_test::basic_integer_addition ... ok
[INFO] [stdout] test tests::calculator::meta::eval_test::no_text ... ok
[INFO] [stdout] test tests::calculator::meta::eval_test::basic_integer_multiplication ... ok
[INFO] [stdout] test tests::calculator::meta::eval_test::no_trailing_end_parens ... ok
[INFO] [stdout] test tests::calculator::meta::eval_test::basic_application ... ok
[INFO] [stdout] test tests::calculator::meta::eval_test::leading_space ... ok
[INFO] [stdout] test tests::calculator::meta::eval_test::negative_integer ... ok
[INFO] [stdout] test tests::calculator::meta::eval_test::one_digit_number ... ok
[INFO] [stdout] test tests::calculator::meta::eval_test::basic_letter_fail ... ok
[INFO] [stdout] test tests::calculator::meta::eval_test::leading_zero ... ok
[INFO] [stdout] test tests::calculator::meta::eval_test::nested_applications ... ok
[INFO] [stdout] test tests::calculator::meta::eval_test::order_of_operations ... ok
[INFO] [stdout] test tests::interp::run_prog_from_text::decimal_print_statement ... ok
[INFO] [stdout] test tests::calculator::meta::eval_test::basic_integer_division ... ok
[INFO] [stdout] test tests::calculator::meta::eval_test::order_of_operations_with_nested_parens ... ok
[INFO] [stdout] test transform::tests::remove_a_test::removing_no_letters ... ok
[INFO] [stdout] test transform::tests::remove_a_test::no_letters ... ok
[INFO] [stdout] test tests::interp::run_prog_from_text::double_print_statement ... ok
[INFO] [stdout] test transform::tests::remove_a_test::removing_two_letters ... ok
[INFO] [stdout] test tests::calculator::meta::eval_test::order_of_operations_with_nested_parens_backwards ... ok
[INFO] [stdout] test transform::tests::remove_a_test::removing_the_same_letter_repeatedly ... ok
[INFO] [stdout] test tests::interp::run_prog_from_text::add_var_to_itself ... ok
[INFO] [stdout] test tests::calculator::meta::eval_test::zero ... ok
[INFO] [stdout] test transform::tests::remove_a_test::removing_one_letter ... ok
[INFO] [stdout] test tests::interp::run_prog_from_text::quadruple_add_expression ... ok
[INFO] [stdout] test tests::interp::run_prog_from_text::double_let_statement ... ok
[INFO] [stdout] test tests::interp::run_prog_from_text::simple_if_expression ... ok
[INFO] [stdout] test tests::interp::run_prog_from_text::simple_add_expression ... ok
[INFO] [stdout] test tests::interp::run_prog_from_text::echo_input ... FAILED
[INFO] [stdout] test tests::interp::run_prog_from_text::let_in_if ... ok
[INFO] [stdout] test tests::interp::run_prog_from_text::self_incrementing ... ok
[INFO] [stdout] test tests::interp::run_prog_from_text::simple_let_statement ... ok
[INFO] [stdout] test tests::interp::run_prog_from_text::simple_mut_statement ... ok
[INFO] [stderr] error: test failed, to rerun pass `--lib`
[INFO] [stdout] test tests::interp::run_prog_from_text::simple_print_statement ... ok
[INFO] [stdout] 
[INFO] [stdout] failures:
[INFO] [stdout] 
[INFO] [stdout] ---- tests::interp::run_prog_from_text::echo_input stdout ----
[INFO] [stdout] {
[INFO] [stdout] 	print
[INFO] [stdout] 	{
[INFO] [stdout] 		input
[INFO] [stdout] 		+
[INFO] [stdout] 		1
[INFO] [stdout] 	}
[INFO] [stdout] 	;
[INFO] [stdout] }
[INFO] [stdout] Tags: printStmt stmt 
[INFO] [stdout] thread 'tests::interp::run_prog_from_text::echo_input' panicked at src/tests/interp/mod.rs:278:59:
[INFO] [stdout] called `Result::unwrap()` on an `Err` value: ParseFloatError { kind: Empty }
[INFO] [stdout] stack backtrace:
[INFO] [stdout]    0:     0x562ad4fd130c - std::backtrace_rs::backtrace::libunwind::trace::ha637c64ce894333a
[INFO] [stdout]                                at /rustc/82e1608dfa6e0b5569232559e3d385fea5a93112/library/std/src/../../backtrace/src/backtrace/libunwind.rs:104:5
[INFO] [stdout]    1:     0x562ad4fd130c - std::backtrace_rs::backtrace::trace_unsynchronized::h47f62dea28e0c88d
[INFO] [stdout]                                at /rustc/82e1608dfa6e0b5569232559e3d385fea5a93112/library/std/src/../../backtrace/src/backtrace/mod.rs:66:5
[INFO] [stdout]    2:     0x562ad4fd130c - std::sys_common::backtrace::_print_fmt::h9eef0abe20ede486
[INFO] [stdout]                                at /rustc/82e1608dfa6e0b5569232559e3d385fea5a93112/library/std/src/sys_common/backtrace.rs:67:5
[INFO] [stdout]    3:     0x562ad4fd130c - <std::sys_common::backtrace::_print::DisplayBacktrace as core::fmt::Display>::fmt::hed7f999df88cc644
[INFO] [stdout]                                at /rustc/82e1608dfa6e0b5569232559e3d385fea5a93112/library/std/src/sys_common/backtrace.rs:44:22
[INFO] [stdout]    4:     0x562ad4ffc090 - core::fmt::rt::Argument::fmt::h1539a9308b8d058d
[INFO] [stdout]                                at /rustc/82e1608dfa6e0b5569232559e3d385fea5a93112/library/core/src/fmt/rt.rs:142:9
[INFO] [stdout]    5:     0x562ad4ffc090 - core::fmt::write::h3a39390d8560d9c9
[INFO] [stdout]                                at /rustc/82e1608dfa6e0b5569232559e3d385fea5a93112/library/core/src/fmt/mod.rs:1120:17
[INFO] [stdout]    6:     0x562ad4fce9bf - std::io::Write::write_fmt::h040b369f3a0f9cbc
[INFO] [stdout]                                at /rustc/82e1608dfa6e0b5569232559e3d385fea5a93112/library/std/src/io/mod.rs:1762:15
[INFO] [stdout]    7:     0x562ad4fd10f4 - std::sys_common::backtrace::_print::h894006fb5c6f3d45
[INFO] [stdout]                                at /rustc/82e1608dfa6e0b5569232559e3d385fea5a93112/library/std/src/sys_common/backtrace.rs:47:5
[INFO] [stdout]    8:     0x562ad4fd10f4 - std::sys_common::backtrace::print::h23a2d212c6fff936
[INFO] [stdout]                                at /rustc/82e1608dfa6e0b5569232559e3d385fea5a93112/library/std/src/sys_common/backtrace.rs:34:9
[INFO] [stdout]    9:     0x562ad4fd2db7 - std::panicking::default_hook::{{closure}}::h8a1d2ee00185001a
[INFO] [stdout]   10:     0x562ad4fd2aa3 - std::panicking::default_hook::h6038f2eba384e475
[INFO] [stdout]                                at /rustc/82e1608dfa6e0b5569232559e3d385fea5a93112/library/std/src/panicking.rs:289:9
[INFO] [stdout]   11:     0x562ad4fa2fa7 - <alloc::boxed::Box<F,A> as core::ops::function::Fn<Args>>::call::h0ad024c9bdc6d768
[INFO] [stdout]                                at /rustc/82e1608dfa6e0b5569232559e3d385fea5a93112/library/alloc/src/boxed.rs:2021:9
[INFO] [stdout]   12:     0x562ad4fa2fa7 - test::test_main::{{closure}}::h7500b54257359db6
[INFO] [stdout]                                at /rustc/82e1608dfa6e0b5569232559e3d385fea5a93112/library/test/src/lib.rs:138:21
[INFO] [stdout]   13:     0x562ad4fd33c8 - <alloc::boxed::Box<F,A> as core::ops::function::Fn<Args>>::call::h1f8f335eaa9cfaee
[INFO] [stdout]                                at /rustc/82e1608dfa6e0b5569232559e3d385fea5a93112/library/alloc/src/boxed.rs:2021:9
[INFO] [stdout]   14:     0x562ad4fd33c8 - std::panicking::rust_panic_with_hook::h2b5517d590cab22e
[INFO] [stdout]                                at /rustc/82e1608dfa6e0b5569232559e3d385fea5a93112/library/std/src/panicking.rs:783:13
[INFO] [stdout]   15:     0x562ad4fd311e - std::panicking::begin_panic_handler::{{closure}}::h233112c06e0ef43e
[INFO] [stdout]                                at /rustc/82e1608dfa6e0b5569232559e3d385fea5a93112/library/std/src/panicking.rs:657:13
[INFO] [stdout]   16:     0x562ad4fd17d6 - std::sys_common::backtrace::__rust_end_short_backtrace::h6e893f24d7ebbff8
[INFO] [stdout]                                at /rustc/82e1608dfa6e0b5569232559e3d385fea5a93112/library/std/src/sys_common/backtrace.rs:170:18
[INFO] [stdout]   17:     0x562ad4fd2e82 - rust_begin_unwind
[INFO] [stdout]                                at /rustc/82e1608dfa6e0b5569232559e3d385fea5a93112/library/std/src/panicking.rs:645:5
[INFO] [stdout]   18:     0x562ad4f16f65 - core::panicking::panic_fmt::hbf0e066aabfa482c
[INFO] [stdout]                                at /rustc/82e1608dfa6e0b5569232559e3d385fea5a93112/library/core/src/panicking.rs:72:14
[INFO] [stdout]   19:     0x562ad4f174f3 - core::result::unwrap_failed::hddb4fea594200c52
[INFO] [stdout]                                at /rustc/82e1608dfa6e0b5569232559e3d385fea5a93112/library/core/src/result.rs:1653:5
[INFO] [stdout]   20:     0x562ad4f586d2 - core::result::Result<T,E>::unwrap::haf3f052c1d631a30
[INFO] [stdout]                                at /rustc/82e1608dfa6e0b5569232559e3d385fea5a93112/library/core/src/result.rs:1077:23
[INFO] [stdout]   21:     0x562ad4f61db9 - tuck5::tests::interp::run_stack_ops::h17d33bb1d273da54
[INFO] [stdout]                                at /opt/rustwide/workdir/src/tests/interp/mod.rs:278:28
[INFO] [stdout]   22:     0x562ad4f621a1 - tuck5::tests::interp::run_prog_from_text::h1da601f97ec23b88
[INFO] [stdout]                                at /opt/rustwide/workdir/src/tests/interp/mod.rs:347:5
[INFO] [stdout]   23:     0x562ad4f670f2 - tuck5::tests::interp::run_prog_from_text::echo_input::h39c7a6f6aac9b709
[INFO] [stdout]                                at /opt/rustwide/workdir/src/tests/interp/mod.rs:284:1
[INFO] [stdout]   24:     0x562ad4f670c7 - tuck5::tests::interp::run_prog_from_text::echo_input::{{closure}}::h146320b6d311e5d4
[INFO] [stdout]                                at /opt/rustwide/workdir/src/tests/interp/mod.rs:286:30
[INFO] [stdout]   25:     0x562ad4f45886 - core::ops::function::FnOnce::call_once::h9428a6da97e663bb
[INFO] [stdout]                                at /rustc/82e1608dfa6e0b5569232559e3d385fea5a93112/library/core/src/ops/function.rs:250:5
[INFO] [stdout]   26:     0x562ad4fa85ff - core::ops::function::FnOnce::call_once::h2b5d431d5046312d
[INFO] [stdout]                                at /rustc/82e1608dfa6e0b5569232559e3d385fea5a93112/library/core/src/ops/function.rs:250:5
[INFO] [stdout]   27:     0x562ad4fa85ff - test::__rust_begin_short_backtrace::h7714669af176e207
[INFO] [stdout]                                at /rustc/82e1608dfa6e0b5569232559e3d385fea5a93112/library/test/src/lib.rs:628:18
[INFO] [stdout]   28:     0x562ad4fa7615 - test::run_test_in_process::{{closure}}::h85218797dcbcec12
[INFO] [stdout]                                at /rustc/82e1608dfa6e0b5569232559e3d385fea5a93112/library/test/src/lib.rs:651:60
[INFO] [stdout]   29:     0x562ad4fa7615 - <core::panic::unwind_safe::AssertUnwindSafe<F> as core::ops::function::FnOnce<()>>::call_once::h76c106ea31c14d7b
[INFO] [stdout]                                at /rustc/82e1608dfa6e0b5569232559e3d385fea5a93112/library/core/src/panic/unwind_safe.rs:272:9
[INFO] [stdout]   30:     0x562ad4fa7615 - std::panicking::try::do_call::h3bd5d0f6620ee946
[INFO] [stdout]                                at /rustc/82e1608dfa6e0b5569232559e3d385fea5a93112/library/std/src/panicking.rs:552:40
[INFO] [stdout]   31:     0x562ad4fa7615 - std::panicking::try::h232e535e4744fe31
[INFO] [stdout]                                at /rustc/82e1608dfa6e0b5569232559e3d385fea5a93112/library/std/src/panicking.rs:516:19
[INFO] [stdout]   32:     0x562ad4fa7615 - std::panic::catch_unwind::h3ce3bd6ca8dbac68
[INFO] [stdout]                                at /rustc/82e1608dfa6e0b5569232559e3d385fea5a93112/library/std/src/panic.rs:142:14
[INFO] [stdout]   33:     0x562ad4fa7615 - test::run_test_in_process::hc97b257c9621286a
[INFO] [stdout]                                at /rustc/82e1608dfa6e0b5569232559e3d385fea5a93112/library/test/src/lib.rs:651:27
[INFO] [stdout]   34:     0x562ad4fa7615 - test::run_test::{{closure}}::h2aa798823a438d38
[INFO] [stdout]                                at /rustc/82e1608dfa6e0b5569232559e3d385fea5a93112/library/test/src/lib.rs:574:43
[INFO] [stdout]   35:     0x562ad4f6f8d6 - test::run_test::{{closure}}::h87d231c78fb59832
[INFO] [stdout]                                at /rustc/82e1608dfa6e0b5569232559e3d385fea5a93112/library/test/src/lib.rs:602:41
[INFO] [stdout]   36:     0x562ad4f6f8d6 - std::sys_common::backtrace::__rust_begin_short_backtrace::he6df152596625789
[INFO] [stdout]                                at /rustc/82e1608dfa6e0b5569232559e3d385fea5a93112/library/std/src/sys_common/backtrace.rs:154:18
[INFO] [stdout]   37:     0x562ad4f74987 - std::thread::Builder::spawn_unchecked_::{{closure}}::{{closure}}::ha94be15d1e0acf36
[INFO] [stdout]                                at /rustc/82e1608dfa6e0b5569232559e3d385fea5a93112/library/std/src/thread/mod.rs:529:17
[INFO] [stdout]   38:     0x562ad4f74987 - <core::panic::unwind_safe::AssertUnwindSafe<F> as core::ops::function::FnOnce<()>>::call_once::h9dc6bd6372f16606
[INFO] [stdout]                                at /rustc/82e1608dfa6e0b5569232559e3d385fea5a93112/library/core/src/panic/unwind_safe.rs:272:9
[INFO] [stdout]   39:     0x562ad4f74987 - std::panicking::try::do_call::h9057517f80303cd4
[INFO] [stdout]                                at /rustc/82e1608dfa6e0b5569232559e3d385fea5a93112/library/std/src/panicking.rs:552:40
[INFO] [stdout]   40:     0x562ad4f74987 - std::panicking::try::he3a30b11ee45340c
[INFO] [stdout]                                at /rustc/82e1608dfa6e0b5569232559e3d385fea5a93112/library/std/src/panicking.rs:516:19
[INFO] [stdout]   41:     0x562ad4f74987 - std::panic::catch_unwind::h410458cfd3528b8b
[INFO] [stdout]                                at /rustc/82e1608dfa6e0b5569232559e3d385fea5a93112/library/std/src/panic.rs:142:14
[INFO] [stdout]   42:     0x562ad4f74987 - std::thread::Builder::spawn_unchecked_::{{closure}}::h72ac3bdb567b737b
[INFO] [stdout]                                at /rustc/82e1608dfa6e0b5569232559e3d385fea5a93112/library/std/src/thread/mod.rs:528:30
[INFO] [stdout]   43:     0x562ad4f74987 - core::ops::function::FnOnce::call_once{{vtable.shim}}::h38f34da3654a8344
[INFO] [stdout]                                at /rustc/82e1608dfa6e0b5569232559e3d385fea5a93112/library/core/src/ops/function.rs:250:5
[INFO] [stdout]   44:     0x562ad4fd7e55 - <alloc::boxed::Box<F,A> as core::ops::function::FnOnce<Args>>::call_once::hc7eafaff61e32df9
[INFO] [stdout]                                at /rustc/82e1608dfa6e0b5569232559e3d385fea5a93112/library/alloc/src/boxed.rs:2007:9
[INFO] [stdout]   45:     0x562ad4fd7e55 - <alloc::boxed::Box<F,A> as core::ops::function::FnOnce<Args>>::call_once::h6ba4a5de48dd2304
[INFO] [stdout]                                at /rustc/82e1608dfa6e0b5569232559e3d385fea5a93112/library/alloc/src/boxed.rs:2007:9
[INFO] [stdout]   46:     0x562ad4fd7e55 - std::sys::unix::thread::Thread::new::thread_start::he469335aef763e45
[INFO] [stdout]                                at /rustc/82e1608dfa6e0b5569232559e3d385fea5a93112/library/std/src/sys/unix/thread.rs:108:17
[INFO] [stdout]   47:     0x7fb10a5fbac3 - <unknown>
[INFO] [stdout]   48:     0x7fb10a68cbf4 - __clone
[INFO] [stdout]   49:                0x0 - <unknown>
[INFO] [stdout] 
[INFO] [stdout] 
[INFO] [stdout] failures:
[INFO] [stdout]     tests::interp::run_prog_from_text::echo_input
[INFO] [stdout] 
[INFO] [stdout] test result: FAILED. 107 passed; 1 failed; 0 ignored; 0 measured; 0 filtered out; finished in 0.41s
[INFO] [stdout] 
[INFO] running `Command { std: "docker" "inspect" "b7a85d9e3544ace8824a9c226fc482bc31ed03c7512eb6bb396aa93efd21d99e", kill_on_drop: false }`
[INFO] running `Command { std: "docker" "rm" "-f" "b7a85d9e3544ace8824a9c226fc482bc31ed03c7512eb6bb396aa93efd21d99e", kill_on_drop: false }`
[INFO] [stdout] b7a85d9e3544ace8824a9c226fc482bc31ed03c7512eb6bb396aa93efd21d99e
[INFO] testing mondobe/tuck5 against beta-2023-12-22 for beta-1.76-1
[INFO] running `Command { std: "git" "clone" "/workspace/cache/git-repos/https%3A%2F%2Fgithub.com%2Fmondobe%2Ftuck5" "/workspace/builds/worker-2-tc2/source", kill_on_drop: false }`
[INFO] [stderr] Cloning into '/workspace/builds/worker-2-tc2/source'...
[INFO] [stderr] done.
[INFO] validating manifest of git repo https://github.com/mondobe/tuck5 on toolchain beta-2023-12-22
[INFO] running `Command { std: CARGO_HOME="/workspace/cargo-home" RUSTUP_HOME="/workspace/rustup-home" "/workspace/cargo-home/bin/cargo" "+beta-2023-12-22" "metadata" "--manifest-path" "Cargo.toml" "--no-deps", kill_on_drop: false }`
[INFO] started tweaking git repo https://github.com/mondobe/tuck5
[INFO] finished tweaking git repo https://github.com/mondobe/tuck5
[INFO] tweaked toml for git repo https://github.com/mondobe/tuck5 written to /workspace/builds/worker-2-tc2/source/Cargo.toml
[INFO] crate git repo https://github.com/mondobe/tuck5 already has a lockfile, it will not be regenerated
[INFO] running `Command { std: CARGO_HOME="/workspace/cargo-home" RUSTUP_HOME="/workspace/rustup-home" "/workspace/cargo-home/bin/cargo" "+beta-2023-12-22" "fetch" "--manifest-path" "Cargo.toml", kill_on_drop: false }`
[INFO] [stderr]     Blocking waiting for file lock on package cache
[INFO] running `Command { std: "docker" "create" "-v" "/var/lib/crater-agent-workspace/builds/worker-2-tc2/target:/opt/rustwide/target:rw,Z" "-v" "/var/lib/crater-agent-workspace/builds/worker-2-tc2/source:/opt/rustwide/workdir:ro,Z" "-v" "/var/lib/crater-agent-workspace/cargo-home:/opt/rustwide/cargo-home:ro,Z" "-v" "/var/lib/crater-agent-workspace/rustup-home:/opt/rustwide/rustup-home:ro,Z" "-e" "SOURCE_DIR=/opt/rustwide/workdir" "-e" "CARGO_TARGET_DIR=/opt/rustwide/target" "-e" "CARGO_HOME=/opt/rustwide/cargo-home" "-e" "RUSTUP_HOME=/opt/rustwide/rustup-home" "-w" "/opt/rustwide/workdir" "-m" "1610612736" "--user" "0:0" "--network" "none" "ghcr.io/rust-lang/crates-build-env/linux@sha256:2788e3201cd34a07e3172128adcd8b3090168a8e3bcc40d7c032b9dda1df7d1c" "/opt/rustwide/cargo-home/bin/cargo" "+beta-2023-12-22" "metadata" "--no-deps" "--format-version=1", kill_on_drop: false }`
[INFO] [stdout] 7f66c4f2bc87bd4721e7b8469114b6ceb5d4a455a5dc94d45c30972424257534
[INFO] running `Command { std: "docker" "start" "-a" "7f66c4f2bc87bd4721e7b8469114b6ceb5d4a455a5dc94d45c30972424257534", kill_on_drop: false }`
[INFO] running `Command { std: "docker" "inspect" "7f66c4f2bc87bd4721e7b8469114b6ceb5d4a455a5dc94d45c30972424257534", kill_on_drop: false }`
[INFO] running `Command { std: "docker" "rm" "-f" "7f66c4f2bc87bd4721e7b8469114b6ceb5d4a455a5dc94d45c30972424257534", kill_on_drop: false }`
[INFO] [stdout] 7f66c4f2bc87bd4721e7b8469114b6ceb5d4a455a5dc94d45c30972424257534
[INFO] running `Command { std: "docker" "create" "-v" "/var/lib/crater-agent-workspace/builds/worker-2-tc2/target:/opt/rustwide/target:rw,Z" "-v" "/var/lib/crater-agent-workspace/builds/worker-2-tc2/source:/opt/rustwide/workdir:ro,Z" "-v" "/var/lib/crater-agent-workspace/cargo-home:/opt/rustwide/cargo-home:ro,Z" "-v" "/var/lib/crater-agent-workspace/rustup-home:/opt/rustwide/rustup-home:ro,Z" "-e" "SOURCE_DIR=/opt/rustwide/workdir" "-e" "CARGO_TARGET_DIR=/opt/rustwide/target" "-e" "CARGO_INCREMENTAL=0" "-e" "RUST_BACKTRACE=full" "-e" "RUSTFLAGS=--cap-lints=warn" "-e" "RUSTDOCFLAGS=--cap-lints=warn" "-e" "CARGO_HOME=/opt/rustwide/cargo-home" "-e" "RUSTUP_HOME=/opt/rustwide/rustup-home" "-w" "/opt/rustwide/workdir" "-m" "1610612736" "--user" "0:0" "--network" "none" "ghcr.io/rust-lang/crates-build-env/linux@sha256:2788e3201cd34a07e3172128adcd8b3090168a8e3bcc40d7c032b9dda1df7d1c" "/opt/rustwide/cargo-home/bin/cargo" "+beta-2023-12-22" "build" "--frozen" "--message-format=json", kill_on_drop: false }`
[INFO] [stdout] 682ad35c00cb45a55e231feb447935601e1b54922ff44d8510191f64bfaf59a6
[INFO] running `Command { std: "docker" "start" "-a" "682ad35c00cb45a55e231feb447935601e1b54922ff44d8510191f64bfaf59a6", kill_on_drop: false }`
[INFO] [stderr]    Compiling tuck5 v0.2.0 (/opt/rustwide/workdir)
[INFO] [stderr]     Finished dev [unoptimized + debuginfo] target(s) in 0.85s
[INFO] running `Command { std: "docker" "inspect" "682ad35c00cb45a55e231feb447935601e1b54922ff44d8510191f64bfaf59a6", kill_on_drop: false }`
[INFO] running `Command { std: "docker" "rm" "-f" "682ad35c00cb45a55e231feb447935601e1b54922ff44d8510191f64bfaf59a6", kill_on_drop: false }`
[INFO] [stdout] 682ad35c00cb45a55e231feb447935601e1b54922ff44d8510191f64bfaf59a6
[INFO] running `Command { std: "docker" "create" "-v" "/var/lib/crater-agent-workspace/builds/worker-2-tc2/target:/opt/rustwide/target:rw,Z" "-v" "/var/lib/crater-agent-workspace/builds/worker-2-tc2/source:/opt/rustwide/workdir:ro,Z" "-v" "/var/lib/crater-agent-workspace/cargo-home:/opt/rustwide/cargo-home:ro,Z" "-v" "/var/lib/crater-agent-workspace/rustup-home:/opt/rustwide/rustup-home:ro,Z" "-e" "SOURCE_DIR=/opt/rustwide/workdir" "-e" "CARGO_TARGET_DIR=/opt/rustwide/target" "-e" "CARGO_INCREMENTAL=0" "-e" "RUST_BACKTRACE=full" "-e" "RUSTFLAGS=--cap-lints=warn" "-e" "RUSTDOCFLAGS=--cap-lints=warn" "-e" "CARGO_HOME=/opt/rustwide/cargo-home" "-e" "RUSTUP_HOME=/opt/rustwide/rustup-home" "-w" "/opt/rustwide/workdir" "-m" "1610612736" "--user" "0:0" "--network" "none" "ghcr.io/rust-lang/crates-build-env/linux@sha256:2788e3201cd34a07e3172128adcd8b3090168a8e3bcc40d7c032b9dda1df7d1c" "/opt/rustwide/cargo-home/bin/cargo" "+beta-2023-12-22" "test" "--frozen" "--no-run" "--message-format=json", kill_on_drop: false }`
[INFO] [stdout] c01b297e0d925823f7cc96c04db00b87f7f0b3f3242ccd49f7324631f62c4e72
[INFO] running `Command { std: "docker" "start" "-a" "c01b297e0d925823f7cc96c04db00b87f7f0b3f3242ccd49f7324631f62c4e72", kill_on_drop: false }`
[INFO] [stderr]    Compiling proc-macro2 v1.0.66
[INFO] [stderr]    Compiling version_check v0.9.4
[INFO] [stderr]    Compiling unicode-ident v1.0.11
[INFO] [stderr]    Compiling syn v1.0.109
[INFO] [stderr]    Compiling cfg-if v1.0.0
[INFO] [stderr]    Compiling proc-macro-error-attr v1.0.4
[INFO] [stderr]    Compiling proc-macro-error v1.0.4
[INFO] [stderr]    Compiling quote v1.0.32
[INFO] [stderr]    Compiling test-case-core v3.1.0
[INFO] [stderr]    Compiling test-case-macros v3.1.0
[INFO] [stderr]    Compiling test-case v3.1.0
[INFO] [stderr]    Compiling tuck5 v0.2.0 (/opt/rustwide/workdir)
[INFO] [stdout] warning: unused import: `token::*`
[INFO] [stdout]  --> src/sequence/tests.rs:4:9
[INFO] [stdout]   |
[INFO] [stdout] 4 | pub use token::*;
[INFO] [stdout]   |         ^^^^^^^^
[INFO] [stdout]   |
[INFO] [stdout]   = note: `#[warn(unused_imports)]` on by default
[INFO] [stdout] 
[INFO] [stdout] 
[INFO] [stdout] warning: private item shadows public glob re-export
[INFO] [stdout]  --> src/transform/mod.rs:6:1
[INFO] [stdout]   |
[INFO] [stdout] 6 | mod tests;
[INFO] [stdout]   | ^^^^^^^^^^
[INFO] [stdout]   |
[INFO] [stdout] note: the name `tests` in the type namespace is supposed to be publicly re-exported here
[INFO] [stdout]  --> src/transform/mod.rs:1:9
[INFO] [stdout]   |
[INFO] [stdout] 1 | pub use crate::*;
[INFO] [stdout]   |         ^^^^^^^^
[INFO] [stdout] note: but the private item here shadows it
[INFO] [stdout]  --> src/transform/mod.rs:6:1
[INFO] [stdout]   |
[INFO] [stdout] 6 | mod tests;
[INFO] [stdout]   | ^^^^^^^^^^
[INFO] [stdout]   = note: `#[warn(hidden_glob_reexports)]` on by default
[INFO] [stdout] 
[INFO] [stdout] 
[INFO] [stdout] warning: unused import: `token::*`
[INFO] [stdout]  --> src/transform/tests.rs:4:9
[INFO] [stdout]   |
[INFO] [stdout] 4 | pub use token::*;
[INFO] [stdout]   |         ^^^^^^^^
[INFO] [stdout] 
[INFO] [stdout] 
[INFO] [stdout] warning: 3 warnings emitted
[INFO] [stdout] 
[INFO] [stdout] 
[INFO] [stderr]     Finished test [unoptimized + debuginfo] target(s) in 7.64s
[INFO] running `Command { std: "docker" "inspect" "c01b297e0d925823f7cc96c04db00b87f7f0b3f3242ccd49f7324631f62c4e72", kill_on_drop: false }`
[INFO] running `Command { std: "docker" "rm" "-f" "c01b297e0d925823f7cc96c04db00b87f7f0b3f3242ccd49f7324631f62c4e72", kill_on_drop: false }`
[INFO] [stdout] c01b297e0d925823f7cc96c04db00b87f7f0b3f3242ccd49f7324631f62c4e72
[INFO] running `Command { std: "docker" "create" "-v" "/var/lib/crater-agent-workspace/builds/worker-2-tc2/target:/opt/rustwide/target:rw,Z" "-v" "/var/lib/crater-agent-workspace/builds/worker-2-tc2/source:/opt/rustwide/workdir:ro,Z" "-v" "/var/lib/crater-agent-workspace/cargo-home:/opt/rustwide/cargo-home:ro,Z" "-v" "/var/lib/crater-agent-workspace/rustup-home:/opt/rustwide/rustup-home:ro,Z" "-e" "SOURCE_DIR=/opt/rustwide/workdir" "-e" "CARGO_TARGET_DIR=/opt/rustwide/target" "-e" "CARGO_INCREMENTAL=0" "-e" "RUST_BACKTRACE=full" "-e" "RUSTFLAGS=--cap-lints=warn" "-e" "RUSTDOCFLAGS=--cap-lints=warn" "-e" "CARGO_HOME=/opt/rustwide/cargo-home" "-e" "RUSTUP_HOME=/opt/rustwide/rustup-home" "-w" "/opt/rustwide/workdir" "-m" "1610612736" "--user" "0:0" "--network" "none" "ghcr.io/rust-lang/crates-build-env/linux@sha256:2788e3201cd34a07e3172128adcd8b3090168a8e3bcc40d7c032b9dda1df7d1c" "/opt/rustwide/cargo-home/bin/cargo" "+beta-2023-12-22" "test" "--frozen", kill_on_drop: false }`
[INFO] [stdout] 26f1c206f85ad5378e12d0b453301a02c1f540a5d846a244db53c0c149d8332a
[INFO] running `Command { std: "docker" "start" "-a" "26f1c206f85ad5378e12d0b453301a02c1f540a5d846a244db53c0c149d8332a", kill_on_drop: false }`
[INFO] [stderr] warning: unused import: `token::*`
[INFO] [stderr]  --> src/sequence/tests.rs:4:9
[INFO] [stderr]   |
[INFO] [stderr] 4 | pub use token::*;
[INFO] [stderr]   |         ^^^^^^^^
[INFO] [stderr]   |
[INFO] [stderr]   = note: `#[warn(unused_imports)]` on by default
[INFO] [stderr] 
[INFO] [stderr] warning: private item shadows public glob re-export
[INFO] [stderr]  --> src/transform/mod.rs:6:1
[INFO] [stderr]   |
[INFO] [stderr] 6 | mod tests;
[INFO] [stderr]   | ^^^^^^^^^^
[INFO] [stderr]   |
[INFO] [stderr] note: the name `tests` in the type namespace is supposed to be publicly re-exported here
[INFO] [stderr]  --> src/transform/mod.rs:1:9
[INFO] [stderr]   |
[INFO] [stderr] 1 | pub use crate::*;
[INFO] [stderr]   |         ^^^^^^^^
[INFO] [stderr] note: but the private item here shadows it
[INFO] [stderr]  --> src/transform/mod.rs:6:1
[INFO] [stderr]   |
[INFO] [stderr] 6 | mod tests;
[INFO] [stderr]   | ^^^^^^^^^^
[INFO] [stderr]   = note: `#[warn(hidden_glob_reexports)]` on by default
[INFO] [stderr] 
[INFO] [stderr] warning: unused import: `token::*`
[INFO] [stderr]  --> src/transform/tests.rs:4:9
[INFO] [stderr]   |
[INFO] [stderr] 4 | pub use token::*;
[INFO] [stderr]   |         ^^^^^^^^
[INFO] [stderr] 
[INFO] [stderr] warning: `tuck5` (lib test) generated 3 warnings (run `cargo fix --lib -p tuck5 --tests` to apply 2 suggestions)
[INFO] [stderr]     Finished test [unoptimized + debuginfo] target(s) in 0.02s
[INFO] [stderr]      Running unittests src/lib.rs (/opt/rustwide/target/debug/deps/tuck5-24bd29e4f0c8123f)
[INFO] [stdout] 
[INFO] [stdout] running 108 tests
[INFO] [stdout] test meta::tests::eval_simple_prog::basic_choose_sequence ... ok
[INFO] [stdout] test meta::tests::eval_simple_prog::basic_has_tag_sequence ... ok
[INFO] [stdout] test meta::tests::eval_simple_prog::basic_multiple_sequence ... ok
[INFO] [stdout] test meta::tests::eval_simple_prog::basic_repeated_sequence ... ok
[INFO] [stdout] test meta::tests::eval_simple_prog::basic_raw_sequence ... ok
[INFO] [stdout] test meta::tests::eval_simple_prog::basic_recursive_choose_sequence ... ok
[INFO] [stdout] test meta::tests::eval_simple_prog::basic_optional_sequence ... ok
[INFO] [stdout] test meta::tests::eval_simple_prog::comments ... ok
[INFO] [stdout] test meta::tests::eval_simple_prog::many_in_parens_sequence ... ok
[INFO] [stdout] test meta::tests::eval_simple_prog::one_or_more_in_parens_sequence ... ok
[INFO] [stdout] test meta::tests::eval_simple_prog::basic_whitespace_removal ... ok
[INFO] [stdout] test meta::tests::eval_simple_prog::empty_program ... ok
[INFO] [stdout] test sequence::tests::choose_seq_test::both_correct_tokens ... ok
[INFO] [stdout] test sequence::tests::choose_seq_test::matching_empty_string ... ok
[INFO] [stdout] test meta::tests::eval_simple_prog::more_than_one_tag ... ok
[INFO] [stdout] test sequence::tests::choose_seq_test::multiple_of_correct_token ... ok
[INFO] [stdout] test sequence::tests::mult_seq_test::incorrect_string ... ok
[INFO] [stdout] test sequence::tests::choose_seq_test::single_incorrect_token ... ok
[INFO] [stdout] test sequence::tests::mult_seq_test::multiple_of_correct_token_followed_by_one_incorrect ... ok
[INFO] [stdout] test meta::tests::eval_simple_prog::sugared_raw_sequence ... ok
[INFO] [stdout] test meta::tests::eval_simple_prog::sugared_one_or_more_sequence ... ok
[INFO] [stdout] test meta::tests::eval_simple_prog::long_comments ... ok
[INFO] [stdout] test sequence::tests::mult_seq_test::empty_failing_case ... ok
[INFO] [stdout] test meta::tests::eval_simple_prog::quotes ... ok
[INFO] [stdout] test sequence::tests::choose_seq_test::second_option ... ok
[INFO] [stdout] test meta::tests::eval_simple_prog::sugared_has_tag_sequence ... ok
[INFO] [stdout] test sequence::tests::mult_seq_test::basic_passing_case ... ok
[INFO] [stdout] test meta::tests::eval_simple_prog::sugared_range_sequence ... ok
[INFO] [stdout] test sequence::tests::choose_seq_test::first_option ... ok
[INFO] [stdout] test sequence::tests::opt_seq_test::basic_passing_case ... ok
[INFO] [stdout] test sequence::tests::raw_seq_test::multiple_of_correct_token ... ok
[INFO] [stdout] test sequence::tests::mult_seq_test::multiple_of_incorrect_token ... ok
[INFO] [stdout] test sequence::tests::opt_seq_test::incorrect_string ... ok
[INFO] [stdout] test sequence::tests::raw_seq_test::matching_empty_string ... ok
[INFO] [stdout] test sequence::tests::opt_seq_test::empty_passing_case ... ok
[INFO] [stdout] test sequence::tests::raw_seq_test::basic_failing_case ... ok
[INFO] [stdout] test sequence::tests::opt_seq_test::multiple_of_incorrect_token ... ok
[INFO] [stdout] test sequence::tests::rep_seq_test::empty_passing_case ... ok
[INFO] [stdout] test sequence::tests::rep_seq_test::multiple_of_correct_token_followed_by_one_incorrect ... ok
[INFO] [stdout] test sequence::tests::rep_seq_test::multiple_of_incorrect_token ... ok
[INFO] [stdout] test tests::calculator::eval_test::basic_integer_multiplication ... ok
[INFO] [stdout] test sequence::tests::rep_seq_test::incorrect_string ... ok
[INFO] [stdout] test tests::calculator::eval_test::basic_letter_fail ... ok
[INFO] [stdout] test tests::calculator::eval_test::basic_parenthetical ... ok
[INFO] [stdout] test tests::calculator::eval_test::basic_integer_subtracting ... ok
[INFO] [stdout] test tests::calculator::eval_test::basic_integer_addition ... ok
[INFO] [stdout] test tests::calculator::eval_test::even_longer_decimal ... ok
[INFO] [stdout] test sequence::tests::rep_seq_test::basic_passing_case ... ok
[INFO] [stdout] test tests::calculator::eval_test::basic_integer_division ... ok
[INFO] [stdout] test tests::calculator::eval_test::negative_decimal ... ok
[INFO] [stdout] test tests::calculator::eval_test::negative_integer ... ok
[INFO] [stdout] test tests::calculator::eval_test::long_decimal ... ok
[INFO] [stdout] test tests::calculator::eval_test::leading_zero ... ok
[INFO] [stdout] test tests::calculator::eval_test::zero ... ok
[INFO] [stdout] test tests::calculator::eval_test::one_digit_number ... ok
[INFO] [stdout] test tests::calculator::eval_test::order_of_operations ... ok
[INFO] [stdout] test tests::calculator::eval_test::multiple_digit_number ... ok
[INFO] [stdout] test tests::calculator::eval_test::no_text ... ok
[INFO] [stdout] test tests::calculator::eval_test::order_of_operations_with_nested_parens ... ok
[INFO] [stdout] test tests::calculator::eval_test::leading_space ... ok
[INFO] [stdout] test tests::calculator::eval_test::basic_application ... ok
[INFO] [stdout] test tests::calculator::eval_test::multiple_digit_number_with_decimal ... ok
[INFO] [stdout] test tests::calculator::eval_test::no_trailing_end_parens ... ok
[INFO] [stdout] test tests::calculator::eval_test::nested_applications ... ok
[INFO] [stdout] test sequence::tests::raw_seq_test::basic_passing_case ... ok
[INFO] [stdout] test tests::calculator::int_test::special_case ... ok
[INFO] [stdout] test tests::calculator::int_test::all_digits ... ok
[INFO] [stdout] test tests::calculator::int_test::leading_zero ... ok
[INFO] [stdout] test tests::calculator::int_test::one_digit_int ... ok
[INFO] [stdout] test tests::calculator::meta::eval_test::leading_zero ... ok
[INFO] [stdout] test tests::calculator::meta::eval_test::basic_integer_division ... ok
[INFO] [stdout] test tests::calculator::meta::eval_test::multiple_digit_number ... ok
[INFO] [stdout] test tests::calculator::meta::eval_test::multiple_digit_number_with_decimal ... ok
[INFO] [stdout] test tests::calculator::meta::eval_test::leading_space ... ok
[INFO] [stdout] test tests::calculator::meta::eval_test::nested_applications ... ok
[INFO] [stdout] test tests::calculator::meta::eval_test::no_trailing_end_parens ... ok
[INFO] [stdout] test tests::calculator::meta::eval_test::basic_integer_subtracting ... ok
[INFO] [stdout] test tests::calculator::meta::eval_test::basic_integer_addition ... ok
[INFO] [stdout] test tests::calculator::meta::eval_test::no_text ... ok
[INFO] [stdout] test tests::calculator::meta::eval_test::negative_integer ... ok
[INFO] [stdout] test tests::calculator::meta::eval_test::basic_letter_fail ... ok
[INFO] [stdout] test tests::calculator::meta::eval_test::basic_parenthetical ... ok
[INFO] [stdout] test tests::calculator::meta::eval_test::basic_application ... ok
[INFO] [stdout] test tests::calculator::meta::eval_test::negative_decimal ... ok
[INFO] [stdout] test tests::calculator::meta::eval_test::one_digit_number ... ok
[INFO] [stdout] test tests::calculator::meta::eval_test::basic_integer_multiplication ... ok
[INFO] [stdout] test tests::interp::run_prog_from_text::double_let_statement ... ok
[INFO] [stdout] test tests::calculator::meta::eval_test::order_of_operations_with_nested_parens ... ok
[INFO] [stdout] test transform::tests::remove_a_test::no_letters ... ok
[INFO] [stdout] test tests::interp::run_prog_from_text::double_print_statement ... ok
[INFO] [stdout] test tests::calculator::meta::eval_test::order_of_operations_with_nested_parens_backwards ... ok
[INFO] [stdout] test transform::tests::remove_a_test::removing_no_letters ... ok
[INFO] [stdout] test tests::interp::run_prog_from_text::quadruple_add_expression ... ok
[INFO] [stdout] test transform::tests::remove_a_test::removing_one_letter ... ok
[INFO] [stdout] test transform::tests::remove_a_test::removing_the_same_letter_repeatedly ... ok
[INFO] [stdout] test transform::tests::remove_a_test::removing_two_letters ... ok
[INFO] [stdout] test tests::interp::run_prog_from_text::simple_if_expression ... ok
[INFO] [stdout] test tests::interp::run_prog_from_text::add_var_to_itself ... ok
[INFO] [stdout] test tests::calculator::meta::eval_test::order_of_operations ... ok
[INFO] [stdout] test tests::calculator::meta::eval_test::zero ... ok
[INFO] [stdout] test tests::interp::run_prog_from_text::simple_mut_statement ... ok
[INFO] [stdout] test tests::interp::run_prog_from_text::simple_let_statement ... ok
[INFO] [stdout] test tests::interp::run_prog_from_text::decimal_print_statement ... ok
[INFO] [stdout] test tests::interp::run_prog_from_text::let_in_if ... ok
[INFO] [stdout] test tests::interp::run_prog_from_text::self_incrementing ... ok
[INFO] [stdout] test tests::interp::run_prog_from_text::simple_add_expression ... ok
[INFO] [stdout] test tests::interp::run_prog_from_text::simple_print_statement ... ok
[INFO] [stdout] test tests::interp::run_prog_from_text::echo_input ... FAILED
[INFO] [stdout] 
[INFO] [stdout] failures:
[INFO] [stdout] 
[INFO] [stdout] ---- tests::interp::run_prog_from_text::echo_input stdout ----
[INFO] [stdout] {
[INFO] [stdout] 	print
[INFO] [stdout] 	{
[INFO] [stdout] 		input
[INFO] [stdout] 		+
[INFO] [stdout] 		1
[INFO] [stdout] 	}
[INFO] [stdout] 	;
[INFO] [stdout] }
[INFO] [stdout] Tags: printStmt stmt 
[INFO] [stdout] thread 'tests::interp::run_prog_from_text::echo_input' panicked at src/tests/interp/mod.rs:278:59:
[INFO] [stdout] called `Result::unwrap()` on an `Err` value: ParseFloatError { kind: Empty }
[INFO] [stdout] stack backtrace:
[INFO] [stdout]    0:     0x555b663ab1c6 - std::backtrace_rs::backtrace::libunwind::trace::h261606ad26a499c1
[INFO] [stdout]                                at /rustc/0e09125c6c3c2fd70d7de961bcf0e51575235fad/library/std/src/../../backtrace/src/backtrace/libunwind.rs:104:5
[INFO] [stdout]    1:     0x555b663ab1c6 - std::backtrace_rs::backtrace::trace_unsynchronized::hd183f0625477fb28
[INFO] [stdout]                                at /rustc/0e09125c6c3c2fd70d7de961bcf0e51575235fad/library/std/src/../../backtrace/src/backtrace/mod.rs:66:5
[INFO] [stdout]    2:     0x555b663ab1c6 - std::sys_common::backtrace::_print_fmt::hd7f8fef21b4eda67
[INFO] [stdout]                                at /rustc/0e09125c6c3c2fd70d7de961bcf0e51575235fad/library/std/src/sys_common/backtrace.rs:68:5
[INFO] [stdout]    3:     0x555b663ab1c6 - <std::sys_common::backtrace::_print::DisplayBacktrace as core::fmt::Display>::fmt::h623d9b51f2f453f1
[INFO] [stdout]                                at /rustc/0e09125c6c3c2fd70d7de961bcf0e51575235fad/library/std/src/sys_common/backtrace.rs:44:22
[INFO] [stdout]    4:     0x555b663d5240 - core::fmt::rt::Argument::fmt::h9f417ac76a86f368
[INFO] [stdout]                                at /rustc/0e09125c6c3c2fd70d7de961bcf0e51575235fad/library/core/src/fmt/rt.rs:142:9
[INFO] [stdout]    5:     0x555b663d5240 - core::fmt::write::hc9b6faf4ac2aeff7
[INFO] [stdout]                                at /rustc/0e09125c6c3c2fd70d7de961bcf0e51575235fad/library/core/src/fmt/mod.rs:1120:17
[INFO] [stdout]    6:     0x555b663a892f - std::io::Write::write_fmt::he04625a3a989fec3
[INFO] [stdout]                                at /rustc/0e09125c6c3c2fd70d7de961bcf0e51575235fad/library/std/src/io/mod.rs:1810:15
[INFO] [stdout]    7:     0x555b663aafa4 - std::sys_common::backtrace::_print::hd5d66399c7df88a2
[INFO] [stdout]                                at /rustc/0e09125c6c3c2fd70d7de961bcf0e51575235fad/library/std/src/sys_common/backtrace.rs:47:5
[INFO] [stdout]    8:     0x555b663aafa4 - std::sys_common::backtrace::print::he81ed2da642d37e5
[INFO] [stdout]                                at /rustc/0e09125c6c3c2fd70d7de961bcf0e51575235fad/library/std/src/sys_common/backtrace.rs:34:9
[INFO] [stdout]    9:     0x555b663acd17 - std::panicking::default_hook::{{closure}}::h85773f4fa117163d
[INFO] [stdout]   10:     0x555b663ac9fd - std::panicking::default_hook::h6a1694a91d09b278
[INFO] [stdout]                                at /rustc/0e09125c6c3c2fd70d7de961bcf0e51575235fad/library/std/src/panicking.rs:289:9
[INFO] [stdout]   11:     0x555b6637c6d7 - <alloc::boxed::Box<F,A> as core::ops::function::Fn<Args>>::call::h616ac37fa3cd6c8f
[INFO] [stdout]                                at /rustc/0e09125c6c3c2fd70d7de961bcf0e51575235fad/library/alloc/src/boxed.rs:2029:9
[INFO] [stdout]   12:     0x555b6637c6d7 - test::test_main::{{closure}}::h00d84697cefdcbb6
[INFO] [stdout]                                at /rustc/0e09125c6c3c2fd70d7de961bcf0e51575235fad/library/test/src/lib.rs:138:21
[INFO] [stdout]   13:     0x555b663ad336 - <alloc::boxed::Box<F,A> as core::ops::function::Fn<Args>>::call::hcb3fe3b9bb537ba8
[INFO] [stdout]                                at /rustc/0e09125c6c3c2fd70d7de961bcf0e51575235fad/library/alloc/src/boxed.rs:2029:9
[INFO] [stdout]   14:     0x555b663ad336 - std::panicking::rust_panic_with_hook::h0a7ad96e90f7145b
[INFO] [stdout]                                at /rustc/0e09125c6c3c2fd70d7de961bcf0e51575235fad/library/std/src/panicking.rs:783:13
[INFO] [stdout]   15:     0x555b663ad082 - std::panicking::begin_panic_handler::{{closure}}::h7919090525c6485e
[INFO] [stdout]                                at /rustc/0e09125c6c3c2fd70d7de961bcf0e51575235fad/library/std/src/panicking.rs:657:13
[INFO] [stdout]   16:     0x555b663ab6c6 - std::sys_common::backtrace::__rust_end_short_backtrace::hf3289479464f7dfe
[INFO] [stdout]                                at /rustc/0e09125c6c3c2fd70d7de961bcf0e51575235fad/library/std/src/sys_common/backtrace.rs:171:18
[INFO] [stdout]   17:     0x555b663acde0 - rust_begin_unwind
[INFO] [stdout]                                at /rustc/0e09125c6c3c2fd70d7de961bcf0e51575235fad/library/std/src/panicking.rs:645:5
[INFO] [stdout]   18:     0x555b662edf45 - core::panicking::panic_fmt::hcc9f77c5c132af55
[INFO] [stdout]                                at /rustc/0e09125c6c3c2fd70d7de961bcf0e51575235fad/library/core/src/panicking.rs:72:14
[INFO] [stdout]   19:     0x555b662ee4e3 - core::result::unwrap_failed::hbe14f498be1452f9
[INFO] [stdout]                                at /rustc/0e09125c6c3c2fd70d7de961bcf0e51575235fad/library/core/src/result.rs:1649:5
[INFO] [stdout]   20:     0x555b663321c2 - core::result::Result<T,E>::unwrap::hd34613a5ea08195e
[INFO] [stdout]                                at /rustc/0e09125c6c3c2fd70d7de961bcf0e51575235fad/library/core/src/result.rs:1073:23
[INFO] [stdout]   21:     0x555b6632412d - tuck5::tests::interp::run_stack_ops::hb078f9cad84f606d
[INFO] [stdout]                                at /opt/rustwide/workdir/src/tests/interp/mod.rs:278:28
[INFO] [stdout]   22:     0x555b663243c1 - tuck5::tests::interp::run_prog_from_text::hddbdd3952f02d4cc
[INFO] [stdout]                                at /opt/rustwide/workdir/src/tests/interp/mod.rs:347:5
[INFO] [stdout]   23:     0x555b6631fef2 - tuck5::tests::interp::run_prog_from_text::echo_input::hb4078da40e158fcc
[INFO] [stdout]                                at /opt/rustwide/workdir/src/tests/interp/mod.rs:284:1
[INFO] [stdout]   24:     0x555b6631fec7 - tuck5::tests::interp::run_prog_from_text::echo_input::{{closure}}::h740e3b376257f840
[INFO] [stdout]                                at /opt/rustwide/workdir/src/tests/interp/mod.rs:286:30
[INFO] [stdout]   25:     0x555b66341d36 - core::ops::function::FnOnce::call_once::h74cb08f2c43a1c2e
[INFO] [stdout]                                at /rustc/0e09125c6c3c2fd70d7de961bcf0e51575235fad/library/core/src/ops/function.rs:250:5
[INFO] [stdout]   26:     0x555b66381faf - core::ops::function::FnOnce::call_once::hd64d26f405258157
[INFO] [stdout]                                at /rustc/0e09125c6c3c2fd70d7de961bcf0e51575235fad/library/core/src/ops/function.rs:250:5
[INFO] [stdout]   27:     0x555b66381faf - test::__rust_begin_short_backtrace::he21b0b7a6d731bf9
[INFO] [stdout]                                at /rustc/0e09125c6c3c2fd70d7de961bcf0e51575235fad/library/test/src/lib.rs:627:18
[INFO] [stdout]   28:     0x555b66380d31 - test::run_test_in_process::{{closure}}::hf5c73986d7bdfde2
[INFO] [stdout]                                at /rustc/0e09125c6c3c2fd70d7de961bcf0e51575235fad/library/test/src/lib.rs:650:60
[INFO] [stdout]   29:     0x555b66380d31 - <core::panic::unwind_safe::AssertUnwindSafe<F> as core::ops::function::FnOnce<()>>::call_once::h330011ad032aadc0
[INFO] [stdout]                                at /rustc/0e09125c6c3c2fd70d7de961bcf0e51575235fad/library/core/src/panic/unwind_safe.rs:272:9
[INFO] [stdout]   30:     0x555b66380d31 - std::panicking::try::do_call::he61b0a958b795a41
[INFO] [stdout]                                at /rustc/0e09125c6c3c2fd70d7de961bcf0e51575235fad/library/std/src/panicking.rs:552:40
[INFO] [stdout]   31:     0x555b66380d31 - std::panicking::try::h7309da130f906eb7
[INFO] [stdout]                                at /rustc/0e09125c6c3c2fd70d7de961bcf0e51575235fad/library/std/src/panicking.rs:516:19
[INFO] [stdout]   32:     0x555b66380d31 - std::panic::catch_unwind::hc5c3a06fdaf0a92a
[INFO] [stdout]                                at /rustc/0e09125c6c3c2fd70d7de961bcf0e51575235fad/library/std/src/panic.rs:142:14
[INFO] [stdout]   33:     0x555b66380d31 - test::run_test_in_process::h7e7b7c71c3324e0f
[INFO] [stdout]                                at /rustc/0e09125c6c3c2fd70d7de961bcf0e51575235fad/library/test/src/lib.rs:650:27
[INFO] [stdout]   34:     0x555b66380d31 - test::run_test::{{closure}}::h1f509f28f5cf20b1
[INFO] [stdout]                                at /rustc/0e09125c6c3c2fd70d7de961bcf0e51575235fad/library/test/src/lib.rs:573:43
[INFO] [stdout]   35:     0x555b66348066 - test::run_test::{{closure}}::h1754218abf443f6d
[INFO] [stdout]                                at /rustc/0e09125c6c3c2fd70d7de961bcf0e51575235fad/library/test/src/lib.rs:601:41
[INFO] [stdout]   36:     0x555b66348066 - std::sys_common::backtrace::__rust_begin_short_backtrace::h2ee174b9d5954948
[INFO] [stdout]                                at /rustc/0e09125c6c3c2fd70d7de961bcf0e51575235fad/library/std/src/sys_common/backtrace.rs:155:18
[INFO] [stdout]   37:     0x555b6634d0c7 - std::thread::Builder::spawn_unchecked_::{{closure}}::{{closure}}::hf60bee9c1a17ef09
[INFO] [stdout]                                at /rustc/0e09125c6c3c2fd70d7de961bcf0e51575235fad/library/std/src/thread/mod.rs:529:17
[INFO] [stdout]   38:     0x555b6634d0c7 - <core::panic::unwind_safe::AssertUnwindSafe<F> as core::ops::function::FnOnce<()>>::call_once::h33d0dddec5216160
[INFO] [stdout]                                at /rustc/0e09125c6c3c2fd70d7de961bcf0e51575235fad/library/core/src/panic/unwind_safe.rs:272:9
[INFO] [stdout]   39:     0x555b6634d0c7 - std::panicking::try::do_call::h144b3048b546f835
[INFO] [stdout]                                at /rustc/0e09125c6c3c2fd70d7de961bcf0e51575235fad/library/std/src/panicking.rs:552:40
[INFO] [stdout]   40:     0x555b6634d0c7 - std::panicking::try::h978244d04646189f
[INFO] [stdout]                                at /rustc/0e09125c6c3c2fd70d7de961bcf0e51575235fad/library/std/src/panicking.rs:516:19
[INFO] [stdout]   41:     0x555b6634d0c7 - std::panic::catch_unwind::hdf436369d188fe86
[INFO] [stdout]                                at /rustc/0e09125c6c3c2fd70d7de961bcf0e51575235fad/library/std/src/panic.rs:142:14
[INFO] [stdout]   42:     0x555b6634d0c7 - std::thread::Builder::spawn_unchecked_::{{closure}}::h87329cbdd33c79ec
[INFO] [stdout]                                at /rustc/0e09125c6c3c2fd70d7de961bcf0e51575235fad/library/std/src/thread/mod.rs:528:30
[INFO] [stdout]   43:     0x555b6634d0c7 - core::ops::function::FnOnce::call_once{{vtable.shim}}::h401abbe67897d450
[INFO] [stdout]                                at /rustc/0e09125c6c3c2fd70d7de961bcf0e51575235fad/library/core/src/ops/function.rs:250:5
[INFO] [stdout]   44:     0x555b663b1de5 - <alloc::boxed::Box<F,A> as core::ops::function::FnOnce<Args>>::call_once::h5d7c8f150ab9c84c
[INFO] [stdout]                                at /rustc/0e09125c6c3c2fd70d7de961bcf0e51575235fad/library/alloc/src/boxed.rs:2015:9
[INFO] [stdout]   45:     0x555b663b1de5 - <alloc::boxed::Box<F,A> as core::ops::function::FnOnce<Args>>::call_once::h570d5b005c242c15
[INFO] [stdout]                                at /rustc/0e09125c6c3c2fd70d7de961bcf0e51575235fad/library/alloc/src/boxed.rs:2015:9
[INFO] [stdout]   46:     0x555b663b1de5 - std::sys::unix::thread::Thread::new::thread_start::h36b0a20c0b2361ad
[INFO] [stdout]                                at /rustc/0e09125c6c3c2fd70d7de961bcf0e51575235fad/library/std/src/sys/unix/thread.rs:108:17
[INFO] [stdout]   47:     0x7f443aa63ac3 - <unknown>
[INFO] [stdout]   48:     0x7f443aaf4bf4 - __clone
[INFO] [stdout]   49:                0x0 - <unknown>
[INFO] [stdout] 
[INFO] [stdout] 
[INFO] [stdout] failures:
[INFO] [stdout]     tests::interp::run_prog_from_text::echo_input
[INFO] [stdout] 
[INFO] [stdout] test result: FAILED. 107 passed; 1 failed; 0 ignored; 0 measured; 0 filtered out; finished in 0.32s
[INFO] [stdout] 
[INFO] [stderr] error: test failed, to rerun pass `--lib`
[INFO] running `Command { std: "docker" "inspect" "26f1c206f85ad5378e12d0b453301a02c1f540a5d846a244db53c0c149d8332a", kill_on_drop: false }`
[INFO] running `Command { std: "docker" "rm" "-f" "26f1c206f85ad5378e12d0b453301a02c1f540a5d846a244db53c0c149d8332a", kill_on_drop: false }`
[INFO] [stdout] 26f1c206f85ad5378e12d0b453301a02c1f540a5d846a244db53c0c149d8332a
