[INFO] cloning repository https://github.com/monarch-initiative/semsimian
[INFO] running `Command { std: "git" "-c" "credential.helper=" "-c" "credential.helper=/workspace/cargo-home/bin/git-credential-null" "clone" "--bare" "https://github.com/monarch-initiative/semsimian" "/workspace/cache/git-repos/https%3A%2F%2Fgithub.com%2Fmonarch-initiative%2Fsemsimian", kill_on_drop: false }`
[INFO] [stderr] Cloning into bare repository '/workspace/cache/git-repos/https%3A%2F%2Fgithub.com%2Fmonarch-initiative%2Fsemsimian'...
[INFO] running `Command { std: "git" "rev-parse" "HEAD", kill_on_drop: false }`
[INFO] [stdout] 367c3fd7719b6e70c08326865a8c00f6c66adc4d
[INFO] testing monarch-initiative/semsimian against 1.75.0 for beta-1.76-1
[INFO] running `Command { std: "git" "clone" "/workspace/cache/git-repos/https%3A%2F%2Fgithub.com%2Fmonarch-initiative%2Fsemsimian" "/workspace/builds/worker-5-tc1/source", kill_on_drop: false }`
[INFO] [stderr] Cloning into '/workspace/builds/worker-5-tc1/source'...
[INFO] [stderr] done.
[INFO] validating manifest of git repo https://github.com/monarch-initiative/semsimian on toolchain 1.75.0
[INFO] running `Command { std: CARGO_HOME="/workspace/cargo-home" RUSTUP_HOME="/workspace/rustup-home" "/workspace/cargo-home/bin/cargo" "+1.75.0" "metadata" "--manifest-path" "Cargo.toml" "--no-deps", kill_on_drop: false }`
[INFO] started tweaking git repo https://github.com/monarch-initiative/semsimian
[INFO] finished tweaking git repo https://github.com/monarch-initiative/semsimian
[INFO] tweaked toml for git repo https://github.com/monarch-initiative/semsimian written to /workspace/builds/worker-5-tc1/source/Cargo.toml
[INFO] crate git repo https://github.com/monarch-initiative/semsimian already has a lockfile, it will not be regenerated
[INFO] running `Command { std: CARGO_HOME="/workspace/cargo-home" RUSTUP_HOME="/workspace/rustup-home" "/workspace/cargo-home/bin/cargo" "+1.75.0" "fetch" "--manifest-path" "Cargo.toml", kill_on_drop: false }`
[INFO] [stderr]     Updating crates.io index
[INFO] [stderr]  Downloading crates ...
[INFO] [stderr]   Downloaded clap_complete v4.4.3
[INFO] [stderr]   Downloaded is_executable v1.0.1
[INFO] [stderr]   Downloaded cargo_metadata v0.18.0
[INFO] [stderr]   Downloaded range-collections v0.2.4
[INFO] [stderr]   Downloaded inplace-vec-builder v0.1.1
[INFO] [stderr]   Downloaded pdb-addr2line v0.10.4
[INFO] [stderr]   Downloaded binary-merge v0.1.2
[INFO] [stderr]   Downloaded pdb v0.8.0
[INFO] [stderr]   Downloaded blondie v0.4.1
[INFO] [stderr]   Downloaded ordered-float v4.1.0
[INFO] [stderr]   Downloaded symsrv v0.2.0
[INFO] [stderr]   Downloaded lcov2cobertura v1.0.2
[INFO] [stderr]   Downloaded dict v0.1.5
[INFO] [stderr]   Downloaded cargo-config2 v0.1.12
[INFO] [stderr]   Downloaded cargo-llvm-cov v0.5.33
[INFO] [stderr]   Downloaded flamegraph v0.6.3
[INFO] running `Command { std: "docker" "create" "-v" "/var/lib/crater-agent-workspace/builds/worker-5-tc1/target:/opt/rustwide/target:rw,Z" "-v" "/var/lib/crater-agent-workspace/builds/worker-5-tc1/source:/opt/rustwide/workdir:ro,Z" "-v" "/var/lib/crater-agent-workspace/cargo-home:/opt/rustwide/cargo-home:ro,Z" "-v" "/var/lib/crater-agent-workspace/rustup-home:/opt/rustwide/rustup-home:ro,Z" "-e" "SOURCE_DIR=/opt/rustwide/workdir" "-e" "CARGO_TARGET_DIR=/opt/rustwide/target" "-e" "CARGO_HOME=/opt/rustwide/cargo-home" "-e" "RUSTUP_HOME=/opt/rustwide/rustup-home" "-w" "/opt/rustwide/workdir" "-m" "1610612736" "--user" "0:0" "--network" "none" "ghcr.io/rust-lang/crates-build-env/linux@sha256:2788e3201cd34a07e3172128adcd8b3090168a8e3bcc40d7c032b9dda1df7d1c" "/opt/rustwide/cargo-home/bin/cargo" "+1.75.0" "metadata" "--no-deps" "--format-version=1", kill_on_drop: false }`
[INFO] [stdout] ea7153d9039b11ac7fc290ef77371278ed5ab39ebfda5b2df6a95517076584de
[INFO] running `Command { std: "docker" "start" "-a" "ea7153d9039b11ac7fc290ef77371278ed5ab39ebfda5b2df6a95517076584de", kill_on_drop: false }`
[INFO] running `Command { std: "docker" "inspect" "ea7153d9039b11ac7fc290ef77371278ed5ab39ebfda5b2df6a95517076584de", kill_on_drop: false }`
[INFO] running `Command { std: "docker" "rm" "-f" "ea7153d9039b11ac7fc290ef77371278ed5ab39ebfda5b2df6a95517076584de", kill_on_drop: false }`
[INFO] [stdout] ea7153d9039b11ac7fc290ef77371278ed5ab39ebfda5b2df6a95517076584de
[INFO] running `Command { std: "docker" "create" "-v" "/var/lib/crater-agent-workspace/builds/worker-5-tc1/target:/opt/rustwide/target:rw,Z" "-v" "/var/lib/crater-agent-workspace/builds/worker-5-tc1/source:/opt/rustwide/workdir:ro,Z" "-v" "/var/lib/crater-agent-workspace/cargo-home:/opt/rustwide/cargo-home:ro,Z" "-v" "/var/lib/crater-agent-workspace/rustup-home:/opt/rustwide/rustup-home:ro,Z" "-e" "SOURCE_DIR=/opt/rustwide/workdir" "-e" "CARGO_TARGET_DIR=/opt/rustwide/target" "-e" "CARGO_INCREMENTAL=0" "-e" "RUST_BACKTRACE=full" "-e" "RUSTFLAGS=--cap-lints=warn" "-e" "RUSTDOCFLAGS=--cap-lints=warn" "-e" "CARGO_HOME=/opt/rustwide/cargo-home" "-e" "RUSTUP_HOME=/opt/rustwide/rustup-home" "-w" "/opt/rustwide/workdir" "-m" "1610612736" "--user" "0:0" "--network" "none" "ghcr.io/rust-lang/crates-build-env/linux@sha256:2788e3201cd34a07e3172128adcd8b3090168a8e3bcc40d7c032b9dda1df7d1c" "/opt/rustwide/cargo-home/bin/cargo" "+1.75.0" "build" "--frozen" "--message-format=json", kill_on_drop: false }`
[INFO] [stdout] 7bfcacbe3b6674651645b563f10cb0c6e28ae9089511d39cd69e1226e97e2f29
[INFO] running `Command { std: "docker" "start" "-a" "7bfcacbe3b6674651645b563f10cb0c6e28ae9089511d39cd69e1226e97e2f29", kill_on_drop: false }`
[INFO] [stderr]    Compiling proc-macro2 v1.0.69
[INFO] [stderr]    Compiling unicode-ident v1.0.12
[INFO] [stderr]    Compiling autocfg v1.1.0
[INFO] [stderr]    Compiling serde v1.0.193
[INFO] [stderr]    Compiling libc v0.2.149
[INFO] [stderr]    Compiling target-lexicon v0.12.12
[INFO] [stderr]    Compiling version_check v0.9.4
[INFO] [stderr]    Compiling memchr v2.6.4
[INFO] [stderr]    Compiling once_cell v1.18.0
[INFO] [stderr]    Compiling allocator-api2 v0.2.16
[INFO] [stderr]    Compiling scopeguard v1.2.0
[INFO] [stderr]    Compiling regex-syntax v0.7.5
[INFO] [stderr]    Compiling crossbeam-utils v0.8.16
[INFO] [stderr]    Compiling rustversion v1.0.14
[INFO] [stderr]    Compiling equivalent v1.0.1
[INFO] [stderr]    Compiling serde_json v1.0.107
[INFO] [stderr]    Compiling rustix v0.38.18
[INFO] [stderr]    Compiling smallvec v1.11.1
[INFO] [stderr]    Compiling ahash v0.8.3
[INFO] [stderr]    Compiling ryu v1.0.15
[INFO] [stderr]    Compiling anyhow v1.0.75
[INFO] [stderr]    Compiling vcpkg v0.2.15
[INFO] [stderr]    Compiling memoffset v0.9.0
[INFO] [stderr]    Compiling crossbeam-epoch v0.9.15
[INFO] [stderr]    Compiling lock_api v0.4.10
[INFO] [stderr]    Compiling thiserror v1.0.49
[INFO] [stderr]    Compiling aho-corasick v1.1.2
[INFO] [stderr]    Compiling syn v1.0.109
[INFO] [stderr]    Compiling winnow v0.5.16
[INFO] [stderr]    Compiling itoa v1.0.9
[INFO] [stderr]    Compiling camino v1.1.6
[INFO] [stderr]    Compiling bitflags v2.4.0
[INFO] [stderr]    Compiling pkg-config v0.3.27
[INFO] [stderr]    Compiling semver v1.0.19
[INFO] [stderr]    Compiling quote v1.0.33
[INFO] [stderr]    Compiling pyo3-build-config v0.20.0
[INFO] [stderr]    Compiling hashbrown v0.14.1
[INFO] [stderr]    Compiling parking_lot_core v0.9.8
[INFO] [stderr]    Compiling syn v2.0.38
[INFO] [stderr]    Compiling cc v1.0.83
[INFO] [stderr]    Compiling num-traits v0.2.17
[INFO] [stderr]    Compiling rayon-core v1.12.0
[INFO] [stderr]    Compiling linux-raw-sys v0.4.10
[INFO] [stderr]    Compiling portable-atomic v1.5.1
[INFO] [stderr]    Compiling heck v0.4.1
[INFO] [stderr]    Compiling crossbeam-deque v0.8.3
[INFO] [stderr]    Compiling os_pipe v1.1.4
[INFO] [stderr]    Compiling shared_child v1.0.0
[INFO] [stderr]    Compiling indexmap v2.0.2
[INFO] [stderr]    Compiling quick-xml v0.30.0
[INFO] [stderr]    Compiling same-file v1.0.6
[INFO] [stderr]    Compiling home v0.5.5
[INFO] [stderr]    Compiling unicode-width v0.1.11
[INFO] [stderr]    Compiling rustc-demangle v0.1.23
[INFO] [stderr]    Compiling regex-automata v0.3.9
[INFO] [stderr]    Compiling console v0.15.7
[INFO] [stderr]    Compiling parking_lot v0.12.1
[INFO] [stderr]    Compiling libsqlite3-sys v0.27.0
[INFO] [stderr]    Compiling generator v0.7.5
[INFO] [stderr]    Compiling is-terminal v0.4.9
[INFO] [stderr]    Compiling walkdir v2.4.0
[INFO] [stderr]    Compiling hashlink v0.8.4
[INFO] [stderr]    Compiling duct v0.13.6
[INFO] [stderr]    Compiling csv-core v0.1.11
[INFO] [stderr]    Compiling number_prefix v0.4.0
[INFO] [stderr]    Compiling indoc v2.0.4
[INFO] [stderr]    Compiling shell-escape v0.1.5
[INFO] [stderr]    Compiling log v0.4.20
[INFO] [stderr]    Compiling unindent v0.2.3
[INFO] [stderr]    Compiling fallible-streaming-iterator v0.1.9
[INFO] [stderr]    Compiling lexopt v0.3.0
[INFO] [stderr]    Compiling fallible-iterator v0.3.0
[INFO] [stderr]    Compiling glob v0.3.1
[INFO] [stderr]    Compiling fs-err v2.9.0
[INFO] [stderr]    Compiling either v1.9.0
[INFO] [stderr]    Compiling is_executable v1.0.1
[INFO] [stderr]    Compiling pyo3-ffi v0.20.0
[INFO] [stderr]    Compiling pyo3 v0.20.0
[INFO] [stderr]    Compiling termcolor v1.3.0
[INFO] [stderr]    Compiling rayon v1.8.0
[INFO] [stderr]    Compiling indicatif v0.17.7
[INFO] [stderr]    Compiling ordered-float v4.1.0
[INFO] [stderr]    Compiling dict v0.1.5
[INFO] [stderr]    Compiling pyo3-macros-backend v0.20.0
[INFO] [stderr]    Compiling deepsize_derive v0.1.2
[INFO] [stderr]    Compiling deepsize v0.2.0
[INFO] [stderr]    Compiling bstr v1.6.2
[INFO] [stderr]    Compiling regex v1.9.6
[INFO] [stderr]    Compiling serde_derive v1.0.193
[INFO] [stderr]    Compiling thiserror-impl v1.0.49
[INFO] [stderr]    Compiling lcov2cobertura v1.0.2
[INFO] [stderr]    Compiling opener v0.6.1
[INFO] [stderr]    Compiling pyo3-macros v0.20.0
[INFO] [stderr]    Compiling toml_datetime v0.6.3
[INFO] [stderr]    Compiling serde_spanned v0.6.3
[INFO] [stderr]    Compiling cargo-platform v0.1.4
[INFO] [stderr]    Compiling csv v1.3.0
[INFO] [stderr]    Compiling toml_edit v0.20.2
[INFO] [stderr]    Compiling cargo_metadata v0.18.0
[INFO] [stderr]    Compiling rusqlite v0.30.0
[INFO] [stderr]    Compiling toml v0.8.2
[INFO] [stderr]    Compiling cargo-config2 v0.1.12
[INFO] [stderr]    Compiling cargo-llvm-cov v0.5.33
[INFO] [stderr]    Compiling semsimian v0.2.11 (/opt/rustwide/workdir)
[INFO] [stderr]     Finished dev [unoptimized + debuginfo] target(s) in 29.56s
[INFO] running `Command { std: "docker" "inspect" "7bfcacbe3b6674651645b563f10cb0c6e28ae9089511d39cd69e1226e97e2f29", kill_on_drop: false }`
[INFO] running `Command { std: "docker" "rm" "-f" "7bfcacbe3b6674651645b563f10cb0c6e28ae9089511d39cd69e1226e97e2f29", kill_on_drop: false }`
[INFO] [stdout] 7bfcacbe3b6674651645b563f10cb0c6e28ae9089511d39cd69e1226e97e2f29
[INFO] running `Command { std: "docker" "create" "-v" "/var/lib/crater-agent-workspace/builds/worker-5-tc1/target:/opt/rustwide/target:rw,Z" "-v" "/var/lib/crater-agent-workspace/builds/worker-5-tc1/source:/opt/rustwide/workdir:ro,Z" "-v" "/var/lib/crater-agent-workspace/cargo-home:/opt/rustwide/cargo-home:ro,Z" "-v" "/var/lib/crater-agent-workspace/rustup-home:/opt/rustwide/rustup-home:ro,Z" "-e" "SOURCE_DIR=/opt/rustwide/workdir" "-e" "CARGO_TARGET_DIR=/opt/rustwide/target" "-e" "CARGO_INCREMENTAL=0" "-e" "RUST_BACKTRACE=full" "-e" "RUSTFLAGS=--cap-lints=warn" "-e" "RUSTDOCFLAGS=--cap-lints=warn" "-e" "CARGO_HOME=/opt/rustwide/cargo-home" "-e" "RUSTUP_HOME=/opt/rustwide/rustup-home" "-w" "/opt/rustwide/workdir" "-m" "1610612736" "--user" "0:0" "--network" "none" "ghcr.io/rust-lang/crates-build-env/linux@sha256:2788e3201cd34a07e3172128adcd8b3090168a8e3bcc40d7c032b9dda1df7d1c" "/opt/rustwide/cargo-home/bin/cargo" "+1.75.0" "test" "--frozen" "--no-run" "--message-format=json", kill_on_drop: false }`
[INFO] [stdout] 4e84ea2be1e8a5c216ccad9e0ed813147ccc0b7be2ee36044114a8d42e0f110d
[INFO] running `Command { std: "docker" "start" "-a" "4e84ea2be1e8a5c216ccad9e0ed813147ccc0b7be2ee36044114a8d42e0f110d", kill_on_drop: false }`
[INFO] [stderr]    Compiling serde v1.0.193
[INFO] [stderr]    Compiling ahash v0.8.3
[INFO] [stderr]    Compiling syn v2.0.38
[INFO] [stderr]    Compiling getrandom v0.2.10
[INFO] [stderr]    Compiling semver v1.0.19
[INFO] [stderr]    Compiling futures-core v0.3.29
[INFO] [stderr]    Compiling utf8parse v0.2.1
[INFO] [stderr]    Compiling slab v0.4.9
[INFO] [stderr]    Compiling num-traits v0.2.17
[INFO] [stderr]    Compiling futures-task v0.3.29
[INFO] [stderr]    Compiling colorchoice v1.0.0
[INFO] [stderr]    Compiling futures-channel v0.3.29
[INFO] [stderr]    Compiling anstyle v1.0.4
[INFO] [stderr]    Compiling anstyle-query v1.0.0
[INFO] [stderr]    Compiling futures-sink v0.3.29
[INFO] [stderr]    Compiling futures-util v0.3.29
[INFO] [stderr]    Compiling either v1.9.0
[INFO] [stderr]    Compiling anstyle-parse v0.2.2
[INFO] [stderr]    Compiling strsim v0.10.0
[INFO] [stderr]    Compiling clap_lex v0.5.1
[INFO] [stderr]    Compiling futures-io v0.3.29
[INFO] [stderr]    Compiling pin-project-lite v0.2.13
[INFO] [stderr]    Compiling regex-automata v0.3.9
[INFO] [stderr]    Compiling anstream v0.6.4
[INFO] [stderr]    Compiling plotters-backend v0.3.5
[INFO] [stderr]    Compiling bytemuck v1.14.0
[INFO] [stderr]    Compiling arrayvec v0.7.4
[INFO] [stderr]    Compiling signal-hook v0.3.17
[INFO] [stderr]    Compiling ciborium-io v0.2.1
[INFO] [stderr]    Compiling half v1.8.2
[INFO] [stderr]    Compiling hashbrown v0.14.1
[INFO] [stderr]    Compiling rustc_version v0.4.0
[INFO] [stderr]    Compiling clap_builder v4.4.6
[INFO] [stderr]    Compiling rayon v1.8.0
[INFO] [stderr]    Compiling plotters-svg v0.3.5
[INFO] [stderr]    Compiling num-format v0.4.4
[INFO] [stderr]    Compiling itertools v0.10.5
[INFO] [stderr]    Compiling rgb v0.8.36
[INFO] [stderr]    Compiling signal-hook-registry v1.4.1
[INFO] [stderr]    Compiling crossbeam-channel v0.5.8
[INFO] [stderr]    Compiling ciborium-ll v0.2.1
[INFO] [stderr]    Compiling quick-xml v0.26.0
[INFO] [stderr]    Compiling rstest_macros v0.18.2
[INFO] [stderr]    Compiling relative-path v1.9.0
[INFO] [stderr]    Compiling str_stack v0.1.0
[INFO] [stderr]    Compiling cast v0.3.0
[INFO] [stderr]    Compiling shlex v1.2.0
[INFO] [stderr]    Compiling indexmap v2.0.2
[INFO] [stderr]    Compiling hashlink v0.8.4
[INFO] [stderr]    Compiling dashmap v5.5.3
[INFO] [stderr]    Compiling futures-timer v3.0.2
[INFO] [stderr]    Compiling anes v0.1.6
[INFO] [stderr]    Compiling oorandom v11.1.3
[INFO] [stderr]    Compiling rusqlite v0.30.0
[INFO] [stderr]    Compiling inferno v0.11.17
[INFO] [stderr]    Compiling ordered-float v4.1.0
[INFO] [stderr]    Compiling plotters v0.3.5
[INFO] [stderr]    Compiling criterion-plot v0.5.0
[INFO] [stderr]    Compiling regex v1.9.6
[INFO] [stderr]    Compiling pyo3-macros-backend v0.20.0
[INFO] [stderr]    Compiling serde_derive v1.0.193
[INFO] [stderr]    Compiling thiserror-impl v1.0.49
[INFO] [stderr]    Compiling clap_derive v4.4.2
[INFO] [stderr]    Compiling futures-macro v0.3.29
[INFO] [stderr]    Compiling pyo3-macros v0.20.0
[INFO] [stderr]    Compiling thiserror v1.0.49
[INFO] [stderr]    Compiling pyo3 v0.20.0
[INFO] [stderr]    Compiling clap v4.4.6
[INFO] [stderr]    Compiling clap_complete v4.4.3
[INFO] [stderr]    Compiling futures-executor v0.3.29
[INFO] [stderr]    Compiling futures v0.3.29
[INFO] [stderr]    Compiling rstest v0.18.2
[INFO] [stderr]    Compiling serde_json v1.0.107
[INFO] [stderr]    Compiling camino v1.1.6
[INFO] [stderr]    Compiling serde_spanned v0.6.3
[INFO] [stderr]    Compiling toml_datetime v0.6.3
[INFO] [stderr]    Compiling cargo-platform v0.1.4
[INFO] [stderr]    Compiling csv v1.3.0
[INFO] [stderr]    Compiling ciborium v0.2.1
[INFO] [stderr]    Compiling toml_edit v0.20.2
[INFO] [stderr]    Compiling cargo_metadata v0.18.0
[INFO] [stderr]    Compiling cargo_metadata v0.15.4
[INFO] [stderr]    Compiling tinytemplate v1.2.1
[INFO] [stderr]    Compiling criterion v0.5.1
[INFO] [stderr]    Compiling flamegraph v0.6.3
[INFO] [stderr]    Compiling toml v0.8.2
[INFO] [stderr]    Compiling cargo-config2 v0.1.12
[INFO] [stderr]    Compiling cargo-llvm-cov v0.5.33
[INFO] [stderr]    Compiling semsimian v0.2.11 (/opt/rustwide/workdir)
[INFO] [stderr]     Finished test [unoptimized + debuginfo] target(s) in 25.72s
[INFO] running `Command { std: "docker" "inspect" "4e84ea2be1e8a5c216ccad9e0ed813147ccc0b7be2ee36044114a8d42e0f110d", kill_on_drop: false }`
[INFO] running `Command { std: "docker" "rm" "-f" "4e84ea2be1e8a5c216ccad9e0ed813147ccc0b7be2ee36044114a8d42e0f110d", kill_on_drop: false }`
[INFO] [stdout] 4e84ea2be1e8a5c216ccad9e0ed813147ccc0b7be2ee36044114a8d42e0f110d
[INFO] running `Command { std: "docker" "create" "-v" "/var/lib/crater-agent-workspace/builds/worker-5-tc1/target:/opt/rustwide/target:rw,Z" "-v" "/var/lib/crater-agent-workspace/builds/worker-5-tc1/source:/opt/rustwide/workdir:ro,Z" "-v" "/var/lib/crater-agent-workspace/cargo-home:/opt/rustwide/cargo-home:ro,Z" "-v" "/var/lib/crater-agent-workspace/rustup-home:/opt/rustwide/rustup-home:ro,Z" "-e" "SOURCE_DIR=/opt/rustwide/workdir" "-e" "CARGO_TARGET_DIR=/opt/rustwide/target" "-e" "CARGO_INCREMENTAL=0" "-e" "RUST_BACKTRACE=full" "-e" "RUSTFLAGS=--cap-lints=warn" "-e" "RUSTDOCFLAGS=--cap-lints=warn" "-e" "CARGO_HOME=/opt/rustwide/cargo-home" "-e" "RUSTUP_HOME=/opt/rustwide/rustup-home" "-w" "/opt/rustwide/workdir" "-m" "1610612736" "--user" "0:0" "--network" "none" "ghcr.io/rust-lang/crates-build-env/linux@sha256:2788e3201cd34a07e3172128adcd8b3090168a8e3bcc40d7c032b9dda1df7d1c" "/opt/rustwide/cargo-home/bin/cargo" "+1.75.0" "test" "--frozen", kill_on_drop: false }`
[INFO] [stdout] 647c869ce2630554a5695f46fdfd621461d57bf856896a1ecfd14905ee6b1783
[INFO] running `Command { std: "docker" "start" "-a" "647c869ce2630554a5695f46fdfd621461d57bf856896a1ecfd14905ee6b1783", kill_on_drop: false }`
[INFO] [stderr]     Finished test [unoptimized + debuginfo] target(s) in 0.18s
[INFO] [stderr]      Running unittests src/lib.rs (/opt/rustwide/target/debug/deps/semsimian-ea8c29468a50dad3)
[INFO] [stdout] 
[INFO] [stdout] running 58 tests
[INFO] [stdout] test similarity::tests::test_calculate_cosine_similarity_for_embeddings ... ok
[INFO] [stdout] test similarity::tests::test_calculate_cosine_similarity_for_nodes ... ok
[INFO] [stdout] test similarity::tests::test_calculate_jaccard_similarity_str ... ok
[INFO] [stdout] test similarity::tests::test_calculate_jaccard_similarity ... ok
[INFO] [stdout] test similarity::tests::test_get_most_recent_common_ancestor_with_score ... ok
[INFO] [stdout] test tests::test_all_by_all_pairwise_similarity_with_empty_inputs ... ok
[INFO] [stdout] test similarity::tests::test_semantic_jaccard_similarity_new ... ok
[INFO] [stdout] test similarity::tests::test_semantic_jaccard_similarity_fruits ... ok
[INFO] [stdout] test similarity::tests::test_calculate_max_information_content ... ok
[INFO] [stdout] test tests::test_all_by_all_pairwise_similarity_with_nonempty_inputs ... ok
[INFO] [stdout] test similarity::tests::test_calculate_term_pairwise_information_content ... ok
[INFO] [stdout] test tests::test_associations_search_phenio_mondo ... ignored
[INFO] [stdout] test tests::test_cosine_using_bfo ... ok
[INFO] [stdout] test tests::test_get_closure_and_ic_map ... ok
[INFO] [stdout] test tests::test_jaccard_similarity ... ok
[INFO] [stdout] test tests::test_object_creation ... ok
[INFO] [stdout] test tests::test_all_by_all_pairwise_similarity_with_output ... FAILED
[INFO] [stdout] test db_query::tests::test_get_unique_prefixes ... ok
[INFO] [stdout] test tests::test_resnik_similarity ... ok
[INFO] [stdout] test tests::test_resnik_using_bfo ... ok
[INFO] [stdout] test tests::test_termset_comparison ... ok
[INFO] [stdout] test db_query::tests::test_get_subjects_without_prefixes ... ok
[INFO] [stdout] test db_query::tests::test_get_labels ... ok
[INFO] [stdout] test db_query::tests::test_get_subjects_with_prefixes ... ok
[INFO] [stdout] test db_query::tests::test_get_objects_for_subjects ... ok
[INFO] [stdout] test db_query::tests::test_get_subjects_with_prefixes_and_predicates ... ok
[INFO] [stdout] test db_query::tests::test_get_entailed_edges_for_predicate_list ... ok
[INFO] [stdout] test tests::test_object_creation_using_resource ... ok
[INFO] [stdout] test tests::test_termset_pairwise_similarity_weighted_negated::case_2 ... ok
[INFO] [stdout] test tests::test_termset_comparison_with_db ... ok
[INFO] [stdout] test tests::test_termset_pairwise_similarity_weighted_negated::case_1 ... ok
[INFO] [stdout] test tests_local::test_pregenerate_large_cache ... ignored
[INFO] [stdout] test tests_local::test_termset_pairwise_similarity_2 ... ignored
[INFO] [stdout] test tests_local::test_get_best_score ... ok
[INFO] [stdout] test utils::tests::test_convert_set_to_hashmap ... ok
[INFO] [stdout] test utils::tests::test_convert_list_of_tuples_to_hashmap ... ok
[INFO] [stdout] test utils::tests::test_expand_term_using_closure ... ok
[INFO] [stdout] test similarity::tests::test_calculate_average_termset_information_content ... ok
[INFO] [stdout] test utils::tests::test_numericize_set ... ok
[INFO] [stdout] test tests::test_termset_pairwise_similarity_weighted_negated::case_3 ... ok
[INFO] [stdout] test utils::tests::test_get_termset_vector ... ok
[INFO] [stdout] test utils::tests::test_predicate_set_to_string ... ok
[INFO] [stdout] test tests::test_full_search ... ok
[INFO] [stdout] test utils::tests::test_str_to_int_to_back ... ok
[INFO] [stdout] test utils::tests::test_rearrange_columns_and_rewrite ... FAILED
[INFO] [stdout] test utils::tests::test_stringify_sets_using_map ... ok
[INFO] [stdout] test tests::test_termset_pairwise_similarity_weighted_negated::case_5 ... ok
[INFO] [stdout] test tests::test_termset_pairwise_similarity_weighted_negated::case_4 ... ok
[INFO] [stdout] test tests::test_termset_pairwise_similarity_vs_termset_comparison ... ok
[INFO] [stdout] test tests::test_termset_pairwise_similarity ... ok
[INFO] [stdout] test tests::test_termset_pairwise_similarity_weighted_negated::case_6 ... ok
[INFO] [stdout] test tests::test_associations_search_limit_arg ... ok
[INFO] [stdout] test db_query::tests::test_get_associations ... ok
[INFO] [stdout] test utils::tests::test_get_best_matches ... ok
[INFO] [stdout] test tests::test_pregenerate_cache ... ok
[INFO] [stdout] test tests::test_associations_flat_n_full_search ... ok
[INFO] [stdout] test tests::test_associations_hybrid_n_flat_search ... ok
[INFO] [stdout] test tests::test_associations_hybrid_n_full_search ... ok
[INFO] [stdout] 
[INFO] [stdout] failures:
[INFO] [stdout] 
[INFO] [stdout] ---- tests::test_all_by_all_pairwise_similarity_with_output stdout ----
[INFO] [stdout] thread 'tests::test_all_by_all_pairwise_similarity_with_output' panicked at src/lib.rs:293:42:
[INFO] [stdout] called `Result::unwrap()` on an `Err` value: Os { code: 30, kind: ReadOnlyFilesystem, message: "Read-only file system" }
[INFO] [stdout] stack backtrace:
[INFO] [stdout]    0:     0x55f3d1fbbf1c - std::backtrace_rs::backtrace::libunwind::trace::ha637c64ce894333a
[INFO] [stdout]                                at /rustc/82e1608dfa6e0b5569232559e3d385fea5a93112/library/std/src/../../backtrace/src/backtrace/libunwind.rs:104:5
[INFO] [stdout]    1:     0x55f3d1fbbf1c - std::backtrace_rs::backtrace::trace_unsynchronized::h47f62dea28e0c88d
[INFO] [stdout]                                at /rustc/82e1608dfa6e0b5569232559e3d385fea5a93112/library/std/src/../../backtrace/src/backtrace/mod.rs:66:5
[INFO] [stdout]    2:     0x55f3d1fbbf1c - std::sys_common::backtrace::_print_fmt::h9eef0abe20ede486
[INFO] [stdout]                                at /rustc/82e1608dfa6e0b5569232559e3d385fea5a93112/library/std/src/sys_common/backtrace.rs:67:5
[INFO] [stdout]    3:     0x55f3d1fbbf1c - <std::sys_common::backtrace::_print::DisplayBacktrace as core::fmt::Display>::fmt::hed7f999df88cc644
[INFO] [stdout]                                at /rustc/82e1608dfa6e0b5569232559e3d385fea5a93112/library/std/src/sys_common/backtrace.rs:44:22
[INFO] [stdout]    4:     0x55f3d1fe8360 - core::fmt::rt::Argument::fmt::h1539a9308b8d058d
[INFO] [stdout]                                at /rustc/82e1608dfa6e0b5569232559e3d385fea5a93112/library/core/src/fmt/rt.rs:142:9
[INFO] [stdout]    5:     0x55f3d1fe8360 - core::fmt::write::h3a39390d8560d9c9
[INFO] [stdout]                                at /rustc/82e1608dfa6e0b5569232559e3d385fea5a93112/library/core/src/fmt/mod.rs:1120:17
[INFO] [stdout]    6:     0x55f3d1fb960f - std::io::Write::write_fmt::h040b369f3a0f9cbc
[INFO] [stdout]                                at /rustc/82e1608dfa6e0b5569232559e3d385fea5a93112/library/std/src/io/mod.rs:1762:15
[INFO] [stdout]    7:     0x55f3d1fbbd04 - std::sys_common::backtrace::_print::h894006fb5c6f3d45
[INFO] [stdout]                                at /rustc/82e1608dfa6e0b5569232559e3d385fea5a93112/library/std/src/sys_common/backtrace.rs:47:5
[INFO] [stdout]    8:     0x55f3d1fbbd04 - std::sys_common::backtrace::print::h23a2d212c6fff936
[INFO] [stdout]                                at /rustc/82e1608dfa6e0b5569232559e3d385fea5a93112/library/std/src/sys_common/backtrace.rs:34:9
[INFO] [stdout]    9:     0x55f3d1fbd9c7 - std::panicking::default_hook::{{closure}}::h8a1d2ee00185001a
[INFO] [stdout]   10:     0x55f3d1fbd6b3 - std::panicking::default_hook::h6038f2eba384e475
[INFO] [stdout]                                at /rustc/82e1608dfa6e0b5569232559e3d385fea5a93112/library/std/src/panicking.rs:289:9
[INFO] [stdout]   11:     0x55f3d1d9c247 - <alloc::boxed::Box<F,A> as core::ops::function::Fn<Args>>::call::h0ad024c9bdc6d768
[INFO] [stdout]                                at /rustc/82e1608dfa6e0b5569232559e3d385fea5a93112/library/alloc/src/boxed.rs:2021:9
[INFO] [stdout]   12:     0x55f3d1d9c247 - test::test_main::{{closure}}::h7500b54257359db6
[INFO] [stdout]                                at /rustc/82e1608dfa6e0b5569232559e3d385fea5a93112/library/test/src/lib.rs:138:21
[INFO] [stdout]   13:     0x55f3d1fbdfd8 - <alloc::boxed::Box<F,A> as core::ops::function::Fn<Args>>::call::h1f8f335eaa9cfaee
[INFO] [stdout]                                at /rustc/82e1608dfa6e0b5569232559e3d385fea5a93112/library/alloc/src/boxed.rs:2021:9
[INFO] [stdout]   14:     0x55f3d1fbdfd8 - std::panicking::rust_panic_with_hook::h2b5517d590cab22e
[INFO] [stdout]                                at /rustc/82e1608dfa6e0b5569232559e3d385fea5a93112/library/std/src/panicking.rs:783:13
[INFO] [stdout]   15:     0x55f3d1fbdd2e - std::panicking::begin_panic_handler::{{closure}}::h233112c06e0ef43e
[INFO] [stdout]                                at /rustc/82e1608dfa6e0b5569232559e3d385fea5a93112/library/std/src/panicking.rs:657:13
[INFO] [stdout]   16:     0x55f3d1fbc3e6 - std::sys_common::backtrace::__rust_end_short_backtrace::h6e893f24d7ebbff8
[INFO] [stdout]                                at /rustc/82e1608dfa6e0b5569232559e3d385fea5a93112/library/std/src/sys_common/backtrace.rs:170:18
[INFO] [stdout]   17:     0x55f3d1fbda92 - rust_begin_unwind
[INFO] [stdout]                                at /rustc/82e1608dfa6e0b5569232559e3d385fea5a93112/library/std/src/panicking.rs:645:5
[INFO] [stdout]   18:     0x55f3d1c35625 - core::panicking::panic_fmt::hbf0e066aabfa482c
[INFO] [stdout]                                at /rustc/82e1608dfa6e0b5569232559e3d385fea5a93112/library/core/src/panicking.rs:72:14
[INFO] [stdout]   19:     0x55f3d1c35bf3 - core::result::unwrap_failed::hddb4fea594200c52
[INFO] [stdout]                                at /rustc/82e1608dfa6e0b5569232559e3d385fea5a93112/library/core/src/result.rs:1653:5
[INFO] [stdout]   20:     0x55f3d1c9acdb - core::result::Result<T,E>::unwrap::hca8f5b02638de76b
[INFO] [stdout]                                at /rustc/82e1608dfa6e0b5569232559e3d385fea5a93112/library/core/src/result.rs:1077:23
[INFO] [stdout]   21:     0x55f3d1d4082a - semsimian::RustSemsimian::all_by_all_pairwise_similarity_with_output::hbab0e0d4be74687e
[INFO] [stdout]                                at /opt/rustwide/workdir/src/lib.rs:293:20
[INFO] [stdout]   22:     0x55f3d1ccaee6 - semsimian::tests::test_all_by_all_pairwise_similarity_with_output::hc3e70bfde1e05535
[INFO] [stdout]                                at /opt/rustwide/workdir/src/lib.rs:1453:9
[INFO] [stdout]   23:     0x55f3d1cca937 - semsimian::tests::test_all_by_all_pairwise_similarity_with_output::{{closure}}::h78321666314d3bf0
[INFO] [stdout]                                at /opt/rustwide/workdir/src/lib.rs:1428:57
[INFO] [stdout]   24:     0x55f3d1cde6f6 - core::ops::function::FnOnce::call_once::h5bc73f9959897c17
[INFO] [stdout]                                at /rustc/82e1608dfa6e0b5569232559e3d385fea5a93112/library/core/src/ops/function.rs:250:5
[INFO] [stdout]   25:     0x55f3d1da189f - core::ops::function::FnOnce::call_once::h2b5d431d5046312d
[INFO] [stdout]                                at /rustc/82e1608dfa6e0b5569232559e3d385fea5a93112/library/core/src/ops/function.rs:250:5
[INFO] [stdout]   26:     0x55f3d1da189f - test::__rust_begin_short_backtrace::h7714669af176e207
[INFO] [stdout]                                at /rustc/82e1608dfa6e0b5569232559e3d385fea5a93112/library/test/src/lib.rs:628:18
[INFO] [stdout]   27:     0x55f3d1da08b5 - test::run_test_in_process::{{closure}}::h85218797dcbcec12
[INFO] [stdout]                                at /rustc/82e1608dfa6e0b5569232559e3d385fea5a93112/library/test/src/lib.rs:651:60
[INFO] [stdout]   28:     0x55f3d1da08b5 - <core::panic::unwind_safe::AssertUnwindSafe<F> as core::ops::function::FnOnce<()>>::call_once::h76c106ea31c14d7b
[INFO] [stdout]                                at /rustc/82e1608dfa6e0b5569232559e3d385fea5a93112/library/core/src/panic/unwind_safe.rs:272:9
[INFO] [stdout]   29:     0x55f3d1da08b5 - std::panicking::try::do_call::h3bd5d0f6620ee946
[INFO] [stdout]                                at /rustc/82e1608dfa6e0b5569232559e3d385fea5a93112/library/std/src/panicking.rs:552:40
[INFO] [stdout]   30:     0x55f3d1da08b5 - std::panicking::try::h232e535e4744fe31
[INFO] [stdout]                                at /rustc/82e1608dfa6e0b5569232559e3d385fea5a93112/library/std/src/panicking.rs:516:19
[INFO] [stdout]   31:     0x55f3d1da08b5 - std::panic::catch_unwind::h3ce3bd6ca8dbac68
[INFO] [stdout]                                at /rustc/82e1608dfa6e0b5569232559e3d385fea5a93112/library/std/src/panic.rs:142:14
[INFO] [stdout]   32:     0x55f3d1da08b5 - test::run_test_in_process::hc97b257c9621286a
[INFO] [stdout]                                at /rustc/82e1608dfa6e0b5569232559e3d385fea5a93112/library/test/src/lib.rs:651:27
[INFO] [stdout]   33:     0x55f3d1da08b5 - test::run_test::{{closure}}::h2aa798823a438d38
[INFO] [stdout]                                at /rustc/82e1608dfa6e0b5569232559e3d385fea5a93112/library/test/src/lib.rs:574:43
[INFO] [stdout]   34:     0x55f3d1d68b76 - test::run_test::{{closure}}::h87d231c78fb59832
[INFO] [stdout]                                at /rustc/82e1608dfa6e0b5569232559e3d385fea5a93112/library/test/src/lib.rs:602:41
[INFO] [stdout]   35:     0x55f3d1d68b76 - std::sys_common::backtrace::__rust_begin_short_backtrace::he6df152596625789
[INFO] [stdout]                                at /rustc/82e1608dfa6e0b5569232559e3d385fea5a93112/library/std/src/sys_common/backtrace.rs:154:18
[INFO] [stdout]   36:     0x55f3d1d6dc27 - std::thread::Builder::spawn_unchecked_::{{closure}}::{{closure}}::ha94be15d1e0acf36
[INFO] [stdout]                                at /rustc/82e1608dfa6e0b5569232559e3d385fea5a93112/library/std/src/thread/mod.rs:529:17
[INFO] [stdout]   37:     0x55f3d1d6dc27 - <core::panic::unwind_safe::AssertUnwindSafe<F> as core::ops::function::FnOnce<()>>::call_once::h9dc6bd6372f16606
[INFO] [stdout]                                at /rustc/82e1608dfa6e0b5569232559e3d385fea5a93112/library/core/src/panic/unwind_safe.rs:272:9
[INFO] [stdout]   38:     0x55f3d1d6dc27 - std::panicking::try::do_call::h9057517f80303cd4
[INFO] [stdout]                                at /rustc/82e1608dfa6e0b5569232559e3d385fea5a93112/library/std/src/panicking.rs:552:40
[INFO] [stdout]   39:     0x55f3d1d6dc27 - std::panicking::try::he3a30b11ee45340c
[INFO] [stdout]                                at /rustc/82e1608dfa6e0b5569232559e3d385fea5a93112/library/std/src/panicking.rs:516:19
[INFO] [stdout]   40:     0x55f3d1d6dc27 - std::panic::catch_unwind::h410458cfd3528b8b
[INFO] [stdout]                                at /rustc/82e1608dfa6e0b5569232559e3d385fea5a93112/library/std/src/panic.rs:142:14
[INFO] [stdout]   41:     0x55f3d1d6dc27 - std::thread::Builder::spawn_unchecked_::{{closure}}::h72ac3bdb567b737b
[INFO] [stdout]                                at /rustc/82e1608dfa6e0b5569232559e3d385fea5a93112/library/std/src/thread/mod.rs:528:30
[INFO] [stdout]   42:     0x55f3d1d6dc27 - core::ops::function::FnOnce::call_once{{vtable.shim}}::h38f34da3654a8344
[INFO] [stdout]                                at /rustc/82e1608dfa6e0b5569232559e3d385fea5a93112/library/core/src/ops/function.rs:250:5
[INFO] [stdout]   43:     0x55f3d1fc2d55 - <alloc::boxed::Box<F,A> as core::ops::function::FnOnce<Args>>::call_once::hc7eafaff61e32df9
[INFO] [stdout]                                at /rustc/82e1608dfa6e0b5569232559e3d385fea5a93112/library/alloc/src/boxed.rs:2007:9
[INFO] [stdout]   44:     0x55f3d1fc2d55 - <alloc::boxed::Box<F,A> as core::ops::function::FnOnce<Args>>::call_once::h6ba4a5de48dd2304
[INFO] [stdout]                                at /rustc/82e1608dfa6e0b5569232559e3d385fea5a93112/library/alloc/src/boxed.rs:2007:9
[INFO] [stdout]   45:     0x55f3d1fc2d55 - std::sys::unix::thread::Thread::new::thread_start::he469335aef763e45
[INFO] [stdout]                                at /rustc/82e1608dfa6e0b5569232559e3d385fea5a93112/library/std/src/sys/unix/thread.rs:108:17
[INFO] [stdout]   46:     0x7fbfc6eb3ac3 - <unknown>
[INFO] [stdout]   47:     0x7fbfc6f44bf4 - __clone
[INFO] [stdout]   48:                0x0 - <unknown>
[INFO] [stdout] 
[INFO] [stdout] ---- utils::tests::test_rearrange_columns_and_rewrite stdout ----
[INFO] [stdout] thread 'utils::tests::test_rearrange_columns_and_rewrite' panicked at src/utils.rs:828:47:
[INFO] [stdout] Failed to create file: Os { code: 30, kind: ReadOnlyFilesystem, message: "Read-only file system" }
[INFO] [stdout] stack backtrace:
[INFO] [stdout]    0:     0x55f3d1fbbf1c - std::backtrace_rs::backtrace::libunwind::trace::ha637c64ce894333a
[INFO] [stdout]                                at /rustc/82e1608dfa6e0b5569232559e3d385fea5a93112/library/std/src/../../backtrace/src/backtrace/libunwind.rs:104:5
[INFO] [stdout]    1:     0x55f3d1fbbf1c - std::backtrace_rs::backtrace::trace_unsynchronized::h47f62dea28e0c88d
[INFO] [stdout]                                at /rustc/82e1608dfa6e0b5569232559e3d385fea5a93112/library/std/src/../../backtrace/src/backtrace/mod.rs:66:5
[INFO] [stdout]    2:     0x55f3d1fbbf1c - std::sys_common::backtrace::_print_fmt::h9eef0abe20ede486
[INFO] [stdout]                                at /rustc/82e1608dfa6e0b5569232559e3d385fea5a93112/library/std/src/sys_common/backtrace.rs:67:5
[INFO] [stdout]    3:     0x55f3d1fbbf1c - <std::sys_common::backtrace::_print::DisplayBacktrace as core::fmt::Display>::fmt::hed7f999df88cc644
[INFO] [stdout]                                at /rustc/82e1608dfa6e0b5569232559e3d385fea5a93112/library/std/src/sys_common/backtrace.rs:44:22
[INFO] [stdout]    4:     0x55f3d1fe8360 - core::fmt::rt::Argument::fmt::h1539a9308b8d058d
[INFO] [stdout]                                at /rustc/82e1608dfa6e0b5569232559e3d385fea5a93112/library/core/src/fmt/rt.rs:142:9
[INFO] [stdout]    5:     0x55f3d1fe8360 - core::fmt::write::h3a39390d8560d9c9
[INFO] [stdout]                                at /rustc/82e1608dfa6e0b5569232559e3d385fea5a93112/library/core/src/fmt/mod.rs:1120:17
[INFO] [stdout]    6:     0x55f3d1fb960f - std::io::Write::write_fmt::h040b369f3a0f9cbc
[INFO] [stdout]                                at /rustc/82e1608dfa6e0b5569232559e3d385fea5a93112/library/std/src/io/mod.rs:1762:15
[INFO] [stdout]    7:     0x55f3d1fbbd04 - std::sys_common::backtrace::_print::h894006fb5c6f3d45
[INFO] [stdout]                                at /rustc/82e1608dfa6e0b5569232559e3d385fea5a93112/library/std/src/sys_common/backtrace.rs:47:5
[INFO] [stdout]    8:     0x55f3d1fbbd04 - std::sys_common::backtrace::print::h23a2d212c6fff936
[INFO] [stdout]                                at /rustc/82e1608dfa6e0b5569232559e3d385fea5a93112/library/std/src/sys_common/backtrace.rs:34:9
[INFO] [stdout]    9:     0x55f3d1fbd9c7 - std::panicking::default_hook::{{closure}}::h8a1d2ee00185001a
[INFO] [stdout]   10:     0x55f3d1fbd6b3 - std::panicking::default_hook::h6038f2eba384e475
[INFO] [stdout]                                at /rustc/82e1608dfa6e0b5569232559e3d385fea5a93112/library/std/src/panicking.rs:289:9
[INFO] [stdout]   11:     0x55f3d1d9c247 - <alloc::boxed::Box<F,A> as core::ops::function::Fn<Args>>::call::h0ad024c9bdc6d768
[INFO] [stdout]                                at /rustc/82e1608dfa6e0b5569232559e3d385fea5a93112/library/alloc/src/boxed.rs:2021:9
[INFO] [stdout]   12:     0x55f3d1d9c247 - test::test_main::{{closure}}::h7500b54257359db6
[INFO] [stdout]                                at /rustc/82e1608dfa6e0b5569232559e3d385fea5a93112/library/test/src/lib.rs:138:21
[INFO] [stdout]   13:     0x55f3d1fbdfd8 - <alloc::boxed::Box<F,A> as core::ops::function::Fn<Args>>::call::h1f8f335eaa9cfaee
[INFO] [stdout]                                at /rustc/82e1608dfa6e0b5569232559e3d385fea5a93112/library/alloc/src/boxed.rs:2021:9
[INFO] [stdout]   14:     0x55f3d1fbdfd8 - std::panicking::rust_panic_with_hook::h2b5517d590cab22e
[INFO] [stdout]                                at /rustc/82e1608dfa6e0b5569232559e3d385fea5a93112/library/std/src/panicking.rs:783:13
[INFO] [stdout]   15:     0x55f3d1fbdd2e - std::panicking::begin_panic_handler::{{closure}}::h233112c06e0ef43e
[INFO] [stdout]                                at /rustc/82e1608dfa6e0b5569232559e3d385fea5a93112/library/std/src/panicking.rs:657:13
[INFO] [stdout]   16:     0x55f3d1fbc3e6 - std::sys_common::backtrace::__rust_end_short_backtrace::h6e893f24d7ebbff8
[INFO] [stdout]                                at /rustc/82e1608dfa6e0b5569232559e3d385fea5a93112/library/std/src/sys_common/backtrace.rs:170:18
[INFO] [stdout]   17:     0x55f3d1fbda92 - rust_begin_unwind
[INFO] [stdout]                                at /rustc/82e1608dfa6e0b5569232559e3d385fea5a93112/library/std/src/panicking.rs:645:5
[INFO] [stdout]   18:     0x55f3d1c35625 - core::panicking::panic_fmt::hbf0e066aabfa482c
[INFO] [stdout]                                at /rustc/82e1608dfa6e0b5569232559e3d385fea5a93112/library/core/src/panicking.rs:72:14
[INFO] [stdout]   19:     0x55f3d1c35bf3 - core::result::unwrap_failed::hddb4fea594200c52
[INFO] [stdout]                                at /rustc/82e1608dfa6e0b5569232559e3d385fea5a93112/library/core/src/result.rs:1653:5
[INFO] [stdout]   20:     0x55f3d1c9a19d - core::result::Result<T,E>::expect::h3c0fd1d3be1ccc03
[INFO] [stdout]                                at /rustc/82e1608dfa6e0b5569232559e3d385fea5a93112/library/core/src/result.rs:1034:23
[INFO] [stdout]   21:     0x55f3d1d4aee6 - semsimian::utils::tests::test_rearrange_columns_and_rewrite::h0d6a6da797688565
[INFO] [stdout]                                at /opt/rustwide/workdir/src/utils.rs:828:24
[INFO] [stdout]   22:     0x55f3d1d4ae77 - semsimian::utils::tests::test_rearrange_columns_and_rewrite::{{closure}}::h7b05befe811aa56f
[INFO] [stdout]                                at /opt/rustwide/workdir/src/utils.rs:825:44
[INFO] [stdout]   23:     0x55f3d1ced8f6 - core::ops::function::FnOnce::call_once::heee637685dbc8d4e
[INFO] [stdout]                                at /rustc/82e1608dfa6e0b5569232559e3d385fea5a93112/library/core/src/ops/function.rs:250:5
[INFO] [stdout]   24:     0x55f3d1da189f - core::ops::function::FnOnce::call_once::h2b5d431d5046312d
[INFO] [stdout]                                at /rustc/82e1608dfa6e0b5569232559e3d385fea5a93112/library/core/src/ops/function.rs:250:5
[INFO] [stdout]   25:     0x55f3d1da189f - test::__rust_begin_short_backtrace::h7714669af176e207
[INFO] [stdout]                                at /rustc/82e1608dfa6e0b5569232559e3d385fea5a93112/library/test/src/lib.rs:628:18
[INFO] [stdout]   26:     0x55f3d1da08b5 - test::run_test_in_process::{{closure}}::h85218797dcbcec12
[INFO] [stdout]                                at /rustc/82e1608dfa6e0b5569232559e3d385fea5a93112/library/test/src/lib.rs:651:60
[INFO] [stdout]   27:     0x55f3d1da08b5 - <core::panic::unwind_safe::AssertUnwindSafe<F> as core::ops::function::FnOnce<()>>::call_once::h76c106ea31c14d7b
[INFO] [stdout]                                at /rustc/82e1608dfa6e0b5569232559e3d385fea5a93112/library/core/src/panic/unwind_safe.rs:272:9
[INFO] [stdout]   28:     0x55f3d1da08b5 - std::panicking::try::do_call::h3bd5d0f6620ee946
[INFO] [stdout]                                at /rustc/82e1608dfa6e0b5569232559e3d385fea5a93112/library/std/src/panicking.rs:552:40
[INFO] [stdout]   29:     0x55f3d1da08b5 - std::panicking::try::h232e535e4744fe31
[INFO] [stdout]                                at /rustc/82e1608dfa6e0b5569232559e3d385fea5a93112/library/std/src/panicking.rs:516:19
[INFO] [stdout]   30:     0x55f3d1da08b5 - std::panic::catch_unwind::h3ce3bd6ca8dbac68
[INFO] [stdout]                                at /rustc/82e1608dfa6e0b5569232559e3d385fea5a93112/library/std/src/panic.rs:142:14
[INFO] [stdout]   31:     0x55f3d1da08b5 - test::run_test_in_process::hc97b257c9621286a
[INFO] [stdout]                                at /rustc/82e1608dfa6e0b5569232559e3d385fea5a93112/library/test/src/lib.rs:651:27
[INFO] [stdout]   32:     0x55f3d1da08b5 - test::run_test::{{closure}}::h2aa798823a438d38
[INFO] [stdout]                                at /rustc/82e1608dfa6e0b5569232559e3d385fea5a93112/library/test/src/lib.rs:574:43
[INFO] [stdout]   33:     0x55f3d1d68b76 - test::run_test::{{closure}}::h87d231c78fb59832
[INFO] [stdout]                                at /rustc/82e1608dfa6e0b5569232559e3d385fea5a93112/library/test/src/lib.rs:602:41
[INFO] [stdout]   34:     0x55f3d1d68b76 - std::sys_common::backtrace::__rust_begin_short_backtrace::he6df152596625789
[INFO] [stdout]                                at /rustc/82e1608dfa6e0b5569232559e3d385fea5a93112/library/std/src/sys_common/backtrace.rs:154:18
[INFO] [stdout]   35:     0x55f3d1d6dc27 - std::thread::Builder::spawn_unchecked_::{{closure}}::{{closure}}::ha94be15d1e0acf36
[INFO] [stdout]                                at /rustc/82e1608dfa6e0b5569232559e3d385fea5a93112/library/std/src/thread/mod.rs:529:17
[INFO] [stdout]   36:     0x55f3d1d6dc27 - <core::panic::unwind_safe::AssertUnwindSafe<F> as core::ops::function::FnOnce<()>>::call_once::h9dc6bd6372f16606
[INFO] [stdout]                                at /rustc/82e1608dfa6e0b5569232559e3d385fea5a93112/library/core/src/panic/unwind_safe.rs:272:9
[INFO] [stdout]   37:     0x55f3d1d6dc27 - std::panicking::try::do_call::h9057517f80303cd4
[INFO] [stdout]                                at /rustc/82e1608dfa6e0b5569232559e3d385fea5a93112/library/std/src/panicking.rs:552:40
[INFO] [stdout]   38:     0x55f3d1d6dc27 - std::panicking::try::he3a30b11ee45340c
[INFO] [stdout]                                at /rustc/82e1608dfa6e0b5569232559e3d385fea5a93112/library/std/src/panicking.rs:516:19
[INFO] [stdout]   39:     0x55f3d1d6dc27 - std::panic::catch_unwind::h410458cfd3528b8b
[INFO] [stdout]                                at /rustc/82e1608dfa6e0b5569232559e3d385fea5a93112/library/std/src/panic.rs:142:14
[INFO] [stdout]   40:     0x55f3d1d6dc27 - std::thread::Builder::spawn_unchecked_::{{closure}}::h72ac3bdb567b737b
[INFO] [stdout]                                at /rustc/82e1608dfa6e0b5569232559e3d385fea5a93112/library/std/src/thread/mod.rs:528:30
[INFO] [stdout]   41:     0x55f3d1d6dc27 - core::ops::function::FnOnce::call_once{{vtable.shim}}::h38f34da3654a8344
[INFO] [stdout]                                at /rustc/82e1608dfa6e0b5569232559e3d385fea5a93112/library/core/src/ops/function.rs:250:5
[INFO] [stdout]   42:     0x55f3d1fc2d55 - <alloc::boxed::Box<F,A> as core::ops::function::FnOnce<Args>>::call_once::hc7eafaff61e32df9
[INFO] [stdout]                                at /rustc/82e1608dfa6e0b5569232559e3d385fea5a93112/library/alloc/src/boxed.rs:2007:9
[INFO] [stdout]   43:     0x55f3d1fc2d55 - <alloc::boxed::Box<F,A> as core::ops::function::FnOnce<Args>>::call_once::h6ba4a5de48dd2304
[INFO] [stdout]                                at /rustc/82e1608dfa6e0b5569232559e3d385fea5a93112/library/alloc/src/boxed.rs:2007:9
[INFO] [stdout]   44:     0x55f3d1fc2d55 - std::sys::unix::thread::Thread::new::thread_start::he469335aef763e45
[INFO] [stdout]                                at /rustc/82e1608dfa6e0b5569232559e3d385fea5a93112/library/std/src/sys/unix/thread.rs:108:17
[INFO] [stdout]   45:     0x7fbfc6eb3ac3 - <unknown>
[INFO] [stdout]   46:     0x7fbfc6f44bf4 - __clone
[INFO] [stdout]   47:                0x0 - <unknown>
[INFO] [stdout] 
[INFO] [stdout] 
[INFO] [stdout] failures:
[INFO] [stdout]     tests::test_all_by_all_pairwise_similarity_with_output
[INFO] [stdout]     utils::tests::test_rearrange_columns_and_rewrite
[INFO] [stdout] 
[INFO] [stdout] test result: FAILED. 53 passed; 2 failed; 3 ignored; 0 measured; 0 filtered out; finished in 1.35s
[INFO] [stdout] 
[INFO] [stderr] error: test failed, to rerun pass `--lib`
[INFO] running `Command { std: "docker" "inspect" "647c869ce2630554a5695f46fdfd621461d57bf856896a1ecfd14905ee6b1783", kill_on_drop: false }`
[INFO] running `Command { std: "docker" "rm" "-f" "647c869ce2630554a5695f46fdfd621461d57bf856896a1ecfd14905ee6b1783", kill_on_drop: false }`
[INFO] [stdout] 647c869ce2630554a5695f46fdfd621461d57bf856896a1ecfd14905ee6b1783
[INFO] testing monarch-initiative/semsimian against beta-2023-12-22 for beta-1.76-1
[INFO] running `Command { std: "git" "clone" "/workspace/cache/git-repos/https%3A%2F%2Fgithub.com%2Fmonarch-initiative%2Fsemsimian" "/workspace/builds/worker-5-tc2/source", kill_on_drop: false }`
[INFO] [stderr] Cloning into '/workspace/builds/worker-5-tc2/source'...
[INFO] [stderr] done.
[INFO] validating manifest of git repo https://github.com/monarch-initiative/semsimian on toolchain beta-2023-12-22
[INFO] running `Command { std: CARGO_HOME="/workspace/cargo-home" RUSTUP_HOME="/workspace/rustup-home" "/workspace/cargo-home/bin/cargo" "+beta-2023-12-22" "metadata" "--manifest-path" "Cargo.toml" "--no-deps", kill_on_drop: false }`
[INFO] started tweaking git repo https://github.com/monarch-initiative/semsimian
[INFO] finished tweaking git repo https://github.com/monarch-initiative/semsimian
[INFO] tweaked toml for git repo https://github.com/monarch-initiative/semsimian written to /workspace/builds/worker-5-tc2/source/Cargo.toml
[INFO] crate git repo https://github.com/monarch-initiative/semsimian already has a lockfile, it will not be regenerated
[INFO] running `Command { std: CARGO_HOME="/workspace/cargo-home" RUSTUP_HOME="/workspace/rustup-home" "/workspace/cargo-home/bin/cargo" "+beta-2023-12-22" "fetch" "--manifest-path" "Cargo.toml", kill_on_drop: false }`
[INFO] running `Command { std: "docker" "create" "-v" "/var/lib/crater-agent-workspace/builds/worker-5-tc2/target:/opt/rustwide/target:rw,Z" "-v" "/var/lib/crater-agent-workspace/builds/worker-5-tc2/source:/opt/rustwide/workdir:ro,Z" "-v" "/var/lib/crater-agent-workspace/cargo-home:/opt/rustwide/cargo-home:ro,Z" "-v" "/var/lib/crater-agent-workspace/rustup-home:/opt/rustwide/rustup-home:ro,Z" "-e" "SOURCE_DIR=/opt/rustwide/workdir" "-e" "CARGO_TARGET_DIR=/opt/rustwide/target" "-e" "CARGO_HOME=/opt/rustwide/cargo-home" "-e" "RUSTUP_HOME=/opt/rustwide/rustup-home" "-w" "/opt/rustwide/workdir" "-m" "1610612736" "--user" "0:0" "--network" "none" "ghcr.io/rust-lang/crates-build-env/linux@sha256:2788e3201cd34a07e3172128adcd8b3090168a8e3bcc40d7c032b9dda1df7d1c" "/opt/rustwide/cargo-home/bin/cargo" "+beta-2023-12-22" "metadata" "--no-deps" "--format-version=1", kill_on_drop: false }`
[INFO] [stdout] 84816235ef8c853e44344207e7eef0b21682298121842dd822ece91973d728b4
[INFO] running `Command { std: "docker" "start" "-a" "84816235ef8c853e44344207e7eef0b21682298121842dd822ece91973d728b4", kill_on_drop: false }`
[INFO] running `Command { std: "docker" "inspect" "84816235ef8c853e44344207e7eef0b21682298121842dd822ece91973d728b4", kill_on_drop: false }`
[INFO] running `Command { std: "docker" "rm" "-f" "84816235ef8c853e44344207e7eef0b21682298121842dd822ece91973d728b4", kill_on_drop: false }`
[INFO] [stdout] 84816235ef8c853e44344207e7eef0b21682298121842dd822ece91973d728b4
[INFO] running `Command { std: "docker" "create" "-v" "/var/lib/crater-agent-workspace/builds/worker-5-tc2/target:/opt/rustwide/target:rw,Z" "-v" "/var/lib/crater-agent-workspace/builds/worker-5-tc2/source:/opt/rustwide/workdir:ro,Z" "-v" "/var/lib/crater-agent-workspace/cargo-home:/opt/rustwide/cargo-home:ro,Z" "-v" "/var/lib/crater-agent-workspace/rustup-home:/opt/rustwide/rustup-home:ro,Z" "-e" "SOURCE_DIR=/opt/rustwide/workdir" "-e" "CARGO_TARGET_DIR=/opt/rustwide/target" "-e" "CARGO_INCREMENTAL=0" "-e" "RUST_BACKTRACE=full" "-e" "RUSTFLAGS=--cap-lints=warn" "-e" "RUSTDOCFLAGS=--cap-lints=warn" "-e" "CARGO_HOME=/opt/rustwide/cargo-home" "-e" "RUSTUP_HOME=/opt/rustwide/rustup-home" "-w" "/opt/rustwide/workdir" "-m" "1610612736" "--user" "0:0" "--network" "none" "ghcr.io/rust-lang/crates-build-env/linux@sha256:2788e3201cd34a07e3172128adcd8b3090168a8e3bcc40d7c032b9dda1df7d1c" "/opt/rustwide/cargo-home/bin/cargo" "+beta-2023-12-22" "build" "--frozen" "--message-format=json", kill_on_drop: false }`
[INFO] [stdout] 1a9ef1e1920434210d8e08effd68a5cbc32f5cc0bb864a5ca48bdd6130460bae
[INFO] running `Command { std: "docker" "start" "-a" "1a9ef1e1920434210d8e08effd68a5cbc32f5cc0bb864a5ca48bdd6130460bae", kill_on_drop: false }`
[INFO] [stderr]    Compiling proc-macro2 v1.0.69
[INFO] [stderr]    Compiling unicode-ident v1.0.12
[INFO] [stderr]    Compiling autocfg v1.1.0
[INFO] [stderr]    Compiling serde v1.0.193
[INFO] [stderr]    Compiling libc v0.2.149
[INFO] [stderr]    Compiling version_check v0.9.4
[INFO] [stderr]    Compiling target-lexicon v0.12.12
[INFO] [stderr]    Compiling memchr v2.6.4
[INFO] [stderr]    Compiling once_cell v1.18.0
[INFO] [stderr]    Compiling allocator-api2 v0.2.16
[INFO] [stderr]    Compiling scopeguard v1.2.0
[INFO] [stderr]    Compiling crossbeam-utils v0.8.16
[INFO] [stderr]    Compiling regex-syntax v0.7.5
[INFO] [stderr]    Compiling rustversion v1.0.14
[INFO] [stderr]    Compiling equivalent v1.0.1
[INFO] [stderr]    Compiling camino v1.1.6
[INFO] [stderr]    Compiling pkg-config v0.3.27
[INFO] [stderr]    Compiling winnow v0.5.16
[INFO] [stderr]    Compiling rustix v0.38.18
[INFO] [stderr]    Compiling bitflags v2.4.0
[INFO] [stderr]    Compiling memoffset v0.9.0
[INFO] [stderr]    Compiling ahash v0.8.3
[INFO] [stderr]    Compiling crossbeam-epoch v0.9.15
[INFO] [stderr]    Compiling lock_api v0.4.10
[INFO] [stderr]    Compiling syn v1.0.109
[INFO] [stderr]    Compiling vcpkg v0.2.15
[INFO] [stderr]    Compiling aho-corasick v1.1.2
[INFO] [stderr]    Compiling semver v1.0.19
[INFO] [stderr]    Compiling parking_lot_core v0.9.8
[INFO] [stderr]    Compiling anyhow v1.0.75
[INFO] [stderr]    Compiling quote v1.0.33
[INFO] [stderr]    Compiling hashbrown v0.14.1
[INFO] [stderr]    Compiling serde_json v1.0.107
[INFO] [stderr]    Compiling pyo3-build-config v0.20.0
[INFO] [stderr]    Compiling syn v2.0.38
[INFO] [stderr]    Compiling thiserror v1.0.49
[INFO] [stderr]    Compiling itoa v1.0.9
[INFO] [stderr]    Compiling smallvec v1.11.1
[INFO] [stderr]    Compiling ryu v1.0.15
[INFO] [stderr]    Compiling cc v1.0.83
[INFO] [stderr]    Compiling num-traits v0.2.17
[INFO] [stderr]    Compiling linux-raw-sys v0.4.10
[INFO] [stderr]    Compiling rayon-core v1.12.0
[INFO] [stderr]    Compiling heck v0.4.1
[INFO] [stderr]    Compiling portable-atomic v1.5.1
[INFO] [stderr]    Compiling indexmap v2.0.2
[INFO] [stderr]    Compiling crossbeam-deque v0.8.3
[INFO] [stderr]    Compiling os_pipe v1.1.4
[INFO] [stderr]    Compiling shared_child v1.0.0
[INFO] [stderr]    Compiling quick-xml v0.30.0
[INFO] [stderr]    Compiling rustc-demangle v0.1.23
[INFO] [stderr]    Compiling home v0.5.5
[INFO] [stderr]    Compiling unicode-width v0.1.11
[INFO] [stderr]    Compiling same-file v1.0.6
[INFO] [stderr]    Compiling console v0.15.7
[INFO] [stderr]    Compiling walkdir v2.4.0
[INFO] [stderr]    Compiling duct v0.13.6
[INFO] [stderr]    Compiling regex-automata v0.3.9
[INFO] [stderr]    Compiling parking_lot v0.12.1
[INFO] [stderr]    Compiling is-terminal v0.4.9
[INFO] [stderr]    Compiling libsqlite3-sys v0.27.0
[INFO] [stderr]    Compiling generator v0.7.5
[INFO] [stderr]    Compiling hashlink v0.8.4
[INFO] [stderr]    Compiling csv-core v0.1.11
[INFO] [stderr]    Compiling either v1.9.0
[INFO] [stderr]    Compiling log v0.4.20
[INFO] [stderr]    Compiling glob v0.3.1
[INFO] [stderr]    Compiling shell-escape v0.1.5
[INFO] [stderr]    Compiling termcolor v1.3.0
[INFO] [stderr]    Compiling fallible-iterator v0.3.0
[INFO] [stderr]    Compiling is_executable v1.0.1
[INFO] [stderr]    Compiling fs-err v2.9.0
[INFO] [stderr]    Compiling indoc v2.0.4
[INFO] [stderr]    Compiling fallible-streaming-iterator v0.1.9
[INFO] [stderr]    Compiling pyo3-ffi v0.20.0
[INFO] [stderr]    Compiling pyo3 v0.20.0
[INFO] [stderr]    Compiling unindent v0.2.3
[INFO] [stderr]    Compiling number_prefix v0.4.0
[INFO] [stderr]    Compiling lexopt v0.3.0
[INFO] [stderr]    Compiling indicatif v0.17.7
[INFO] [stderr]    Compiling rayon v1.8.0
[INFO] [stderr]    Compiling ordered-float v4.1.0
[INFO] [stderr]    Compiling dict v0.1.5
[INFO] [stderr]    Compiling deepsize_derive v0.1.2
[INFO] [stderr]    Compiling pyo3-macros-backend v0.20.0
[INFO] [stderr]    Compiling deepsize v0.2.0
[INFO] [stderr]    Compiling regex v1.9.6
[INFO] [stderr]    Compiling bstr v1.6.2
[INFO] [stderr]    Compiling serde_derive v1.0.193
[INFO] [stderr]    Compiling thiserror-impl v1.0.49
[INFO] [stderr]    Compiling lcov2cobertura v1.0.2
[INFO] [stderr]    Compiling opener v0.6.1
[INFO] [stderr]    Compiling pyo3-macros v0.20.0
[INFO] [stderr]    Compiling toml_datetime v0.6.3
[INFO] [stderr]    Compiling serde_spanned v0.6.3
[INFO] [stderr]    Compiling cargo-platform v0.1.4
[INFO] [stderr]    Compiling csv v1.3.0
[INFO] [stderr]    Compiling toml_edit v0.20.2
[INFO] [stderr]    Compiling rusqlite v0.30.0
[INFO] [stderr]    Compiling cargo_metadata v0.18.0
[INFO] [stderr]    Compiling toml v0.8.2
[INFO] [stderr]    Compiling cargo-config2 v0.1.12
[INFO] [stderr]    Compiling cargo-llvm-cov v0.5.33
[INFO] [stderr]    Compiling semsimian v0.2.11 (/opt/rustwide/workdir)
[INFO] [stderr]     Finished dev [unoptimized + debuginfo] target(s) in 16.63s
[INFO] running `Command { std: "docker" "inspect" "1a9ef1e1920434210d8e08effd68a5cbc32f5cc0bb864a5ca48bdd6130460bae", kill_on_drop: false }`
[INFO] running `Command { std: "docker" "rm" "-f" "1a9ef1e1920434210d8e08effd68a5cbc32f5cc0bb864a5ca48bdd6130460bae", kill_on_drop: false }`
[INFO] [stdout] 1a9ef1e1920434210d8e08effd68a5cbc32f5cc0bb864a5ca48bdd6130460bae
[INFO] running `Command { std: "docker" "create" "-v" "/var/lib/crater-agent-workspace/builds/worker-5-tc2/target:/opt/rustwide/target:rw,Z" "-v" "/var/lib/crater-agent-workspace/builds/worker-5-tc2/source:/opt/rustwide/workdir:ro,Z" "-v" "/var/lib/crater-agent-workspace/cargo-home:/opt/rustwide/cargo-home:ro,Z" "-v" "/var/lib/crater-agent-workspace/rustup-home:/opt/rustwide/rustup-home:ro,Z" "-e" "SOURCE_DIR=/opt/rustwide/workdir" "-e" "CARGO_TARGET_DIR=/opt/rustwide/target" "-e" "CARGO_INCREMENTAL=0" "-e" "RUST_BACKTRACE=full" "-e" "RUSTFLAGS=--cap-lints=warn" "-e" "RUSTDOCFLAGS=--cap-lints=warn" "-e" "CARGO_HOME=/opt/rustwide/cargo-home" "-e" "RUSTUP_HOME=/opt/rustwide/rustup-home" "-w" "/opt/rustwide/workdir" "-m" "1610612736" "--user" "0:0" "--network" "none" "ghcr.io/rust-lang/crates-build-env/linux@sha256:2788e3201cd34a07e3172128adcd8b3090168a8e3bcc40d7c032b9dda1df7d1c" "/opt/rustwide/cargo-home/bin/cargo" "+beta-2023-12-22" "test" "--frozen" "--no-run" "--message-format=json", kill_on_drop: false }`
[INFO] [stdout] 3b47eeff3b47d19bbfcadff76816daaca2b08c84b4c6dfd312ff92caf25fc020
[INFO] running `Command { std: "docker" "start" "-a" "3b47eeff3b47d19bbfcadff76816daaca2b08c84b4c6dfd312ff92caf25fc020", kill_on_drop: false }`
[INFO] [stderr]    Compiling serde v1.0.193
[INFO] [stderr]    Compiling ahash v0.8.3
[INFO] [stderr]    Compiling syn v2.0.38
[INFO] [stderr]    Compiling getrandom v0.2.10
[INFO] [stderr]    Compiling utf8parse v0.2.1
[INFO] [stderr]    Compiling futures-core v0.3.29
[INFO] [stderr]    Compiling semver v1.0.19
[INFO] [stderr]    Compiling num-traits v0.2.17
[INFO] [stderr]    Compiling slab v0.4.9
[INFO] [stderr]    Compiling futures-task v0.3.29
[INFO] [stderr]    Compiling anstyle v1.0.4
[INFO] [stderr]    Compiling colorchoice v1.0.0
[INFO] [stderr]    Compiling anstyle-query v1.0.0
[INFO] [stderr]    Compiling futures-channel v0.3.29
[INFO] [stderr]    Compiling futures-sink v0.3.29
[INFO] [stderr]    Compiling clap_lex v0.5.1
[INFO] [stderr]    Compiling anstyle-parse v0.2.2
[INFO] [stderr]    Compiling strsim v0.10.0
[INFO] [stderr]    Compiling futures-util v0.3.29
[INFO] [stderr]    Compiling either v1.9.0
[INFO] [stderr]    Compiling anstream v0.6.4
[INFO] [stderr]    Compiling pin-project-lite v0.2.13
[INFO] [stderr]    Compiling futures-io v0.3.29
[INFO] [stderr]    Compiling regex-automata v0.3.9
[INFO] [stderr]    Compiling signal-hook v0.3.17
[INFO] [stderr]    Compiling half v1.8.2
[INFO] [stderr]    Compiling ciborium-io v0.2.1
[INFO] [stderr]    Compiling arrayvec v0.7.4
[INFO] [stderr]    Compiling plotters-backend v0.3.5
[INFO] [stderr]    Compiling bytemuck v1.14.0
[INFO] [stderr]    Compiling rayon v1.8.0
[INFO] [stderr]    Compiling clap_builder v4.4.6
[INFO] [stderr]    Compiling itertools v0.10.5
[INFO] [stderr]    Compiling num-format v0.4.4
[INFO] [stderr]    Compiling hashbrown v0.14.1
[INFO] [stderr]    Compiling rgb v0.8.36
[INFO] [stderr]    Compiling rustc_version v0.4.0
[INFO] [stderr]    Compiling plotters-svg v0.3.5
[INFO] [stderr]    Compiling ciborium-ll v0.2.1
[INFO] [stderr]    Compiling signal-hook-registry v1.4.1
[INFO] [stderr]    Compiling crossbeam-channel v0.5.8
[INFO] [stderr]    Compiling quick-xml v0.26.0
[INFO] [stderr]    Compiling cast v0.3.0
[INFO] [stderr]    Compiling str_stack v0.1.0
[INFO] [stderr]    Compiling relative-path v1.9.0
[INFO] [stderr]    Compiling shlex v1.2.0
[INFO] [stderr]    Compiling rstest_macros v0.18.2
[INFO] [stderr]    Compiling anes v0.1.6
[INFO] [stderr]    Compiling oorandom v11.1.3
[INFO] [stderr]    Compiling futures-timer v3.0.2
[INFO] [stderr]    Compiling indexmap v2.0.2
[INFO] [stderr]    Compiling dashmap v5.5.3
[INFO] [stderr]    Compiling hashlink v0.8.4
[INFO] [stderr]    Compiling rusqlite v0.30.0
[INFO] [stderr]    Compiling ordered-float v4.1.0
[INFO] [stderr]    Compiling plotters v0.3.5
[INFO] [stderr]    Compiling inferno v0.11.17
[INFO] [stderr]    Compiling criterion-plot v0.5.0
[INFO] [stderr]    Compiling regex v1.9.6
[INFO] [stderr]    Compiling pyo3-macros-backend v0.20.0
[INFO] [stderr]    Compiling serde_derive v1.0.193
[INFO] [stderr]    Compiling thiserror-impl v1.0.49
[INFO] [stderr]    Compiling clap_derive v4.4.2
[INFO] [stderr]    Compiling futures-macro v0.3.29
[INFO] [stderr]    Compiling thiserror v1.0.49
[INFO] [stderr]    Compiling pyo3-macros v0.20.0
[INFO] [stderr]    Compiling clap v4.4.6
[INFO] [stderr]    Compiling clap_complete v4.4.3
[INFO] [stderr]    Compiling pyo3 v0.20.0
[INFO] [stderr]    Compiling futures-executor v0.3.29
[INFO] [stderr]    Compiling futures v0.3.29
[INFO] [stderr]    Compiling rstest v0.18.2
[INFO] [stderr]    Compiling serde_json v1.0.107
[INFO] [stderr]    Compiling cargo-platform v0.1.4
[INFO] [stderr]    Compiling toml_datetime v0.6.3
[INFO] [stderr]    Compiling serde_spanned v0.6.3
[INFO] [stderr]    Compiling camino v1.1.6
[INFO] [stderr]    Compiling csv v1.3.0
[INFO] [stderr]    Compiling ciborium v0.2.1
[INFO] [stderr]    Compiling toml_edit v0.20.2
[INFO] [stderr]    Compiling cargo_metadata v0.18.0
[INFO] [stderr]    Compiling tinytemplate v1.2.1
[INFO] [stderr]    Compiling cargo_metadata v0.15.4
[INFO] [stderr]    Compiling criterion v0.5.1
[INFO] [stderr]    Compiling flamegraph v0.6.3
[INFO] [stderr]    Compiling toml v0.8.2
[INFO] [stderr]    Compiling cargo-config2 v0.1.12
[INFO] [stderr]    Compiling cargo-llvm-cov v0.5.33
[INFO] [stderr]    Compiling semsimian v0.2.11 (/opt/rustwide/workdir)
[INFO] [stderr]     Finished test [unoptimized + debuginfo] target(s) in 14.56s
[INFO] running `Command { std: "docker" "inspect" "3b47eeff3b47d19bbfcadff76816daaca2b08c84b4c6dfd312ff92caf25fc020", kill_on_drop: false }`
[INFO] running `Command { std: "docker" "rm" "-f" "3b47eeff3b47d19bbfcadff76816daaca2b08c84b4c6dfd312ff92caf25fc020", kill_on_drop: false }`
[INFO] [stdout] 3b47eeff3b47d19bbfcadff76816daaca2b08c84b4c6dfd312ff92caf25fc020
[INFO] running `Command { std: "docker" "create" "-v" "/var/lib/crater-agent-workspace/builds/worker-5-tc2/target:/opt/rustwide/target:rw,Z" "-v" "/var/lib/crater-agent-workspace/builds/worker-5-tc2/source:/opt/rustwide/workdir:ro,Z" "-v" "/var/lib/crater-agent-workspace/cargo-home:/opt/rustwide/cargo-home:ro,Z" "-v" "/var/lib/crater-agent-workspace/rustup-home:/opt/rustwide/rustup-home:ro,Z" "-e" "SOURCE_DIR=/opt/rustwide/workdir" "-e" "CARGO_TARGET_DIR=/opt/rustwide/target" "-e" "CARGO_INCREMENTAL=0" "-e" "RUST_BACKTRACE=full" "-e" "RUSTFLAGS=--cap-lints=warn" "-e" "RUSTDOCFLAGS=--cap-lints=warn" "-e" "CARGO_HOME=/opt/rustwide/cargo-home" "-e" "RUSTUP_HOME=/opt/rustwide/rustup-home" "-w" "/opt/rustwide/workdir" "-m" "1610612736" "--user" "0:0" "--network" "none" "ghcr.io/rust-lang/crates-build-env/linux@sha256:2788e3201cd34a07e3172128adcd8b3090168a8e3bcc40d7c032b9dda1df7d1c" "/opt/rustwide/cargo-home/bin/cargo" "+beta-2023-12-22" "test" "--frozen", kill_on_drop: false }`
[INFO] [stdout] 9cdb82ada30c39551ef8d846dd907b105d77f15d7ec685988ef9f30a0d6212d9
[INFO] running `Command { std: "docker" "start" "-a" "9cdb82ada30c39551ef8d846dd907b105d77f15d7ec685988ef9f30a0d6212d9", kill_on_drop: false }`
[INFO] [stderr]     Finished test [unoptimized + debuginfo] target(s) in 0.12s
[INFO] [stderr]      Running unittests src/lib.rs (/opt/rustwide/target/debug/deps/semsimian-0ff6df461039b8c1)
[INFO] [stdout] 
[INFO] [stdout] running 58 tests
[INFO] [stdout] test similarity::tests::test_calculate_cosine_similarity_for_embeddings ... ok
[INFO] [stdout] test similarity::tests::test_calculate_cosine_similarity_for_nodes ... ok
[INFO] [stdout] test similarity::tests::test_calculate_jaccard_similarity_str ... ok
[INFO] [stdout] test similarity::tests::test_calculate_jaccard_similarity ... ok
[INFO] [stdout] test similarity::tests::test_semantic_jaccard_similarity_new ... ok
[INFO] [stdout] test similarity::tests::test_get_most_recent_common_ancestor_with_score ... ok
[INFO] [stdout] test tests::test_all_by_all_pairwise_similarity_with_empty_inputs ... ok
[INFO] [stdout] test similarity::tests::test_semantic_jaccard_similarity_fruits ... ok
[INFO] [stdout] test tests::test_all_by_all_pairwise_similarity_with_nonempty_inputs ... ok
[INFO] [stdout] test similarity::tests::test_calculate_max_information_content ... ok
[INFO] [stdout] test tests::test_associations_search_phenio_mondo ... ignored
[INFO] [stdout] test similarity::tests::test_calculate_term_pairwise_information_content ... ok
[INFO] [stdout] test tests::test_cosine_using_bfo ... ok
[INFO] [stdout] test tests::test_get_closure_and_ic_map ... ok
[INFO] [stdout] test tests::test_jaccard_similarity ... ok
[INFO] [stdout] test tests::test_object_creation ... ok
[INFO] [stdout] test tests::test_all_by_all_pairwise_similarity_with_output ... FAILED
[INFO] [stdout] test db_query::tests::test_get_labels ... ok
[INFO] [stdout] test tests::test_resnik_similarity ... ok
[INFO] [stdout] test tests::test_resnik_using_bfo ... ok
[INFO] [stdout] test db_query::tests::test_get_subjects_with_prefixes ... ok
[INFO] [stdout] test tests::test_termset_comparison ... ok
[INFO] [stdout] test db_query::tests::test_get_unique_prefixes ... ok
[INFO] [stdout] test db_query::tests::test_get_objects_for_subjects ... ok
[INFO] [stdout] test db_query::tests::test_get_subjects_with_prefixes_and_predicates ... ok
[INFO] [stdout] test db_query::tests::test_get_subjects_without_prefixes ... ok
[INFO] [stdout] test tests::test_object_creation_using_resource ... ok
[INFO] [stdout] test db_query::tests::test_get_entailed_edges_for_predicate_list ... ok
[INFO] [stdout] test tests::test_termset_comparison_with_db ... ok
[INFO] [stdout] test tests::test_termset_pairwise_similarity_weighted_negated::case_2 ... ok
[INFO] [stdout] test tests_local::test_get_best_score ... ok
[INFO] [stdout] test tests_local::test_pregenerate_large_cache ... ignored
[INFO] [stdout] test tests_local::test_termset_pairwise_similarity_2 ... ignored
[INFO] [stdout] test tests::test_termset_pairwise_similarity_weighted_negated::case_1 ... ok
[INFO] [stdout] test utils::tests::test_convert_list_of_tuples_to_hashmap ... ok
[INFO] [stdout] test utils::tests::test_expand_term_using_closure ... ok
[INFO] [stdout] test utils::tests::test_convert_set_to_hashmap ... ok
[INFO] [stdout] test utils::tests::test_get_termset_vector ... ok
[INFO] [stdout] test utils::tests::test_numericize_set ... ok
[INFO] [stdout] test utils::tests::test_predicate_set_to_string ... ok
[INFO] [stdout] test utils::tests::test_rearrange_columns_and_rewrite ... FAILED
[INFO] [stdout] test utils::tests::test_str_to_int_to_back ... ok
[INFO] [stdout] test utils::tests::test_stringify_sets_using_map ... ok
[INFO] [stdout] test tests::test_termset_pairwise_similarity_weighted_negated::case_4 ... ok
[INFO] [stdout] test tests::test_full_search ... ok
[INFO] [stdout] test tests::test_termset_pairwise_similarity_weighted_negated::case_3 ... ok
[INFO] [stdout] test similarity::tests::test_calculate_average_termset_information_content ... ok
[INFO] [stdout] test tests::test_termset_pairwise_similarity_weighted_negated::case_5 ... ok
[INFO] [stdout] test tests::test_termset_pairwise_similarity_vs_termset_comparison ... ok
[INFO] [stdout] test tests::test_termset_pairwise_similarity_weighted_negated::case_6 ... ok
[INFO] [stdout] test tests::test_termset_pairwise_similarity ... ok
[INFO] [stdout] test tests::test_associations_search_limit_arg ... ok
[INFO] [stdout] test utils::tests::test_get_best_matches ... ok
[INFO] [stdout] test db_query::tests::test_get_associations ... ok
[INFO] [stdout] test tests::test_pregenerate_cache ... ok
[INFO] [stdout] test tests::test_associations_flat_n_full_search ... ok
[INFO] [stdout] test tests::test_associations_hybrid_n_flat_search ... ok
[INFO] [stdout] test tests::test_associations_hybrid_n_full_search ... ok
[INFO] [stdout] 
[INFO] [stdout] failures:
[INFO] [stdout] 
[INFO] [stdout] ---- tests::test_all_by_all_pairwise_similarity_with_output stdout ----
[INFO] [stdout] thread 'tests::test_all_by_all_pairwise_similarity_with_output' panicked at src/lib.rs:293:42:
[INFO] [stdout] called `Result::unwrap()` on an `Err` value: Os { code: 30, kind: ReadOnlyFilesystem, message: "Read-only file system" }
[INFO] [stdout] stack backtrace:
[INFO] [stdout]    0:     0x55b0518a5216 - std::backtrace_rs::backtrace::libunwind::trace::h261606ad26a499c1
[INFO] [stdout]                                at /rustc/0e09125c6c3c2fd70d7de961bcf0e51575235fad/library/std/src/../../backtrace/src/backtrace/libunwind.rs:104:5
[INFO] [stdout]    1:     0x55b0518a5216 - std::backtrace_rs::backtrace::trace_unsynchronized::hd183f0625477fb28
[INFO] [stdout]                                at /rustc/0e09125c6c3c2fd70d7de961bcf0e51575235fad/library/std/src/../../backtrace/src/backtrace/mod.rs:66:5
[INFO] [stdout]    2:     0x55b0518a5216 - std::sys_common::backtrace::_print_fmt::hd7f8fef21b4eda67
[INFO] [stdout]                                at /rustc/0e09125c6c3c2fd70d7de961bcf0e51575235fad/library/std/src/sys_common/backtrace.rs:68:5
[INFO] [stdout]    3:     0x55b0518a5216 - <std::sys_common::backtrace::_print::DisplayBacktrace as core::fmt::Display>::fmt::h623d9b51f2f453f1
[INFO] [stdout]                                at /rustc/0e09125c6c3c2fd70d7de961bcf0e51575235fad/library/std/src/sys_common/backtrace.rs:44:22
[INFO] [stdout]    4:     0x55b0518d0940 - core::fmt::rt::Argument::fmt::h9f417ac76a86f368
[INFO] [stdout]                                at /rustc/0e09125c6c3c2fd70d7de961bcf0e51575235fad/library/core/src/fmt/rt.rs:142:9
[INFO] [stdout]    5:     0x55b0518d0940 - core::fmt::write::hc9b6faf4ac2aeff7
[INFO] [stdout]                                at /rustc/0e09125c6c3c2fd70d7de961bcf0e51575235fad/library/core/src/fmt/mod.rs:1120:17
[INFO] [stdout]    6:     0x55b0518a29cf - std::io::Write::write_fmt::he04625a3a989fec3
[INFO] [stdout]                                at /rustc/0e09125c6c3c2fd70d7de961bcf0e51575235fad/library/std/src/io/mod.rs:1810:15
[INFO] [stdout]    7:     0x55b0518a4ff4 - std::sys_common::backtrace::_print::hd5d66399c7df88a2
[INFO] [stdout]                                at /rustc/0e09125c6c3c2fd70d7de961bcf0e51575235fad/library/std/src/sys_common/backtrace.rs:47:5
[INFO] [stdout]    8:     0x55b0518a4ff4 - std::sys_common::backtrace::print::he81ed2da642d37e5
[INFO] [stdout]                                at /rustc/0e09125c6c3c2fd70d7de961bcf0e51575235fad/library/std/src/sys_common/backtrace.rs:34:9
[INFO] [stdout]    9:     0x55b0518a6d67 - std::panicking::default_hook::{{closure}}::h85773f4fa117163d
[INFO] [stdout]   10:     0x55b0518a6a4d - std::panicking::default_hook::h6a1694a91d09b278
[INFO] [stdout]                                at /rustc/0e09125c6c3c2fd70d7de961bcf0e51575235fad/library/std/src/panicking.rs:289:9
[INFO] [stdout]   11:     0x55b051686557 - <alloc::boxed::Box<F,A> as core::ops::function::Fn<Args>>::call::h616ac37fa3cd6c8f
[INFO] [stdout]                                at /rustc/0e09125c6c3c2fd70d7de961bcf0e51575235fad/library/alloc/src/boxed.rs:2029:9
[INFO] [stdout]   12:     0x55b051686557 - test::test_main::{{closure}}::h00d84697cefdcbb6
[INFO] [stdout]                                at /rustc/0e09125c6c3c2fd70d7de961bcf0e51575235fad/library/test/src/lib.rs:138:21
[INFO] [stdout]   13:     0x55b0518a7386 - <alloc::boxed::Box<F,A> as core::ops::function::Fn<Args>>::call::hcb3fe3b9bb537ba8
[INFO] [stdout]                                at /rustc/0e09125c6c3c2fd70d7de961bcf0e51575235fad/library/alloc/src/boxed.rs:2029:9
[INFO] [stdout]   14:     0x55b0518a7386 - std::panicking::rust_panic_with_hook::h0a7ad96e90f7145b
[INFO] [stdout]                                at /rustc/0e09125c6c3c2fd70d7de961bcf0e51575235fad/library/std/src/panicking.rs:783:13
[INFO] [stdout]   15:     0x55b0518a70d2 - std::panicking::begin_panic_handler::{{closure}}::h7919090525c6485e
[INFO] [stdout]                                at /rustc/0e09125c6c3c2fd70d7de961bcf0e51575235fad/library/std/src/panicking.rs:657:13
[INFO] [stdout]   16:     0x55b0518a5716 - std::sys_common::backtrace::__rust_end_short_backtrace::hf3289479464f7dfe
[INFO] [stdout]                                at /rustc/0e09125c6c3c2fd70d7de961bcf0e51575235fad/library/std/src/sys_common/backtrace.rs:171:18
[INFO] [stdout]   17:     0x55b0518a6e30 - rust_begin_unwind
[INFO] [stdout]                                at /rustc/0e09125c6c3c2fd70d7de961bcf0e51575235fad/library/std/src/panicking.rs:645:5
[INFO] [stdout]   18:     0x55b05151f625 - core::panicking::panic_fmt::hcc9f77c5c132af55
[INFO] [stdout]                                at /rustc/0e09125c6c3c2fd70d7de961bcf0e51575235fad/library/core/src/panicking.rs:72:14
[INFO] [stdout]   19:     0x55b05151fc03 - core::result::unwrap_failed::hbe14f498be1452f9
[INFO] [stdout]                                at /rustc/0e09125c6c3c2fd70d7de961bcf0e51575235fad/library/core/src/result.rs:1649:5
[INFO] [stdout]   20:     0x55b0515c1a6b - core::result::Result<T,E>::unwrap::hdeaa009bf6ef917d
[INFO] [stdout]                                at /rustc/0e09125c6c3c2fd70d7de961bcf0e51575235fad/library/core/src/result.rs:1073:23
[INFO] [stdout]   21:     0x55b0515a9a1a - semsimian::RustSemsimian::all_by_all_pairwise_similarity_with_output::h3a9d2fcf921677ae
[INFO] [stdout]                                at /opt/rustwide/workdir/src/lib.rs:293:20
[INFO] [stdout]   22:     0x55b0515dd4b4 - semsimian::tests::test_all_by_all_pairwise_similarity_with_output::hc7bbe1e4ba1958d9
[INFO] [stdout]                                at /opt/rustwide/workdir/src/lib.rs:1453:9
[INFO] [stdout]   23:     0x55b0515dcf07 - semsimian::tests::test_all_by_all_pairwise_similarity_with_output::{{closure}}::hff78230d2ced2b72
[INFO] [stdout]                                at /opt/rustwide/workdir/src/lib.rs:1428:57
[INFO] [stdout]   24:     0x55b051624ec6 - core::ops::function::FnOnce::call_once::h39b0baa7b19a1f05
[INFO] [stdout]                                at /rustc/0e09125c6c3c2fd70d7de961bcf0e51575235fad/library/core/src/ops/function.rs:250:5
[INFO] [stdout]   25:     0x55b05168be2f - core::ops::function::FnOnce::call_once::hd64d26f405258157
[INFO] [stdout]                                at /rustc/0e09125c6c3c2fd70d7de961bcf0e51575235fad/library/core/src/ops/function.rs:250:5
[INFO] [stdout]   26:     0x55b05168be2f - test::__rust_begin_short_backtrace::he21b0b7a6d731bf9
[INFO] [stdout]                                at /rustc/0e09125c6c3c2fd70d7de961bcf0e51575235fad/library/test/src/lib.rs:627:18
[INFO] [stdout]   27:     0x55b05168abb1 - test::run_test_in_process::{{closure}}::hf5c73986d7bdfde2
[INFO] [stdout]                                at /rustc/0e09125c6c3c2fd70d7de961bcf0e51575235fad/library/test/src/lib.rs:650:60
[INFO] [stdout]   28:     0x55b05168abb1 - <core::panic::unwind_safe::AssertUnwindSafe<F> as core::ops::function::FnOnce<()>>::call_once::h330011ad032aadc0
[INFO] [stdout]                                at /rustc/0e09125c6c3c2fd70d7de961bcf0e51575235fad/library/core/src/panic/unwind_safe.rs:272:9
[INFO] [stdout]   29:     0x55b05168abb1 - std::panicking::try::do_call::he61b0a958b795a41
[INFO] [stdout]                                at /rustc/0e09125c6c3c2fd70d7de961bcf0e51575235fad/library/std/src/panicking.rs:552:40
[INFO] [stdout]   30:     0x55b05168abb1 - std::panicking::try::h7309da130f906eb7
[INFO] [stdout]                                at /rustc/0e09125c6c3c2fd70d7de961bcf0e51575235fad/library/std/src/panicking.rs:516:19
[INFO] [stdout]   31:     0x55b05168abb1 - std::panic::catch_unwind::hc5c3a06fdaf0a92a
[INFO] [stdout]                                at /rustc/0e09125c6c3c2fd70d7de961bcf0e51575235fad/library/std/src/panic.rs:142:14
[INFO] [stdout]   32:     0x55b05168abb1 - test::run_test_in_process::h7e7b7c71c3324e0f
[INFO] [stdout]                                at /rustc/0e09125c6c3c2fd70d7de961bcf0e51575235fad/library/test/src/lib.rs:650:27
[INFO] [stdout]   33:     0x55b05168abb1 - test::run_test::{{closure}}::h1f509f28f5cf20b1
[INFO] [stdout]                                at /rustc/0e09125c6c3c2fd70d7de961bcf0e51575235fad/library/test/src/lib.rs:573:43
[INFO] [stdout]   34:     0x55b051651ee6 - test::run_test::{{closure}}::h1754218abf443f6d
[INFO] [stdout]                                at /rustc/0e09125c6c3c2fd70d7de961bcf0e51575235fad/library/test/src/lib.rs:601:41
[INFO] [stdout]   35:     0x55b051651ee6 - std::sys_common::backtrace::__rust_begin_short_backtrace::h2ee174b9d5954948
[INFO] [stdout]                                at /rustc/0e09125c6c3c2fd70d7de961bcf0e51575235fad/library/std/src/sys_common/backtrace.rs:155:18
[INFO] [stdout]   36:     0x55b051656f47 - std::thread::Builder::spawn_unchecked_::{{closure}}::{{closure}}::hf60bee9c1a17ef09
[INFO] [stdout]                                at /rustc/0e09125c6c3c2fd70d7de961bcf0e51575235fad/library/std/src/thread/mod.rs:529:17
[INFO] [stdout]   37:     0x55b051656f47 - <core::panic::unwind_safe::AssertUnwindSafe<F> as core::ops::function::FnOnce<()>>::call_once::h33d0dddec5216160
[INFO] [stdout]                                at /rustc/0e09125c6c3c2fd70d7de961bcf0e51575235fad/library/core/src/panic/unwind_safe.rs:272:9
[INFO] [stdout]   38:     0x55b051656f47 - std::panicking::try::do_call::h144b3048b546f835
[INFO] [stdout]                                at /rustc/0e09125c6c3c2fd70d7de961bcf0e51575235fad/library/std/src/panicking.rs:552:40
[INFO] [stdout]   39:     0x55b051656f47 - std::panicking::try::h978244d04646189f
[INFO] [stdout]                                at /rustc/0e09125c6c3c2fd70d7de961bcf0e51575235fad/library/std/src/panicking.rs:516:19
[INFO] [stdout]   40:     0x55b051656f47 - std::panic::catch_unwind::hdf436369d188fe86
[INFO] [stdout]                                at /rustc/0e09125c6c3c2fd70d7de961bcf0e51575235fad/library/std/src/panic.rs:142:14
[INFO] [stdout]   41:     0x55b051656f47 - std::thread::Builder::spawn_unchecked_::{{closure}}::h87329cbdd33c79ec
[INFO] [stdout]                                at /rustc/0e09125c6c3c2fd70d7de961bcf0e51575235fad/library/std/src/thread/mod.rs:528:30
[INFO] [stdout]   42:     0x55b051656f47 - core::ops::function::FnOnce::call_once{{vtable.shim}}::h401abbe67897d450
[INFO] [stdout]                                at /rustc/0e09125c6c3c2fd70d7de961bcf0e51575235fad/library/core/src/ops/function.rs:250:5
[INFO] [stdout]   43:     0x55b0518ac125 - <alloc::boxed::Box<F,A> as core::ops::function::FnOnce<Args>>::call_once::h5d7c8f150ab9c84c
[INFO] [stdout]                                at /rustc/0e09125c6c3c2fd70d7de961bcf0e51575235fad/library/alloc/src/boxed.rs:2015:9
[INFO] [stdout]   44:     0x55b0518ac125 - <alloc::boxed::Box<F,A> as core::ops::function::FnOnce<Args>>::call_once::h570d5b005c242c15
[INFO] [stdout]                                at /rustc/0e09125c6c3c2fd70d7de961bcf0e51575235fad/library/alloc/src/boxed.rs:2015:9
[INFO] [stdout]   45:     0x55b0518ac125 - std::sys::unix::thread::Thread::new::thread_start::h36b0a20c0b2361ad
[INFO] [stdout]                                at /rustc/0e09125c6c3c2fd70d7de961bcf0e51575235fad/library/std/src/sys/unix/thread.rs:108:17
[INFO] [stdout]   46:     0x7fbbb3b60ac3 - <unknown>
[INFO] [stdout]   47:     0x7fbbb3bf1bf4 - __clone
[INFO] [stdout]   48:                0x0 - <unknown>
[INFO] [stdout] 
[INFO] [stdout] ---- utils::tests::test_rearrange_columns_and_rewrite stdout ----
[INFO] [stdout] thread 'utils::tests::test_rearrange_columns_and_rewrite' panicked at src/utils.rs:828:47:
[INFO] [stdout] Failed to create file: Os { code: 30, kind: ReadOnlyFilesystem, message: "Read-only file system" }
[INFO] [stdout] stack backtrace:
[INFO] [stdout]    0:     0x55b0518a5216 - std::backtrace_rs::backtrace::libunwind::trace::h261606ad26a499c1
[INFO] [stdout]                                at /rustc/0e09125c6c3c2fd70d7de961bcf0e51575235fad/library/std/src/../../backtrace/src/backtrace/libunwind.rs:104:5
[INFO] [stdout]    1:     0x55b0518a5216 - std::backtrace_rs::backtrace::trace_unsynchronized::hd183f0625477fb28
[INFO] [stdout]                                at /rustc/0e09125c6c3c2fd70d7de961bcf0e51575235fad/library/std/src/../../backtrace/src/backtrace/mod.rs:66:5
[INFO] [stdout]    2:     0x55b0518a5216 - std::sys_common::backtrace::_print_fmt::hd7f8fef21b4eda67
[INFO] [stdout]                                at /rustc/0e09125c6c3c2fd70d7de961bcf0e51575235fad/library/std/src/sys_common/backtrace.rs:68:5
[INFO] [stdout]    3:     0x55b0518a5216 - <std::sys_common::backtrace::_print::DisplayBacktrace as core::fmt::Display>::fmt::h623d9b51f2f453f1
[INFO] [stdout]                                at /rustc/0e09125c6c3c2fd70d7de961bcf0e51575235fad/library/std/src/sys_common/backtrace.rs:44:22
[INFO] [stdout]    4:     0x55b0518d0940 - core::fmt::rt::Argument::fmt::h9f417ac76a86f368
[INFO] [stdout]                                at /rustc/0e09125c6c3c2fd70d7de961bcf0e51575235fad/library/core/src/fmt/rt.rs:142:9
[INFO] [stdout]    5:     0x55b0518d0940 - core::fmt::write::hc9b6faf4ac2aeff7
[INFO] [stdout]                                at /rustc/0e09125c6c3c2fd70d7de961bcf0e51575235fad/library/core/src/fmt/mod.rs:1120:17
[INFO] [stdout]    6:     0x55b0518a29cf - std::io::Write::write_fmt::he04625a3a989fec3
[INFO] [stdout]                                at /rustc/0e09125c6c3c2fd70d7de961bcf0e51575235fad/library/std/src/io/mod.rs:1810:15
[INFO] [stdout]    7:     0x55b0518a4ff4 - std::sys_common::backtrace::_print::hd5d66399c7df88a2
[INFO] [stdout]                                at /rustc/0e09125c6c3c2fd70d7de961bcf0e51575235fad/library/std/src/sys_common/backtrace.rs:47:5
[INFO] [stdout]    8:     0x55b0518a4ff4 - std::sys_common::backtrace::print::he81ed2da642d37e5
[INFO] [stdout]                                at /rustc/0e09125c6c3c2fd70d7de961bcf0e51575235fad/library/std/src/sys_common/backtrace.rs:34:9
[INFO] [stdout]    9:     0x55b0518a6d67 - std::panicking::default_hook::{{closure}}::h85773f4fa117163d
[INFO] [stdout]   10:     0x55b0518a6a4d - std::panicking::default_hook::h6a1694a91d09b278
[INFO] [stdout]                                at /rustc/0e09125c6c3c2fd70d7de961bcf0e51575235fad/library/std/src/panicking.rs:289:9
[INFO] [stdout]   11:     0x55b051686557 - <alloc::boxed::Box<F,A> as core::ops::function::Fn<Args>>::call::h616ac37fa3cd6c8f
[INFO] [stdout]                                at /rustc/0e09125c6c3c2fd70d7de961bcf0e51575235fad/library/alloc/src/boxed.rs:2029:9
[INFO] [stdout]   12:     0x55b051686557 - test::test_main::{{closure}}::h00d84697cefdcbb6
[INFO] [stdout]                                at /rustc/0e09125c6c3c2fd70d7de961bcf0e51575235fad/library/test/src/lib.rs:138:21
[INFO] [stdout]   13:     0x55b0518a7386 - <alloc::boxed::Box<F,A> as core::ops::function::Fn<Args>>::call::hcb3fe3b9bb537ba8
[INFO] [stdout]                                at /rustc/0e09125c6c3c2fd70d7de961bcf0e51575235fad/library/alloc/src/boxed.rs:2029:9
[INFO] [stdout]   14:     0x55b0518a7386 - std::panicking::rust_panic_with_hook::h0a7ad96e90f7145b
[INFO] [stdout]                                at /rustc/0e09125c6c3c2fd70d7de961bcf0e51575235fad/library/std/src/panicking.rs:783:13
[INFO] [stdout]   15:     0x55b0518a70d2 - std::panicking::begin_panic_handler::{{closure}}::h7919090525c6485e
[INFO] [stdout]                                at /rustc/0e09125c6c3c2fd70d7de961bcf0e51575235fad/library/std/src/panicking.rs:657:13
[INFO] [stdout]   16:     0x55b0518a5716 - std::sys_common::backtrace::__rust_end_short_backtrace::hf3289479464f7dfe
[INFO] [stdout]                                at /rustc/0e09125c6c3c2fd70d7de961bcf0e51575235fad/library/std/src/sys_common/backtrace.rs:171:18
[INFO] [stdout]   17:     0x55b0518a6e30 - rust_begin_unwind
[INFO] [stdout]                                at /rustc/0e09125c6c3c2fd70d7de961bcf0e51575235fad/library/std/src/panicking.rs:645:5
[INFO] [stdout]   18:     0x55b05151f625 - core::panicking::panic_fmt::hcc9f77c5c132af55
[INFO] [stdout]                                at /rustc/0e09125c6c3c2fd70d7de961bcf0e51575235fad/library/core/src/panicking.rs:72:14
[INFO] [stdout]   19:     0x55b05151fc03 - core::result::unwrap_failed::hbe14f498be1452f9
[INFO] [stdout]                                at /rustc/0e09125c6c3c2fd70d7de961bcf0e51575235fad/library/core/src/result.rs:1649:5
[INFO] [stdout]   20:     0x55b0515c120d - core::result::Result<T,E>::expect::h87466163bcd4f94b
[INFO] [stdout]                                at /rustc/0e09125c6c3c2fd70d7de961bcf0e51575235fad/library/core/src/result.rs:1030:23
[INFO] [stdout]   21:     0x55b0515b40a6 - semsimian::utils::tests::test_rearrange_columns_and_rewrite::h8f41e09a80d49dca
[INFO] [stdout]                                at /opt/rustwide/workdir/src/utils.rs:828:24
[INFO] [stdout]   22:     0x55b0515b4037 - semsimian::utils::tests::test_rearrange_columns_and_rewrite::{{closure}}::hb028af92c19395e4
[INFO] [stdout]                                at /opt/rustwide/workdir/src/utils.rs:825:44
[INFO] [stdout]   23:     0x55b051633736 - core::ops::function::FnOnce::call_once::hb6648c16ffc0441d
[INFO] [stdout]                                at /rustc/0e09125c6c3c2fd70d7de961bcf0e51575235fad/library/core/src/ops/function.rs:250:5
[INFO] [stdout]   24:     0x55b05168be2f - core::ops::function::FnOnce::call_once::hd64d26f405258157
[INFO] [stdout]                                at /rustc/0e09125c6c3c2fd70d7de961bcf0e51575235fad/library/core/src/ops/function.rs:250:5
[INFO] [stdout]   25:     0x55b05168be2f - test::__rust_begin_short_backtrace::he21b0b7a6d731bf9
[INFO] [stdout]                                at /rustc/0e09125c6c3c2fd70d7de961bcf0e51575235fad/library/test/src/lib.rs:627:18
[INFO] [stdout]   26:     0x55b05168abb1 - test::run_test_in_process::{{closure}}::hf5c73986d7bdfde2
[INFO] [stdout]                                at /rustc/0e09125c6c3c2fd70d7de961bcf0e51575235fad/library/test/src/lib.rs:650:60
[INFO] [stdout]   27:     0x55b05168abb1 - <core::panic::unwind_safe::AssertUnwindSafe<F> as core::ops::function::FnOnce<()>>::call_once::h330011ad032aadc0
[INFO] [stdout]                                at /rustc/0e09125c6c3c2fd70d7de961bcf0e51575235fad/library/core/src/panic/unwind_safe.rs:272:9
[INFO] [stdout]   28:     0x55b05168abb1 - std::panicking::try::do_call::he61b0a958b795a41
[INFO] [stdout]                                at /rustc/0e09125c6c3c2fd70d7de961bcf0e51575235fad/library/std/src/panicking.rs:552:40
[INFO] [stdout]   29:     0x55b05168abb1 - std::panicking::try::h7309da130f906eb7
[INFO] [stdout]                                at /rustc/0e09125c6c3c2fd70d7de961bcf0e51575235fad/library/std/src/panicking.rs:516:19
[INFO] [stdout]   30:     0x55b05168abb1 - std::panic::catch_unwind::hc5c3a06fdaf0a92a
[INFO] [stdout]                                at /rustc/0e09125c6c3c2fd70d7de961bcf0e51575235fad/library/std/src/panic.rs:142:14
[INFO] [stdout]   31:     0x55b05168abb1 - test::run_test_in_process::h7e7b7c71c3324e0f
[INFO] [stdout]                                at /rustc/0e09125c6c3c2fd70d7de961bcf0e51575235fad/library/test/src/lib.rs:650:27
[INFO] [stdout]   32:     0x55b05168abb1 - test::run_test::{{closure}}::h1f509f28f5cf20b1
[INFO] [stdout]                                at /rustc/0e09125c6c3c2fd70d7de961bcf0e51575235fad/library/test/src/lib.rs:573:43
[INFO] [stdout]   33:     0x55b051651ee6 - test::run_test::{{closure}}::h1754218abf443f6d
[INFO] [stdout]                                at /rustc/0e09125c6c3c2fd70d7de961bcf0e51575235fad/library/test/src/lib.rs:601:41
[INFO] [stdout]   34:     0x55b051651ee6 - std::sys_common::backtrace::__rust_begin_short_backtrace::h2ee174b9d5954948
[INFO] [stdout]                                at /rustc/0e09125c6c3c2fd70d7de961bcf0e51575235fad/library/std/src/sys_common/backtrace.rs:155:18
[INFO] [stdout]   35:     0x55b051656f47 - std::thread::Builder::spawn_unchecked_::{{closure}}::{{closure}}::hf60bee9c1a17ef09
[INFO] [stdout]                                at /rustc/0e09125c6c3c2fd70d7de961bcf0e51575235fad/library/std/src/thread/mod.rs:529:17
[INFO] [stdout]   36:     0x55b051656f47 - <core::panic::unwind_safe::AssertUnwindSafe<F> as core::ops::function::FnOnce<()>>::call_once::h33d0dddec5216160
[INFO] [stdout]                                at /rustc/0e09125c6c3c2fd70d7de961bcf0e51575235fad/library/core/src/panic/unwind_safe.rs:272:9
[INFO] [stdout]   37:     0x55b051656f47 - std::panicking::try::do_call::h144b3048b546f835
[INFO] [stdout]                                at /rustc/0e09125c6c3c2fd70d7de961bcf0e51575235fad/library/std/src/panicking.rs:552:40
[INFO] [stdout]   38:     0x55b051656f47 - std::panicking::try::h978244d04646189f
[INFO] [stdout]                                at /rustc/0e09125c6c3c2fd70d7de961bcf0e51575235fad/library/std/src/panicking.rs:516:19
[INFO] [stdout]   39:     0x55b051656f47 - std::panic::catch_unwind::hdf436369d188fe86
[INFO] [stdout]                                at /rustc/0e09125c6c3c2fd70d7de961bcf0e51575235fad/library/std/src/panic.rs:142:14
[INFO] [stdout]   40:     0x55b051656f47 - std::thread::Builder::spawn_unchecked_::{{closure}}::h87329cbdd33c79ec
[INFO] [stdout]                                at /rustc/0e09125c6c3c2fd70d7de961bcf0e51575235fad/library/std/src/thread/mod.rs:528:30
[INFO] [stdout]   41:     0x55b051656f47 - core::ops::function::FnOnce::call_once{{vtable.shim}}::h401abbe67897d450
[INFO] [stdout]                                at /rustc/0e09125c6c3c2fd70d7de961bcf0e51575235fad/library/core/src/ops/function.rs:250:5
[INFO] [stdout]   42:     0x55b0518ac125 - <alloc::boxed::Box<F,A> as core::ops::function::FnOnce<Args>>::call_once::h5d7c8f150ab9c84c
[INFO] [stdout]                                at /rustc/0e09125c6c3c2fd70d7de961bcf0e51575235fad/library/alloc/src/boxed.rs:2015:9
[INFO] [stdout]   43:     0x55b0518ac125 - <alloc::boxed::Box<F,A> as core::ops::function::FnOnce<Args>>::call_once::h570d5b005c242c15
[INFO] [stdout]                                at /rustc/0e09125c6c3c2fd70d7de961bcf0e51575235fad/library/alloc/src/boxed.rs:2015:9
[INFO] [stdout]   44:     0x55b0518ac125 - std::sys::unix::thread::Thread::new::thread_start::h36b0a20c0b2361ad
[INFO] [stdout]                                at /rustc/0e09125c6c3c2fd70d7de961bcf0e51575235fad/library/std/src/sys/unix/thread.rs:108:17
[INFO] [stdout]   45:     0x7fbbb3b60ac3 - <unknown>
[INFO] [stdout]   46:     0x7fbbb3bf1bf4 - __clone
[INFO] [stdout]   47:                0x0 - <unknown>
[INFO] [stdout] 
[INFO] [stdout] 
[INFO] [stdout] failures:
[INFO] [stdout]     tests::test_all_by_all_pairwise_similarity_with_output
[INFO] [stdout]     utils::tests::test_rearrange_columns_and_rewrite
[INFO] [stdout] 
[INFO] [stdout] test result: FAILED. 53 passed; 2 failed; 3 ignored; 0 measured; 0 filtered out; finished in 1.30s
[INFO] [stdout] 
[INFO] [stderr] error: test failed, to rerun pass `--lib`
[INFO] running `Command { std: "docker" "inspect" "9cdb82ada30c39551ef8d846dd907b105d77f15d7ec685988ef9f30a0d6212d9", kill_on_drop: false }`
[INFO] running `Command { std: "docker" "rm" "-f" "9cdb82ada30c39551ef8d846dd907b105d77f15d7ec685988ef9f30a0d6212d9", kill_on_drop: false }`
[INFO] [stdout] 9cdb82ada30c39551ef8d846dd907b105d77f15d7ec685988ef9f30a0d6212d9
