[INFO] cloning repository https://github.com/molybdenumsoftware/pr-tracker
[INFO] running `Command { std: "git" "-c" "credential.helper=" "-c" "credential.helper=/workspace/cargo-home/bin/git-credential-null" "clone" "--bare" "https://github.com/molybdenumsoftware/pr-tracker" "/workspace/cache/git-repos/https%3A%2F%2Fgithub.com%2Fmolybdenumsoftware%2Fpr-tracker", kill_on_drop: false }`
[INFO] [stderr] Cloning into bare repository '/workspace/cache/git-repos/https%3A%2F%2Fgithub.com%2Fmolybdenumsoftware%2Fpr-tracker'...
[INFO] running `Command { std: "git" "rev-parse" "HEAD", kill_on_drop: false }`
[INFO] [stdout] 5c52b48b1a0189b3e652b1aaa37421ab3559bd12
[INFO] testing molybdenumsoftware/pr-tracker against 1.75.0 for beta-1.76-1
[INFO] running `Command { std: "git" "clone" "/workspace/cache/git-repos/https%3A%2F%2Fgithub.com%2Fmolybdenumsoftware%2Fpr-tracker" "/workspace/builds/worker-5-tc1/source", kill_on_drop: false }`
[INFO] [stderr] Cloning into '/workspace/builds/worker-5-tc1/source'...
[INFO] [stderr] done.
[INFO] validating manifest of git repo https://github.com/molybdenumsoftware/pr-tracker on toolchain 1.75.0
[INFO] running `Command { std: CARGO_HOME="/workspace/cargo-home" RUSTUP_HOME="/workspace/rustup-home" "/workspace/cargo-home/bin/cargo" "+1.75.0" "metadata" "--manifest-path" "Cargo.toml" "--no-deps", kill_on_drop: false }`
[INFO] started tweaking git repo https://github.com/molybdenumsoftware/pr-tracker
[INFO] finished tweaking git repo https://github.com/molybdenumsoftware/pr-tracker
[INFO] tweaked toml for git repo https://github.com/molybdenumsoftware/pr-tracker written to /workspace/builds/worker-5-tc1/source/Cargo.toml
[INFO] crate git repo https://github.com/molybdenumsoftware/pr-tracker already has a lockfile, it will not be regenerated
[INFO] running `Command { std: CARGO_HOME="/workspace/cargo-home" RUSTUP_HOME="/workspace/rustup-home" "/workspace/cargo-home/bin/cargo" "+1.75.0" "fetch" "--manifest-path" "Cargo.toml", kill_on_drop: false }`
[INFO] [stderr]  Downloading crates ...
[INFO] [stderr]   Downloaded rocket_db_pools_codegen v0.1.0
[INFO] [stderr]   Downloaded rocket_db_pools v0.1.0
[INFO] running `Command { std: "docker" "create" "-v" "/var/lib/crater-agent-workspace/builds/worker-5-tc1/target:/opt/rustwide/target:rw,Z" "-v" "/var/lib/crater-agent-workspace/builds/worker-5-tc1/source:/opt/rustwide/workdir:ro,Z" "-v" "/var/lib/crater-agent-workspace/cargo-home:/opt/rustwide/cargo-home:ro,Z" "-v" "/var/lib/crater-agent-workspace/rustup-home:/opt/rustwide/rustup-home:ro,Z" "-e" "SOURCE_DIR=/opt/rustwide/workdir" "-e" "CARGO_TARGET_DIR=/opt/rustwide/target" "-e" "CARGO_HOME=/opt/rustwide/cargo-home" "-e" "RUSTUP_HOME=/opt/rustwide/rustup-home" "-w" "/opt/rustwide/workdir" "-m" "1610612736" "--user" "0:0" "--network" "none" "ghcr.io/rust-lang/crates-build-env/linux@sha256:2788e3201cd34a07e3172128adcd8b3090168a8e3bcc40d7c032b9dda1df7d1c" "/opt/rustwide/cargo-home/bin/cargo" "+1.75.0" "metadata" "--no-deps" "--format-version=1", kill_on_drop: false }`
[INFO] [stdout] b1f98182315a277c82d44cbfb93ee1b086a1b57a2c60e4729203a3f59eddb24f
[INFO] running `Command { std: "docker" "start" "-a" "b1f98182315a277c82d44cbfb93ee1b086a1b57a2c60e4729203a3f59eddb24f", kill_on_drop: false }`
[INFO] running `Command { std: "docker" "inspect" "b1f98182315a277c82d44cbfb93ee1b086a1b57a2c60e4729203a3f59eddb24f", kill_on_drop: false }`
[INFO] running `Command { std: "docker" "rm" "-f" "b1f98182315a277c82d44cbfb93ee1b086a1b57a2c60e4729203a3f59eddb24f", kill_on_drop: false }`
[INFO] [stdout] b1f98182315a277c82d44cbfb93ee1b086a1b57a2c60e4729203a3f59eddb24f
[INFO] running `Command { std: "docker" "create" "-v" "/var/lib/crater-agent-workspace/builds/worker-5-tc1/target:/opt/rustwide/target:rw,Z" "-v" "/var/lib/crater-agent-workspace/builds/worker-5-tc1/source:/opt/rustwide/workdir:ro,Z" "-v" "/var/lib/crater-agent-workspace/cargo-home:/opt/rustwide/cargo-home:ro,Z" "-v" "/var/lib/crater-agent-workspace/rustup-home:/opt/rustwide/rustup-home:ro,Z" "-e" "SOURCE_DIR=/opt/rustwide/workdir" "-e" "CARGO_TARGET_DIR=/opt/rustwide/target" "-e" "CARGO_INCREMENTAL=0" "-e" "RUST_BACKTRACE=full" "-e" "RUSTFLAGS=--cap-lints=warn" "-e" "RUSTDOCFLAGS=--cap-lints=warn" "-e" "CARGO_HOME=/opt/rustwide/cargo-home" "-e" "RUSTUP_HOME=/opt/rustwide/rustup-home" "-w" "/opt/rustwide/workdir" "-m" "1610612736" "--user" "0:0" "--network" "none" "ghcr.io/rust-lang/crates-build-env/linux@sha256:2788e3201cd34a07e3172128adcd8b3090168a8e3bcc40d7c032b9dda1df7d1c" "/opt/rustwide/cargo-home/bin/cargo" "+1.75.0" "build" "--frozen" "--message-format=json", kill_on_drop: false }`
[INFO] [stdout] f84e915b06c2f44777ddbaab60fcf1bb5dd7ddb50cacd5b4bb77c187e46f1470
[INFO] running `Command { std: "docker" "start" "-a" "f84e915b06c2f44777ddbaab60fcf1bb5dd7ddb50cacd5b4bb77c187e46f1470", kill_on_drop: false }`
[INFO] [stderr]    Compiling version_check v0.9.4
[INFO] [stderr]    Compiling proc-macro2 v1.0.70
[INFO] [stderr]    Compiling unicode-ident v1.0.12
[INFO] [stderr]    Compiling cfg-if v1.0.0
[INFO] [stderr]    Compiling libc v0.2.151
[INFO] [stderr]    Compiling autocfg v1.1.0
[INFO] [stderr]    Compiling once_cell v1.19.0
[INFO] [stderr]    Compiling futures-core v0.3.29
[INFO] [stderr]    Compiling pin-project-lite v0.2.13
[INFO] [stderr]    Compiling typenum v1.17.0
[INFO] [stderr]    Compiling memchr v2.6.4
[INFO] [stderr]    Compiling zerocopy v0.7.30
[INFO] [stderr]    Compiling allocator-api2 v0.2.16
[INFO] [stderr]    Compiling bytes v1.5.0
[INFO] [stderr]    Compiling bitflags v2.4.1
[INFO] [stderr]    Compiling futures-task v0.3.29
[INFO] [stderr]    Compiling futures-channel v0.3.29
[INFO] [stderr]    Compiling serde v1.0.193
[INFO] [stderr]    Compiling itoa v1.0.10
[INFO] [stderr]    Compiling futures-io v0.3.29
[INFO] [stderr]    Compiling pin-utils v0.1.0
[INFO] [stderr]    Compiling subtle v2.5.0
[INFO] [stderr]    Compiling slab v0.4.9
[INFO] [stderr]    Compiling tracing-core v0.1.32
[INFO] [stderr]    Compiling ahash v0.8.6
[INFO] [stderr]    Compiling generic-array v0.14.7
[INFO] [stderr]    Compiling equivalent v1.0.1
[INFO] [stderr]    Compiling smallvec v1.11.2
[INFO] [stderr]    Compiling untrusted v0.9.0
[INFO] [stderr]    Compiling parking_lot_core v0.9.9
[INFO] [stderr]    Compiling lock_api v0.4.11
[INFO] [stderr]    Compiling percent-encoding v2.3.1
[INFO] [stderr]    Compiling futures-sink v0.3.29
[INFO] [stderr]    Compiling linux-raw-sys v0.4.12
[INFO] [stderr]    Compiling scopeguard v1.2.0
[INFO] [stderr]    Compiling futures-util v0.3.29
[INFO] [stderr]    Compiling tinyvec_macros v0.1.1
[INFO] [stderr]    Compiling tinyvec v1.6.0
[INFO] [stderr]    Compiling cpufeatures v0.2.11
[INFO] [stderr]    Compiling ppv-lite86 v0.2.17
[INFO] [stderr]    Compiling serde_json v1.0.108
[INFO] [stderr]    Compiling proc-macro2-diagnostics v0.10.1
[INFO] [stderr]    Compiling quote v1.0.33
[INFO] [stderr]    Compiling num-traits v0.2.17
[INFO] [stderr]    Compiling crossbeam-utils v0.8.16
[INFO] [stderr]    Compiling log v0.4.20
[INFO] [stderr]    Compiling ryu v1.0.16
[INFO] [stderr]    Compiling rustls v0.21.10
[INFO] [stderr]    Compiling syn v2.0.40
[INFO] [stderr]    Compiling getrandom v0.2.11
[INFO] [stderr]    Compiling signal-hook-registry v1.4.1
[INFO] [stderr]    Compiling mio v0.8.10
[INFO] [stderr]    Compiling socket2 v0.5.5
[INFO] [stderr]    Compiling num_cpus v1.16.0
[INFO] [stderr]    Compiling unicode-bidi v0.3.14
[INFO] [stderr]    Compiling minimal-lexical v0.2.1
[INFO] [stderr]    Compiling thiserror v1.0.50
[INFO] [stderr]    Compiling spin v0.9.8
[INFO] [stderr]    Compiling crossbeam-queue v0.3.8
[INFO] [stderr]    Compiling nom v7.1.3
[INFO] [stderr]    Compiling yansi v1.0.0-rc.1
[INFO] [stderr]    Compiling paste v1.0.14
[INFO] [stderr]    Compiling unicode-normalization v0.1.22
[INFO] [stderr]    Compiling unicode_categories v0.1.1
[INFO] [stderr]    Compiling hashbrown v0.14.3
[INFO] [stderr]    Compiling form_urlencoded v1.2.1
[INFO] [stderr]    Compiling base64 v0.21.5
[INFO] [stderr]    Compiling crc-catalog v2.4.0
[INFO] [stderr]    Compiling rustix v0.38.28
[INFO] [stderr]    Compiling cc v1.0.83
[INFO] [stderr]    Compiling idna v0.5.0
[INFO] [stderr]    Compiling rustls-pemfile v1.0.4
[INFO] [stderr]    Compiling rand_core v0.6.4
[INFO] [stderr]    Compiling block-buffer v0.10.4
[INFO] [stderr]    Compiling crypto-common v0.1.6
[INFO] [stderr]    Compiling tokio v1.35.0
[INFO] [stderr]    Compiling digest v0.10.7
[INFO] [stderr]    Compiling crc v3.0.1
[INFO] [stderr]    Compiling hex v0.4.3
[INFO] [stderr]    Compiling webpki-roots v0.25.3
[INFO] [stderr]    Compiling dotenvy v0.15.7
[INFO] [stderr]    Compiling event-listener v2.5.3
[INFO] [stderr]    Compiling url v2.5.0
[INFO] [stderr]    Compiling atoi v2.0.0
[INFO] [stderr]    Compiling byteorder v1.5.0
[INFO] [stderr]    Compiling syn v1.0.109
[INFO] [stderr]    Compiling parking_lot v0.12.1
[INFO] [stderr]    Compiling rand_chacha v0.3.1
[INFO] [stderr]    Compiling indexmap v2.1.0
[INFO] [stderr]    Compiling fastrand v2.0.1
[INFO] [stderr]    Compiling fnv v1.0.7
[INFO] [stderr]    Compiling finl_unicode v1.2.0
[INFO] [stderr]    Compiling http v0.2.11
[INFO] [stderr]    Compiling hashlink v0.8.4
[INFO] [stderr]    Compiling rand v0.8.5
[INFO] [stderr]    Compiling ring v0.17.7
[INFO] [stderr]    Compiling futures-intrusive v0.5.0
[INFO] [stderr]    Compiling stringprep v0.1.4
[INFO] [stderr]    Compiling sha2 v0.10.8
[INFO] [stderr]    Compiling hmac v0.12.1
[INFO] [stderr]    Compiling whoami v1.4.1
[INFO] [stderr]    Compiling httparse v1.8.0
[INFO] [stderr]    Compiling home v0.5.5
[INFO] [stderr]    Compiling hkdf v0.12.3
[INFO] [stderr]    Compiling sha1 v0.10.6
[INFO] [stderr]    Compiling md-5 v0.10.6
[INFO] [stderr]    Compiling nix v0.27.1
[INFO] [stderr]    Compiling unicode-segmentation v1.10.1
[INFO] [stderr]    Compiling powerfmt v0.2.0
[INFO] [stderr]    Compiling heck v0.4.1
[INFO] [stderr]    Compiling inlinable_string v0.1.15
[INFO] [stderr]    Compiling time-core v0.1.2
[INFO] [stderr]    Compiling try-lock v0.2.5
[INFO] [stderr]    Compiling want v0.3.1
[INFO] [stderr]    Compiling time-macros v0.2.15
[INFO] [stderr]    Compiling deranged v0.3.10
[INFO] [stderr]    Compiling http-body v0.4.6
[INFO] [stderr]    Compiling cookie v0.18.0
[INFO] [stderr]    Compiling httpdate v1.0.3
[INFO] [stderr]    Compiling ref-cast v1.0.20
[INFO] [stderr]    Compiling camino v1.1.6
[INFO] [stderr]    Compiling tower-service v0.3.2
[INFO] [stderr]    Compiling uncased v0.9.9
[INFO] [stderr]    Compiling socket2 v0.4.10
[INFO] [stderr]    Compiling stable-pattern v0.1.0
[INFO] [stderr]    Compiling proc-macro-error-attr v1.0.4
[INFO] [stderr]    Compiling atomic-write-file v0.1.2
[INFO] [stderr]    Compiling is-terminal v0.4.9
[INFO] [stderr]    Compiling devise_core v0.4.1
[INFO] [stderr]    Compiling tempfile v3.8.1
[INFO] [stderr]    Compiling state v0.6.0
[INFO] [stderr]    Compiling winnow v0.5.28
[INFO] [stderr]    Compiling futures v0.3.29
[INFO] [stderr]    Compiling figment v0.10.12
[INFO] [stderr]    Compiling multer v2.1.0
[INFO] [stderr]    Compiling proc-macro-error v1.0.4
[INFO] [stderr]    Compiling util v0.1.0 (/opt/rustwide/workdir/crates/util)
[INFO] [stderr]    Compiling async-trait v0.1.74
[INFO] [stderr]    Compiling rocket v0.5.0
[INFO] [stderr]    Compiling encoding_rs v0.8.33
[INFO] [stderr]    Compiling glob v0.3.1
[INFO] [stderr]    Compiling fragile-child v1.0.0 (/opt/rustwide/workdir/crates/fragile-child)
[INFO] [stderr]    Compiling mime v0.3.17
[INFO] [stderr]    Compiling unicode-xid v0.2.4
[INFO] [stderr]    Compiling binascii v0.1.4
[INFO] [stderr]    Compiling atomic v0.5.3
[INFO] [stderr]    Compiling sd-notify v0.4.1
[INFO] [stderr]    Compiling time v0.3.30
[INFO] [stderr]    Compiling tokio-stream v0.1.14
[INFO] [stderr]    Compiling getset v0.1.2
[INFO] [stderr]    Compiling serde_derive v1.0.193
[INFO] [stderr]    Compiling tracing-attributes v0.1.27
[INFO] [stderr]    Compiling futures-macro v0.3.29
[INFO] [stderr]    Compiling tokio-macros v2.2.0
[INFO] [stderr]    Compiling thiserror-impl v1.0.50
[INFO] [stderr]    Compiling pear_codegen v0.2.7
[INFO] [stderr]    Compiling ref-cast-impl v1.0.20
[INFO] [stderr]    Compiling devise_codegen v0.4.1
[INFO] [stderr]    Compiling async-stream-impl v0.3.5
[INFO] [stderr]    Compiling derive_more-impl v1.0.0-beta.6
[INFO] [stderr]    Compiling sct v0.7.1
[INFO] [stderr]    Compiling rustls-webpki v0.101.7
[INFO] [stderr]    Compiling pear v0.2.7
[INFO] [stderr]    Compiling devise v0.4.1
[INFO] [stderr]    Compiling async-stream v0.3.5
[INFO] [stderr]    Compiling rocket_db_pools_codegen v0.1.0
[INFO] [stderr]    Compiling derive_more v1.0.0-beta.6
[INFO] [stderr]    Compiling tracing v0.1.40
[INFO] [stderr]    Compiling hyper v0.14.27
[INFO] [stderr]    Compiling futures-executor v0.3.29
[INFO] [stderr]    Compiling tokio-util v0.7.10
[INFO] [stderr]    Compiling either v1.9.0
[INFO] [stderr]    Compiling serde_spanned v0.6.4
[INFO] [stderr]    Compiling toml_datetime v0.6.5
[INFO] [stderr]    Compiling ubyte v0.10.4
[INFO] [stderr]    Compiling itertools v0.12.0
[INFO] [stderr]    Compiling rocket_http v0.5.0
[INFO] [stderr]    Compiling toml_edit v0.21.0
[INFO] [stderr]    Compiling h2 v0.3.22
[INFO] [stderr]    Compiling sqlformat v0.2.3
[INFO] [stderr]    Compiling rocket_codegen v0.5.0
[INFO] [stderr]    Compiling toml v0.8.8
[INFO] [stderr]    Compiling sqlx-core v0.7.3
[INFO] [stderr]    Compiling sqlx-postgres v0.7.3
[INFO] [stderr]    Compiling sqlx-macros-core v0.7.3
[INFO] [stderr]    Compiling sqlx-macros v0.7.3
[INFO] [stderr]    Compiling sqlx v0.7.3
[INFO] [stderr]    Compiling pr-tracker-store v0.1.0 (/opt/rustwide/workdir/crates/store)
[INFO] [stderr]    Compiling rocket_db_pools v0.1.0
[INFO] [stderr]    Compiling pr-tracker-api v0.1.0 (/opt/rustwide/workdir/crates/api)
[INFO] [stderr]     Finished dev [unoptimized + debuginfo] target(s) in 38.68s
[INFO] running `Command { std: "docker" "inspect" "f84e915b06c2f44777ddbaab60fcf1bb5dd7ddb50cacd5b4bb77c187e46f1470", kill_on_drop: false }`
[INFO] running `Command { std: "docker" "rm" "-f" "f84e915b06c2f44777ddbaab60fcf1bb5dd7ddb50cacd5b4bb77c187e46f1470", kill_on_drop: false }`
[INFO] [stdout] f84e915b06c2f44777ddbaab60fcf1bb5dd7ddb50cacd5b4bb77c187e46f1470
[INFO] running `Command { std: "docker" "create" "-v" "/var/lib/crater-agent-workspace/builds/worker-5-tc1/target:/opt/rustwide/target:rw,Z" "-v" "/var/lib/crater-agent-workspace/builds/worker-5-tc1/source:/opt/rustwide/workdir:ro,Z" "-v" "/var/lib/crater-agent-workspace/cargo-home:/opt/rustwide/cargo-home:ro,Z" "-v" "/var/lib/crater-agent-workspace/rustup-home:/opt/rustwide/rustup-home:ro,Z" "-e" "SOURCE_DIR=/opt/rustwide/workdir" "-e" "CARGO_TARGET_DIR=/opt/rustwide/target" "-e" "CARGO_INCREMENTAL=0" "-e" "RUST_BACKTRACE=full" "-e" "RUSTFLAGS=--cap-lints=warn" "-e" "RUSTDOCFLAGS=--cap-lints=warn" "-e" "CARGO_HOME=/opt/rustwide/cargo-home" "-e" "RUSTUP_HOME=/opt/rustwide/rustup-home" "-w" "/opt/rustwide/workdir" "-m" "1610612736" "--user" "0:0" "--network" "none" "ghcr.io/rust-lang/crates-build-env/linux@sha256:2788e3201cd34a07e3172128adcd8b3090168a8e3bcc40d7c032b9dda1df7d1c" "/opt/rustwide/cargo-home/bin/cargo" "+1.75.0" "test" "--frozen" "--no-run" "--message-format=json", kill_on_drop: false }`
[INFO] [stdout] 59b7fc548d16368e32bf24f5070186f7784f89e95040bdb40b7a890e7d41d656
[INFO] running `Command { std: "docker" "start" "-a" "59b7fc548d16368e32bf24f5070186f7784f89e95040bdb40b7a890e7d41d656", kill_on_drop: false }`
[INFO] [stderr]    Compiling util v0.1.0 (/opt/rustwide/workdir/crates/util)
[INFO] [stderr]    Compiling pr-tracker-store v0.1.0 (/opt/rustwide/workdir/crates/store)
[INFO] [stderr]    Compiling fragile-child v1.0.0 (/opt/rustwide/workdir/crates/fragile-child)
[INFO] [stderr]    Compiling pr-tracker-api v0.1.0 (/opt/rustwide/workdir/crates/api)
[INFO] [stderr]     Finished test [unoptimized + debuginfo] target(s) in 6.13s
[INFO] running `Command { std: "docker" "inspect" "59b7fc548d16368e32bf24f5070186f7784f89e95040bdb40b7a890e7d41d656", kill_on_drop: false }`
[INFO] running `Command { std: "docker" "rm" "-f" "59b7fc548d16368e32bf24f5070186f7784f89e95040bdb40b7a890e7d41d656", kill_on_drop: false }`
[INFO] [stdout] 59b7fc548d16368e32bf24f5070186f7784f89e95040bdb40b7a890e7d41d656
[INFO] running `Command { std: "docker" "create" "-v" "/var/lib/crater-agent-workspace/builds/worker-5-tc1/target:/opt/rustwide/target:rw,Z" "-v" "/var/lib/crater-agent-workspace/builds/worker-5-tc1/source:/opt/rustwide/workdir:ro,Z" "-v" "/var/lib/crater-agent-workspace/cargo-home:/opt/rustwide/cargo-home:ro,Z" "-v" "/var/lib/crater-agent-workspace/rustup-home:/opt/rustwide/rustup-home:ro,Z" "-e" "SOURCE_DIR=/opt/rustwide/workdir" "-e" "CARGO_TARGET_DIR=/opt/rustwide/target" "-e" "CARGO_INCREMENTAL=0" "-e" "RUST_BACKTRACE=full" "-e" "RUSTFLAGS=--cap-lints=warn" "-e" "RUSTDOCFLAGS=--cap-lints=warn" "-e" "CARGO_HOME=/opt/rustwide/cargo-home" "-e" "RUSTUP_HOME=/opt/rustwide/rustup-home" "-w" "/opt/rustwide/workdir" "-m" "1610612736" "--user" "0:0" "--network" "none" "ghcr.io/rust-lang/crates-build-env/linux@sha256:2788e3201cd34a07e3172128adcd8b3090168a8e3bcc40d7c032b9dda1df7d1c" "/opt/rustwide/cargo-home/bin/cargo" "+1.75.0" "test" "--frozen", kill_on_drop: false }`
[INFO] [stdout] 82e4400bb7ba22fe5b5aad0b5dba092e7479ff7ffa72c5c0555b45c3628b6130
[INFO] running `Command { std: "docker" "start" "-a" "82e4400bb7ba22fe5b5aad0b5dba092e7479ff7ffa72c5c0555b45c3628b6130", kill_on_drop: false }`
[INFO] [stderr]     Finished test [unoptimized + debuginfo] target(s) in 0.19s
[INFO] [stderr]      Running unittests src/lib.rs (/opt/rustwide/target/debug/deps/fragile_child-4743e61cdd0e8329)
[INFO] [stdout] 
[INFO] [stdout] running 0 tests
[INFO] [stdout] 
[INFO] [stdout] test result: ok. 0 passed; 0 failed; 0 ignored; 0 measured; 0 filtered out; finished in 0.00s
[INFO] [stdout] 
[INFO] [stderr]      Running unittests src/lib.rs (/opt/rustwide/target/debug/deps/pr_tracker_api-15c7b6be26193331)
[INFO] [stdout] 
[INFO] [stdout] running 0 tests
[INFO] [stdout] 
[INFO] [stdout] test result: ok. 0 passed; 0 failed; 0 ignored; 0 measured; 0 filtered out; finished in 0.00s
[INFO] [stdout] 
[INFO] [stderr]      Running unittests src/main.rs (/opt/rustwide/target/debug/deps/pr_tracker_api-e394d5738eceb110)
[INFO] [stdout] 
[INFO] [stdout] running 0 tests
[INFO] [stdout] 
[INFO] [stdout] test result: ok. 0 passed; 0 failed; 0 ignored; 0 measured; 0 filtered out; finished in 0.00s
[INFO] [stdout] 
[INFO] [stderr]      Running tests/sd-notify.rs (/opt/rustwide/target/debug/deps/sd_notify-c3910c01a380a681)
[INFO] [stdout] 
[INFO] [stdout] running 1 test
[INFO] [stdout] test notifies ... FAILED
[INFO] [stdout] 
[INFO] [stdout] failures:
[INFO] [stdout] 
[INFO] [stdout] ---- notifies stdout ----
[INFO] [stdout] thread 'notifies' panicked at /opt/rustwide/workdir/crates/util/src/lib.rs:47:69:
[INFO] [stdout] called `Result::unwrap()` on an `Err` value: Os { code: 2, kind: NotFound, message: "No such file or directory" }
[INFO] [stdout] stack backtrace:
[INFO] [stdout]    0:     0x55c3c02ae81c - std::backtrace_rs::backtrace::libunwind::trace::ha637c64ce894333a
[INFO] [stdout]                                at /rustc/82e1608dfa6e0b5569232559e3d385fea5a93112/library/std/src/../../backtrace/src/backtrace/libunwind.rs:104:5
[INFO] [stdout]    1:     0x55c3c02ae81c - std::backtrace_rs::backtrace::trace_unsynchronized::h47f62dea28e0c88d
[INFO] [stdout]                                at /rustc/82e1608dfa6e0b5569232559e3d385fea5a93112/library/std/src/../../backtrace/src/backtrace/mod.rs:66:5
[INFO] [stdout]    2:     0x55c3c02ae81c - std::sys_common::backtrace::_print_fmt::h9eef0abe20ede486
[INFO] [stdout]                                at /rustc/82e1608dfa6e0b5569232559e3d385fea5a93112/library/std/src/sys_common/backtrace.rs:67:5
[INFO] [stdout]    3:     0x55c3c02ae81c - <std::sys_common::backtrace::_print::DisplayBacktrace as core::fmt::Display>::fmt::hed7f999df88cc644
[INFO] [stdout]                                at /rustc/82e1608dfa6e0b5569232559e3d385fea5a93112/library/std/src/sys_common/backtrace.rs:44:22
[INFO] [stdout]    4:     0x55c3c02de270 - core::fmt::rt::Argument::fmt::h1539a9308b8d058d
[INFO] [stdout]                                at /rustc/82e1608dfa6e0b5569232559e3d385fea5a93112/library/core/src/fmt/rt.rs:142:9
[INFO] [stdout]    5:     0x55c3c02de270 - core::fmt::write::h3a39390d8560d9c9
[INFO] [stdout]                                at /rustc/82e1608dfa6e0b5569232559e3d385fea5a93112/library/core/src/fmt/mod.rs:1120:17
[INFO] [stdout]    6:     0x55c3c02ab22f - std::io::Write::write_fmt::h040b369f3a0f9cbc
[INFO] [stdout]                                at /rustc/82e1608dfa6e0b5569232559e3d385fea5a93112/library/std/src/io/mod.rs:1762:15
[INFO] [stdout]    7:     0x55c3c02ae604 - std::sys_common::backtrace::_print::h894006fb5c6f3d45
[INFO] [stdout]                                at /rustc/82e1608dfa6e0b5569232559e3d385fea5a93112/library/std/src/sys_common/backtrace.rs:47:5
[INFO] [stdout]    8:     0x55c3c02ae604 - std::sys_common::backtrace::print::h23a2d212c6fff936
[INFO] [stdout]                                at /rustc/82e1608dfa6e0b5569232559e3d385fea5a93112/library/std/src/sys_common/backtrace.rs:34:9
[INFO] [stdout]    9:     0x55c3c02b08e7 - std::panicking::default_hook::{{closure}}::h8a1d2ee00185001a
[INFO] [stdout]   10:     0x55c3c02b05d3 - std::panicking::default_hook::h6038f2eba384e475
[INFO] [stdout]                                at /rustc/82e1608dfa6e0b5569232559e3d385fea5a93112/library/std/src/panicking.rs:289:9
[INFO] [stdout]   11:     0x55c3bff10337 - <alloc::boxed::Box<F,A> as core::ops::function::Fn<Args>>::call::h0ad024c9bdc6d768
[INFO] [stdout]                                at /rustc/82e1608dfa6e0b5569232559e3d385fea5a93112/library/alloc/src/boxed.rs:2021:9
[INFO] [stdout]   12:     0x55c3bff10337 - test::test_main::{{closure}}::h7500b54257359db6
[INFO] [stdout]                                at /rustc/82e1608dfa6e0b5569232559e3d385fea5a93112/library/test/src/lib.rs:138:21
[INFO] [stdout]   13:     0x55c3c02b0ef8 - <alloc::boxed::Box<F,A> as core::ops::function::Fn<Args>>::call::h1f8f335eaa9cfaee
[INFO] [stdout]                                at /rustc/82e1608dfa6e0b5569232559e3d385fea5a93112/library/alloc/src/boxed.rs:2021:9
[INFO] [stdout]   14:     0x55c3c02b0ef8 - std::panicking::rust_panic_with_hook::h2b5517d590cab22e
[INFO] [stdout]                                at /rustc/82e1608dfa6e0b5569232559e3d385fea5a93112/library/std/src/panicking.rs:783:13
[INFO] [stdout]   15:     0x55c3c02b0c4e - std::panicking::begin_panic_handler::{{closure}}::h233112c06e0ef43e
[INFO] [stdout]                                at /rustc/82e1608dfa6e0b5569232559e3d385fea5a93112/library/std/src/panicking.rs:657:13
[INFO] [stdout]   16:     0x55c3c02aece6 - std::sys_common::backtrace::__rust_end_short_backtrace::h6e893f24d7ebbff8
[INFO] [stdout]                                at /rustc/82e1608dfa6e0b5569232559e3d385fea5a93112/library/std/src/sys_common/backtrace.rs:170:18
[INFO] [stdout]   17:     0x55c3c02b09b2 - rust_begin_unwind
[INFO] [stdout]                                at /rustc/82e1608dfa6e0b5569232559e3d385fea5a93112/library/std/src/panicking.rs:645:5
[INFO] [stdout]   18:     0x55c3bfaa3ad5 - core::panicking::panic_fmt::hbf0e066aabfa482c
[INFO] [stdout]                                at /rustc/82e1608dfa6e0b5569232559e3d385fea5a93112/library/core/src/panicking.rs:72:14
[INFO] [stdout]   19:     0x55c3bfaa4103 - core::result::unwrap_failed::hddb4fea594200c52
[INFO] [stdout]                                at /rustc/82e1608dfa6e0b5569232559e3d385fea5a93112/library/core/src/result.rs:1653:5
[INFO] [stdout]   20:     0x55c3bfedc48b - core::result::Result<T,E>::unwrap::h58cbe6d854d461e6
[INFO] [stdout]                                at /rustc/82e1608dfa6e0b5569232559e3d385fea5a93112/library/core/src/result.rs:1077:23
[INFO] [stdout]   21:     0x55c3bfaae2d2 - util::DatabaseContext::init::{{closure}}::hf8a8678a1ec2cb5d
[INFO] [stdout]                                at /opt/rustwide/workdir/crates/util/src/lib.rs:47:22
[INFO] [stdout]   22:     0x55c3bfaaec19 - util::DatabaseContext::with::{{closure}}::h1733c4c89d042eda
[INFO] [stdout]                                at /opt/rustwide/workdir/crates/util/src/lib.rs:100:36
[INFO] [stdout]   23:     0x55c3bfaab499 - sd_notify::test_util::TestContext::with::{{closure}}::had044d996bb72f44
[INFO] [stdout]                                at /opt/rustwide/workdir/crates/api/tests/../test-util.rs:35:10
[INFO] [stdout]   24:     0x55c3bfab34a8 - sd_notify::notifies::{{closure}}::h6317ea6854e6b737
[INFO] [stdout]                                at /opt/rustwide/workdir/crates/api/tests/sd-notify.rs:26:6
[INFO] [stdout]   25:     0x55c3bfaaaee8 - <core::pin::Pin<P> as core::future::future::Future>::poll::hb08d91bfb95365ca
[INFO] [stdout]                                at /rustc/82e1608dfa6e0b5569232559e3d385fea5a93112/library/core/src/future/future.rs:125:9
[INFO] [stdout]   26:     0x55c3bfaaae8b - <core::pin::Pin<P> as core::future::future::Future>::poll::h60d4847c957461d2
[INFO] [stdout]                                at /rustc/82e1608dfa6e0b5569232559e3d385fea5a93112/library/core/src/future/future.rs:125:9
[INFO] [stdout]   27:     0x55c3bfaaaab4 - tokio::runtime::scheduler::current_thread::CoreGuard::block_on::{{closure}}::{{closure}}::{{closure}}::hb8599e6a36942c1e
[INFO] [stdout]                                at /opt/rustwide/cargo-home/registry/src/index.crates.io-6f17d22bba15001f/tokio-1.35.0/src/runtime/scheduler/current_thread/mod.rs:665:57
[INFO] [stdout]   28:     0x55c3bfaaa9ea - tokio::runtime::coop::with_budget::hfc4740f853661ec4
[INFO] [stdout]                                at /opt/rustwide/cargo-home/registry/src/index.crates.io-6f17d22bba15001f/tokio-1.35.0/src/runtime/coop.rs:107:5
[INFO] [stdout]   29:     0x55c3bfaaa9ea - tokio::runtime::coop::budget::h2c41f662b3188b84
[INFO] [stdout]                                at /opt/rustwide/cargo-home/registry/src/index.crates.io-6f17d22bba15001f/tokio-1.35.0/src/runtime/coop.rs:73:5
[INFO] [stdout]   30:     0x55c3bfaaa9ea - tokio::runtime::scheduler::current_thread::CoreGuard::block_on::{{closure}}::{{closure}}::h4b988913929ca678
[INFO] [stdout]                                at /opt/rustwide/cargo-home/registry/src/index.crates.io-6f17d22bba15001f/tokio-1.35.0/src/runtime/scheduler/current_thread/mod.rs:665:25
[INFO] [stdout]   31:     0x55c3bfaa936c - tokio::runtime::scheduler::current_thread::Context::enter::h003da0c3fd1a7908
[INFO] [stdout]                                at /opt/rustwide/cargo-home/registry/src/index.crates.io-6f17d22bba15001f/tokio-1.35.0/src/runtime/scheduler/current_thread/mod.rs:410:19
[INFO] [stdout]   32:     0x55c3bfaaa1de - tokio::runtime::scheduler::current_thread::CoreGuard::block_on::{{closure}}::hb21d91f9e4f4a632
[INFO] [stdout]                                at /opt/rustwide/cargo-home/registry/src/index.crates.io-6f17d22bba15001f/tokio-1.35.0/src/runtime/scheduler/current_thread/mod.rs:664:36
[INFO] [stdout]   33:     0x55c3bfaa9eeb - tokio::runtime::scheduler::current_thread::CoreGuard::enter::{{closure}}::hbe7ce37f220abba6
[INFO] [stdout]                                at /opt/rustwide/cargo-home/registry/src/index.crates.io-6f17d22bba15001f/tokio-1.35.0/src/runtime/scheduler/current_thread/mod.rs:743:68
[INFO] [stdout]   34:     0x55c3bfab05eb - tokio::runtime::context::scoped::Scoped<T>::set::h358d7188030ba979
[INFO] [stdout]                                at /opt/rustwide/cargo-home/registry/src/index.crates.io-6f17d22bba15001f/tokio-1.35.0/src/runtime/context/scoped.rs:40:9
[INFO] [stdout]   35:     0x55c3bfab0399 - tokio::runtime::context::set_scheduler::{{closure}}::h021d4f865b4ba7f6
[INFO] [stdout]                                at /opt/rustwide/cargo-home/registry/src/index.crates.io-6f17d22bba15001f/tokio-1.35.0/src/runtime/context.rs:176:26
[INFO] [stdout]   36:     0x55c3bfaa4dd6 - std::thread::local::LocalKey<T>::try_with::h721143f76750a7bb
[INFO] [stdout]                                at /rustc/82e1608dfa6e0b5569232559e3d385fea5a93112/library/std/src/thread/local.rs:270:16
[INFO] [stdout]   37:     0x55c3bfaa49ca - std::thread::local::LocalKey<T>::with::hfd5a3ab77fb8cba8
[INFO] [stdout]                                at /rustc/82e1608dfa6e0b5569232559e3d385fea5a93112/library/std/src/thread/local.rs:246:9
[INFO] [stdout]   38:     0x55c3bfab034d - tokio::runtime::context::set_scheduler::he18f6fccd4449a56
[INFO] [stdout]                                at /opt/rustwide/cargo-home/registry/src/index.crates.io-6f17d22bba15001f/tokio-1.35.0/src/runtime/context.rs:176:9
[INFO] [stdout]   39:     0x55c3bfaa9c80 - tokio::runtime::scheduler::current_thread::CoreGuard::enter::h2cfb8dabc3243123
[INFO] [stdout]                                at /opt/rustwide/cargo-home/registry/src/index.crates.io-6f17d22bba15001f/tokio-1.35.0/src/runtime/scheduler/current_thread/mod.rs:743:27
[INFO] [stdout]   40:     0x55c3bfaa9f1d - tokio::runtime::scheduler::current_thread::CoreGuard::block_on::h0f9a8ab97adca25f
[INFO] [stdout]                                at /opt/rustwide/cargo-home/registry/src/index.crates.io-6f17d22bba15001f/tokio-1.35.0/src/runtime/scheduler/current_thread/mod.rs:652:19
[INFO] [stdout]   41:     0x55c3bfaa8e4d - tokio::runtime::scheduler::current_thread::CurrentThread::block_on::{{closure}}::h616b0e1e0ee5e5ac
[INFO] [stdout]                                at /opt/rustwide/cargo-home/registry/src/index.crates.io-6f17d22bba15001f/tokio-1.35.0/src/runtime/scheduler/current_thread/mod.rs:175:28
[INFO] [stdout]   42:     0x55c3bfaa877a - tokio::runtime::context::runtime::enter_runtime::ha9d855f06be806aa
[INFO] [stdout]                                at /opt/rustwide/cargo-home/registry/src/index.crates.io-6f17d22bba15001f/tokio-1.35.0/src/runtime/context/runtime.rs:65:16
[INFO] [stdout]   43:     0x55c3bfaa8d60 - tokio::runtime::scheduler::current_thread::CurrentThread::block_on::h71dc2ab9e20f0d13
[INFO] [stdout]                                at /opt/rustwide/cargo-home/registry/src/index.crates.io-6f17d22bba15001f/tokio-1.35.0/src/runtime/scheduler/current_thread/mod.rs:167:9
[INFO] [stdout]   44:     0x55c3bfab092d - tokio::runtime::runtime::Runtime::block_on::h45b77d418e2512da
[INFO] [stdout]                                at /opt/rustwide/cargo-home/registry/src/index.crates.io-6f17d22bba15001f/tokio-1.35.0/src/runtime/runtime.rs:348:47
[INFO] [stdout]   45:     0x55c3bfab305c - sd_notify::notifies::h6742a263b064983b
[INFO] [stdout]                                at /opt/rustwide/workdir/crates/api/tests/sd-notify.rs:20:5
[INFO] [stdout]   46:     0x55c3bfab2ee7 - sd_notify::notifies::{{closure}}::hafd468bc79990450
[INFO] [stdout]                                at /opt/rustwide/workdir/crates/api/tests/sd-notify.rs:11:20
[INFO] [stdout]   47:     0x55c3bfaa55c6 - core::ops::function::FnOnce::call_once::hf3e6fad874622524
[INFO] [stdout]                                at /rustc/82e1608dfa6e0b5569232559e3d385fea5a93112/library/core/src/ops/function.rs:250:5
[INFO] [stdout]   48:     0x55c3bff1598f - core::ops::function::FnOnce::call_once::h2b5d431d5046312d
[INFO] [stdout]                                at /rustc/82e1608dfa6e0b5569232559e3d385fea5a93112/library/core/src/ops/function.rs:250:5
[INFO] [stdout]   49:     0x55c3bff1598f - test::__rust_begin_short_backtrace::h7714669af176e207
[INFO] [stdout]                                at /rustc/82e1608dfa6e0b5569232559e3d385fea5a93112/library/test/src/lib.rs:628:18
[INFO] [stdout]   50:     0x55c3bff149a5 - test::run_test_in_process::{{closure}}::h85218797dcbcec12
[INFO] [stdout]                                at /rustc/82e1608dfa6e0b5569232559e3d385fea5a93112/library/test/src/lib.rs:651:60
[INFO] [stdout]   51:     0x55c3bff149a5 - <core::panic::unwind_safe::AssertUnwindSafe<F> as core::ops::function::FnOnce<()>>::call_once::h76c106ea31c14d7b
[INFO] [stdout]                                at /rustc/82e1608dfa6e0b5569232559e3d385fea5a93112/library/core/src/panic/unwind_safe.rs:272:9
[INFO] [stdout]   52:     0x55c3bff149a5 - std::panicking::try::do_call::h3bd5d0f6620ee946
[INFO] [stdout]                                at /rustc/82e1608dfa6e0b5569232559e3d385fea5a93112/library/std/src/panicking.rs:552:40
[INFO] [stdout]   53:     0x55c3bff149a5 - std::panicking::try::h232e535e4744fe31
[INFO] [stdout]                                at /rustc/82e1608dfa6e0b5569232559e3d385fea5a93112/library/std/src/panicking.rs:516:19
[INFO] [stdout]   54:     0x55c3bff149a5 - std::panic::catch_unwind::h3ce3bd6ca8dbac68
[INFO] [stdout]                                at /rustc/82e1608dfa6e0b5569232559e3d385fea5a93112/library/std/src/panic.rs:142:14
[INFO] [stdout]   55:     0x55c3bff149a5 - test::run_test_in_process::hc97b257c9621286a
[INFO] [stdout]                                at /rustc/82e1608dfa6e0b5569232559e3d385fea5a93112/library/test/src/lib.rs:651:27
[INFO] [stdout]   56:     0x55c3bff149a5 - test::run_test::{{closure}}::h2aa798823a438d38
[INFO] [stdout]                                at /rustc/82e1608dfa6e0b5569232559e3d385fea5a93112/library/test/src/lib.rs:574:43
[INFO] [stdout]   57:     0x55c3bfedcc66 - test::run_test::{{closure}}::h87d231c78fb59832
[INFO] [stdout]                                at /rustc/82e1608dfa6e0b5569232559e3d385fea5a93112/library/test/src/lib.rs:602:41
[INFO] [stdout]   58:     0x55c3bfedcc66 - std::sys_common::backtrace::__rust_begin_short_backtrace::he6df152596625789
[INFO] [stdout]                                at /rustc/82e1608dfa6e0b5569232559e3d385fea5a93112/library/std/src/sys_common/backtrace.rs:154:18
[INFO] [stdout]   59:     0x55c3bfee1d17 - std::thread::Builder::spawn_unchecked_::{{closure}}::{{closure}}::ha94be15d1e0acf36
[INFO] [stdout]                                at /rustc/82e1608dfa6e0b5569232559e3d385fea5a93112/library/std/src/thread/mod.rs:529:17
[INFO] [stdout]   60:     0x55c3bfee1d17 - <core::panic::unwind_safe::AssertUnwindSafe<F> as core::ops::function::FnOnce<()>>::call_once::h9dc6bd6372f16606
[INFO] [stdout]                                at /rustc/82e1608dfa6e0b5569232559e3d385fea5a93112/library/core/src/panic/unwind_safe.rs:272:9
[INFO] [stdout]   61:     0x55c3bfee1d17 - std::panicking::try::do_call::h9057517f80303cd4
[INFO] [stdout]                                at /rustc/82e1608dfa6e0b5569232559e3d385fea5a93112/library/std/src/panicking.rs:552:40
[INFO] [stdout]   62:     0x55c3bfee1d17 - std::panicking::try::he3a30b11ee45340c
[INFO] [stdout]                                at /rustc/82e1608dfa6e0b5569232559e3d385fea5a93112/library/std/src/panicking.rs:516:19
[INFO] [stdout]   63:     0x55c3bfee1d17 - std::panic::catch_unwind::h410458cfd3528b8b
[INFO] [stdout]                                at /rustc/82e1608dfa6e0b5569232559e3d385fea5a93112/library/std/src/panic.rs:142:14
[INFO] [stdout]   64:     0x55c3bfee1d17 - std::thread::Builder::spawn_unchecked_::{{closure}}::h72ac3bdb567b737b
[INFO] [stdout]                                at /rustc/82e1608dfa6e0b5569232559e3d385fea5a93112/library/std/src/thread/mod.rs:528:30
[INFO] [stdout]   65:     0x55c3bfee1d17 - core::ops::function::FnOnce::call_once{{vtable.shim}}::h38f34da3654a8344
[INFO] [stdout]                                at /rustc/82e1608dfa6e0b5569232559e3d385fea5a93112/library/core/src/ops/function.rs:250:5
[INFO] [stdout]   66:     0x55c3c02b6885 - <alloc::boxed::Box<F,A> as core::ops::function::FnOnce<Args>>::call_once::hc7eafaff61e32df9
[INFO] [stdout]                                at /rustc/82e1608dfa6e0b5569232559e3d385fea5a93112/library/alloc/src/boxed.rs:2007:9
[INFO] [stdout]   67:     0x55c3c02b6885 - <alloc::boxed::Box<F,A> as core::ops::function::FnOnce<Args>>::call_once::h6ba4a5de48dd2304
[INFO] [stdout]                                at /rustc/82e1608dfa6e0b5569232559e3d385fea5a93112/library/alloc/src/boxed.rs:2007:9
[INFO] [stdout]   68:     0x55c3c02b6885 - std::sys::unix::thread::Thread::new::thread_start::he469335aef763e45
[INFO] [stdout]                                at /rustc/82e1608dfa6e0b5569232559e3d385fea5a93112/library/std/src/sys/unix/thread.rs:108:17
[INFO] [stdout]   69:     0x7fcce8a65ac3 - <unknown>
[INFO] [stdout]   70:     0x7fcce8af6bf4 - __clone
[INFO] [stdout]   71:                0x0 - <unknown>
[INFO] [stdout] 
[INFO] [stdout] 
[INFO] [stdout] failures:
[INFO] [stdout]     notifies
[INFO] [stdout] 
[INFO] [stdout] test result: FAILED. 0 passed; 1 failed; 0 ignored; 0 measured; 0 filtered out; finished in 0.06s
[INFO] [stdout] 
[INFO] [stderr] error: test failed, to rerun pass `-p pr-tracker-api --test sd-notify`
[INFO] running `Command { std: "docker" "inspect" "82e4400bb7ba22fe5b5aad0b5dba092e7479ff7ffa72c5c0555b45c3628b6130", kill_on_drop: false }`
[INFO] running `Command { std: "docker" "rm" "-f" "82e4400bb7ba22fe5b5aad0b5dba092e7479ff7ffa72c5c0555b45c3628b6130", kill_on_drop: false }`
[INFO] [stdout] 82e4400bb7ba22fe5b5aad0b5dba092e7479ff7ffa72c5c0555b45c3628b6130
[INFO] testing molybdenumsoftware/pr-tracker against beta-2023-12-22 for beta-1.76-1
[INFO] running `Command { std: "git" "clone" "/workspace/cache/git-repos/https%3A%2F%2Fgithub.com%2Fmolybdenumsoftware%2Fpr-tracker" "/workspace/builds/worker-5-tc2/source", kill_on_drop: false }`
[INFO] [stderr] Cloning into '/workspace/builds/worker-5-tc2/source'...
[INFO] [stderr] done.
[INFO] validating manifest of git repo https://github.com/molybdenumsoftware/pr-tracker on toolchain beta-2023-12-22
[INFO] running `Command { std: CARGO_HOME="/workspace/cargo-home" RUSTUP_HOME="/workspace/rustup-home" "/workspace/cargo-home/bin/cargo" "+beta-2023-12-22" "metadata" "--manifest-path" "Cargo.toml" "--no-deps", kill_on_drop: false }`
[INFO] started tweaking git repo https://github.com/molybdenumsoftware/pr-tracker
[INFO] finished tweaking git repo https://github.com/molybdenumsoftware/pr-tracker
[INFO] tweaked toml for git repo https://github.com/molybdenumsoftware/pr-tracker written to /workspace/builds/worker-5-tc2/source/Cargo.toml
[INFO] crate git repo https://github.com/molybdenumsoftware/pr-tracker already has a lockfile, it will not be regenerated
[INFO] running `Command { std: CARGO_HOME="/workspace/cargo-home" RUSTUP_HOME="/workspace/rustup-home" "/workspace/cargo-home/bin/cargo" "+beta-2023-12-22" "fetch" "--manifest-path" "Cargo.toml", kill_on_drop: false }`
[INFO] running `Command { std: "docker" "create" "-v" "/var/lib/crater-agent-workspace/builds/worker-5-tc2/target:/opt/rustwide/target:rw,Z" "-v" "/var/lib/crater-agent-workspace/builds/worker-5-tc2/source:/opt/rustwide/workdir:ro,Z" "-v" "/var/lib/crater-agent-workspace/cargo-home:/opt/rustwide/cargo-home:ro,Z" "-v" "/var/lib/crater-agent-workspace/rustup-home:/opt/rustwide/rustup-home:ro,Z" "-e" "SOURCE_DIR=/opt/rustwide/workdir" "-e" "CARGO_TARGET_DIR=/opt/rustwide/target" "-e" "CARGO_HOME=/opt/rustwide/cargo-home" "-e" "RUSTUP_HOME=/opt/rustwide/rustup-home" "-w" "/opt/rustwide/workdir" "-m" "1610612736" "--user" "0:0" "--network" "none" "ghcr.io/rust-lang/crates-build-env/linux@sha256:2788e3201cd34a07e3172128adcd8b3090168a8e3bcc40d7c032b9dda1df7d1c" "/opt/rustwide/cargo-home/bin/cargo" "+beta-2023-12-22" "metadata" "--no-deps" "--format-version=1", kill_on_drop: false }`
[INFO] [stdout] c7bff45852ca468a05747d80da3f515971836a7e0f5dba9303af8aba734d2e1d
[INFO] running `Command { std: "docker" "start" "-a" "c7bff45852ca468a05747d80da3f515971836a7e0f5dba9303af8aba734d2e1d", kill_on_drop: false }`
[INFO] running `Command { std: "docker" "inspect" "c7bff45852ca468a05747d80da3f515971836a7e0f5dba9303af8aba734d2e1d", kill_on_drop: false }`
[INFO] running `Command { std: "docker" "rm" "-f" "c7bff45852ca468a05747d80da3f515971836a7e0f5dba9303af8aba734d2e1d", kill_on_drop: false }`
[INFO] [stdout] c7bff45852ca468a05747d80da3f515971836a7e0f5dba9303af8aba734d2e1d
[INFO] running `Command { std: "docker" "create" "-v" "/var/lib/crater-agent-workspace/builds/worker-5-tc2/target:/opt/rustwide/target:rw,Z" "-v" "/var/lib/crater-agent-workspace/builds/worker-5-tc2/source:/opt/rustwide/workdir:ro,Z" "-v" "/var/lib/crater-agent-workspace/cargo-home:/opt/rustwide/cargo-home:ro,Z" "-v" "/var/lib/crater-agent-workspace/rustup-home:/opt/rustwide/rustup-home:ro,Z" "-e" "SOURCE_DIR=/opt/rustwide/workdir" "-e" "CARGO_TARGET_DIR=/opt/rustwide/target" "-e" "CARGO_INCREMENTAL=0" "-e" "RUST_BACKTRACE=full" "-e" "RUSTFLAGS=--cap-lints=warn" "-e" "RUSTDOCFLAGS=--cap-lints=warn" "-e" "CARGO_HOME=/opt/rustwide/cargo-home" "-e" "RUSTUP_HOME=/opt/rustwide/rustup-home" "-w" "/opt/rustwide/workdir" "-m" "1610612736" "--user" "0:0" "--network" "none" "ghcr.io/rust-lang/crates-build-env/linux@sha256:2788e3201cd34a07e3172128adcd8b3090168a8e3bcc40d7c032b9dda1df7d1c" "/opt/rustwide/cargo-home/bin/cargo" "+beta-2023-12-22" "build" "--frozen" "--message-format=json", kill_on_drop: false }`
[INFO] [stdout] a5a5b775d29214ae222be7ae7e552cde03b6323ec45d1d16cb064eab274f4975
[INFO] running `Command { std: "docker" "start" "-a" "a5a5b775d29214ae222be7ae7e552cde03b6323ec45d1d16cb064eab274f4975", kill_on_drop: false }`
[INFO] [stderr]    Compiling version_check v0.9.4
[INFO] [stderr]    Compiling proc-macro2 v1.0.70
[INFO] [stderr]    Compiling unicode-ident v1.0.12
[INFO] [stderr]    Compiling cfg-if v1.0.0
[INFO] [stderr]    Compiling libc v0.2.151
[INFO] [stderr]    Compiling autocfg v1.1.0
[INFO] [stderr]    Compiling futures-core v0.3.29
[INFO] [stderr]    Compiling once_cell v1.19.0
[INFO] [stderr]    Compiling pin-project-lite v0.2.13
[INFO] [stderr]    Compiling typenum v1.17.0
[INFO] [stderr]    Compiling memchr v2.6.4
[INFO] [stderr]    Compiling zerocopy v0.7.30
[INFO] [stderr]    Compiling allocator-api2 v0.2.16
[INFO] [stderr]    Compiling futures-channel v0.3.29
[INFO] [stderr]    Compiling bytes v1.5.0
[INFO] [stderr]    Compiling futures-task v0.3.29
[INFO] [stderr]    Compiling bitflags v2.4.1
[INFO] [stderr]    Compiling serde v1.0.193
[INFO] [stderr]    Compiling itoa v1.0.10
[INFO] [stderr]    Compiling pin-utils v0.1.0
[INFO] [stderr]    Compiling futures-io v0.3.29
[INFO] [stderr]    Compiling ahash v0.8.6
[INFO] [stderr]    Compiling generic-array v0.14.7
[INFO] [stderr]    Compiling subtle v2.5.0
[INFO] [stderr]    Compiling slab v0.4.9
[INFO] [stderr]    Compiling tracing-core v0.1.32
[INFO] [stderr]    Compiling equivalent v1.0.1
[INFO] [stderr]    Compiling smallvec v1.11.2
[INFO] [stderr]    Compiling untrusted v0.9.0
[INFO] [stderr]    Compiling parking_lot_core v0.9.9
[INFO] [stderr]    Compiling lock_api v0.4.11
[INFO] [stderr]    Compiling percent-encoding v2.3.1
[INFO] [stderr]    Compiling linux-raw-sys v0.4.12
[INFO] [stderr]    Compiling scopeguard v1.2.0
[INFO] [stderr]    Compiling futures-sink v0.3.29
[INFO] [stderr]    Compiling tinyvec_macros v0.1.1
[INFO] [stderr]    Compiling quote v1.0.33
[INFO] [stderr]    Compiling futures-util v0.3.29
[INFO] [stderr]    Compiling tinyvec v1.6.0
[INFO] [stderr]    Compiling cpufeatures v0.2.11
[INFO] [stderr]    Compiling serde_json v1.0.108
[INFO] [stderr]    Compiling syn v2.0.40
[INFO] [stderr]    Compiling ppv-lite86 v0.2.17
[INFO] [stderr]    Compiling num-traits v0.2.17
[INFO] [stderr]    Compiling proc-macro2-diagnostics v0.10.1
[INFO] [stderr]    Compiling log v0.4.20
[INFO] [stderr]    Compiling unicode-bidi v0.3.14
[INFO] [stderr]    Compiling getrandom v0.2.11
[INFO] [stderr]    Compiling socket2 v0.5.5
[INFO] [stderr]    Compiling signal-hook-registry v1.4.1
[INFO] [stderr]    Compiling mio v0.8.10
[INFO] [stderr]    Compiling num_cpus v1.16.0
[INFO] [stderr]    Compiling ryu v1.0.16
[INFO] [stderr]    Compiling crossbeam-utils v0.8.16
[INFO] [stderr]    Compiling rustls v0.21.10
[INFO] [stderr]    Compiling minimal-lexical v0.2.1
[INFO] [stderr]    Compiling unicode-normalization v0.1.22
[INFO] [stderr]    Compiling hashbrown v0.14.3
[INFO] [stderr]    Compiling nom v7.1.3
[INFO] [stderr]    Compiling yansi v1.0.0-rc.1
[INFO] [stderr]    Compiling paste v1.0.14
[INFO] [stderr]    Compiling crossbeam-queue v0.3.8
[INFO] [stderr]    Compiling spin v0.9.8
[INFO] [stderr]    Compiling thiserror v1.0.50
[INFO] [stderr]    Compiling unicode_categories v0.1.1
[INFO] [stderr]    Compiling cc v1.0.83
[INFO] [stderr]    Compiling idna v0.5.0
[INFO] [stderr]    Compiling form_urlencoded v1.2.1
[INFO] [stderr]    Compiling base64 v0.21.5
[INFO] [stderr]    Compiling crc-catalog v2.4.0
[INFO] [stderr]    Compiling rustix v0.38.28
[INFO] [stderr]    Compiling crc v3.0.1
[INFO] [stderr]    Compiling rand_core v0.6.4
[INFO] [stderr]    Compiling tokio v1.35.0
[INFO] [stderr]    Compiling rustls-pemfile v1.0.4
[INFO] [stderr]    Compiling block-buffer v0.10.4
[INFO] [stderr]    Compiling crypto-common v0.1.6
[INFO] [stderr]    Compiling url v2.5.0
[INFO] [stderr]    Compiling digest v0.10.7
[INFO] [stderr]    Compiling atoi v2.0.0
[INFO] [stderr]    Compiling hex v0.4.3
[INFO] [stderr]    Compiling dotenvy v0.15.7
[INFO] [stderr]    Compiling byteorder v1.5.0
[INFO] [stderr]    Compiling webpki-roots v0.25.3
[INFO] [stderr]    Compiling event-listener v2.5.3
[INFO] [stderr]    Compiling syn v1.0.109
[INFO] [stderr]    Compiling rand_chacha v0.3.1
[INFO] [stderr]    Compiling ring v0.17.7
[INFO] [stderr]    Compiling parking_lot v0.12.1
[INFO] [stderr]    Compiling fastrand v2.0.1
[INFO] [stderr]    Compiling finl_unicode v1.2.0
[INFO] [stderr]    Compiling indexmap v2.1.0
[INFO] [stderr]    Compiling fnv v1.0.7
[INFO] [stderr]    Compiling stringprep v0.1.4
[INFO] [stderr]    Compiling http v0.2.11
[INFO] [stderr]    Compiling futures-intrusive v0.5.0
[INFO] [stderr]    Compiling hashlink v0.8.4
[INFO] [stderr]    Compiling rand v0.8.5
[INFO] [stderr]    Compiling hmac v0.12.1
[INFO] [stderr]    Compiling sha2 v0.10.8
[INFO] [stderr]    Compiling home v0.5.5
[INFO] [stderr]    Compiling httparse v1.8.0
[INFO] [stderr]    Compiling whoami v1.4.1
[INFO] [stderr]    Compiling hkdf v0.12.3
[INFO] [stderr]    Compiling sha1 v0.10.6
[INFO] [stderr]    Compiling md-5 v0.10.6
[INFO] [stderr]    Compiling nix v0.27.1
[INFO] [stderr]    Compiling unicode-segmentation v1.10.1
[INFO] [stderr]    Compiling time-core v0.1.2
[INFO] [stderr]    Compiling try-lock v0.2.5
[INFO] [stderr]    Compiling powerfmt v0.2.0
[INFO] [stderr]    Compiling inlinable_string v0.1.15
[INFO] [stderr]    Compiling heck v0.4.1
[INFO] [stderr]    Compiling want v0.3.1
[INFO] [stderr]    Compiling deranged v0.3.10
[INFO] [stderr]    Compiling time-macros v0.2.15
[INFO] [stderr]    Compiling http-body v0.4.6
[INFO] [stderr]    Compiling cookie v0.18.0
[INFO] [stderr]    Compiling ref-cast v1.0.20
[INFO] [stderr]    Compiling camino v1.1.6
[INFO] [stderr]    Compiling httpdate v1.0.3
[INFO] [stderr]    Compiling tower-service v0.3.2
[INFO] [stderr]    Compiling uncased v0.9.9
[INFO] [stderr]    Compiling socket2 v0.4.10
[INFO] [stderr]    Compiling stable-pattern v0.1.0
[INFO] [stderr]    Compiling atomic-write-file v0.1.2
[INFO] [stderr]    Compiling is-terminal v0.4.9
[INFO] [stderr]    Compiling tempfile v3.8.1
[INFO] [stderr]    Compiling proc-macro-error-attr v1.0.4
[INFO] [stderr]    Compiling state v0.6.0
[INFO] [stderr]    Compiling winnow v0.5.28
[INFO] [stderr]    Compiling futures v0.3.29
[INFO] [stderr]    Compiling multer v2.1.0
[INFO] [stderr]    Compiling proc-macro-error v1.0.4
[INFO] [stderr]    Compiling figment v0.10.12
[INFO] [stderr]    Compiling async-trait v0.1.74
[INFO] [stderr]    Compiling rocket v0.5.0
[INFO] [stderr]    Compiling encoding_rs v0.8.33
[INFO] [stderr]    Compiling util v0.1.0 (/opt/rustwide/workdir/crates/util)
[INFO] [stderr]    Compiling unicode-xid v0.2.4
[INFO] [stderr]    Compiling mime v0.3.17
[INFO] [stderr]    Compiling fragile-child v1.0.0 (/opt/rustwide/workdir/crates/fragile-child)
[INFO] [stderr]    Compiling glob v0.3.1
[INFO] [stderr]    Compiling devise_core v0.4.1
[INFO] [stderr]    Compiling atomic v0.5.3
[INFO] [stderr]    Compiling binascii v0.1.4
[INFO] [stderr]    Compiling sd-notify v0.4.1
[INFO] [stderr]    Compiling tokio-stream v0.1.14
[INFO] [stderr]    Compiling time v0.3.30
[INFO] [stderr]    Compiling getset v0.1.2
[INFO] [stderr]    Compiling serde_derive v1.0.193
[INFO] [stderr]    Compiling tracing-attributes v0.1.27
[INFO] [stderr]    Compiling futures-macro v0.3.29
[INFO] [stderr]    Compiling tokio-macros v2.2.0
[INFO] [stderr]    Compiling thiserror-impl v1.0.50
[INFO] [stderr]    Compiling pear_codegen v0.2.7
[INFO] [stderr]    Compiling ref-cast-impl v1.0.20
[INFO] [stderr]    Compiling devise_codegen v0.4.1
[INFO] [stderr]    Compiling async-stream-impl v0.3.5
[INFO] [stderr]    Compiling derive_more-impl v1.0.0-beta.6
[INFO] [stderr]    Compiling async-stream v0.3.5
[INFO] [stderr]    Compiling pear v0.2.7
[INFO] [stderr]    Compiling devise v0.4.1
[INFO] [stderr]    Compiling rocket_db_pools_codegen v0.1.0
[INFO] [stderr]    Compiling rustls-webpki v0.101.7
[INFO] [stderr]    Compiling sct v0.7.1
[INFO] [stderr]    Compiling derive_more v1.0.0-beta.6
[INFO] [stderr]    Compiling tracing v0.1.40
[INFO] [stderr]    Compiling hyper v0.14.27
[INFO] [stderr]    Compiling futures-executor v0.3.29
[INFO] [stderr]    Compiling tokio-util v0.7.10
[INFO] [stderr]    Compiling either v1.9.0
[INFO] [stderr]    Compiling itertools v0.12.0
[INFO] [stderr]    Compiling serde_spanned v0.6.4
[INFO] [stderr]    Compiling toml_datetime v0.6.5
[INFO] [stderr]    Compiling rocket_http v0.5.0
[INFO] [stderr]    Compiling ubyte v0.10.4
[INFO] [stderr]    Compiling h2 v0.3.22
[INFO] [stderr]    Compiling toml_edit v0.21.0
[INFO] [stderr]    Compiling sqlformat v0.2.3
[INFO] [stderr]    Compiling rocket_codegen v0.5.0
[INFO] [stderr]    Compiling toml v0.8.8
[INFO] [stderr]    Compiling sqlx-core v0.7.3
[INFO] [stderr]    Compiling sqlx-postgres v0.7.3
[INFO] [stderr]    Compiling sqlx-macros-core v0.7.3
[INFO] [stderr]    Compiling sqlx-macros v0.7.3
[INFO] [stderr]    Compiling sqlx v0.7.3
[INFO] [stderr]    Compiling pr-tracker-store v0.1.0 (/opt/rustwide/workdir/crates/store)
[INFO] [stderr]    Compiling rocket_db_pools v0.1.0
[INFO] [stderr]    Compiling pr-tracker-api v0.1.0 (/opt/rustwide/workdir/crates/api)
[INFO] [stderr]     Finished dev [unoptimized + debuginfo] target(s) in 56.00s
[INFO] running `Command { std: "docker" "inspect" "a5a5b775d29214ae222be7ae7e552cde03b6323ec45d1d16cb064eab274f4975", kill_on_drop: false }`
[INFO] running `Command { std: "docker" "rm" "-f" "a5a5b775d29214ae222be7ae7e552cde03b6323ec45d1d16cb064eab274f4975", kill_on_drop: false }`
[INFO] [stdout] a5a5b775d29214ae222be7ae7e552cde03b6323ec45d1d16cb064eab274f4975
[INFO] running `Command { std: "docker" "create" "-v" "/var/lib/crater-agent-workspace/builds/worker-5-tc2/target:/opt/rustwide/target:rw,Z" "-v" "/var/lib/crater-agent-workspace/builds/worker-5-tc2/source:/opt/rustwide/workdir:ro,Z" "-v" "/var/lib/crater-agent-workspace/cargo-home:/opt/rustwide/cargo-home:ro,Z" "-v" "/var/lib/crater-agent-workspace/rustup-home:/opt/rustwide/rustup-home:ro,Z" "-e" "SOURCE_DIR=/opt/rustwide/workdir" "-e" "CARGO_TARGET_DIR=/opt/rustwide/target" "-e" "CARGO_INCREMENTAL=0" "-e" "RUST_BACKTRACE=full" "-e" "RUSTFLAGS=--cap-lints=warn" "-e" "RUSTDOCFLAGS=--cap-lints=warn" "-e" "CARGO_HOME=/opt/rustwide/cargo-home" "-e" "RUSTUP_HOME=/opt/rustwide/rustup-home" "-w" "/opt/rustwide/workdir" "-m" "1610612736" "--user" "0:0" "--network" "none" "ghcr.io/rust-lang/crates-build-env/linux@sha256:2788e3201cd34a07e3172128adcd8b3090168a8e3bcc40d7c032b9dda1df7d1c" "/opt/rustwide/cargo-home/bin/cargo" "+beta-2023-12-22" "test" "--frozen" "--no-run" "--message-format=json", kill_on_drop: false }`
[INFO] [stdout] 02ba05166a589f5313383d265ed98513e4d45ba783e6a0fc370032dcb082a08e
[INFO] running `Command { std: "docker" "start" "-a" "02ba05166a589f5313383d265ed98513e4d45ba783e6a0fc370032dcb082a08e", kill_on_drop: false }`
[INFO] [stderr]    Compiling pr-tracker-store v0.1.0 (/opt/rustwide/workdir/crates/store)
[INFO] [stderr]    Compiling util v0.1.0 (/opt/rustwide/workdir/crates/util)
[INFO] [stderr]    Compiling fragile-child v1.0.0 (/opt/rustwide/workdir/crates/fragile-child)
[INFO] [stderr]    Compiling pr-tracker-api v0.1.0 (/opt/rustwide/workdir/crates/api)
[INFO] [stderr]     Finished test [unoptimized + debuginfo] target(s) in 6.66s
[INFO] running `Command { std: "docker" "inspect" "02ba05166a589f5313383d265ed98513e4d45ba783e6a0fc370032dcb082a08e", kill_on_drop: false }`
[INFO] running `Command { std: "docker" "rm" "-f" "02ba05166a589f5313383d265ed98513e4d45ba783e6a0fc370032dcb082a08e", kill_on_drop: false }`
[INFO] [stdout] 02ba05166a589f5313383d265ed98513e4d45ba783e6a0fc370032dcb082a08e
[INFO] running `Command { std: "docker" "create" "-v" "/var/lib/crater-agent-workspace/builds/worker-5-tc2/target:/opt/rustwide/target:rw,Z" "-v" "/var/lib/crater-agent-workspace/builds/worker-5-tc2/source:/opt/rustwide/workdir:ro,Z" "-v" "/var/lib/crater-agent-workspace/cargo-home:/opt/rustwide/cargo-home:ro,Z" "-v" "/var/lib/crater-agent-workspace/rustup-home:/opt/rustwide/rustup-home:ro,Z" "-e" "SOURCE_DIR=/opt/rustwide/workdir" "-e" "CARGO_TARGET_DIR=/opt/rustwide/target" "-e" "CARGO_INCREMENTAL=0" "-e" "RUST_BACKTRACE=full" "-e" "RUSTFLAGS=--cap-lints=warn" "-e" "RUSTDOCFLAGS=--cap-lints=warn" "-e" "CARGO_HOME=/opt/rustwide/cargo-home" "-e" "RUSTUP_HOME=/opt/rustwide/rustup-home" "-w" "/opt/rustwide/workdir" "-m" "1610612736" "--user" "0:0" "--network" "none" "ghcr.io/rust-lang/crates-build-env/linux@sha256:2788e3201cd34a07e3172128adcd8b3090168a8e3bcc40d7c032b9dda1df7d1c" "/opt/rustwide/cargo-home/bin/cargo" "+beta-2023-12-22" "test" "--frozen", kill_on_drop: false }`
[INFO] [stdout] ae142c8e0da9f19e70444fcd8dbc91071aa3724f973677ceb8fdb42d92e27b17
[INFO] running `Command { std: "docker" "start" "-a" "ae142c8e0da9f19e70444fcd8dbc91071aa3724f973677ceb8fdb42d92e27b17", kill_on_drop: false }`
[INFO] [stderr]     Finished test [unoptimized + debuginfo] target(s) in 0.43s
[INFO] [stderr]      Running unittests src/lib.rs (/opt/rustwide/target/debug/deps/fragile_child-d415a962e793861e)
[INFO] [stdout] 
[INFO] [stdout] running 0 tests
[INFO] [stdout] 
[INFO] [stdout] test result: ok. 0 passed; 0 failed; 0 ignored; 0 measured; 0 filtered out; finished in 0.00s
[INFO] [stdout] 
[INFO] [stderr]      Running unittests src/lib.rs (/opt/rustwide/target/debug/deps/pr_tracker_api-6187c05ff2908123)
[INFO] [stdout] 
[INFO] [stdout] running 0 tests
[INFO] [stdout] 
[INFO] [stdout] test result: ok. 0 passed; 0 failed; 0 ignored; 0 measured; 0 filtered out; finished in 0.00s
[INFO] [stdout] 
[INFO] [stderr]      Running unittests src/main.rs (/opt/rustwide/target/debug/deps/pr_tracker_api-bad6de49fbc55b3a)
[INFO] [stdout] 
[INFO] [stdout] running 0 tests
[INFO] [stdout] 
[INFO] [stdout] test result: ok. 0 passed; 0 failed; 0 ignored; 0 measured; 0 filtered out; finished in 0.00s
[INFO] [stdout] 
[INFO] [stderr]      Running tests/sd-notify.rs (/opt/rustwide/target/debug/deps/sd_notify-94365dd021ff5a17)
[INFO] [stdout] 
[INFO] [stdout] running 1 test
[INFO] [stdout] test notifies ... FAILED
[INFO] [stdout] 
[INFO] [stdout] failures:
[INFO] [stdout] 
[INFO] [stdout] ---- notifies stdout ----
[INFO] [stdout] thread 'notifies' panicked at /opt/rustwide/workdir/crates/util/src/lib.rs:47:69:
[INFO] [stdout] called `Result::unwrap()` on an `Err` value: Os { code: 2, kind: NotFound, message: "No such file or directory" }
[INFO] [stdout] stack backtrace:
[INFO] [stdout]    0:     0x55eed015dc06 - std::backtrace_rs::backtrace::libunwind::trace::h261606ad26a499c1
[INFO] [stdout]                                at /rustc/0e09125c6c3c2fd70d7de961bcf0e51575235fad/library/std/src/../../backtrace/src/backtrace/libunwind.rs:104:5
[INFO] [stdout]    1:     0x55eed015dc06 - std::backtrace_rs::backtrace::trace_unsynchronized::hd183f0625477fb28
[INFO] [stdout]                                at /rustc/0e09125c6c3c2fd70d7de961bcf0e51575235fad/library/std/src/../../backtrace/src/backtrace/mod.rs:66:5
[INFO] [stdout]    2:     0x55eed015dc06 - std::sys_common::backtrace::_print_fmt::hd7f8fef21b4eda67
[INFO] [stdout]                                at /rustc/0e09125c6c3c2fd70d7de961bcf0e51575235fad/library/std/src/sys_common/backtrace.rs:68:5
[INFO] [stdout]    3:     0x55eed015dc06 - <std::sys_common::backtrace::_print::DisplayBacktrace as core::fmt::Display>::fmt::h623d9b51f2f453f1
[INFO] [stdout]                                at /rustc/0e09125c6c3c2fd70d7de961bcf0e51575235fad/library/std/src/sys_common/backtrace.rs:44:22
[INFO] [stdout]    4:     0x55eed018c960 - core::fmt::rt::Argument::fmt::h9f417ac76a86f368
[INFO] [stdout]                                at /rustc/0e09125c6c3c2fd70d7de961bcf0e51575235fad/library/core/src/fmt/rt.rs:142:9
[INFO] [stdout]    5:     0x55eed018c960 - core::fmt::write::hc9b6faf4ac2aeff7
[INFO] [stdout]                                at /rustc/0e09125c6c3c2fd70d7de961bcf0e51575235fad/library/core/src/fmt/mod.rs:1120:17
[INFO] [stdout]    6:     0x55eed015a5df - std::io::Write::write_fmt::he04625a3a989fec3
[INFO] [stdout]                                at /rustc/0e09125c6c3c2fd70d7de961bcf0e51575235fad/library/std/src/io/mod.rs:1810:15
[INFO] [stdout]    7:     0x55eed015d9e4 - std::sys_common::backtrace::_print::hd5d66399c7df88a2
[INFO] [stdout]                                at /rustc/0e09125c6c3c2fd70d7de961bcf0e51575235fad/library/std/src/sys_common/backtrace.rs:47:5
[INFO] [stdout]    8:     0x55eed015d9e4 - std::sys_common::backtrace::print::he81ed2da642d37e5
[INFO] [stdout]                                at /rustc/0e09125c6c3c2fd70d7de961bcf0e51575235fad/library/std/src/sys_common/backtrace.rs:34:9
[INFO] [stdout]    9:     0x55eed015fda7 - std::panicking::default_hook::{{closure}}::h85773f4fa117163d
[INFO] [stdout]   10:     0x55eed015fa8d - std::panicking::default_hook::h6a1694a91d09b278
[INFO] [stdout]                                at /rustc/0e09125c6c3c2fd70d7de961bcf0e51575235fad/library/std/src/panicking.rs:289:9
[INFO] [stdout]   11:     0x55eecfdb9317 - <alloc::boxed::Box<F,A> as core::ops::function::Fn<Args>>::call::h616ac37fa3cd6c8f
[INFO] [stdout]                                at /rustc/0e09125c6c3c2fd70d7de961bcf0e51575235fad/library/alloc/src/boxed.rs:2029:9
[INFO] [stdout]   12:     0x55eecfdb9317 - test::test_main::{{closure}}::h00d84697cefdcbb6
[INFO] [stdout]                                at /rustc/0e09125c6c3c2fd70d7de961bcf0e51575235fad/library/test/src/lib.rs:138:21
[INFO] [stdout]   13:     0x55eed01603c6 - <alloc::boxed::Box<F,A> as core::ops::function::Fn<Args>>::call::hcb3fe3b9bb537ba8
[INFO] [stdout]                                at /rustc/0e09125c6c3c2fd70d7de961bcf0e51575235fad/library/alloc/src/boxed.rs:2029:9
[INFO] [stdout]   14:     0x55eed01603c6 - std::panicking::rust_panic_with_hook::h0a7ad96e90f7145b
[INFO] [stdout]                                at /rustc/0e09125c6c3c2fd70d7de961bcf0e51575235fad/library/std/src/panicking.rs:783:13
[INFO] [stdout]   15:     0x55eed0160112 - std::panicking::begin_panic_handler::{{closure}}::h7919090525c6485e
[INFO] [stdout]                                at /rustc/0e09125c6c3c2fd70d7de961bcf0e51575235fad/library/std/src/panicking.rs:657:13
[INFO] [stdout]   16:     0x55eed015e106 - std::sys_common::backtrace::__rust_end_short_backtrace::hf3289479464f7dfe
[INFO] [stdout]                                at /rustc/0e09125c6c3c2fd70d7de961bcf0e51575235fad/library/std/src/sys_common/backtrace.rs:171:18
[INFO] [stdout]   17:     0x55eed015fe70 - rust_begin_unwind
[INFO] [stdout]                                at /rustc/0e09125c6c3c2fd70d7de961bcf0e51575235fad/library/std/src/panicking.rs:645:5
[INFO] [stdout]   18:     0x55eecf943ae5 - core::panicking::panic_fmt::hcc9f77c5c132af55
[INFO] [stdout]                                at /rustc/0e09125c6c3c2fd70d7de961bcf0e51575235fad/library/core/src/panicking.rs:72:14
[INFO] [stdout]   19:     0x55eecf944123 - core::result::unwrap_failed::hbe14f498be1452f9
[INFO] [stdout]                                at /rustc/0e09125c6c3c2fd70d7de961bcf0e51575235fad/library/core/src/result.rs:1649:5
[INFO] [stdout]   20:     0x55eecfd844cb - core::result::Result<T,E>::unwrap::h08e2e3ecebaf34f5
[INFO] [stdout]                                at /rustc/0e09125c6c3c2fd70d7de961bcf0e51575235fad/library/core/src/result.rs:1073:23
[INFO] [stdout]   21:     0x55eecf946c10 - util::DatabaseContext::init::{{closure}}::h48ffedeeb4380a0a
[INFO] [stdout]                                at /opt/rustwide/workdir/crates/util/src/lib.rs:47:22
[INFO] [stdout]   22:     0x55eecf947545 - util::DatabaseContext::with::{{closure}}::h3264b81fbfa9c288
[INFO] [stdout]                                at /opt/rustwide/workdir/crates/util/src/lib.rs:100:36
[INFO] [stdout]   23:     0x55eecf94c1d3 - sd_notify::test_util::TestContext::with::{{closure}}::h25ddc941380a6443
[INFO] [stdout]                                at /opt/rustwide/workdir/crates/api/tests/../test-util.rs:35:10
[INFO] [stdout]   24:     0x55eecf953492 - sd_notify::notifies::{{closure}}::h4ef6c37ae699b369
[INFO] [stdout]                                at /opt/rustwide/workdir/crates/api/tests/sd-notify.rs:26:6
[INFO] [stdout]   25:     0x55eecf94b508 - <core::pin::Pin<P> as core::future::future::Future>::poll::h3c3d23a94a74253b
[INFO] [stdout]                                at /rustc/0e09125c6c3c2fd70d7de961bcf0e51575235fad/library/core/src/future/future.rs:124:9
[INFO] [stdout]   26:     0x55eecf94b5bb - <core::pin::Pin<P> as core::future::future::Future>::poll::hb80fb2d5599b113a
[INFO] [stdout]                                at /rustc/0e09125c6c3c2fd70d7de961bcf0e51575235fad/library/core/src/future/future.rs:124:9
[INFO] [stdout]   27:     0x55eecf94aee4 - tokio::runtime::scheduler::current_thread::CoreGuard::block_on::{{closure}}::{{closure}}::{{closure}}::hd7f798cea7bf2832
[INFO] [stdout]                                at /opt/rustwide/cargo-home/registry/src/index.crates.io-6f17d22bba15001f/tokio-1.35.0/src/runtime/scheduler/current_thread/mod.rs:665:57
[INFO] [stdout]   28:     0x55eecf94ae0a - tokio::runtime::coop::with_budget::ha83825947689df0b
[INFO] [stdout]                                at /opt/rustwide/cargo-home/registry/src/index.crates.io-6f17d22bba15001f/tokio-1.35.0/src/runtime/coop.rs:107:5
[INFO] [stdout]   29:     0x55eecf94ae0a - tokio::runtime::coop::budget::hd3af2295d6d3496e
[INFO] [stdout]                                at /opt/rustwide/cargo-home/registry/src/index.crates.io-6f17d22bba15001f/tokio-1.35.0/src/runtime/coop.rs:73:5
[INFO] [stdout]   30:     0x55eecf94ae0a - tokio::runtime::scheduler::current_thread::CoreGuard::block_on::{{closure}}::{{closure}}::h8ce4f66c91057f0c
[INFO] [stdout]                                at /opt/rustwide/cargo-home/registry/src/index.crates.io-6f17d22bba15001f/tokio-1.35.0/src/runtime/scheduler/current_thread/mod.rs:665:25
[INFO] [stdout]   31:     0x55eecf949a9c - tokio::runtime::scheduler::current_thread::Context::enter::hff04028126b48245
[INFO] [stdout]                                at /opt/rustwide/cargo-home/registry/src/index.crates.io-6f17d22bba15001f/tokio-1.35.0/src/runtime/scheduler/current_thread/mod.rs:410:19
[INFO] [stdout]   32:     0x55eecf94a60e - tokio::runtime::scheduler::current_thread::CoreGuard::block_on::{{closure}}::hfae19c1d888f03ea
[INFO] [stdout]                                at /opt/rustwide/cargo-home/registry/src/index.crates.io-6f17d22bba15001f/tokio-1.35.0/src/runtime/scheduler/current_thread/mod.rs:664:36
[INFO] [stdout]   33:     0x55eecf94a31b - tokio::runtime::scheduler::current_thread::CoreGuard::enter::{{closure}}::h1076c72e8c6ada25
[INFO] [stdout]                                at /opt/rustwide/cargo-home/registry/src/index.crates.io-6f17d22bba15001f/tokio-1.35.0/src/runtime/scheduler/current_thread/mod.rs:743:68
[INFO] [stdout]   34:     0x55eecf95084b - tokio::runtime::context::scoped::Scoped<T>::set::hb78bafd0dd51c420
[INFO] [stdout]                                at /opt/rustwide/cargo-home/registry/src/index.crates.io-6f17d22bba15001f/tokio-1.35.0/src/runtime/context/scoped.rs:40:9
[INFO] [stdout]   35:     0x55eecf9505f9 - tokio::runtime::context::set_scheduler::{{closure}}::h0aaf85061d3533a7
[INFO] [stdout]                                at /opt/rustwide/cargo-home/registry/src/index.crates.io-6f17d22bba15001f/tokio-1.35.0/src/runtime/context.rs:176:26
[INFO] [stdout]   36:     0x55eecf944856 - std::thread::local::LocalKey<T>::try_with::h04ca36996ce0441e
[INFO] [stdout]                                at /rustc/0e09125c6c3c2fd70d7de961bcf0e51575235fad/library/std/src/thread/local.rs:270:16
[INFO] [stdout]   37:     0x55eecf94468a - std::thread::local::LocalKey<T>::with::hc50132421f420e9a
[INFO] [stdout]                                at /rustc/0e09125c6c3c2fd70d7de961bcf0e51575235fad/library/std/src/thread/local.rs:246:9
[INFO] [stdout]   38:     0x55eecf9505ad - tokio::runtime::context::set_scheduler::hb289fa011d64c3c1
[INFO] [stdout]                                at /opt/rustwide/cargo-home/registry/src/index.crates.io-6f17d22bba15001f/tokio-1.35.0/src/runtime/context.rs:176:9
[INFO] [stdout]   39:     0x55eecf94a0b0 - tokio::runtime::scheduler::current_thread::CoreGuard::enter::h399cda20aec4b16d
[INFO] [stdout]                                at /opt/rustwide/cargo-home/registry/src/index.crates.io-6f17d22bba15001f/tokio-1.35.0/src/runtime/scheduler/current_thread/mod.rs:743:27
[INFO] [stdout]   40:     0x55eecf94a34d - tokio::runtime::scheduler::current_thread::CoreGuard::block_on::h5f788b14cbfa70e0
[INFO] [stdout]                                at /opt/rustwide/cargo-home/registry/src/index.crates.io-6f17d22bba15001f/tokio-1.35.0/src/runtime/scheduler/current_thread/mod.rs:652:19
[INFO] [stdout]   41:     0x55eecf94927d - tokio::runtime::scheduler::current_thread::CurrentThread::block_on::{{closure}}::h20306547117b53a4
[INFO] [stdout]                                at /opt/rustwide/cargo-home/registry/src/index.crates.io-6f17d22bba15001f/tokio-1.35.0/src/runtime/scheduler/current_thread/mod.rs:175:28
[INFO] [stdout]   42:     0x55eecf950cca - tokio::runtime::context::runtime::enter_runtime::h0a8381ee59e8e5b5
[INFO] [stdout]                                at /opt/rustwide/cargo-home/registry/src/index.crates.io-6f17d22bba15001f/tokio-1.35.0/src/runtime/context/runtime.rs:65:16
[INFO] [stdout]   43:     0x55eecf94918e - tokio::runtime::scheduler::current_thread::CurrentThread::block_on::hc818f34eea73dcb1
[INFO] [stdout]                                at /opt/rustwide/cargo-home/registry/src/index.crates.io-6f17d22bba15001f/tokio-1.35.0/src/runtime/scheduler/current_thread/mod.rs:167:9
[INFO] [stdout]   44:     0x55eecf9511fd - tokio::runtime::runtime::Runtime::block_on::h8fe2eb785acba79c
[INFO] [stdout]                                at /opt/rustwide/cargo-home/registry/src/index.crates.io-6f17d22bba15001f/tokio-1.35.0/src/runtime/runtime.rs:348:47
[INFO] [stdout]   45:     0x55eecf95304c - sd_notify::notifies::h66d53783085dfbec
[INFO] [stdout]                                at /opt/rustwide/workdir/crates/api/tests/sd-notify.rs:20:5
[INFO] [stdout]   46:     0x55eecf952ed7 - sd_notify::notifies::{{closure}}::hfe78dc6781582fd0
[INFO] [stdout]                                at /opt/rustwide/workdir/crates/api/tests/sd-notify.rs:11:20
[INFO] [stdout]   47:     0x55eecf945396 - core::ops::function::FnOnce::call_once::h6d132e28ff867d5a
[INFO] [stdout]                                at /rustc/0e09125c6c3c2fd70d7de961bcf0e51575235fad/library/core/src/ops/function.rs:250:5
[INFO] [stdout]   48:     0x55eecfdbebef - core::ops::function::FnOnce::call_once::hd64d26f405258157
[INFO] [stdout]                                at /rustc/0e09125c6c3c2fd70d7de961bcf0e51575235fad/library/core/src/ops/function.rs:250:5
[INFO] [stdout]   49:     0x55eecfdbebef - test::__rust_begin_short_backtrace::he21b0b7a6d731bf9
[INFO] [stdout]                                at /rustc/0e09125c6c3c2fd70d7de961bcf0e51575235fad/library/test/src/lib.rs:627:18
[INFO] [stdout]   50:     0x55eecfdbd971 - test::run_test_in_process::{{closure}}::hf5c73986d7bdfde2
[INFO] [stdout]                                at /rustc/0e09125c6c3c2fd70d7de961bcf0e51575235fad/library/test/src/lib.rs:650:60
[INFO] [stdout]   51:     0x55eecfdbd971 - <core::panic::unwind_safe::AssertUnwindSafe<F> as core::ops::function::FnOnce<()>>::call_once::h330011ad032aadc0
[INFO] [stdout]                                at /rustc/0e09125c6c3c2fd70d7de961bcf0e51575235fad/library/core/src/panic/unwind_safe.rs:272:9
[INFO] [stdout]   52:     0x55eecfdbd971 - std::panicking::try::do_call::he61b0a958b795a41
[INFO] [stdout]                                at /rustc/0e09125c6c3c2fd70d7de961bcf0e51575235fad/library/std/src/panicking.rs:552:40
[INFO] [stdout]   53:     0x55eecfdbd971 - std::panicking::try::h7309da130f906eb7
[INFO] [stdout]                                at /rustc/0e09125c6c3c2fd70d7de961bcf0e51575235fad/library/std/src/panicking.rs:516:19
[INFO] [stdout]   54:     0x55eecfdbd971 - std::panic::catch_unwind::hc5c3a06fdaf0a92a
[INFO] [stdout]                                at /rustc/0e09125c6c3c2fd70d7de961bcf0e51575235fad/library/std/src/panic.rs:142:14
[INFO] [stdout]   55:     0x55eecfdbd971 - test::run_test_in_process::h7e7b7c71c3324e0f
[INFO] [stdout]                                at /rustc/0e09125c6c3c2fd70d7de961bcf0e51575235fad/library/test/src/lib.rs:650:27
[INFO] [stdout]   56:     0x55eecfdbd971 - test::run_test::{{closure}}::h1f509f28f5cf20b1
[INFO] [stdout]                                at /rustc/0e09125c6c3c2fd70d7de961bcf0e51575235fad/library/test/src/lib.rs:573:43
[INFO] [stdout]   57:     0x55eecfd84ca6 - test::run_test::{{closure}}::h1754218abf443f6d
[INFO] [stdout]                                at /rustc/0e09125c6c3c2fd70d7de961bcf0e51575235fad/library/test/src/lib.rs:601:41
[INFO] [stdout]   58:     0x55eecfd84ca6 - std::sys_common::backtrace::__rust_begin_short_backtrace::h2ee174b9d5954948
[INFO] [stdout]                                at /rustc/0e09125c6c3c2fd70d7de961bcf0e51575235fad/library/std/src/sys_common/backtrace.rs:155:18
[INFO] [stdout]   59:     0x55eecfd89d07 - std::thread::Builder::spawn_unchecked_::{{closure}}::{{closure}}::hf60bee9c1a17ef09
[INFO] [stdout]                                at /rustc/0e09125c6c3c2fd70d7de961bcf0e51575235fad/library/std/src/thread/mod.rs:529:17
[INFO] [stdout]   60:     0x55eecfd89d07 - <core::panic::unwind_safe::AssertUnwindSafe<F> as core::ops::function::FnOnce<()>>::call_once::h33d0dddec5216160
[INFO] [stdout]                                at /rustc/0e09125c6c3c2fd70d7de961bcf0e51575235fad/library/core/src/panic/unwind_safe.rs:272:9
[INFO] [stdout]   61:     0x55eecfd89d07 - std::panicking::try::do_call::h144b3048b546f835
[INFO] [stdout]                                at /rustc/0e09125c6c3c2fd70d7de961bcf0e51575235fad/library/std/src/panicking.rs:552:40
[INFO] [stdout]   62:     0x55eecfd89d07 - std::panicking::try::h978244d04646189f
[INFO] [stdout]                                at /rustc/0e09125c6c3c2fd70d7de961bcf0e51575235fad/library/std/src/panicking.rs:516:19
[INFO] [stdout]   63:     0x55eecfd89d07 - std::panic::catch_unwind::hdf436369d188fe86
[INFO] [stdout]                                at /rustc/0e09125c6c3c2fd70d7de961bcf0e51575235fad/library/std/src/panic.rs:142:14
[INFO] [stdout]   64:     0x55eecfd89d07 - std::thread::Builder::spawn_unchecked_::{{closure}}::h87329cbdd33c79ec
[INFO] [stdout]                                at /rustc/0e09125c6c3c2fd70d7de961bcf0e51575235fad/library/std/src/thread/mod.rs:528:30
[INFO] [stdout]   65:     0x55eecfd89d07 - core::ops::function::FnOnce::call_once{{vtable.shim}}::h401abbe67897d450
[INFO] [stdout]                                at /rustc/0e09125c6c3c2fd70d7de961bcf0e51575235fad/library/core/src/ops/function.rs:250:5
[INFO] [stdout]   66:     0x55eed0165d85 - <alloc::boxed::Box<F,A> as core::ops::function::FnOnce<Args>>::call_once::h5d7c8f150ab9c84c
[INFO] [stdout]                                at /rustc/0e09125c6c3c2fd70d7de961bcf0e51575235fad/library/alloc/src/boxed.rs:2015:9
[INFO] [stdout]   67:     0x55eed0165d85 - <alloc::boxed::Box<F,A> as core::ops::function::FnOnce<Args>>::call_once::h570d5b005c242c15
[INFO] [stdout]                                at /rustc/0e09125c6c3c2fd70d7de961bcf0e51575235fad/library/alloc/src/boxed.rs:2015:9
[INFO] [stdout]   68:     0x55eed0165d85 - std::sys::unix::thread::Thread::new::thread_start::h36b0a20c0b2361ad
[INFO] [stdout]                                at /rustc/0e09125c6c3c2fd70d7de961bcf0e51575235fad/library/std/src/sys/unix/thread.rs:108:17
[INFO] [stdout]   69:     0x7ff719e3eac3 - <unknown>
[INFO] [stdout]   70:     0x7ff719ecfbf4 - __clone
[INFO] [stdout]   71:                0x0 - <unknown>
[INFO] [stdout] 
[INFO] [stdout] 
[INFO] [stdout] failures:
[INFO] [stdout]     notifies
[INFO] [stdout] 
[INFO] [stdout] test result: FAILED. 0 passed; 1 failed; 0 ignored; 0 measured; 0 filtered out; finished in 0.04s
[INFO] [stdout] 
[INFO] [stderr] error: test failed, to rerun pass `-p pr-tracker-api --test sd-notify`
[INFO] running `Command { std: "docker" "inspect" "ae142c8e0da9f19e70444fcd8dbc91071aa3724f973677ceb8fdb42d92e27b17", kill_on_drop: false }`
[INFO] running `Command { std: "docker" "rm" "-f" "ae142c8e0da9f19e70444fcd8dbc91071aa3724f973677ceb8fdb42d92e27b17", kill_on_drop: false }`
[INFO] [stdout] ae142c8e0da9f19e70444fcd8dbc91071aa3724f973677ceb8fdb42d92e27b17
