[INFO] cloning repository https://github.com/mokomull/adventofcode_2022
[INFO] running `Command { std: "git" "-c" "credential.helper=" "-c" "credential.helper=/workspace/cargo-home/bin/git-credential-null" "clone" "--bare" "https://github.com/mokomull/adventofcode_2022" "/workspace/cache/git-repos/https%3A%2F%2Fgithub.com%2Fmokomull%2Fadventofcode_2022", kill_on_drop: false }`
[INFO] [stderr] Cloning into bare repository '/workspace/cache/git-repos/https%3A%2F%2Fgithub.com%2Fmokomull%2Fadventofcode_2022'...
[INFO] running `Command { std: "git" "rev-parse" "HEAD", kill_on_drop: false }`
[INFO] [stdout] 921edde77a6301ba4b143fb83c937829bccd7a2a
[INFO] testing mokomull/adventofcode_2022 against 1.75.0 for beta-1.76-1
[INFO] running `Command { std: "git" "clone" "/workspace/cache/git-repos/https%3A%2F%2Fgithub.com%2Fmokomull%2Fadventofcode_2022" "/workspace/builds/worker-6-tc1/source", kill_on_drop: false }`
[INFO] [stderr] Cloning into '/workspace/builds/worker-6-tc1/source'...
[INFO] [stderr] done.
[INFO] validating manifest of git repo https://github.com/mokomull/adventofcode_2022 on toolchain 1.75.0
[INFO] running `Command { std: CARGO_HOME="/workspace/cargo-home" RUSTUP_HOME="/workspace/rustup-home" "/workspace/cargo-home/bin/cargo" "+1.75.0" "metadata" "--manifest-path" "Cargo.toml" "--no-deps", kill_on_drop: false }`
[INFO] started tweaking git repo https://github.com/mokomull/adventofcode_2022
[INFO] finished tweaking git repo https://github.com/mokomull/adventofcode_2022
[INFO] tweaked toml for git repo https://github.com/mokomull/adventofcode_2022 written to /workspace/builds/worker-6-tc1/source/Cargo.toml
[INFO] crate git repo https://github.com/mokomull/adventofcode_2022 already has a lockfile, it will not be regenerated
[INFO] running `Command { std: CARGO_HOME="/workspace/cargo-home" RUSTUP_HOME="/workspace/rustup-home" "/workspace/cargo-home/bin/cargo" "+1.75.0" "fetch" "--manifest-path" "Cargo.toml", kill_on_drop: false }`
[INFO] [stderr] warning: virtual workspace defaulting to `resolver = "1"` despite one or more workspace members being on edition 2021 which implies `resolver = "2"`
[INFO] [stderr] note: to keep the current resolver, specify `workspace.resolver = "1"` in the workspace root's manifest
[INFO] [stderr] note: to use the edition 2021 resolver, specify `workspace.resolver = "2"` in the workspace root's manifest
[INFO] [stderr] note: for more details see https://doc.rust-lang.org/cargo/reference/resolver.html#resolver-versions
[INFO] [stderr]     Updating git repository `https://github.com/mokomull/adventofcode_2021`
[INFO] [stderr]     Updating git repository `https://github.com/mokomull/adventofcode_2020`
[INFO] running `Command { std: "docker" "create" "-v" "/var/lib/crater-agent-workspace/builds/worker-6-tc1/target:/opt/rustwide/target:rw,Z" "-v" "/var/lib/crater-agent-workspace/builds/worker-6-tc1/source:/opt/rustwide/workdir:ro,Z" "-v" "/var/lib/crater-agent-workspace/cargo-home:/opt/rustwide/cargo-home:ro,Z" "-v" "/var/lib/crater-agent-workspace/rustup-home:/opt/rustwide/rustup-home:ro,Z" "-e" "SOURCE_DIR=/opt/rustwide/workdir" "-e" "CARGO_TARGET_DIR=/opt/rustwide/target" "-e" "CARGO_HOME=/opt/rustwide/cargo-home" "-e" "RUSTUP_HOME=/opt/rustwide/rustup-home" "-w" "/opt/rustwide/workdir" "-m" "1610612736" "--user" "0:0" "--network" "none" "ghcr.io/rust-lang/crates-build-env/linux@sha256:2788e3201cd34a07e3172128adcd8b3090168a8e3bcc40d7c032b9dda1df7d1c" "/opt/rustwide/cargo-home/bin/cargo" "+1.75.0" "metadata" "--no-deps" "--format-version=1", kill_on_drop: false }`
[INFO] [stdout] 98dae0f8920a8873987483de18c81e4d142431f2fa280a269e9c4e618d31fd21
[INFO] running `Command { std: "docker" "start" "-a" "98dae0f8920a8873987483de18c81e4d142431f2fa280a269e9c4e618d31fd21", kill_on_drop: false }`
[INFO] running `Command { std: "docker" "inspect" "98dae0f8920a8873987483de18c81e4d142431f2fa280a269e9c4e618d31fd21", kill_on_drop: false }`
[INFO] running `Command { std: "docker" "rm" "-f" "98dae0f8920a8873987483de18c81e4d142431f2fa280a269e9c4e618d31fd21", kill_on_drop: false }`
[INFO] [stdout] 98dae0f8920a8873987483de18c81e4d142431f2fa280a269e9c4e618d31fd21
[INFO] running `Command { std: "docker" "create" "-v" "/var/lib/crater-agent-workspace/builds/worker-6-tc1/target:/opt/rustwide/target:rw,Z" "-v" "/var/lib/crater-agent-workspace/builds/worker-6-tc1/source:/opt/rustwide/workdir:ro,Z" "-v" "/var/lib/crater-agent-workspace/cargo-home:/opt/rustwide/cargo-home:ro,Z" "-v" "/var/lib/crater-agent-workspace/rustup-home:/opt/rustwide/rustup-home:ro,Z" "-e" "SOURCE_DIR=/opt/rustwide/workdir" "-e" "CARGO_TARGET_DIR=/opt/rustwide/target" "-e" "CARGO_INCREMENTAL=0" "-e" "RUST_BACKTRACE=full" "-e" "RUSTFLAGS=--cap-lints=warn" "-e" "RUSTDOCFLAGS=--cap-lints=warn" "-e" "CARGO_HOME=/opt/rustwide/cargo-home" "-e" "RUSTUP_HOME=/opt/rustwide/rustup-home" "-w" "/opt/rustwide/workdir" "-m" "1610612736" "--user" "0:0" "--network" "none" "ghcr.io/rust-lang/crates-build-env/linux@sha256:2788e3201cd34a07e3172128adcd8b3090168a8e3bcc40d7c032b9dda1df7d1c" "/opt/rustwide/cargo-home/bin/cargo" "+1.75.0" "build" "--frozen" "--message-format=json", kill_on_drop: false }`
[INFO] [stdout] 5edaca49cfba035fbbd08c2bfe339ff498bdae1044d4f94d26cdfdfd96cf2010
[INFO] running `Command { std: "docker" "start" "-a" "5edaca49cfba035fbbd08c2bfe339ff498bdae1044d4f94d26cdfdfd96cf2010", kill_on_drop: false }`
[INFO] [stderr] warning: virtual workspace defaulting to `resolver = "1"` despite one or more workspace members being on edition 2021 which implies `resolver = "2"`
[INFO] [stderr] note: to keep the current resolver, specify `workspace.resolver = "1"` in the workspace root's manifest
[INFO] [stderr] note: to use the edition 2021 resolver, specify `workspace.resolver = "2"` in the workspace root's manifest
[INFO] [stderr] note: for more details see https://doc.rust-lang.org/cargo/reference/resolver.html#resolver-versions
[INFO] [stderr]    Compiling log v0.4.17
[INFO] [stderr]    Compiling syn v1.0.105
[INFO] [stderr]    Compiling wasm-bindgen-shared v0.2.83
[INFO] [stderr]    Compiling once_cell v1.16.0
[INFO] [stderr]    Compiling bumpalo v3.11.1
[INFO] [stderr]    Compiling wasm-bindgen v0.2.83
[INFO] [stderr]    Compiling aho-corasick v0.7.20
[INFO] [stderr]    Compiling either v1.8.0
[INFO] [stderr]    Compiling minimal-lexical v0.2.1
[INFO] [stderr]    Compiling itertools v0.10.5
[INFO] [stderr]    Compiling indexmap v1.9.2
[INFO] [stderr]    Compiling hashbrown v0.12.3
[INFO] [stderr]    Compiling nom v7.1.1
[INFO] [stderr]    Compiling fixedbitset v0.4.2
[INFO] [stderr]    Compiling regex v1.7.0
[INFO] [stderr]    Compiling petgraph v0.6.2
[INFO] [stderr]    Compiling prelude v0.1.0 (https://github.com/mokomull/adventofcode_2020#eeb59be1)
[INFO] [stderr]    Compiling prelude v0.1.0 (https://github.com/mokomull/adventofcode_2021#c64dcc8c)
[INFO] [stderr]    Compiling wasm-bindgen-backend v0.2.83
[INFO] [stderr]    Compiling wasm-bindgen-macro-support v0.2.83
[INFO] [stderr]    Compiling wasm-bindgen-macro v0.2.83
[INFO] [stderr]    Compiling js-sys v0.3.60
[INFO] [stderr]    Compiling console_error_panic_hook v0.1.7
[INFO] [stderr]    Compiling web-sys v0.3.60
[INFO] [stderr]    Compiling console_log v0.2.0
[INFO] [stderr]    Compiling prelude v0.1.0 (/opt/rustwide/workdir/prelude)
[INFO] [stderr]    Compiling day_12 v0.1.0 (/opt/rustwide/workdir/day_12)
[INFO] [stderr]    Compiling day_17 v0.1.0 (/opt/rustwide/workdir/day_17)
[INFO] [stderr]    Compiling day_21 v0.1.0 (/opt/rustwide/workdir/day_21)
[INFO] [stderr]    Compiling day_07 v0.1.0 (/opt/rustwide/workdir/day_07)
[INFO] [stderr]    Compiling day_03 v0.1.0 (/opt/rustwide/workdir/day_03)
[INFO] [stdout] warning: unused import: `prelude::log::debug`
[INFO] [stdout]  --> day_17/src/lib.rs:5:5
[INFO] [stdout]   |
[INFO] [stdout] 5 | use prelude::log::debug;
[INFO] [stdout]   |     ^^^^^^^^^^^^^^^^^^^
[INFO] [stdout]   |
[INFO] [stdout]   = note: `#[warn(unused_imports)]` on by default
[INFO] [stdout] 
[INFO] [stdout] 
[INFO] [stderr]    Compiling day_01 v0.1.0 (/opt/rustwide/workdir/day_01)
[INFO] [stderr]    Compiling day_11 v0.1.0 (/opt/rustwide/workdir/day_11)
[INFO] [stderr]    Compiling day_13 v0.1.0 (/opt/rustwide/workdir/day_13)
[INFO] [stderr]    Compiling day_10 v0.1.0 (/opt/rustwide/workdir/day_10)
[INFO] [stderr]    Compiling day_09 v0.1.0 (/opt/rustwide/workdir/day_09)
[INFO] [stderr]    Compiling day_16 v0.1.0 (/opt/rustwide/workdir/day_16)
[INFO] [stderr]    Compiling day_05 v0.1.0 (/opt/rustwide/workdir/day_05)
[INFO] [stdout] warning: 1 warning emitted
[INFO] [stdout] 
[INFO] [stdout] 
[INFO] [stderr]    Compiling day_02 v0.1.0 (/opt/rustwide/workdir/day_02)
[INFO] [stderr]    Compiling day_18 v0.1.0 (/opt/rustwide/workdir/day_18)
[INFO] [stderr]    Compiling day_20 v0.1.0 (/opt/rustwide/workdir/day_20)
[INFO] [stderr]    Compiling day_23 v0.1.0 (/opt/rustwide/workdir/day_23)
[INFO] [stderr]    Compiling omnibus v0.1.0 (/opt/rustwide/workdir/omnibus)
[INFO] [stderr]     Finished dev [unoptimized + debuginfo] target(s) in 8.73s
[INFO] running `Command { std: "docker" "inspect" "5edaca49cfba035fbbd08c2bfe339ff498bdae1044d4f94d26cdfdfd96cf2010", kill_on_drop: false }`
[INFO] running `Command { std: "docker" "rm" "-f" "5edaca49cfba035fbbd08c2bfe339ff498bdae1044d4f94d26cdfdfd96cf2010", kill_on_drop: false }`
[INFO] [stdout] 5edaca49cfba035fbbd08c2bfe339ff498bdae1044d4f94d26cdfdfd96cf2010
[INFO] running `Command { std: "docker" "create" "-v" "/var/lib/crater-agent-workspace/builds/worker-6-tc1/target:/opt/rustwide/target:rw,Z" "-v" "/var/lib/crater-agent-workspace/builds/worker-6-tc1/source:/opt/rustwide/workdir:ro,Z" "-v" "/var/lib/crater-agent-workspace/cargo-home:/opt/rustwide/cargo-home:ro,Z" "-v" "/var/lib/crater-agent-workspace/rustup-home:/opt/rustwide/rustup-home:ro,Z" "-e" "SOURCE_DIR=/opt/rustwide/workdir" "-e" "CARGO_TARGET_DIR=/opt/rustwide/target" "-e" "CARGO_INCREMENTAL=0" "-e" "RUST_BACKTRACE=full" "-e" "RUSTFLAGS=--cap-lints=warn" "-e" "RUSTDOCFLAGS=--cap-lints=warn" "-e" "CARGO_HOME=/opt/rustwide/cargo-home" "-e" "RUSTUP_HOME=/opt/rustwide/rustup-home" "-w" "/opt/rustwide/workdir" "-m" "1610612736" "--user" "0:0" "--network" "none" "ghcr.io/rust-lang/crates-build-env/linux@sha256:2788e3201cd34a07e3172128adcd8b3090168a8e3bcc40d7c032b9dda1df7d1c" "/opt/rustwide/cargo-home/bin/cargo" "+1.75.0" "test" "--frozen" "--no-run" "--message-format=json", kill_on_drop: false }`
[INFO] [stdout] f417283913b78985c6a500947c5fe8414a1a2c9ac535e8bef61f6f71a8e232d9
[INFO] running `Command { std: "docker" "start" "-a" "f417283913b78985c6a500947c5fe8414a1a2c9ac535e8bef61f6f71a8e232d9", kill_on_drop: false }`
[INFO] [stderr] warning: virtual workspace defaulting to `resolver = "1"` despite one or more workspace members being on edition 2021 which implies `resolver = "2"`
[INFO] [stderr] note: to keep the current resolver, specify `workspace.resolver = "1"` in the workspace root's manifest
[INFO] [stderr] note: to use the edition 2021 resolver, specify `workspace.resolver = "2"` in the workspace root's manifest
[INFO] [stderr] note: for more details see https://doc.rust-lang.org/cargo/reference/resolver.html#resolver-versions
[INFO] [stderr]    Compiling prelude v0.1.0 (/opt/rustwide/workdir/prelude)
[INFO] [stdout] warning: unused import: `prelude::log::debug`
[INFO] [stdout]  --> day_17/src/lib.rs:5:5
[INFO] [stdout]   |
[INFO] [stdout] 5 | use prelude::log::debug;
[INFO] [stdout]   |     ^^^^^^^^^^^^^^^^^^^
[INFO] [stdout]   |
[INFO] [stdout]   = note: `#[warn(unused_imports)]` on by default
[INFO] [stdout] 
[INFO] [stdout] 
[INFO] [stdout] warning: 1 warning emitted
[INFO] [stdout] 
[INFO] [stdout] 
[INFO] [stderr]    Compiling omnibus v0.1.0 (/opt/rustwide/workdir/omnibus)
[INFO] [stderr]    Compiling day_13 v0.1.0 (/opt/rustwide/workdir/day_13)
[INFO] [stderr]    Compiling day_01 v0.1.0 (/opt/rustwide/workdir/day_01)
[INFO] [stderr]    Compiling day_17 v0.1.0 (/opt/rustwide/workdir/day_17)
[INFO] [stderr]    Compiling day_07 v0.1.0 (/opt/rustwide/workdir/day_07)
[INFO] [stderr]    Compiling day_23 v0.1.0 (/opt/rustwide/workdir/day_23)
[INFO] [stderr]    Compiling day_11 v0.1.0 (/opt/rustwide/workdir/day_11)
[INFO] [stdout] warning: unused import: `prelude::log::debug`
[INFO] [stdout]  --> day_17/src/lib.rs:5:5
[INFO] [stdout]   |
[INFO] [stdout] 5 | use prelude::log::debug;
[INFO] [stdout]   |     ^^^^^^^^^^^^^^^^^^^
[INFO] [stdout]   |
[INFO] [stdout]   = note: `#[warn(unused_imports)]` on by default
[INFO] [stdout] 
[INFO] [stdout] 
[INFO] [stderr]    Compiling day_02 v0.1.0 (/opt/rustwide/workdir/day_02)
[INFO] [stderr]    Compiling day_21 v0.1.0 (/opt/rustwide/workdir/day_21)
[INFO] [stderr]    Compiling day_20 v0.1.0 (/opt/rustwide/workdir/day_20)
[INFO] [stderr]    Compiling day_03 v0.1.0 (/opt/rustwide/workdir/day_03)
[INFO] [stdout] warning: 1 warning emitted
[INFO] [stdout] 
[INFO] [stdout] 
[INFO] [stderr]    Compiling day_12 v0.1.0 (/opt/rustwide/workdir/day_12)
[INFO] [stderr]    Compiling day_16 v0.1.0 (/opt/rustwide/workdir/day_16)
[INFO] [stderr]    Compiling day_05 v0.1.0 (/opt/rustwide/workdir/day_05)
[INFO] [stderr]    Compiling day_10 v0.1.0 (/opt/rustwide/workdir/day_10)
[INFO] [stderr]    Compiling day_18 v0.1.0 (/opt/rustwide/workdir/day_18)
[INFO] [stderr]    Compiling day_09 v0.1.0 (/opt/rustwide/workdir/day_09)
[INFO] [stderr]     Finished test [unoptimized + debuginfo] target(s) in 0.86s
[INFO] running `Command { std: "docker" "inspect" "f417283913b78985c6a500947c5fe8414a1a2c9ac535e8bef61f6f71a8e232d9", kill_on_drop: false }`
[INFO] running `Command { std: "docker" "rm" "-f" "f417283913b78985c6a500947c5fe8414a1a2c9ac535e8bef61f6f71a8e232d9", kill_on_drop: false }`
[INFO] [stdout] f417283913b78985c6a500947c5fe8414a1a2c9ac535e8bef61f6f71a8e232d9
[INFO] running `Command { std: "docker" "create" "-v" "/var/lib/crater-agent-workspace/builds/worker-6-tc1/target:/opt/rustwide/target:rw,Z" "-v" "/var/lib/crater-agent-workspace/builds/worker-6-tc1/source:/opt/rustwide/workdir:ro,Z" "-v" "/var/lib/crater-agent-workspace/cargo-home:/opt/rustwide/cargo-home:ro,Z" "-v" "/var/lib/crater-agent-workspace/rustup-home:/opt/rustwide/rustup-home:ro,Z" "-e" "SOURCE_DIR=/opt/rustwide/workdir" "-e" "CARGO_TARGET_DIR=/opt/rustwide/target" "-e" "CARGO_INCREMENTAL=0" "-e" "RUST_BACKTRACE=full" "-e" "RUSTFLAGS=--cap-lints=warn" "-e" "RUSTDOCFLAGS=--cap-lints=warn" "-e" "CARGO_HOME=/opt/rustwide/cargo-home" "-e" "RUSTUP_HOME=/opt/rustwide/rustup-home" "-w" "/opt/rustwide/workdir" "-m" "1610612736" "--user" "0:0" "--network" "none" "ghcr.io/rust-lang/crates-build-env/linux@sha256:2788e3201cd34a07e3172128adcd8b3090168a8e3bcc40d7c032b9dda1df7d1c" "/opt/rustwide/cargo-home/bin/cargo" "+1.75.0" "test" "--frozen", kill_on_drop: false }`
[INFO] [stdout] 20d1de381f37359d53f998b71b467c835b77a00d4acf1d92bc520652ffa64530
[INFO] running `Command { std: "docker" "start" "-a" "20d1de381f37359d53f998b71b467c835b77a00d4acf1d92bc520652ffa64530", kill_on_drop: false }`
[INFO] [stderr] warning: virtual workspace defaulting to `resolver = "1"` despite one or more workspace members being on edition 2021 which implies `resolver = "2"`
[INFO] [stderr] note: to keep the current resolver, specify `workspace.resolver = "1"` in the workspace root's manifest
[INFO] [stderr] note: to use the edition 2021 resolver, specify `workspace.resolver = "2"` in the workspace root's manifest
[INFO] [stderr] note: for more details see https://doc.rust-lang.org/cargo/reference/resolver.html#resolver-versions
[INFO] [stderr] warning: unused import: `prelude::log::debug`
[INFO] [stderr]  --> day_17/src/lib.rs:5:5
[INFO] [stderr]   |
[INFO] [stderr] 5 | use prelude::log::debug;
[INFO] [stderr]   |     ^^^^^^^^^^^^^^^^^^^
[INFO] [stderr]   |
[INFO] [stderr]   = note: `#[warn(unused_imports)]` on by default
[INFO] [stderr] 
[INFO] [stderr] warning: `day_17` (lib) generated 1 warning (run `cargo fix --lib -p day_17` to apply 1 suggestion)
[INFO] [stderr] warning: `day_17` (lib test) generated 1 warning (1 duplicate)
[INFO] [stderr]     Finished test [unoptimized + debuginfo] target(s) in 0.04s
[INFO] [stderr]      Running unittests src/lib.rs (/opt/rustwide/target/debug/deps/day_01-91d09b0726277b8e)
[INFO] [stdout] 
[INFO] [stdout] running 0 tests
[INFO] [stdout] 
[INFO] [stdout] test result: ok. 0 passed; 0 failed; 0 ignored; 0 measured; 0 filtered out; finished in 0.00s
[INFO] [stdout] 
[INFO] [stderr]      Running unittests src/lib.rs (/opt/rustwide/target/debug/deps/day_02-8badd5ab789ba937)
[INFO] [stdout] 
[INFO] [stdout] running 0 tests
[INFO] [stdout] 
[INFO] [stdout] test result: ok. 0 passed; 0 failed; 0 ignored; 0 measured; 0 filtered out; finished in 0.00s
[INFO] [stdout] 
[INFO] [stderr]      Running unittests src/lib.rs (/opt/rustwide/target/debug/deps/day_03-0addb8048e7d79a0)
[INFO] [stdout] 
[INFO] [stdout] running 0 tests
[INFO] [stdout] 
[INFO] [stdout] test result: ok. 0 passed; 0 failed; 0 ignored; 0 measured; 0 filtered out; finished in 0.00s
[INFO] [stdout] 
[INFO] [stderr]      Running unittests src/lib.rs (/opt/rustwide/target/debug/deps/day_05-157d8dd8e0f7a622)
[INFO] [stdout] 
[INFO] [stdout] running 0 tests
[INFO] [stdout] 
[INFO] [stdout] test result: ok. 0 passed; 0 failed; 0 ignored; 0 measured; 0 filtered out; finished in 0.00s
[INFO] [stdout] 
[INFO] [stderr]      Running unittests src/lib.rs (/opt/rustwide/target/debug/deps/day_07-5b8c3efa175ea59d)
[INFO] [stdout] 
[INFO] [stdout] running 0 tests
[INFO] [stdout] 
[INFO] [stdout] test result: ok. 0 passed; 0 failed; 0 ignored; 0 measured; 0 filtered out; finished in 0.00s
[INFO] [stdout] 
[INFO] [stderr]      Running unittests src/lib.rs (/opt/rustwide/target/debug/deps/day_09-a92260f1a4906d39)
[INFO] [stdout] 
[INFO] [stdout] running 0 tests
[INFO] [stdout] 
[INFO] [stdout] test result: ok. 0 passed; 0 failed; 0 ignored; 0 measured; 0 filtered out; finished in 0.00s
[INFO] [stdout] 
[INFO] [stderr]      Running unittests src/lib.rs (/opt/rustwide/target/debug/deps/day_10-24459838ad610e3f)
[INFO] [stdout] 
[INFO] [stdout] running 0 tests
[INFO] [stdout] 
[INFO] [stdout] test result: ok. 0 passed; 0 failed; 0 ignored; 0 measured; 0 filtered out; finished in 0.00s
[INFO] [stdout] 
[INFO] [stderr]      Running unittests src/lib.rs (/opt/rustwide/target/debug/deps/day_11-f9fdf9ea64fd9a84)
[INFO] [stdout] 
[INFO] [stdout] running 0 tests
[INFO] [stdout] 
[INFO] [stdout] test result: ok. 0 passed; 0 failed; 0 ignored; 0 measured; 0 filtered out; finished in 0.00s
[INFO] [stdout] 
[INFO] [stderr]      Running unittests src/lib.rs (/opt/rustwide/target/debug/deps/day_12-e1f9b7c3369ef200)
[INFO] [stdout] 
[INFO] [stdout] running 0 tests
[INFO] [stdout] 
[INFO] [stdout] test result: ok. 0 passed; 0 failed; 0 ignored; 0 measured; 0 filtered out; finished in 0.00s
[INFO] [stdout] 
[INFO] [stderr]      Running unittests src/lib.rs (/opt/rustwide/target/debug/deps/day_13-5c6a8aedde9b443f)
[INFO] [stdout] 
[INFO] [stdout] running 0 tests
[INFO] [stdout] 
[INFO] [stdout] test result: ok. 0 passed; 0 failed; 0 ignored; 0 measured; 0 filtered out; finished in 0.00s
[INFO] [stdout] 
[INFO] [stderr]      Running unittests src/lib.rs (/opt/rustwide/target/debug/deps/day_16-648e0712acf999b3)
[INFO] [stdout] 
[INFO] [stdout] running 0 tests
[INFO] [stdout] 
[INFO] [stdout] test result: ok. 0 passed; 0 failed; 0 ignored; 0 measured; 0 filtered out; finished in 0.00s
[INFO] [stdout] 
[INFO] [stderr]      Running unittests src/lib.rs (/opt/rustwide/target/debug/deps/day_17-7b0a0f20d3fdf20b)
[INFO] [stdout] 
[INFO] [stdout] running 0 tests
[INFO] [stdout] 
[INFO] [stdout] test result: ok. 0 passed; 0 failed; 0 ignored; 0 measured; 0 filtered out; finished in 0.00s
[INFO] [stdout] 
[INFO] [stderr]      Running unittests src/lib.rs (/opt/rustwide/target/debug/deps/day_18-80b65e28f6ebad29)
[INFO] [stdout] 
[INFO] [stdout] running 0 tests
[INFO] [stdout] 
[INFO] [stdout] test result: ok. 0 passed; 0 failed; 0 ignored; 0 measured; 0 filtered out; finished in 0.00s
[INFO] [stdout] 
[INFO] [stderr]      Running unittests src/lib.rs (/opt/rustwide/target/debug/deps/day_20-356e058cfcb62e4a)
[INFO] [stdout] 
[INFO] [stdout] running 2 tests
[INFO] [stderr] panicked at /opt/rustwide/cargo-home/registry/src/index.crates.io-6f17d22bba15001f/wasm-bindgen-0.2.83/src/lib.rs:984:1:
[INFO] [stderr] function not implemented on non-wasm32 targets
[INFO] [stdout] test test::example ... FAILED
[INFO] [stderr] panicked at /opt/rustwide/cargo-home/registry/src/index.crates.io-6f17d22bba15001f/wasm-bindgen-0.2.83/src/lib.rs:984:1:
[INFO] [stderr] function not implemented on non-wasm32 targets
[INFO] [stdout] test test::real_data ... FAILED
[INFO] [stdout] 
[INFO] [stdout] failures:
[INFO] [stdout] 
[INFO] [stdout] failures:
[INFO] [stdout]     test::example
[INFO] [stdout]     test::real_data
[INFO] [stdout] 
[INFO] [stdout] test result: FAILED. 0 passed; 2 failed; 0 ignored; 0 measured; 0 filtered out; finished in 0.00s
[INFO] [stdout] 
[INFO] [stderr] error: test failed, to rerun pass `-p day_20 --lib`
[INFO] running `Command { std: "docker" "inspect" "20d1de381f37359d53f998b71b467c835b77a00d4acf1d92bc520652ffa64530", kill_on_drop: false }`
[INFO] running `Command { std: "docker" "rm" "-f" "20d1de381f37359d53f998b71b467c835b77a00d4acf1d92bc520652ffa64530", kill_on_drop: false }`
[INFO] [stdout] 20d1de381f37359d53f998b71b467c835b77a00d4acf1d92bc520652ffa64530
[INFO] testing mokomull/adventofcode_2022 against beta-2023-12-22 for beta-1.76-1
[INFO] running `Command { std: "git" "clone" "/workspace/cache/git-repos/https%3A%2F%2Fgithub.com%2Fmokomull%2Fadventofcode_2022" "/workspace/builds/worker-6-tc2/source", kill_on_drop: false }`
[INFO] [stderr] Cloning into '/workspace/builds/worker-6-tc2/source'...
[INFO] [stderr] done.
[INFO] validating manifest of git repo https://github.com/mokomull/adventofcode_2022 on toolchain beta-2023-12-22
[INFO] running `Command { std: CARGO_HOME="/workspace/cargo-home" RUSTUP_HOME="/workspace/rustup-home" "/workspace/cargo-home/bin/cargo" "+beta-2023-12-22" "metadata" "--manifest-path" "Cargo.toml" "--no-deps", kill_on_drop: false }`
[INFO] started tweaking git repo https://github.com/mokomull/adventofcode_2022
[INFO] finished tweaking git repo https://github.com/mokomull/adventofcode_2022
[INFO] tweaked toml for git repo https://github.com/mokomull/adventofcode_2022 written to /workspace/builds/worker-6-tc2/source/Cargo.toml
[INFO] crate git repo https://github.com/mokomull/adventofcode_2022 already has a lockfile, it will not be regenerated
[INFO] running `Command { std: CARGO_HOME="/workspace/cargo-home" RUSTUP_HOME="/workspace/rustup-home" "/workspace/cargo-home/bin/cargo" "+beta-2023-12-22" "fetch" "--manifest-path" "Cargo.toml", kill_on_drop: false }`
[INFO] [stderr] warning: virtual workspace defaulting to `resolver = "1"` despite one or more workspace members being on edition 2021 which implies `resolver = "2"`
[INFO] [stderr] note: to keep the current resolver, specify `workspace.resolver = "1"` in the workspace root's manifest
[INFO] [stderr] note: to use the edition 2021 resolver, specify `workspace.resolver = "2"` in the workspace root's manifest
[INFO] [stderr] note: for more details see https://doc.rust-lang.org/cargo/reference/resolver.html#resolver-versions
[INFO] running `Command { std: "docker" "create" "-v" "/var/lib/crater-agent-workspace/builds/worker-6-tc2/target:/opt/rustwide/target:rw,Z" "-v" "/var/lib/crater-agent-workspace/builds/worker-6-tc2/source:/opt/rustwide/workdir:ro,Z" "-v" "/var/lib/crater-agent-workspace/cargo-home:/opt/rustwide/cargo-home:ro,Z" "-v" "/var/lib/crater-agent-workspace/rustup-home:/opt/rustwide/rustup-home:ro,Z" "-e" "SOURCE_DIR=/opt/rustwide/workdir" "-e" "CARGO_TARGET_DIR=/opt/rustwide/target" "-e" "CARGO_HOME=/opt/rustwide/cargo-home" "-e" "RUSTUP_HOME=/opt/rustwide/rustup-home" "-w" "/opt/rustwide/workdir" "-m" "1610612736" "--user" "0:0" "--network" "none" "ghcr.io/rust-lang/crates-build-env/linux@sha256:2788e3201cd34a07e3172128adcd8b3090168a8e3bcc40d7c032b9dda1df7d1c" "/opt/rustwide/cargo-home/bin/cargo" "+beta-2023-12-22" "metadata" "--no-deps" "--format-version=1", kill_on_drop: false }`
[INFO] [stdout] fad754f89a0de103995c832d65564ee88e42aa720df65beb3ce2fe30cb528e81
[INFO] running `Command { std: "docker" "start" "-a" "fad754f89a0de103995c832d65564ee88e42aa720df65beb3ce2fe30cb528e81", kill_on_drop: false }`
[INFO] running `Command { std: "docker" "inspect" "fad754f89a0de103995c832d65564ee88e42aa720df65beb3ce2fe30cb528e81", kill_on_drop: false }`
[INFO] running `Command { std: "docker" "rm" "-f" "fad754f89a0de103995c832d65564ee88e42aa720df65beb3ce2fe30cb528e81", kill_on_drop: false }`
[INFO] [stdout] fad754f89a0de103995c832d65564ee88e42aa720df65beb3ce2fe30cb528e81
[INFO] running `Command { std: "docker" "create" "-v" "/var/lib/crater-agent-workspace/builds/worker-6-tc2/target:/opt/rustwide/target:rw,Z" "-v" "/var/lib/crater-agent-workspace/builds/worker-6-tc2/source:/opt/rustwide/workdir:ro,Z" "-v" "/var/lib/crater-agent-workspace/cargo-home:/opt/rustwide/cargo-home:ro,Z" "-v" "/var/lib/crater-agent-workspace/rustup-home:/opt/rustwide/rustup-home:ro,Z" "-e" "SOURCE_DIR=/opt/rustwide/workdir" "-e" "CARGO_TARGET_DIR=/opt/rustwide/target" "-e" "CARGO_INCREMENTAL=0" "-e" "RUST_BACKTRACE=full" "-e" "RUSTFLAGS=--cap-lints=warn" "-e" "RUSTDOCFLAGS=--cap-lints=warn" "-e" "CARGO_HOME=/opt/rustwide/cargo-home" "-e" "RUSTUP_HOME=/opt/rustwide/rustup-home" "-w" "/opt/rustwide/workdir" "-m" "1610612736" "--user" "0:0" "--network" "none" "ghcr.io/rust-lang/crates-build-env/linux@sha256:2788e3201cd34a07e3172128adcd8b3090168a8e3bcc40d7c032b9dda1df7d1c" "/opt/rustwide/cargo-home/bin/cargo" "+beta-2023-12-22" "build" "--frozen" "--message-format=json", kill_on_drop: false }`
[INFO] [stdout] d84f328dc692ec56a968be2491be65f0b2ee4dc0b8a1d7d36e63fe75427e948a
[INFO] running `Command { std: "docker" "start" "-a" "d84f328dc692ec56a968be2491be65f0b2ee4dc0b8a1d7d36e63fe75427e948a", kill_on_drop: false }`
[INFO] [stderr] warning: virtual workspace defaulting to `resolver = "1"` despite one or more workspace members being on edition 2021 which implies `resolver = "2"`
[INFO] [stderr] note: to keep the current resolver, specify `workspace.resolver = "1"` in the workspace root's manifest
[INFO] [stderr] note: to use the edition 2021 resolver, specify `workspace.resolver = "2"` in the workspace root's manifest
[INFO] [stderr] note: for more details see https://doc.rust-lang.org/cargo/reference/resolver.html#resolver-versions
[INFO] [stderr]    Compiling wasm-bindgen-shared v0.2.83
[INFO] [stderr]    Compiling log v0.4.17
[INFO] [stderr]    Compiling syn v1.0.105
[INFO] [stderr]    Compiling bumpalo v3.11.1
[INFO] [stderr]    Compiling once_cell v1.16.0
[INFO] [stderr]    Compiling wasm-bindgen v0.2.83
[INFO] [stderr]    Compiling aho-corasick v0.7.20
[INFO] [stderr]    Compiling either v1.8.0
[INFO] [stderr]    Compiling itertools v0.10.5
[INFO] [stderr]    Compiling minimal-lexical v0.2.1
[INFO] [stderr]    Compiling indexmap v1.9.2
[INFO] [stderr]    Compiling hashbrown v0.12.3
[INFO] [stderr]    Compiling nom v7.1.1
[INFO] [stderr]    Compiling fixedbitset v0.4.2
[INFO] [stderr]    Compiling regex v1.7.0
[INFO] [stderr]    Compiling petgraph v0.6.2
[INFO] [stderr]    Compiling prelude v0.1.0 (https://github.com/mokomull/adventofcode_2020#eeb59be1)
[INFO] [stderr]    Compiling prelude v0.1.0 (https://github.com/mokomull/adventofcode_2021#c64dcc8c)
[INFO] [stderr]    Compiling wasm-bindgen-backend v0.2.83
[INFO] [stderr]    Compiling wasm-bindgen-macro-support v0.2.83
[INFO] [stderr]    Compiling wasm-bindgen-macro v0.2.83
[INFO] [stderr]    Compiling js-sys v0.3.60
[INFO] [stderr]    Compiling console_error_panic_hook v0.1.7
[INFO] [stderr]    Compiling web-sys v0.3.60
[INFO] [stderr]    Compiling console_log v0.2.0
[INFO] [stderr]    Compiling prelude v0.1.0 (/opt/rustwide/workdir/prelude)
[INFO] [stderr]    Compiling day_17 v0.1.0 (/opt/rustwide/workdir/day_17)
[INFO] [stderr]    Compiling day_01 v0.1.0 (/opt/rustwide/workdir/day_01)
[INFO] [stderr]    Compiling day_13 v0.1.0 (/opt/rustwide/workdir/day_13)
[INFO] [stderr]    Compiling day_18 v0.1.0 (/opt/rustwide/workdir/day_18)
[INFO] [stdout] warning: unused import: `prelude::log::debug`
[INFO] [stdout]  --> day_17/src/lib.rs:5:5
[INFO] [stdout]   |
[INFO] [stdout] 5 | use prelude::log::debug;
[INFO] [stdout]   |     ^^^^^^^^^^^^^^^^^^^
[INFO] [stdout]   |
[INFO] [stdout]   = note: `#[warn(unused_imports)]` on by default
[INFO] [stdout] 
[INFO] [stdout] 
[INFO] [stderr]    Compiling day_20 v0.1.0 (/opt/rustwide/workdir/day_20)
[INFO] [stderr]    Compiling day_21 v0.1.0 (/opt/rustwide/workdir/day_21)
[INFO] [stderr]    Compiling day_12 v0.1.0 (/opt/rustwide/workdir/day_12)
[INFO] [stderr]    Compiling day_16 v0.1.0 (/opt/rustwide/workdir/day_16)
[INFO] [stderr]    Compiling day_05 v0.1.0 (/opt/rustwide/workdir/day_05)
[INFO] [stderr]    Compiling day_09 v0.1.0 (/opt/rustwide/workdir/day_09)
[INFO] [stderr]    Compiling day_10 v0.1.0 (/opt/rustwide/workdir/day_10)
[INFO] [stderr]    Compiling day_07 v0.1.0 (/opt/rustwide/workdir/day_07)
[INFO] [stderr]    Compiling day_02 v0.1.0 (/opt/rustwide/workdir/day_02)
[INFO] [stderr]    Compiling day_11 v0.1.0 (/opt/rustwide/workdir/day_11)
[INFO] [stdout] warning: 1 warning emitted
[INFO] [stdout] 
[INFO] [stdout] 
[INFO] [stderr]    Compiling day_03 v0.1.0 (/opt/rustwide/workdir/day_03)
[INFO] [stderr]    Compiling day_23 v0.1.0 (/opt/rustwide/workdir/day_23)
[INFO] [stderr]    Compiling omnibus v0.1.0 (/opt/rustwide/workdir/omnibus)
[INFO] [stderr]     Finished dev [unoptimized + debuginfo] target(s) in 15.84s
[INFO] running `Command { std: "docker" "inspect" "d84f328dc692ec56a968be2491be65f0b2ee4dc0b8a1d7d36e63fe75427e948a", kill_on_drop: false }`
[INFO] running `Command { std: "docker" "rm" "-f" "d84f328dc692ec56a968be2491be65f0b2ee4dc0b8a1d7d36e63fe75427e948a", kill_on_drop: false }`
[INFO] [stdout] d84f328dc692ec56a968be2491be65f0b2ee4dc0b8a1d7d36e63fe75427e948a
[INFO] running `Command { std: "docker" "create" "-v" "/var/lib/crater-agent-workspace/builds/worker-6-tc2/target:/opt/rustwide/target:rw,Z" "-v" "/var/lib/crater-agent-workspace/builds/worker-6-tc2/source:/opt/rustwide/workdir:ro,Z" "-v" "/var/lib/crater-agent-workspace/cargo-home:/opt/rustwide/cargo-home:ro,Z" "-v" "/var/lib/crater-agent-workspace/rustup-home:/opt/rustwide/rustup-home:ro,Z" "-e" "SOURCE_DIR=/opt/rustwide/workdir" "-e" "CARGO_TARGET_DIR=/opt/rustwide/target" "-e" "CARGO_INCREMENTAL=0" "-e" "RUST_BACKTRACE=full" "-e" "RUSTFLAGS=--cap-lints=warn" "-e" "RUSTDOCFLAGS=--cap-lints=warn" "-e" "CARGO_HOME=/opt/rustwide/cargo-home" "-e" "RUSTUP_HOME=/opt/rustwide/rustup-home" "-w" "/opt/rustwide/workdir" "-m" "1610612736" "--user" "0:0" "--network" "none" "ghcr.io/rust-lang/crates-build-env/linux@sha256:2788e3201cd34a07e3172128adcd8b3090168a8e3bcc40d7c032b9dda1df7d1c" "/opt/rustwide/cargo-home/bin/cargo" "+beta-2023-12-22" "test" "--frozen" "--no-run" "--message-format=json", kill_on_drop: false }`
[INFO] [stdout] c413f22a39967c5d297b2f3df0e303d07a70bacc425c83441ff6e2783bfba734
[INFO] running `Command { std: "docker" "start" "-a" "c413f22a39967c5d297b2f3df0e303d07a70bacc425c83441ff6e2783bfba734", kill_on_drop: false }`
[INFO] [stderr] warning: virtual workspace defaulting to `resolver = "1"` despite one or more workspace members being on edition 2021 which implies `resolver = "2"`
[INFO] [stderr] note: to keep the current resolver, specify `workspace.resolver = "1"` in the workspace root's manifest
[INFO] [stderr] note: to use the edition 2021 resolver, specify `workspace.resolver = "2"` in the workspace root's manifest
[INFO] [stderr] note: for more details see https://doc.rust-lang.org/cargo/reference/resolver.html#resolver-versions
[INFO] [stderr]    Compiling prelude v0.1.0 (/opt/rustwide/workdir/prelude)
[INFO] [stdout] warning: unused import: `prelude::log::debug`
[INFO] [stdout]  --> day_17/src/lib.rs:5:5
[INFO] [stdout]   |
[INFO] [stdout] 5 | use prelude::log::debug;
[INFO] [stdout]   |     ^^^^^^^^^^^^^^^^^^^
[INFO] [stdout]   |
[INFO] [stdout]   = note: `#[warn(unused_imports)]` on by default
[INFO] [stdout] 
[INFO] [stdout] 
[INFO] [stdout] warning: 1 warning emitted
[INFO] [stdout] 
[INFO] [stdout] 
[INFO] [stderr]    Compiling omnibus v0.1.0 (/opt/rustwide/workdir/omnibus)
[INFO] [stderr]    Compiling day_09 v0.1.0 (/opt/rustwide/workdir/day_09)
[INFO] [stderr]    Compiling day_13 v0.1.0 (/opt/rustwide/workdir/day_13)
[INFO] [stderr]    Compiling day_20 v0.1.0 (/opt/rustwide/workdir/day_20)
[INFO] [stderr]    Compiling day_10 v0.1.0 (/opt/rustwide/workdir/day_10)
[INFO] [stderr]    Compiling day_16 v0.1.0 (/opt/rustwide/workdir/day_16)
[INFO] [stderr]    Compiling day_07 v0.1.0 (/opt/rustwide/workdir/day_07)
[INFO] [stderr]    Compiling day_03 v0.1.0 (/opt/rustwide/workdir/day_03)
[INFO] [stderr]    Compiling day_18 v0.1.0 (/opt/rustwide/workdir/day_18)
[INFO] [stderr]    Compiling day_17 v0.1.0 (/opt/rustwide/workdir/day_17)
[INFO] [stderr]    Compiling day_02 v0.1.0 (/opt/rustwide/workdir/day_02)
[INFO] [stderr]    Compiling day_23 v0.1.0 (/opt/rustwide/workdir/day_23)
[INFO] [stderr]    Compiling day_21 v0.1.0 (/opt/rustwide/workdir/day_21)
[INFO] [stdout] warning: unused import: `prelude::log::debug`
[INFO] [stdout]  --> day_17/src/lib.rs:5:5
[INFO] [stdout]   |
[INFO] [stdout] 5 | use prelude::log::debug;
[INFO] [stdout]   |     ^^^^^^^^^^^^^^^^^^^
[INFO] [stdout]   |
[INFO] [stdout]   = note: `#[warn(unused_imports)]` on by default
[INFO] [stdout] 
[INFO] [stdout] 
[INFO] [stderr]    Compiling day_01 v0.1.0 (/opt/rustwide/workdir/day_01)
[INFO] [stderr]    Compiling day_12 v0.1.0 (/opt/rustwide/workdir/day_12)
[INFO] [stderr]    Compiling day_11 v0.1.0 (/opt/rustwide/workdir/day_11)
[INFO] [stderr]    Compiling day_05 v0.1.0 (/opt/rustwide/workdir/day_05)
[INFO] [stdout] warning: 1 warning emitted
[INFO] [stdout] 
[INFO] [stdout] 
[INFO] [stderr]     Finished test [unoptimized + debuginfo] target(s) in 1.95s
[INFO] running `Command { std: "docker" "inspect" "c413f22a39967c5d297b2f3df0e303d07a70bacc425c83441ff6e2783bfba734", kill_on_drop: false }`
[INFO] running `Command { std: "docker" "rm" "-f" "c413f22a39967c5d297b2f3df0e303d07a70bacc425c83441ff6e2783bfba734", kill_on_drop: false }`
[INFO] [stdout] c413f22a39967c5d297b2f3df0e303d07a70bacc425c83441ff6e2783bfba734
[INFO] running `Command { std: "docker" "create" "-v" "/var/lib/crater-agent-workspace/builds/worker-6-tc2/target:/opt/rustwide/target:rw,Z" "-v" "/var/lib/crater-agent-workspace/builds/worker-6-tc2/source:/opt/rustwide/workdir:ro,Z" "-v" "/var/lib/crater-agent-workspace/cargo-home:/opt/rustwide/cargo-home:ro,Z" "-v" "/var/lib/crater-agent-workspace/rustup-home:/opt/rustwide/rustup-home:ro,Z" "-e" "SOURCE_DIR=/opt/rustwide/workdir" "-e" "CARGO_TARGET_DIR=/opt/rustwide/target" "-e" "CARGO_INCREMENTAL=0" "-e" "RUST_BACKTRACE=full" "-e" "RUSTFLAGS=--cap-lints=warn" "-e" "RUSTDOCFLAGS=--cap-lints=warn" "-e" "CARGO_HOME=/opt/rustwide/cargo-home" "-e" "RUSTUP_HOME=/opt/rustwide/rustup-home" "-w" "/opt/rustwide/workdir" "-m" "1610612736" "--user" "0:0" "--network" "none" "ghcr.io/rust-lang/crates-build-env/linux@sha256:2788e3201cd34a07e3172128adcd8b3090168a8e3bcc40d7c032b9dda1df7d1c" "/opt/rustwide/cargo-home/bin/cargo" "+beta-2023-12-22" "test" "--frozen", kill_on_drop: false }`
[INFO] [stdout] caf61fa8fc696d9602778758b85a98549510d72610bc1a0178f7bd494be41414
[INFO] running `Command { std: "docker" "start" "-a" "caf61fa8fc696d9602778758b85a98549510d72610bc1a0178f7bd494be41414", kill_on_drop: false }`
[INFO] [stderr] warning: virtual workspace defaulting to `resolver = "1"` despite one or more workspace members being on edition 2021 which implies `resolver = "2"`
[INFO] [stderr] note: to keep the current resolver, specify `workspace.resolver = "1"` in the workspace root's manifest
[INFO] [stderr] note: to use the edition 2021 resolver, specify `workspace.resolver = "2"` in the workspace root's manifest
[INFO] [stderr] note: for more details see https://doc.rust-lang.org/cargo/reference/resolver.html#resolver-versions
[INFO] [stderr] warning: unused import: `prelude::log::debug`
[INFO] [stderr]  --> day_17/src/lib.rs:5:5
[INFO] [stderr]   |
[INFO] [stderr] 5 | use prelude::log::debug;
[INFO] [stderr]   |     ^^^^^^^^^^^^^^^^^^^
[INFO] [stderr]   |
[INFO] [stderr]   = note: `#[warn(unused_imports)]` on by default
[INFO] [stderr] 
[INFO] [stderr] warning: `day_17` (lib) generated 1 warning (run `cargo fix --lib -p day_17` to apply 1 suggestion)
[INFO] [stderr] warning: `day_17` (lib test) generated 1 warning (1 duplicate)
[INFO] [stderr]     Finished test [unoptimized + debuginfo] target(s) in 0.10s
[INFO] [stdout] 
[INFO] [stderr]      Running unittests src/lib.rs (/opt/rustwide/target/debug/deps/day_01-25d52be7288ade42)
[INFO] [stdout] running 0 tests
[INFO] [stdout] 
[INFO] [stdout] test result: ok. 0 passed; 0 failed; 0 ignored; 0 measured; 0 filtered out; finished in 0.00s
[INFO] [stdout] 
[INFO] [stderr]      Running unittests src/lib.rs (/opt/rustwide/target/debug/deps/day_02-88bc809b1970449a)
[INFO] [stderr]      Running unittests src/lib.rs (/opt/rustwide/target/debug/deps/day_03-4ef509a43c711ab7)
[INFO] [stdout] 
[INFO] [stdout] running 0 tests
[INFO] [stdout] 
[INFO] [stdout] test result: ok. 0 passed; 0 failed; 0 ignored; 0 measured; 0 filtered out; finished in 0.00s
[INFO] [stdout] 
[INFO] [stdout] 
[INFO] [stderr]      Running unittests src/lib.rs (/opt/rustwide/target/debug/deps/day_05-9fd91fb655a18414)
[INFO] [stdout] running 0 tests
[INFO] [stdout] 
[INFO] [stdout] test result: ok. 0 passed; 0 failed; 0 ignored; 0 measured; 0 filtered out; finished in 0.00s
[INFO] [stdout] 
[INFO] [stderr]      Running unittests src/lib.rs (/opt/rustwide/target/debug/deps/day_07-2dd90c15f16a295d)
[INFO] [stdout] 
[INFO] [stdout] running 0 tests
[INFO] [stdout] 
[INFO] [stdout] test result: ok. 0 passed; 0 failed; 0 ignored; 0 measured; 0 filtered out; finished in 0.00s
[INFO] [stdout] 
[INFO] [stdout] 
[INFO] [stdout] running 0 tests
[INFO] [stdout] 
[INFO] [stdout] test result: ok. 0 passed; 0 failed; 0 ignored; 0 measured; 0 filtered out; finished in 0.00s
[INFO] [stdout] 
[INFO] [stderr]      Running unittests src/lib.rs (/opt/rustwide/target/debug/deps/day_09-8a61ed36286cfb18)
[INFO] [stdout] 
[INFO] [stderr]      Running unittests src/lib.rs (/opt/rustwide/target/debug/deps/day_10-65d54181e927daed)
[INFO] [stdout] running 0 tests
[INFO] [stdout] 
[INFO] [stdout] test result: ok. 0 passed; 0 failed; 0 ignored; 0 measured; 0 filtered out; finished in 0.00s
[INFO] [stdout] 
[INFO] [stderr]      Running unittests src/lib.rs (/opt/rustwide/target/debug/deps/day_11-a95e82673cf6484b)
[INFO] [stdout] 
[INFO] [stdout] running 0 tests
[INFO] [stdout] 
[INFO] [stdout] test result: ok. 0 passed; 0 failed; 0 ignored; 0 measured; 0 filtered out; finished in 0.00s
[INFO] [stdout] 
[INFO] [stdout] 
[INFO] [stderr]      Running unittests src/lib.rs (/opt/rustwide/target/debug/deps/day_12-a87ceb31e8042751)
[INFO] [stdout] running 0 tests
[INFO] [stderr]      Running unittests src/lib.rs (/opt/rustwide/target/debug/deps/day_13-dc505543612bf0b3)
[INFO] [stdout] 
[INFO] [stdout] test result: ok. 0 passed; 0 failed; 0 ignored; 0 measured; 0 filtered out; finished in 0.00s
[INFO] [stdout] 
[INFO] [stdout] 
[INFO] [stdout] running 0 tests
[INFO] [stdout] 
[INFO] [stdout] test result: ok. 0 passed; 0 failed; 0 ignored; 0 measured; 0 filtered out; finished in 0.00s
[INFO] [stdout] 
[INFO] [stderr]      Running unittests src/lib.rs (/opt/rustwide/target/debug/deps/day_16-b0393b33f8533f75)
[INFO] [stdout] 
[INFO] [stdout] running 0 tests
[INFO] [stdout] 
[INFO] [stdout] test result: ok. 0 passed; 0 failed; 0 ignored; 0 measured; 0 filtered out; finished in 0.00s
[INFO] [stdout] 
[INFO] [stdout] 
[INFO] [stdout] running 0 tests
[INFO] [stdout] 
[INFO] [stdout] test result: ok. 0 passed; 0 failed; 0 ignored; 0 measured; 0 filtered out; finished in 0.00s
[INFO] [stdout] 
[INFO] [stderr]      Running unittests src/lib.rs (/opt/rustwide/target/debug/deps/day_17-d2a5cbefae085a3f)
[INFO] [stdout] 
[INFO] [stderr]      Running unittests src/lib.rs (/opt/rustwide/target/debug/deps/day_18-f7188730ff64bc73)
[INFO] [stdout] running 0 tests
[INFO] [stdout] 
[INFO] [stdout] test result: ok. 0 passed; 0 failed; 0 ignored; 0 measured; 0 filtered out; finished in 0.00s
[INFO] [stdout] 
[INFO] [stdout] 
[INFO] [stdout] running 0 tests
[INFO] [stdout] 
[INFO] [stdout] test result: ok. 0 passed; 0 failed; 0 ignored; 0 measured; 0 filtered out; finished in 0.00s
[INFO] [stdout] 
[INFO] [stderr]      Running unittests src/lib.rs (/opt/rustwide/target/debug/deps/day_20-8cdf361b5c882be2)
[INFO] [stdout] 
[INFO] [stdout] running 2 tests
[INFO] [stderr] panicked at /opt/rustwide/cargo-home/registry/src/index.crates.io-6f17d22bba15001f/wasm-bindgen-0.2.83/src/lib.rs:984:1:
[INFO] [stderr] function not implemented on non-wasm32 targets
[INFO] [stderr] panicked at /opt/rustwide/cargo-home/registry/src/index.crates.io-6f17d22bba15001f/wasm-bindgen-0.2.83/src/lib.rs:984:1:
[INFO] [stderr] function not implemented on non-wasm32 targets
[INFO] [stderr] error: test failed, to rerun pass `-p day_20 --lib`
[INFO] [stdout] test test::real_data ... FAILED
[INFO] [stdout] test test::example ... FAILED
[INFO] [stdout] 
[INFO] [stdout] failures:
[INFO] [stdout] 
[INFO] [stdout] failures:
[INFO] [stdout]     test::example
[INFO] [stdout]     test::real_data
[INFO] [stdout] 
[INFO] [stdout] test result: FAILED. 0 passed; 2 failed; 0 ignored; 0 measured; 0 filtered out; finished in 0.01s
[INFO] [stdout] 
[INFO] running `Command { std: "docker" "inspect" "caf61fa8fc696d9602778758b85a98549510d72610bc1a0178f7bd494be41414", kill_on_drop: false }`
[INFO] running `Command { std: "docker" "rm" "-f" "caf61fa8fc696d9602778758b85a98549510d72610bc1a0178f7bd494be41414", kill_on_drop: false }`
[INFO] [stdout] caf61fa8fc696d9602778758b85a98549510d72610bc1a0178f7bd494be41414
