[INFO] cloning repository https://github.com/mmlvgx/vollerei
[INFO] running `Command { std: "git" "-c" "credential.helper=" "-c" "credential.helper=/workspace/cargo-home/bin/git-credential-null" "clone" "--bare" "https://github.com/mmlvgx/vollerei" "/workspace/cache/git-repos/https%3A%2F%2Fgithub.com%2Fmmlvgx%2Fvollerei", kill_on_drop: false }`
[INFO] [stderr] Cloning into bare repository '/workspace/cache/git-repos/https%3A%2F%2Fgithub.com%2Fmmlvgx%2Fvollerei'...
[INFO] running `Command { std: "git" "rev-parse" "HEAD", kill_on_drop: false }`
[INFO] [stdout] 61d021be50a341b26afb4f548a363f9032b9c253
[INFO] testing mmlvgx/vollerei against 1.75.0 for beta-1.76-1
[INFO] running `Command { std: "git" "clone" "/workspace/cache/git-repos/https%3A%2F%2Fgithub.com%2Fmmlvgx%2Fvollerei" "/workspace/builds/worker-6-tc1/source", kill_on_drop: false }`
[INFO] [stderr] Cloning into '/workspace/builds/worker-6-tc1/source'...
[INFO] [stderr] done.
[INFO] validating manifest of git repo https://github.com/mmlvgx/vollerei on toolchain 1.75.0
[INFO] running `Command { std: CARGO_HOME="/workspace/cargo-home" RUSTUP_HOME="/workspace/rustup-home" "/workspace/cargo-home/bin/cargo" "+1.75.0" "metadata" "--manifest-path" "Cargo.toml" "--no-deps", kill_on_drop: false }`
[INFO] started tweaking git repo https://github.com/mmlvgx/vollerei
[INFO] finished tweaking git repo https://github.com/mmlvgx/vollerei
[INFO] tweaked toml for git repo https://github.com/mmlvgx/vollerei written to /workspace/builds/worker-6-tc1/source/Cargo.toml
[INFO] crate git repo https://github.com/mmlvgx/vollerei already has a lockfile, it will not be regenerated
[INFO] running `Command { std: CARGO_HOME="/workspace/cargo-home" RUSTUP_HOME="/workspace/rustup-home" "/workspace/cargo-home/bin/cargo" "+1.75.0" "fetch" "--manifest-path" "Cargo.toml", kill_on_drop: false }`
[INFO] [stderr] warning: only one of `license` or `license-file` is necessary
[INFO] [stderr] `license` should be used if the package license can be expressed with a standard SPDX expression.
[INFO] [stderr] `license-file` should be used if the package uses a non-standard license.
[INFO] [stderr] See https://doc.rust-lang.org/cargo/reference/manifest.html#the-license-and-license-file-fields for more information.
[INFO] running `Command { std: "docker" "create" "-v" "/var/lib/crater-agent-workspace/builds/worker-6-tc1/target:/opt/rustwide/target:rw,Z" "-v" "/var/lib/crater-agent-workspace/builds/worker-6-tc1/source:/opt/rustwide/workdir:ro,Z" "-v" "/var/lib/crater-agent-workspace/cargo-home:/opt/rustwide/cargo-home:ro,Z" "-v" "/var/lib/crater-agent-workspace/rustup-home:/opt/rustwide/rustup-home:ro,Z" "-e" "SOURCE_DIR=/opt/rustwide/workdir" "-e" "CARGO_TARGET_DIR=/opt/rustwide/target" "-e" "CARGO_HOME=/opt/rustwide/cargo-home" "-e" "RUSTUP_HOME=/opt/rustwide/rustup-home" "-w" "/opt/rustwide/workdir" "-m" "1610612736" "--user" "0:0" "--network" "none" "ghcr.io/rust-lang/crates-build-env/linux@sha256:2788e3201cd34a07e3172128adcd8b3090168a8e3bcc40d7c032b9dda1df7d1c" "/opt/rustwide/cargo-home/bin/cargo" "+1.75.0" "metadata" "--no-deps" "--format-version=1", kill_on_drop: false }`
[INFO] [stdout] b2addb79f681a948b76af82b482e5695e017bdd68cae6226b0189052589dd179
[INFO] running `Command { std: "docker" "start" "-a" "b2addb79f681a948b76af82b482e5695e017bdd68cae6226b0189052589dd179", kill_on_drop: false }`
[INFO] running `Command { std: "docker" "inspect" "b2addb79f681a948b76af82b482e5695e017bdd68cae6226b0189052589dd179", kill_on_drop: false }`
[INFO] running `Command { std: "docker" "rm" "-f" "b2addb79f681a948b76af82b482e5695e017bdd68cae6226b0189052589dd179", kill_on_drop: false }`
[INFO] [stdout] b2addb79f681a948b76af82b482e5695e017bdd68cae6226b0189052589dd179
[INFO] running `Command { std: "docker" "create" "-v" "/var/lib/crater-agent-workspace/builds/worker-6-tc1/target:/opt/rustwide/target:rw,Z" "-v" "/var/lib/crater-agent-workspace/builds/worker-6-tc1/source:/opt/rustwide/workdir:ro,Z" "-v" "/var/lib/crater-agent-workspace/cargo-home:/opt/rustwide/cargo-home:ro,Z" "-v" "/var/lib/crater-agent-workspace/rustup-home:/opt/rustwide/rustup-home:ro,Z" "-e" "SOURCE_DIR=/opt/rustwide/workdir" "-e" "CARGO_TARGET_DIR=/opt/rustwide/target" "-e" "CARGO_INCREMENTAL=0" "-e" "RUST_BACKTRACE=full" "-e" "RUSTFLAGS=--cap-lints=warn" "-e" "RUSTDOCFLAGS=--cap-lints=warn" "-e" "CARGO_HOME=/opt/rustwide/cargo-home" "-e" "RUSTUP_HOME=/opt/rustwide/rustup-home" "-w" "/opt/rustwide/workdir" "-m" "1610612736" "--user" "0:0" "--network" "none" "ghcr.io/rust-lang/crates-build-env/linux@sha256:2788e3201cd34a07e3172128adcd8b3090168a8e3bcc40d7c032b9dda1df7d1c" "/opt/rustwide/cargo-home/bin/cargo" "+1.75.0" "build" "--frozen" "--message-format=json", kill_on_drop: false }`
[INFO] [stdout] c2ac800556834f9e8e29818e6753e324e0dcdd4e91310dd8dcf59b0edabd225b
[INFO] running `Command { std: "docker" "start" "-a" "c2ac800556834f9e8e29818e6753e324e0dcdd4e91310dd8dcf59b0edabd225b", kill_on_drop: false }`
[INFO] [stderr] warning: only one of `license` or `license-file` is necessary
[INFO] [stderr] `license` should be used if the package license can be expressed with a standard SPDX expression.
[INFO] [stderr] `license-file` should be used if the package uses a non-standard license.
[INFO] [stderr] See https://doc.rust-lang.org/cargo/reference/manifest.html#the-license-and-license-file-fields for more information.
[INFO] [stderr]    Compiling autocfg v1.1.0
[INFO] [stderr]    Compiling libc v0.2.144
[INFO] [stderr]    Compiling iana-time-zone v0.1.56
[INFO] [stderr]    Compiling num-traits v0.2.15
[INFO] [stderr]    Compiling num-integer v0.1.45
[INFO] [stderr]    Compiling time v0.1.45
[INFO] [stderr]    Compiling chrono v0.4.24
[INFO] [stderr]    Compiling vollerei v0.1.7 (/opt/rustwide/workdir)
[INFO] [stderr]     Finished dev [unoptimized + debuginfo] target(s) in 1.76s
[INFO] running `Command { std: "docker" "inspect" "c2ac800556834f9e8e29818e6753e324e0dcdd4e91310dd8dcf59b0edabd225b", kill_on_drop: false }`
[INFO] running `Command { std: "docker" "rm" "-f" "c2ac800556834f9e8e29818e6753e324e0dcdd4e91310dd8dcf59b0edabd225b", kill_on_drop: false }`
[INFO] [stdout] c2ac800556834f9e8e29818e6753e324e0dcdd4e91310dd8dcf59b0edabd225b
[INFO] running `Command { std: "docker" "create" "-v" "/var/lib/crater-agent-workspace/builds/worker-6-tc1/target:/opt/rustwide/target:rw,Z" "-v" "/var/lib/crater-agent-workspace/builds/worker-6-tc1/source:/opt/rustwide/workdir:ro,Z" "-v" "/var/lib/crater-agent-workspace/cargo-home:/opt/rustwide/cargo-home:ro,Z" "-v" "/var/lib/crater-agent-workspace/rustup-home:/opt/rustwide/rustup-home:ro,Z" "-e" "SOURCE_DIR=/opt/rustwide/workdir" "-e" "CARGO_TARGET_DIR=/opt/rustwide/target" "-e" "CARGO_INCREMENTAL=0" "-e" "RUST_BACKTRACE=full" "-e" "RUSTFLAGS=--cap-lints=warn" "-e" "RUSTDOCFLAGS=--cap-lints=warn" "-e" "CARGO_HOME=/opt/rustwide/cargo-home" "-e" "RUSTUP_HOME=/opt/rustwide/rustup-home" "-w" "/opt/rustwide/workdir" "-m" "1610612736" "--user" "0:0" "--network" "none" "ghcr.io/rust-lang/crates-build-env/linux@sha256:2788e3201cd34a07e3172128adcd8b3090168a8e3bcc40d7c032b9dda1df7d1c" "/opt/rustwide/cargo-home/bin/cargo" "+1.75.0" "test" "--frozen" "--no-run" "--message-format=json", kill_on_drop: false }`
[INFO] [stdout] 6f5538449cebaef11bfff7c8e30bacdedc04b9102c3498d9a6bc182e2bcdee56
[INFO] running `Command { std: "docker" "start" "-a" "6f5538449cebaef11bfff7c8e30bacdedc04b9102c3498d9a6bc182e2bcdee56", kill_on_drop: false }`
[INFO] [stderr] warning: only one of `license` or `license-file` is necessary
[INFO] [stderr] `license` should be used if the package license can be expressed with a standard SPDX expression.
[INFO] [stderr] `license-file` should be used if the package uses a non-standard license.
[INFO] [stderr] See https://doc.rust-lang.org/cargo/reference/manifest.html#the-license-and-license-file-fields for more information.
[INFO] [stderr]    Compiling vollerei v0.1.7 (/opt/rustwide/workdir)
[INFO] [stderr]     Finished test [unoptimized + debuginfo] target(s) in 0.19s
[INFO] running `Command { std: "docker" "inspect" "6f5538449cebaef11bfff7c8e30bacdedc04b9102c3498d9a6bc182e2bcdee56", kill_on_drop: false }`
[INFO] running `Command { std: "docker" "rm" "-f" "6f5538449cebaef11bfff7c8e30bacdedc04b9102c3498d9a6bc182e2bcdee56", kill_on_drop: false }`
[INFO] [stdout] 6f5538449cebaef11bfff7c8e30bacdedc04b9102c3498d9a6bc182e2bcdee56
[INFO] running `Command { std: "docker" "create" "-v" "/var/lib/crater-agent-workspace/builds/worker-6-tc1/target:/opt/rustwide/target:rw,Z" "-v" "/var/lib/crater-agent-workspace/builds/worker-6-tc1/source:/opt/rustwide/workdir:ro,Z" "-v" "/var/lib/crater-agent-workspace/cargo-home:/opt/rustwide/cargo-home:ro,Z" "-v" "/var/lib/crater-agent-workspace/rustup-home:/opt/rustwide/rustup-home:ro,Z" "-e" "SOURCE_DIR=/opt/rustwide/workdir" "-e" "CARGO_TARGET_DIR=/opt/rustwide/target" "-e" "CARGO_INCREMENTAL=0" "-e" "RUST_BACKTRACE=full" "-e" "RUSTFLAGS=--cap-lints=warn" "-e" "RUSTDOCFLAGS=--cap-lints=warn" "-e" "CARGO_HOME=/opt/rustwide/cargo-home" "-e" "RUSTUP_HOME=/opt/rustwide/rustup-home" "-w" "/opt/rustwide/workdir" "-m" "1610612736" "--user" "0:0" "--network" "none" "ghcr.io/rust-lang/crates-build-env/linux@sha256:2788e3201cd34a07e3172128adcd8b3090168a8e3bcc40d7c032b9dda1df7d1c" "/opt/rustwide/cargo-home/bin/cargo" "+1.75.0" "test" "--frozen", kill_on_drop: false }`
[INFO] [stdout] 21ce701884ee24219db3f30b7bcb17456e1e2830a1ec3029adaa4a66b9bd16ea
[INFO] running `Command { std: "docker" "start" "-a" "21ce701884ee24219db3f30b7bcb17456e1e2830a1ec3029adaa4a66b9bd16ea", kill_on_drop: false }`
[INFO] [stderr] warning: only one of `license` or `license-file` is necessary
[INFO] [stderr] `license` should be used if the package license can be expressed with a standard SPDX expression.
[INFO] [stderr] `license-file` should be used if the package uses a non-standard license.
[INFO] [stderr] See https://doc.rust-lang.org/cargo/reference/manifest.html#the-license-and-license-file-fields for more information.
[INFO] [stderr]     Finished test [unoptimized + debuginfo] target(s) in 0.01s
[INFO] [stderr]      Running unittests src/lib.rs (/opt/rustwide/target/debug/deps/vollerei-d5d3f0e7fd917b0a)
[INFO] [stdout] 
[INFO] [stdout] running 0 tests
[INFO] [stdout] 
[INFO] [stdout] test result: ok. 0 passed; 0 failed; 0 ignored; 0 measured; 0 filtered out; finished in 0.00s
[INFO] [stdout] 
[INFO] [stderr]    Doc-tests vollerei
[INFO] [stdout] 
[INFO] [stdout] running 6 tests
[INFO] [stdout] test src/logger.rs - logger::Logger::critical (line 172) ... FAILED
[INFO] [stdout] test src/logger.rs - logger::Logger::info (line 102) ... FAILED
[INFO] [stdout] test src/logger.rs - logger::Logger::warn (line 125) ... FAILED
[INFO] [stdout] test src/logger.rs - logger::Logger::debug (line 80) ... FAILED
[INFO] [stdout] test src/logger.rs - logger::Logger (line 18) ... FAILED
[INFO] [stdout] test src/logger.rs - logger::Logger::error (line 149) ... FAILED
[INFO] [stdout] 
[INFO] [stdout] failures:
[INFO] [stdout] 
[INFO] [stdout] ---- src/logger.rs - logger::Logger::critical (line 172) stdout ----
[INFO] [stdout] error[E0433]: failed to resolve: use of undeclared type `Logger`
[INFO] [stdout]  --> src/logger.rs:173:14
[INFO] [stdout]   |
[INFO] [stdout] 3 | let logger = Logger::new();
[INFO] [stdout]   |              ^^^^^^ use of undeclared type `Logger`
[INFO] [stdout]   |
[INFO] [stdout] help: consider importing this struct
[INFO] [stdout]   |
[INFO] [stdout] 2 + use vollerei::logger::Logger;
[INFO] [stdout]   |
[INFO] [stdout] 
[INFO] [stdout] error: aborting due to previous error
[INFO] [stdout] 
[INFO] [stdout] For more information about this error, try `rustc --explain E0433`.
[INFO] [stdout] Couldn't compile the test.
[INFO] [stdout] ---- src/logger.rs - logger::Logger::info (line 102) stdout ----
[INFO] [stdout] error[E0433]: failed to resolve: use of undeclared type `Logger`
[INFO] [stdout]  --> src/logger.rs:103:14
[INFO] [stdout]   |
[INFO] [stdout] 3 | let logger = Logger::new();
[INFO] [stdout]   |              ^^^^^^ use of undeclared type `Logger`
[INFO] [stdout]   |
[INFO] [stdout] help: consider importing this struct
[INFO] [stdout]   |
[INFO] [stdout] 2 + use vollerei::logger::Logger;
[INFO] [stdout]   |
[INFO] [stdout] 
[INFO] [stdout] error: aborting due to previous error
[INFO] [stdout] 
[INFO] [stdout] For more information about this error, try `rustc --explain E0433`.
[INFO] [stdout] Couldn't compile the test.
[INFO] [stdout] ---- src/logger.rs - logger::Logger::warn (line 125) stdout ----
[INFO] [stdout] error[E0433]: failed to resolve: use of undeclared type `Logger`
[INFO] [stdout]  --> src/logger.rs:126:14
[INFO] [stdout]   |
[INFO] [stdout] 3 | let logger = Logger::new();
[INFO] [stdout]   |              ^^^^^^ use of undeclared type `Logger`
[INFO] [stdout]   |
[INFO] [stdout] help: consider importing this struct
[INFO] [stdout]   |
[INFO] [stdout] 2 + use vollerei::logger::Logger;
[INFO] [stdout]   |
[INFO] [stdout] 
[INFO] [stdout] error: aborting due to previous error
[INFO] [stdout] 
[INFO] [stdout] For more information about this error, try `rustc --explain E0433`.
[INFO] [stdout] Couldn't compile the test.
[INFO] [stdout] ---- src/logger.rs - logger::Logger::debug (line 80) stdout ----
[INFO] [stdout] error[E0433]: failed to resolve: use of undeclared type `Logger`
[INFO] [stdout]  --> src/logger.rs:81:14
[INFO] [stdout]   |
[INFO] [stdout] 3 | let logger = Logger::new();
[INFO] [stdout]   |              ^^^^^^ use of undeclared type `Logger`
[INFO] [stdout]   |
[INFO] [stdout] help: consider importing this struct
[INFO] [stdout]   |
[INFO] [stdout] 2 + use vollerei::logger::Logger;
[INFO] [stdout]   |
[INFO] [stdout] 
[INFO] [stdout] error: aborting due to previous error
[INFO] [stdout] 
[INFO] [stdout] For more information about this error, try `rustc --explain E0433`.
[INFO] [stdout] Couldn't compile the test.
[INFO] [stdout] ---- src/logger.rs - logger::Logger (line 18) stdout ----
[INFO] [stdout] error[E0433]: failed to resolve: use of undeclared type `Logger`
[INFO] [stdout]  --> src/logger.rs:19:14
[INFO] [stdout]   |
[INFO] [stdout] 3 | let logger = Logger::new();
[INFO] [stdout]   |              ^^^^^^ use of undeclared type `Logger`
[INFO] [stdout]   |
[INFO] [stdout] help: consider importing this struct
[INFO] [stdout]   |
[INFO] [stdout] 2 + use vollerei::logger::Logger;
[INFO] [stdout]   |
[INFO] [stdout] 
[INFO] [stdout] error: aborting due to previous error
[INFO] [stdout] 
[INFO] [stdout] For more information about this error, try `rustc --explain E0433`.
[INFO] [stdout] Couldn't compile the test.
[INFO] [stdout] ---- src/logger.rs - logger::Logger::error (line 149) stdout ----
[INFO] [stdout] error[E0433]: failed to resolve: use of undeclared type `Logger`
[INFO] [stdout]  --> src/logger.rs:150:14
[INFO] [stdout]   |
[INFO] [stdout] 3 | let logger = Logger::new();
[INFO] [stdout]   |              ^^^^^^ use of undeclared type `Logger`
[INFO] [stdout]   |
[INFO] [stdout] help: consider importing this struct
[INFO] [stdout]   |
[INFO] [stdout] 2 + use vollerei::logger::Logger;
[INFO] [stdout]   |
[INFO] [stdout] 
[INFO] [stdout] error: aborting due to previous error
[INFO] [stdout] 
[INFO] [stdout] For more information about this error, try `rustc --explain E0433`.
[INFO] [stdout] Couldn't compile the test.
[INFO] [stdout] 
[INFO] [stdout] failures:
[INFO] [stdout]     src/logger.rs - logger::Logger (line 18)
[INFO] [stdout]     src/logger.rs - logger::Logger::critical (line 172)
[INFO] [stdout]     src/logger.rs - logger::Logger::debug (line 80)
[INFO] [stdout]     src/logger.rs - logger::Logger::error (line 149)
[INFO] [stdout]     src/logger.rs - logger::Logger::info (line 102)
[INFO] [stdout]     src/logger.rs - logger::Logger::warn (line 125)
[INFO] [stdout] 
[INFO] [stdout] test result: FAILED. 0 passed; 6 failed; 0 ignored; 0 measured; 0 filtered out; finished in 0.04s
[INFO] [stdout] 
[INFO] [stderr] error: doctest failed, to rerun pass `--doc`
[INFO] running `Command { std: "docker" "inspect" "21ce701884ee24219db3f30b7bcb17456e1e2830a1ec3029adaa4a66b9bd16ea", kill_on_drop: false }`
[INFO] running `Command { std: "docker" "rm" "-f" "21ce701884ee24219db3f30b7bcb17456e1e2830a1ec3029adaa4a66b9bd16ea", kill_on_drop: false }`
[INFO] [stdout] 21ce701884ee24219db3f30b7bcb17456e1e2830a1ec3029adaa4a66b9bd16ea
[INFO] testing mmlvgx/vollerei against beta-2023-12-22 for beta-1.76-1
[INFO] running `Command { std: "git" "clone" "/workspace/cache/git-repos/https%3A%2F%2Fgithub.com%2Fmmlvgx%2Fvollerei" "/workspace/builds/worker-6-tc2/source", kill_on_drop: false }`
[INFO] [stderr] Cloning into '/workspace/builds/worker-6-tc2/source'...
[INFO] [stderr] done.
[INFO] validating manifest of git repo https://github.com/mmlvgx/vollerei on toolchain beta-2023-12-22
[INFO] running `Command { std: CARGO_HOME="/workspace/cargo-home" RUSTUP_HOME="/workspace/rustup-home" "/workspace/cargo-home/bin/cargo" "+beta-2023-12-22" "metadata" "--manifest-path" "Cargo.toml" "--no-deps", kill_on_drop: false }`
[INFO] started tweaking git repo https://github.com/mmlvgx/vollerei
[INFO] finished tweaking git repo https://github.com/mmlvgx/vollerei
[INFO] tweaked toml for git repo https://github.com/mmlvgx/vollerei written to /workspace/builds/worker-6-tc2/source/Cargo.toml
[INFO] crate git repo https://github.com/mmlvgx/vollerei already has a lockfile, it will not be regenerated
[INFO] running `Command { std: CARGO_HOME="/workspace/cargo-home" RUSTUP_HOME="/workspace/rustup-home" "/workspace/cargo-home/bin/cargo" "+beta-2023-12-22" "fetch" "--manifest-path" "Cargo.toml", kill_on_drop: false }`
[INFO] [stderr] warning: only one of `license` or `license-file` is necessary
[INFO] [stderr] `license` should be used if the package license can be expressed with a standard SPDX expression.
[INFO] [stderr] `license-file` should be used if the package uses a non-standard license.
[INFO] [stderr] See https://doc.rust-lang.org/cargo/reference/manifest.html#the-license-and-license-file-fields for more information.
[INFO] running `Command { std: "docker" "create" "-v" "/var/lib/crater-agent-workspace/builds/worker-6-tc2/target:/opt/rustwide/target:rw,Z" "-v" "/var/lib/crater-agent-workspace/builds/worker-6-tc2/source:/opt/rustwide/workdir:ro,Z" "-v" "/var/lib/crater-agent-workspace/cargo-home:/opt/rustwide/cargo-home:ro,Z" "-v" "/var/lib/crater-agent-workspace/rustup-home:/opt/rustwide/rustup-home:ro,Z" "-e" "SOURCE_DIR=/opt/rustwide/workdir" "-e" "CARGO_TARGET_DIR=/opt/rustwide/target" "-e" "CARGO_HOME=/opt/rustwide/cargo-home" "-e" "RUSTUP_HOME=/opt/rustwide/rustup-home" "-w" "/opt/rustwide/workdir" "-m" "1610612736" "--user" "0:0" "--network" "none" "ghcr.io/rust-lang/crates-build-env/linux@sha256:2788e3201cd34a07e3172128adcd8b3090168a8e3bcc40d7c032b9dda1df7d1c" "/opt/rustwide/cargo-home/bin/cargo" "+beta-2023-12-22" "metadata" "--no-deps" "--format-version=1", kill_on_drop: false }`
[INFO] [stdout] 3e6125c3d73cde9c4d9f9c54a9b82711b62e5d476404a8a71922768cd0cac2ab
[INFO] running `Command { std: "docker" "start" "-a" "3e6125c3d73cde9c4d9f9c54a9b82711b62e5d476404a8a71922768cd0cac2ab", kill_on_drop: false }`
[INFO] running `Command { std: "docker" "inspect" "3e6125c3d73cde9c4d9f9c54a9b82711b62e5d476404a8a71922768cd0cac2ab", kill_on_drop: false }`
[INFO] running `Command { std: "docker" "rm" "-f" "3e6125c3d73cde9c4d9f9c54a9b82711b62e5d476404a8a71922768cd0cac2ab", kill_on_drop: false }`
[INFO] [stdout] 3e6125c3d73cde9c4d9f9c54a9b82711b62e5d476404a8a71922768cd0cac2ab
[INFO] running `Command { std: "docker" "create" "-v" "/var/lib/crater-agent-workspace/builds/worker-6-tc2/target:/opt/rustwide/target:rw,Z" "-v" "/var/lib/crater-agent-workspace/builds/worker-6-tc2/source:/opt/rustwide/workdir:ro,Z" "-v" "/var/lib/crater-agent-workspace/cargo-home:/opt/rustwide/cargo-home:ro,Z" "-v" "/var/lib/crater-agent-workspace/rustup-home:/opt/rustwide/rustup-home:ro,Z" "-e" "SOURCE_DIR=/opt/rustwide/workdir" "-e" "CARGO_TARGET_DIR=/opt/rustwide/target" "-e" "CARGO_INCREMENTAL=0" "-e" "RUST_BACKTRACE=full" "-e" "RUSTFLAGS=--cap-lints=warn" "-e" "RUSTDOCFLAGS=--cap-lints=warn" "-e" "CARGO_HOME=/opt/rustwide/cargo-home" "-e" "RUSTUP_HOME=/opt/rustwide/rustup-home" "-w" "/opt/rustwide/workdir" "-m" "1610612736" "--user" "0:0" "--network" "none" "ghcr.io/rust-lang/crates-build-env/linux@sha256:2788e3201cd34a07e3172128adcd8b3090168a8e3bcc40d7c032b9dda1df7d1c" "/opt/rustwide/cargo-home/bin/cargo" "+beta-2023-12-22" "build" "--frozen" "--message-format=json", kill_on_drop: false }`
[INFO] [stdout] 2c85096e6cb798df065d2abfe96fbcc870b1e5f7982e1e492a6f0c676f4c5a3d
[INFO] running `Command { std: "docker" "start" "-a" "2c85096e6cb798df065d2abfe96fbcc870b1e5f7982e1e492a6f0c676f4c5a3d", kill_on_drop: false }`
[INFO] [stderr] warning: only one of `license` or `license-file` is necessary
[INFO] [stderr] `license` should be used if the package license can be expressed with a standard SPDX expression.
[INFO] [stderr] `license-file` should be used if the package uses a non-standard license.
[INFO] [stderr] See https://doc.rust-lang.org/cargo/reference/manifest.html#the-license-and-license-file-fields for more information.
[INFO] [stderr]    Compiling autocfg v1.1.0
[INFO] [stderr]    Compiling libc v0.2.144
[INFO] [stderr]    Compiling iana-time-zone v0.1.56
[INFO] [stderr]    Compiling num-traits v0.2.15
[INFO] [stderr]    Compiling num-integer v0.1.45
[INFO] [stderr]    Compiling time v0.1.45
[INFO] [stderr]    Compiling chrono v0.4.24
[INFO] [stderr]    Compiling vollerei v0.1.7 (/opt/rustwide/workdir)
[INFO] [stderr]     Finished dev [unoptimized + debuginfo] target(s) in 1.97s
[INFO] running `Command { std: "docker" "inspect" "2c85096e6cb798df065d2abfe96fbcc870b1e5f7982e1e492a6f0c676f4c5a3d", kill_on_drop: false }`
[INFO] running `Command { std: "docker" "rm" "-f" "2c85096e6cb798df065d2abfe96fbcc870b1e5f7982e1e492a6f0c676f4c5a3d", kill_on_drop: false }`
[INFO] [stdout] 2c85096e6cb798df065d2abfe96fbcc870b1e5f7982e1e492a6f0c676f4c5a3d
[INFO] running `Command { std: "docker" "create" "-v" "/var/lib/crater-agent-workspace/builds/worker-6-tc2/target:/opt/rustwide/target:rw,Z" "-v" "/var/lib/crater-agent-workspace/builds/worker-6-tc2/source:/opt/rustwide/workdir:ro,Z" "-v" "/var/lib/crater-agent-workspace/cargo-home:/opt/rustwide/cargo-home:ro,Z" "-v" "/var/lib/crater-agent-workspace/rustup-home:/opt/rustwide/rustup-home:ro,Z" "-e" "SOURCE_DIR=/opt/rustwide/workdir" "-e" "CARGO_TARGET_DIR=/opt/rustwide/target" "-e" "CARGO_INCREMENTAL=0" "-e" "RUST_BACKTRACE=full" "-e" "RUSTFLAGS=--cap-lints=warn" "-e" "RUSTDOCFLAGS=--cap-lints=warn" "-e" "CARGO_HOME=/opt/rustwide/cargo-home" "-e" "RUSTUP_HOME=/opt/rustwide/rustup-home" "-w" "/opt/rustwide/workdir" "-m" "1610612736" "--user" "0:0" "--network" "none" "ghcr.io/rust-lang/crates-build-env/linux@sha256:2788e3201cd34a07e3172128adcd8b3090168a8e3bcc40d7c032b9dda1df7d1c" "/opt/rustwide/cargo-home/bin/cargo" "+beta-2023-12-22" "test" "--frozen" "--no-run" "--message-format=json", kill_on_drop: false }`
[INFO] [stdout] 4d08d8fde995cb9c941983abdf9c2af2f27c9f696b53cd528182ac67bbec0685
[INFO] running `Command { std: "docker" "start" "-a" "4d08d8fde995cb9c941983abdf9c2af2f27c9f696b53cd528182ac67bbec0685", kill_on_drop: false }`
[INFO] [stderr] warning: only one of `license` or `license-file` is necessary
[INFO] [stderr] `license` should be used if the package license can be expressed with a standard SPDX expression.
[INFO] [stderr] `license-file` should be used if the package uses a non-standard license.
[INFO] [stderr] See https://doc.rust-lang.org/cargo/reference/manifest.html#the-license-and-license-file-fields for more information.
[INFO] [stderr]    Compiling vollerei v0.1.7 (/opt/rustwide/workdir)
[INFO] [stderr]     Finished test [unoptimized + debuginfo] target(s) in 0.32s
[INFO] running `Command { std: "docker" "inspect" "4d08d8fde995cb9c941983abdf9c2af2f27c9f696b53cd528182ac67bbec0685", kill_on_drop: false }`
[INFO] running `Command { std: "docker" "rm" "-f" "4d08d8fde995cb9c941983abdf9c2af2f27c9f696b53cd528182ac67bbec0685", kill_on_drop: false }`
[INFO] [stdout] 4d08d8fde995cb9c941983abdf9c2af2f27c9f696b53cd528182ac67bbec0685
[INFO] running `Command { std: "docker" "create" "-v" "/var/lib/crater-agent-workspace/builds/worker-6-tc2/target:/opt/rustwide/target:rw,Z" "-v" "/var/lib/crater-agent-workspace/builds/worker-6-tc2/source:/opt/rustwide/workdir:ro,Z" "-v" "/var/lib/crater-agent-workspace/cargo-home:/opt/rustwide/cargo-home:ro,Z" "-v" "/var/lib/crater-agent-workspace/rustup-home:/opt/rustwide/rustup-home:ro,Z" "-e" "SOURCE_DIR=/opt/rustwide/workdir" "-e" "CARGO_TARGET_DIR=/opt/rustwide/target" "-e" "CARGO_INCREMENTAL=0" "-e" "RUST_BACKTRACE=full" "-e" "RUSTFLAGS=--cap-lints=warn" "-e" "RUSTDOCFLAGS=--cap-lints=warn" "-e" "CARGO_HOME=/opt/rustwide/cargo-home" "-e" "RUSTUP_HOME=/opt/rustwide/rustup-home" "-w" "/opt/rustwide/workdir" "-m" "1610612736" "--user" "0:0" "--network" "none" "ghcr.io/rust-lang/crates-build-env/linux@sha256:2788e3201cd34a07e3172128adcd8b3090168a8e3bcc40d7c032b9dda1df7d1c" "/opt/rustwide/cargo-home/bin/cargo" "+beta-2023-12-22" "test" "--frozen", kill_on_drop: false }`
[INFO] [stdout] 0c1b0e7cfc54bb6ecebc1d9c11d548d2369d6fd8050e96e35c2625ed74ded026
[INFO] running `Command { std: "docker" "start" "-a" "0c1b0e7cfc54bb6ecebc1d9c11d548d2369d6fd8050e96e35c2625ed74ded026", kill_on_drop: false }`
[INFO] [stderr] warning: only one of `license` or `license-file` is necessary
[INFO] [stderr] `license` should be used if the package license can be expressed with a standard SPDX expression.
[INFO] [stderr] `license-file` should be used if the package uses a non-standard license.
[INFO] [stderr] See https://doc.rust-lang.org/cargo/reference/manifest.html#the-license-and-license-file-fields for more information.
[INFO] [stderr]     Finished test [unoptimized + debuginfo] target(s) in 0.03s
[INFO] [stderr]      Running unittests src/lib.rs (/opt/rustwide/target/debug/deps/vollerei-86c88081346ad77d)
[INFO] [stdout] 
[INFO] [stdout] running 0 tests
[INFO] [stdout] 
[INFO] [stdout] test result: ok. 0 passed; 0 failed; 0 ignored; 0 measured; 0 filtered out; finished in 0.00s
[INFO] [stdout] 
[INFO] [stderr]    Doc-tests vollerei
[INFO] [stdout] 
[INFO] [stdout] running 6 tests
[INFO] [stdout] test src/logger.rs - logger::Logger::info (line 102) ... FAILED
[INFO] [stdout] test src/logger.rs - logger::Logger::error (line 149) ... FAILED
[INFO] [stdout] test src/logger.rs - logger::Logger (line 18) ... FAILED
[INFO] [stdout] test src/logger.rs - logger::Logger::debug (line 80) ... FAILED
[INFO] [stdout] test src/logger.rs - logger::Logger::warn (line 125) ... FAILED
[INFO] [stdout] test src/logger.rs - logger::Logger::critical (line 172) ... FAILED
[INFO] [stdout] 
[INFO] [stdout] failures:
[INFO] [stdout] 
[INFO] [stdout] ---- src/logger.rs - logger::Logger::info (line 102) stdout ----
[INFO] [stdout] error[E0433]: failed to resolve: use of undeclared type `Logger`
[INFO] [stdout]  --> src/logger.rs:103:14
[INFO] [stdout]   |
[INFO] [stdout] 3 | let logger = Logger::new();
[INFO] [stdout]   |              ^^^^^^ use of undeclared type `Logger`
[INFO] [stdout]   |
[INFO] [stdout] help: consider importing this struct
[INFO] [stdout]   |
[INFO] [stdout] 2 + use vollerei::logger::Logger;
[INFO] [stdout]   |
[INFO] [stdout] 
[INFO] [stdout] error: aborting due to 1 previous error
[INFO] [stdout] 
[INFO] [stdout] For more information about this error, try `rustc --explain E0433`.
[INFO] [stdout] Couldn't compile the test.
[INFO] [stdout] ---- src/logger.rs - logger::Logger::error (line 149) stdout ----
[INFO] [stdout] error[E0433]: failed to resolve: use of undeclared type `Logger`
[INFO] [stdout]  --> src/logger.rs:150:14
[INFO] [stdout]   |
[INFO] [stdout] 3 | let logger = Logger::new();
[INFO] [stdout]   |              ^^^^^^ use of undeclared type `Logger`
[INFO] [stdout]   |
[INFO] [stdout] help: consider importing this struct
[INFO] [stdout]   |
[INFO] [stdout] 2 + use vollerei::logger::Logger;
[INFO] [stdout]   |
[INFO] [stdout] 
[INFO] [stdout] error: aborting due to 1 previous error
[INFO] [stdout] 
[INFO] [stdout] For more information about this error, try `rustc --explain E0433`.
[INFO] [stdout] Couldn't compile the test.
[INFO] [stdout] ---- src/logger.rs - logger::Logger (line 18) stdout ----
[INFO] [stdout] error[E0433]: failed to resolve: use of undeclared type `Logger`
[INFO] [stdout]  --> src/logger.rs:19:14
[INFO] [stdout]   |
[INFO] [stdout] 3 | let logger = Logger::new();
[INFO] [stdout]   |              ^^^^^^ use of undeclared type `Logger`
[INFO] [stdout]   |
[INFO] [stdout] help: consider importing this struct
[INFO] [stdout]   |
[INFO] [stdout] 2 + use vollerei::logger::Logger;
[INFO] [stdout]   |
[INFO] [stdout] 
[INFO] [stdout] error: aborting due to 1 previous error
[INFO] [stdout] 
[INFO] [stdout] For more information about this error, try `rustc --explain E0433`.
[INFO] [stdout] Couldn't compile the test.
[INFO] [stdout] ---- src/logger.rs - logger::Logger::debug (line 80) stdout ----
[INFO] [stdout] error[E0433]: failed to resolve: use of undeclared type `Logger`
[INFO] [stdout]  --> src/logger.rs:81:14
[INFO] [stdout]   |
[INFO] [stdout] 3 | let logger = Logger::new();
[INFO] [stdout]   |              ^^^^^^ use of undeclared type `Logger`
[INFO] [stdout]   |
[INFO] [stdout] help: consider importing this struct
[INFO] [stdout]   |
[INFO] [stdout] 2 + use vollerei::logger::Logger;
[INFO] [stdout]   |
[INFO] [stdout] 
[INFO] [stdout] error: aborting due to 1 previous error
[INFO] [stdout] 
[INFO] [stdout] For more information about this error, try `rustc --explain E0433`.
[INFO] [stdout] Couldn't compile the test.
[INFO] [stdout] ---- src/logger.rs - logger::Logger::warn (line 125) stdout ----
[INFO] [stdout] error[E0433]: failed to resolve: use of undeclared type `Logger`
[INFO] [stdout]  --> src/logger.rs:126:14
[INFO] [stdout]   |
[INFO] [stdout] 3 | let logger = Logger::new();
[INFO] [stdout]   |              ^^^^^^ use of undeclared type `Logger`
[INFO] [stdout]   |
[INFO] [stdout] help: consider importing this struct
[INFO] [stdout]   |
[INFO] [stdout] 2 + use vollerei::logger::Logger;
[INFO] [stdout]   |
[INFO] [stdout] 
[INFO] [stdout] error: aborting due to 1 previous error
[INFO] [stdout] 
[INFO] [stdout] For more information about this error, try `rustc --explain E0433`.
[INFO] [stdout] Couldn't compile the test.
[INFO] [stdout] ---- src/logger.rs - logger::Logger::critical (line 172) stdout ----
[INFO] [stdout] error[E0433]: failed to resolve: use of undeclared type `Logger`
[INFO] [stdout]  --> src/logger.rs:173:14
[INFO] [stdout]   |
[INFO] [stdout] 3 | let logger = Logger::new();
[INFO] [stdout]   |              ^^^^^^ use of undeclared type `Logger`
[INFO] [stdout]   |
[INFO] [stdout] help: consider importing this struct
[INFO] [stdout]   |
[INFO] [stdout] 2 + use vollerei::logger::Logger;
[INFO] [stdout]   |
[INFO] [stdout] 
[INFO] [stdout] error: aborting due to 1 previous error
[INFO] [stdout] 
[INFO] [stdout] For more information about this error, try `rustc --explain E0433`.
[INFO] [stdout] Couldn't compile the test.
[INFO] [stdout] 
[INFO] [stdout] failures:
[INFO] [stdout]     src/logger.rs - logger::Logger (line 18)
[INFO] [stdout]     src/logger.rs - logger::Logger::critical (line 172)
[INFO] [stdout]     src/logger.rs - logger::Logger::debug (line 80)
[INFO] [stdout]     src/logger.rs - logger::Logger::error (line 149)
[INFO] [stdout]     src/logger.rs - logger::Logger::info (line 102)
[INFO] [stdout]     src/logger.rs - logger::Logger::warn (line 125)
[INFO] [stdout] 
[INFO] [stdout] test result: FAILED. 0 passed; 6 failed; 0 ignored; 0 measured; 0 filtered out; finished in 0.13s
[INFO] [stdout] 
[INFO] [stderr] error: doctest failed, to rerun pass `--doc`
[INFO] running `Command { std: "docker" "inspect" "0c1b0e7cfc54bb6ecebc1d9c11d548d2369d6fd8050e96e35c2625ed74ded026", kill_on_drop: false }`
[INFO] running `Command { std: "docker" "rm" "-f" "0c1b0e7cfc54bb6ecebc1d9c11d548d2369d6fd8050e96e35c2625ed74ded026", kill_on_drop: false }`
[INFO] [stdout] 0c1b0e7cfc54bb6ecebc1d9c11d548d2369d6fd8050e96e35c2625ed74ded026
