[INFO] cloning repository https://github.com/mmishkin747/Rust-load-up-ping
[INFO] running `Command { std: "git" "-c" "credential.helper=" "-c" "credential.helper=/workspace/cargo-home/bin/git-credential-null" "clone" "--bare" "https://github.com/mmishkin747/Rust-load-up-ping" "/workspace/cache/git-repos/https%3A%2F%2Fgithub.com%2Fmmishkin747%2FRust-load-up-ping", kill_on_drop: false }`
[INFO] [stderr] Cloning into bare repository '/workspace/cache/git-repos/https%3A%2F%2Fgithub.com%2Fmmishkin747%2FRust-load-up-ping'...
[INFO] running `Command { std: "git" "rev-parse" "HEAD", kill_on_drop: false }`
[INFO] [stdout] d8a3162dfebc2a77ffc265ac3d93693dc9fe5647
[INFO] testing mmishkin747/Rust-load-up-ping against 1.75.0 for beta-1.76-1
[INFO] running `Command { std: "git" "clone" "/workspace/cache/git-repos/https%3A%2F%2Fgithub.com%2Fmmishkin747%2FRust-load-up-ping" "/workspace/builds/worker-5-tc1/source", kill_on_drop: false }`
[INFO] [stderr] Cloning into '/workspace/builds/worker-5-tc1/source'...
[INFO] [stderr] done.
[INFO] validating manifest of git repo https://github.com/mmishkin747/Rust-load-up-ping on toolchain 1.75.0
[INFO] running `Command { std: CARGO_HOME="/workspace/cargo-home" RUSTUP_HOME="/workspace/rustup-home" "/workspace/cargo-home/bin/cargo" "+1.75.0" "metadata" "--manifest-path" "Cargo.toml" "--no-deps", kill_on_drop: false }`
[INFO] started tweaking git repo https://github.com/mmishkin747/Rust-load-up-ping
[INFO] finished tweaking git repo https://github.com/mmishkin747/Rust-load-up-ping
[INFO] tweaked toml for git repo https://github.com/mmishkin747/Rust-load-up-ping written to /workspace/builds/worker-5-tc1/source/Cargo.toml
[INFO] crate git repo https://github.com/mmishkin747/Rust-load-up-ping already has a lockfile, it will not be regenerated
[INFO] running `Command { std: CARGO_HOME="/workspace/cargo-home" RUSTUP_HOME="/workspace/rustup-home" "/workspace/cargo-home/bin/cargo" "+1.75.0" "fetch" "--manifest-path" "Cargo.toml", kill_on_drop: false }`
[INFO] [stderr]  Downloading crates ...
[INFO] [stderr]   Downloaded assert_cmd v2.0.7
[INFO] running `Command { std: "docker" "create" "-v" "/var/lib/crater-agent-workspace/builds/worker-5-tc1/target:/opt/rustwide/target:rw,Z" "-v" "/var/lib/crater-agent-workspace/builds/worker-5-tc1/source:/opt/rustwide/workdir:ro,Z" "-v" "/var/lib/crater-agent-workspace/cargo-home:/opt/rustwide/cargo-home:ro,Z" "-v" "/var/lib/crater-agent-workspace/rustup-home:/opt/rustwide/rustup-home:ro,Z" "-e" "SOURCE_DIR=/opt/rustwide/workdir" "-e" "CARGO_TARGET_DIR=/opt/rustwide/target" "-e" "CARGO_HOME=/opt/rustwide/cargo-home" "-e" "RUSTUP_HOME=/opt/rustwide/rustup-home" "-w" "/opt/rustwide/workdir" "-m" "1610612736" "--user" "0:0" "--network" "none" "ghcr.io/rust-lang/crates-build-env/linux@sha256:2788e3201cd34a07e3172128adcd8b3090168a8e3bcc40d7c032b9dda1df7d1c" "/opt/rustwide/cargo-home/bin/cargo" "+1.75.0" "metadata" "--no-deps" "--format-version=1", kill_on_drop: false }`
[INFO] [stdout] 3cfac46419566bbb10e269b2f30e2bc78245b6fbe5958ec518aa0c2ef28cac38
[INFO] running `Command { std: "docker" "start" "-a" "3cfac46419566bbb10e269b2f30e2bc78245b6fbe5958ec518aa0c2ef28cac38", kill_on_drop: false }`
[INFO] running `Command { std: "docker" "inspect" "3cfac46419566bbb10e269b2f30e2bc78245b6fbe5958ec518aa0c2ef28cac38", kill_on_drop: false }`
[INFO] running `Command { std: "docker" "rm" "-f" "3cfac46419566bbb10e269b2f30e2bc78245b6fbe5958ec518aa0c2ef28cac38", kill_on_drop: false }`
[INFO] [stdout] 3cfac46419566bbb10e269b2f30e2bc78245b6fbe5958ec518aa0c2ef28cac38
[INFO] running `Command { std: "docker" "create" "-v" "/var/lib/crater-agent-workspace/builds/worker-5-tc1/target:/opt/rustwide/target:rw,Z" "-v" "/var/lib/crater-agent-workspace/builds/worker-5-tc1/source:/opt/rustwide/workdir:ro,Z" "-v" "/var/lib/crater-agent-workspace/cargo-home:/opt/rustwide/cargo-home:ro,Z" "-v" "/var/lib/crater-agent-workspace/rustup-home:/opt/rustwide/rustup-home:ro,Z" "-e" "SOURCE_DIR=/opt/rustwide/workdir" "-e" "CARGO_TARGET_DIR=/opt/rustwide/target" "-e" "CARGO_INCREMENTAL=0" "-e" "RUST_BACKTRACE=full" "-e" "RUSTFLAGS=--cap-lints=warn" "-e" "RUSTDOCFLAGS=--cap-lints=warn" "-e" "CARGO_HOME=/opt/rustwide/cargo-home" "-e" "RUSTUP_HOME=/opt/rustwide/rustup-home" "-w" "/opt/rustwide/workdir" "-m" "1610612736" "--user" "0:0" "--network" "none" "ghcr.io/rust-lang/crates-build-env/linux@sha256:2788e3201cd34a07e3172128adcd8b3090168a8e3bcc40d7c032b9dda1df7d1c" "/opt/rustwide/cargo-home/bin/cargo" "+1.75.0" "build" "--frozen" "--message-format=json", kill_on_drop: false }`
[INFO] [stdout] 2d7825083796e3e869b0c73c1ea2599f4a345cdef14919a1bdf137eb552a4499
[INFO] running `Command { std: "docker" "start" "-a" "2d7825083796e3e869b0c73c1ea2599f4a345cdef14919a1bdf137eb552a4499", kill_on_drop: false }`
[INFO] [stderr]    Compiling proc-macro2 v1.0.47
[INFO] [stderr]    Compiling unicode-ident v1.0.5
[INFO] [stderr]    Compiling quote v1.0.21
[INFO] [stderr]    Compiling syn v1.0.105
[INFO] [stderr]    Compiling libc v0.2.138
[INFO] [stderr]    Compiling log v0.4.17
[INFO] [stderr]    Compiling proc-macro-error-attr v1.0.4
[INFO] [stderr]    Compiling io-lifetimes v1.0.3
[INFO] [stderr]    Compiling concurrent-queue v2.0.0
[INFO] [stderr]    Compiling proc-macro-error v1.0.4
[INFO] [stderr]    Compiling async-io v1.12.0
[INFO] [stderr]    Compiling rustix v0.36.5
[INFO] [stderr]    Compiling atomic-waker v1.0.0
[INFO] [stderr]    Compiling once_cell v1.16.0
[INFO] [stderr]    Compiling linux-raw-sys v0.1.3
[INFO] [stderr]    Compiling heck v0.4.0
[INFO] [stderr]    Compiling os_str_bytes v6.4.1
[INFO] [stderr]    Compiling termcolor v1.1.3
[INFO] [stderr]    Compiling strsim v0.10.0
[INFO] [stderr]    Compiling async-channel v1.8.0
[INFO] [stderr]    Compiling async-executor v1.5.0
[INFO] [stderr]    Compiling clap_lex v0.3.0
[INFO] [stderr]    Compiling blocking v1.3.0
[INFO] [stderr]    Compiling socket2 v0.4.7
[INFO] [stderr]    Compiling getrandom v0.2.8
[INFO] [stderr]    Compiling rand_core v0.6.4
[INFO] [stderr]    Compiling rand_chacha v0.3.1
[INFO] [stderr]    Compiling rand v0.8.5
[INFO] [stderr]    Compiling is-terminal v0.4.1
[INFO] [stderr]    Compiling ctor v0.1.26
[INFO] [stderr]    Compiling futures-macro v0.3.25
[INFO] [stderr]    Compiling clap_derive v4.0.21
[INFO] [stderr]    Compiling value-bag v1.0.0-alpha.9
[INFO] [stderr]    Compiling futures-util v0.3.25
[INFO] [stderr]    Compiling polling v2.5.2
[INFO] [stderr]    Compiling kv-log-macro v1.0.7
[INFO] [stderr]    Compiling async-global-executor v2.3.1
[INFO] [stderr]    Compiling clap v4.0.29
[INFO] [stderr]    Compiling async-std v1.12.0
[INFO] [stderr]    Compiling futures-executor v0.3.25
[INFO] [stderr]    Compiling futures v0.3.25
[INFO] [stderr]    Compiling rlup v0.1.0 (/opt/rustwide/workdir)
[INFO] [stderr]     Finished dev [unoptimized + debuginfo] target(s) in 9.59s
[INFO] running `Command { std: "docker" "inspect" "2d7825083796e3e869b0c73c1ea2599f4a345cdef14919a1bdf137eb552a4499", kill_on_drop: false }`
[INFO] running `Command { std: "docker" "rm" "-f" "2d7825083796e3e869b0c73c1ea2599f4a345cdef14919a1bdf137eb552a4499", kill_on_drop: false }`
[INFO] [stdout] 2d7825083796e3e869b0c73c1ea2599f4a345cdef14919a1bdf137eb552a4499
[INFO] running `Command { std: "docker" "create" "-v" "/var/lib/crater-agent-workspace/builds/worker-5-tc1/target:/opt/rustwide/target:rw,Z" "-v" "/var/lib/crater-agent-workspace/builds/worker-5-tc1/source:/opt/rustwide/workdir:ro,Z" "-v" "/var/lib/crater-agent-workspace/cargo-home:/opt/rustwide/cargo-home:ro,Z" "-v" "/var/lib/crater-agent-workspace/rustup-home:/opt/rustwide/rustup-home:ro,Z" "-e" "SOURCE_DIR=/opt/rustwide/workdir" "-e" "CARGO_TARGET_DIR=/opt/rustwide/target" "-e" "CARGO_INCREMENTAL=0" "-e" "RUST_BACKTRACE=full" "-e" "RUSTFLAGS=--cap-lints=warn" "-e" "RUSTDOCFLAGS=--cap-lints=warn" "-e" "CARGO_HOME=/opt/rustwide/cargo-home" "-e" "RUSTUP_HOME=/opt/rustwide/rustup-home" "-w" "/opt/rustwide/workdir" "-m" "1610612736" "--user" "0:0" "--network" "none" "ghcr.io/rust-lang/crates-build-env/linux@sha256:2788e3201cd34a07e3172128adcd8b3090168a8e3bcc40d7c032b9dda1df7d1c" "/opt/rustwide/cargo-home/bin/cargo" "+1.75.0" "test" "--frozen" "--no-run" "--message-format=json", kill_on_drop: false }`
[INFO] [stdout] 0de96e1c777da657667dc1b8bc400c66ec827a322c45c1b69d98bf3781a1511d
[INFO] running `Command { std: "docker" "start" "-a" "0de96e1c777da657667dc1b8bc400c66ec827a322c45c1b69d98bf3781a1511d", kill_on_drop: false }`
[INFO] [stderr]    Compiling num-traits v0.2.15
[INFO] [stderr]    Compiling doc-comment v0.3.3
[INFO] [stderr]    Compiling predicates-core v1.0.5
[INFO] [stderr]    Compiling either v1.8.0
[INFO] [stderr]    Compiling regex-automata v0.1.10
[INFO] [stderr]    Compiling normalize-line-endings v0.3.0
[INFO] [stderr]    Compiling termtree v0.4.0
[INFO] [stderr]    Compiling difflib v0.4.0
[INFO] [stderr]    Compiling wait-timeout v0.2.0
[INFO] [stderr]    Compiling predicates-tree v1.0.7
[INFO] [stderr]    Compiling itertools v0.10.5
[INFO] [stderr]    Compiling bstr v1.1.0
[INFO] [stderr]    Compiling float-cmp v0.9.0
[INFO] [stderr]    Compiling predicates v2.1.5
[INFO] [stderr]    Compiling assert_cmd v2.0.7
[INFO] [stderr]    Compiling rlup v0.1.0 (/opt/rustwide/workdir)
[INFO] [stderr]     Finished test [unoptimized + debuginfo] target(s) in 4.91s
[INFO] running `Command { std: "docker" "inspect" "0de96e1c777da657667dc1b8bc400c66ec827a322c45c1b69d98bf3781a1511d", kill_on_drop: false }`
[INFO] running `Command { std: "docker" "rm" "-f" "0de96e1c777da657667dc1b8bc400c66ec827a322c45c1b69d98bf3781a1511d", kill_on_drop: false }`
[INFO] [stdout] 0de96e1c777da657667dc1b8bc400c66ec827a322c45c1b69d98bf3781a1511d
[INFO] running `Command { std: "docker" "create" "-v" "/var/lib/crater-agent-workspace/builds/worker-5-tc1/target:/opt/rustwide/target:rw,Z" "-v" "/var/lib/crater-agent-workspace/builds/worker-5-tc1/source:/opt/rustwide/workdir:ro,Z" "-v" "/var/lib/crater-agent-workspace/cargo-home:/opt/rustwide/cargo-home:ro,Z" "-v" "/var/lib/crater-agent-workspace/rustup-home:/opt/rustwide/rustup-home:ro,Z" "-e" "SOURCE_DIR=/opt/rustwide/workdir" "-e" "CARGO_TARGET_DIR=/opt/rustwide/target" "-e" "CARGO_INCREMENTAL=0" "-e" "RUST_BACKTRACE=full" "-e" "RUSTFLAGS=--cap-lints=warn" "-e" "RUSTDOCFLAGS=--cap-lints=warn" "-e" "CARGO_HOME=/opt/rustwide/cargo-home" "-e" "RUSTUP_HOME=/opt/rustwide/rustup-home" "-w" "/opt/rustwide/workdir" "-m" "1610612736" "--user" "0:0" "--network" "none" "ghcr.io/rust-lang/crates-build-env/linux@sha256:2788e3201cd34a07e3172128adcd8b3090168a8e3bcc40d7c032b9dda1df7d1c" "/opt/rustwide/cargo-home/bin/cargo" "+1.75.0" "test" "--frozen", kill_on_drop: false }`
[INFO] [stdout] c9e99f7da4e4e35344c3edc1db0d4688e283ea2ae19732377d12b6998729fe52
[INFO] running `Command { std: "docker" "start" "-a" "c9e99f7da4e4e35344c3edc1db0d4688e283ea2ae19732377d12b6998729fe52", kill_on_drop: false }`
[INFO] [stderr]     Finished test [unoptimized + debuginfo] target(s) in 0.10s
[INFO] [stderr]      Running unittests src/lib.rs (/opt/rustwide/target/debug/deps/rlup-f72cb7e5ee10ab37)
[INFO] [stdout] 
[INFO] [stdout] running 0 tests
[INFO] [stdout] 
[INFO] [stdout] test result: ok. 0 passed; 0 failed; 0 ignored; 0 measured; 0 filtered out; finished in 0.00s
[INFO] [stdout] 
[INFO] [stderr]      Running unittests src/main.rs (/opt/rustwide/target/debug/deps/rlup-a4f5c58d8eecb0f9)
[INFO] [stdout] 
[INFO] [stdout] running 0 tests
[INFO] [stdout] 
[INFO] [stdout] test result: ok. 0 passed; 0 failed; 0 ignored; 0 measured; 0 filtered out; finished in 0.00s
[INFO] [stdout] 
[INFO] [stderr]      Running tests/cli.rs (/opt/rustwide/target/debug/deps/cli-0766687236ddd8e0)
[INFO] [stdout] 
[INFO] [stdout] running 2 tests
[INFO] [stdout] test dies_no_args ... ok
[INFO] [stdout] test test_1 ... FAILED
[INFO] [stdout] 
[INFO] [stdout] failures:
[INFO] [stdout] 
[INFO] [stdout] ---- test_1 stdout ----
[INFO] [stdout] thread 'test_1' panicked at /rustc/82e1608dfa6e0b5569232559e3d385fea5a93112/library/core/src/ops/function.rs:250:5:
[INFO] [stdout] Unexpected stdout, failed diff original var
[INFO] [stdout] ├── original: Success rate is ... TEST 1 OK
[INFO] [stdout] ├── diff: 
[INFO] [stdout] │   --- 	orig
[INFO] [stdout] │   +++ 	var
[INFO] [stdout] │   @@ -1 +0,0 @@
[INFO] [stdout] │   -Success rate is ... TEST 1 OK
[INFO] [stdout] └── var as str: 
[INFO] [stdout] 
[INFO] [stdout] command=`"/opt/rustwide/target/debug/rlup" "127.0.0.1" "192.168.1.1" "--port" "2061"`
[INFO] [stdout] code=0
[INFO] [stdout] stdout=""
[INFO] [stdout] stderr=""
[INFO] [stdout] 
[INFO] [stdout] stack backtrace:
[INFO] [stdout]    0:     0x560d3f8e1cbc - std::backtrace_rs::backtrace::libunwind::trace::ha637c64ce894333a
[INFO] [stdout]                                at /rustc/82e1608dfa6e0b5569232559e3d385fea5a93112/library/std/src/../../backtrace/src/backtrace/libunwind.rs:104:5
[INFO] [stdout]    1:     0x560d3f8e1cbc - std::backtrace_rs::backtrace::trace_unsynchronized::h47f62dea28e0c88d
[INFO] [stdout]                                at /rustc/82e1608dfa6e0b5569232559e3d385fea5a93112/library/std/src/../../backtrace/src/backtrace/mod.rs:66:5
[INFO] [stdout]    2:     0x560d3f8e1cbc - std::sys_common::backtrace::_print_fmt::h9eef0abe20ede486
[INFO] [stdout]                                at /rustc/82e1608dfa6e0b5569232559e3d385fea5a93112/library/std/src/sys_common/backtrace.rs:67:5
[INFO] [stdout]    3:     0x560d3f8e1cbc - <std::sys_common::backtrace::_print::DisplayBacktrace as core::fmt::Display>::fmt::hed7f999df88cc644
[INFO] [stdout]                                at /rustc/82e1608dfa6e0b5569232559e3d385fea5a93112/library/std/src/sys_common/backtrace.rs:44:22
[INFO] [stdout]    4:     0x560d3f90c700 - core::fmt::rt::Argument::fmt::h1539a9308b8d058d
[INFO] [stdout]                                at /rustc/82e1608dfa6e0b5569232559e3d385fea5a93112/library/core/src/fmt/rt.rs:142:9
[INFO] [stdout]    5:     0x560d3f90c700 - core::fmt::write::h3a39390d8560d9c9
[INFO] [stdout]                                at /rustc/82e1608dfa6e0b5569232559e3d385fea5a93112/library/core/src/fmt/mod.rs:1120:17
[INFO] [stdout]    6:     0x560d3f8dee7f - std::io::Write::write_fmt::h040b369f3a0f9cbc
[INFO] [stdout]                                at /rustc/82e1608dfa6e0b5569232559e3d385fea5a93112/library/std/src/io/mod.rs:1762:15
[INFO] [stdout]    7:     0x560d3f8e1aa4 - std::sys_common::backtrace::_print::h894006fb5c6f3d45
[INFO] [stdout]                                at /rustc/82e1608dfa6e0b5569232559e3d385fea5a93112/library/std/src/sys_common/backtrace.rs:47:5
[INFO] [stdout]    8:     0x560d3f8e1aa4 - std::sys_common::backtrace::print::h23a2d212c6fff936
[INFO] [stdout]                                at /rustc/82e1608dfa6e0b5569232559e3d385fea5a93112/library/std/src/sys_common/backtrace.rs:34:9
[INFO] [stdout]    9:     0x560d3f8e37e7 - std::panicking::default_hook::{{closure}}::h8a1d2ee00185001a
[INFO] [stdout]   10:     0x560d3f8e34d3 - std::panicking::default_hook::h6038f2eba384e475
[INFO] [stdout]                                at /rustc/82e1608dfa6e0b5569232559e3d385fea5a93112/library/std/src/panicking.rs:289:9
[INFO] [stdout]   11:     0x560d3f84a347 - <alloc::boxed::Box<F,A> as core::ops::function::Fn<Args>>::call::h0ad024c9bdc6d768
[INFO] [stdout]                                at /rustc/82e1608dfa6e0b5569232559e3d385fea5a93112/library/alloc/src/boxed.rs:2021:9
[INFO] [stdout]   12:     0x560d3f84a347 - test::test_main::{{closure}}::h7500b54257359db6
[INFO] [stdout]                                at /rustc/82e1608dfa6e0b5569232559e3d385fea5a93112/library/test/src/lib.rs:138:21
[INFO] [stdout]   13:     0x560d3f8e3df8 - <alloc::boxed::Box<F,A> as core::ops::function::Fn<Args>>::call::h1f8f335eaa9cfaee
[INFO] [stdout]                                at /rustc/82e1608dfa6e0b5569232559e3d385fea5a93112/library/alloc/src/boxed.rs:2021:9
[INFO] [stdout]   14:     0x560d3f8e3df8 - std::panicking::rust_panic_with_hook::h2b5517d590cab22e
[INFO] [stdout]                                at /rustc/82e1608dfa6e0b5569232559e3d385fea5a93112/library/std/src/panicking.rs:783:13
[INFO] [stdout]   15:     0x560d3f8e3b4e - std::panicking::begin_panic_handler::{{closure}}::h233112c06e0ef43e
[INFO] [stdout]                                at /rustc/82e1608dfa6e0b5569232559e3d385fea5a93112/library/std/src/panicking.rs:657:13
[INFO] [stdout]   16:     0x560d3f8e2186 - std::sys_common::backtrace::__rust_end_short_backtrace::h6e893f24d7ebbff8
[INFO] [stdout]                                at /rustc/82e1608dfa6e0b5569232559e3d385fea5a93112/library/std/src/sys_common/backtrace.rs:170:18
[INFO] [stdout]   17:     0x560d3f8e38b2 - rust_begin_unwind
[INFO] [stdout]                                at /rustc/82e1608dfa6e0b5569232559e3d385fea5a93112/library/std/src/panicking.rs:645:5
[INFO] [stdout]   18:     0x560d3f811d75 - core::panicking::panic_fmt::hbf0e066aabfa482c
[INFO] [stdout]                                at /rustc/82e1608dfa6e0b5569232559e3d385fea5a93112/library/core/src/panicking.rs:72:14
[INFO] [stdout]   19:     0x560d3f861b5f - core::panicking::panic_display::h7a4bf02a1670c4d1
[INFO] [stdout]                                at /rustc/82e1608dfa6e0b5569232559e3d385fea5a93112/library/core/src/panicking.rs:178:5
[INFO] [stdout]   20:     0x560d3f8604ce - assert_cmd::assert::AssertError::panic::panic_cold_display::h6b9527b78a7de896
[INFO] [stdout]                                at /rustc/82e1608dfa6e0b5569232559e3d385fea5a93112/library/core/src/panic.rs:99:13
[INFO] [stdout]   21:     0x560d3f85fda7 - assert_cmd::assert::AssertError::panic::he7def3ec6e2a12bb
[INFO] [stdout]                                at /opt/rustwide/cargo-home/registry/src/index.crates.io-6f17d22bba15001f/assert_cmd-2.0.7/src/assert.rs:1036:9
[INFO] [stdout]   22:     0x560d3f857b97 - core::ops::function::FnOnce::call_once::hfe473f0ee96890f6
[INFO] [stdout]                                at /rustc/82e1608dfa6e0b5569232559e3d385fea5a93112/library/core/src/ops/function.rs:250:5
[INFO] [stdout]   23:     0x560d3f85dd56 - core::result::Result<T,E>::unwrap_or_else::ha3e68d4b8e50aaaf
[INFO] [stdout]                                at /rustc/82e1608dfa6e0b5569232559e3d385fea5a93112/library/core/src/result.rs:1430:23
[INFO] [stdout]   24:     0x560d3f812f25 - assert_cmd::assert::Assert::stdout::h05a492632837f145
[INFO] [stdout]                                at /opt/rustwide/cargo-home/registry/src/index.crates.io-6f17d22bba15001f/assert_cmd-2.0.7/src/assert.rs:362:9
[INFO] [stdout]   25:     0x560d3f8162a2 - cli::run::h2dc7edae55b007d5
[INFO] [stdout]                                at /opt/rustwide/workdir/tests/cli.rs:19:5
[INFO] [stdout]   26:     0x560d3f8168a0 - cli::test_1::h8cd212fbc663262b
[INFO] [stdout]                                at /opt/rustwide/workdir/tests/cli.rs:38:15
[INFO] [stdout]   27:     0x560d3f816717 - cli::test_1::{{closure}}::he26d6fd5e945fb47
[INFO] [stdout]                                at /opt/rustwide/workdir/tests/cli.rs:33:16
[INFO] [stdout]   28:     0x560d3f8140d6 - core::ops::function::FnOnce::call_once::h82d02decffeb1ca6
[INFO] [stdout]                                at /rustc/82e1608dfa6e0b5569232559e3d385fea5a93112/library/core/src/ops/function.rs:250:5
[INFO] [stdout]   29:     0x560d3f84f99f - core::ops::function::FnOnce::call_once::h2b5d431d5046312d
[INFO] [stdout]                                at /rustc/82e1608dfa6e0b5569232559e3d385fea5a93112/library/core/src/ops/function.rs:250:5
[INFO] [stdout]   30:     0x560d3f84f99f - test::__rust_begin_short_backtrace::h7714669af176e207
[INFO] [stdout]                                at /rustc/82e1608dfa6e0b5569232559e3d385fea5a93112/library/test/src/lib.rs:628:18
[INFO] [stdout]   31:     0x560d3f84e9b5 - test::run_test_in_process::{{closure}}::h85218797dcbcec12
[INFO] [stdout]                                at /rustc/82e1608dfa6e0b5569232559e3d385fea5a93112/library/test/src/lib.rs:651:60
[INFO] [stdout]   32:     0x560d3f84e9b5 - <core::panic::unwind_safe::AssertUnwindSafe<F> as core::ops::function::FnOnce<()>>::call_once::h76c106ea31c14d7b
[INFO] [stdout]                                at /rustc/82e1608dfa6e0b5569232559e3d385fea5a93112/library/core/src/panic/unwind_safe.rs:272:9
[INFO] [stdout]   33:     0x560d3f84e9b5 - std::panicking::try::do_call::h3bd5d0f6620ee946
[INFO] [stdout]                                at /rustc/82e1608dfa6e0b5569232559e3d385fea5a93112/library/std/src/panicking.rs:552:40
[INFO] [stdout]   34:     0x560d3f84e9b5 - std::panicking::try::h232e535e4744fe31
[INFO] [stdout]                                at /rustc/82e1608dfa6e0b5569232559e3d385fea5a93112/library/std/src/panicking.rs:516:19
[INFO] [stdout]   35:     0x560d3f84e9b5 - std::panic::catch_unwind::h3ce3bd6ca8dbac68
[INFO] [stdout]                                at /rustc/82e1608dfa6e0b5569232559e3d385fea5a93112/library/std/src/panic.rs:142:14
[INFO] [stdout]   36:     0x560d3f84e9b5 - test::run_test_in_process::hc97b257c9621286a
[INFO] [stdout]                                at /rustc/82e1608dfa6e0b5569232559e3d385fea5a93112/library/test/src/lib.rs:651:27
[INFO] [stdout]   37:     0x560d3f84e9b5 - test::run_test::{{closure}}::h2aa798823a438d38
[INFO] [stdout]                                at /rustc/82e1608dfa6e0b5569232559e3d385fea5a93112/library/test/src/lib.rs:574:43
[INFO] [stdout]   38:     0x560d3f816c76 - test::run_test::{{closure}}::h87d231c78fb59832
[INFO] [stdout]                                at /rustc/82e1608dfa6e0b5569232559e3d385fea5a93112/library/test/src/lib.rs:602:41
[INFO] [stdout]   39:     0x560d3f816c76 - std::sys_common::backtrace::__rust_begin_short_backtrace::he6df152596625789
[INFO] [stdout]                                at /rustc/82e1608dfa6e0b5569232559e3d385fea5a93112/library/std/src/sys_common/backtrace.rs:154:18
[INFO] [stdout]   40:     0x560d3f81bd27 - std::thread::Builder::spawn_unchecked_::{{closure}}::{{closure}}::ha94be15d1e0acf36
[INFO] [stdout]                                at /rustc/82e1608dfa6e0b5569232559e3d385fea5a93112/library/std/src/thread/mod.rs:529:17
[INFO] [stdout]   41:     0x560d3f81bd27 - <core::panic::unwind_safe::AssertUnwindSafe<F> as core::ops::function::FnOnce<()>>::call_once::h9dc6bd6372f16606
[INFO] [stdout]                                at /rustc/82e1608dfa6e0b5569232559e3d385fea5a93112/library/core/src/panic/unwind_safe.rs:272:9
[INFO] [stdout]   42:     0x560d3f81bd27 - std::panicking::try::do_call::h9057517f80303cd4
[INFO] [stdout]                                at /rustc/82e1608dfa6e0b5569232559e3d385fea5a93112/library/std/src/panicking.rs:552:40
[INFO] [stdout]   43:     0x560d3f81bd27 - std::panicking::try::he3a30b11ee45340c
[INFO] [stdout]                                at /rustc/82e1608dfa6e0b5569232559e3d385fea5a93112/library/std/src/panicking.rs:516:19
[INFO] [stdout]   44:     0x560d3f81bd27 - std::panic::catch_unwind::h410458cfd3528b8b
[INFO] [stdout]                                at /rustc/82e1608dfa6e0b5569232559e3d385fea5a93112/library/std/src/panic.rs:142:14
[INFO] [stdout]   45:     0x560d3f81bd27 - std::thread::Builder::spawn_unchecked_::{{closure}}::h72ac3bdb567b737b
[INFO] [stdout]                                at /rustc/82e1608dfa6e0b5569232559e3d385fea5a93112/library/std/src/thread/mod.rs:528:30
[INFO] [stdout]   46:     0x560d3f81bd27 - core::ops::function::FnOnce::call_once{{vtable.shim}}::h38f34da3654a8344
[INFO] [stdout]                                at /rustc/82e1608dfa6e0b5569232559e3d385fea5a93112/library/core/src/ops/function.rs:250:5
[INFO] [stdout]   47:     0x560d3f8e9225 - <alloc::boxed::Box<F,A> as core::ops::function::FnOnce<Args>>::call_once::hc7eafaff61e32df9
[INFO] [stdout]                                at /rustc/82e1608dfa6e0b5569232559e3d385fea5a93112/library/alloc/src/boxed.rs:2007:9
[INFO] [stdout]   48:     0x560d3f8e9225 - <alloc::boxed::Box<F,A> as core::ops::function::FnOnce<Args>>::call_once::h6ba4a5de48dd2304
[INFO] [stdout]                                at /rustc/82e1608dfa6e0b5569232559e3d385fea5a93112/library/alloc/src/boxed.rs:2007:9
[INFO] [stdout]   49:     0x560d3f8e9225 - std::sys::unix::thread::Thread::new::thread_start::he469335aef763e45
[INFO] [stdout]                                at /rustc/82e1608dfa6e0b5569232559e3d385fea5a93112/library/std/src/sys/unix/thread.rs:108:17
[INFO] [stdout]   50:     0x7f4394149ac3 - <unknown>
[INFO] [stdout]   51:     0x7f43941dabf4 - __clone
[INFO] [stdout]   52:                0x0 - <unknown>
[INFO] [stdout] 
[INFO] [stdout] 
[INFO] [stdout] failures:
[INFO] [stdout]     test_1
[INFO] [stdout] 
[INFO] [stdout] test result: FAILED. 1 passed; 1 failed; 0 ignored; 0 measured; 0 filtered out; finished in 3.07s
[INFO] [stdout] 
[INFO] [stderr] error: test failed, to rerun pass `--test cli`
[INFO] running `Command { std: "docker" "inspect" "c9e99f7da4e4e35344c3edc1db0d4688e283ea2ae19732377d12b6998729fe52", kill_on_drop: false }`
[INFO] running `Command { std: "docker" "rm" "-f" "c9e99f7da4e4e35344c3edc1db0d4688e283ea2ae19732377d12b6998729fe52", kill_on_drop: false }`
[INFO] [stdout] c9e99f7da4e4e35344c3edc1db0d4688e283ea2ae19732377d12b6998729fe52
[INFO] testing mmishkin747/Rust-load-up-ping against beta-2023-12-22 for beta-1.76-1
[INFO] running `Command { std: "git" "clone" "/workspace/cache/git-repos/https%3A%2F%2Fgithub.com%2Fmmishkin747%2FRust-load-up-ping" "/workspace/builds/worker-5-tc2/source", kill_on_drop: false }`
[INFO] [stderr] Cloning into '/workspace/builds/worker-5-tc2/source'...
[INFO] [stderr] done.
[INFO] validating manifest of git repo https://github.com/mmishkin747/Rust-load-up-ping on toolchain beta-2023-12-22
[INFO] running `Command { std: CARGO_HOME="/workspace/cargo-home" RUSTUP_HOME="/workspace/rustup-home" "/workspace/cargo-home/bin/cargo" "+beta-2023-12-22" "metadata" "--manifest-path" "Cargo.toml" "--no-deps", kill_on_drop: false }`
[INFO] started tweaking git repo https://github.com/mmishkin747/Rust-load-up-ping
[INFO] finished tweaking git repo https://github.com/mmishkin747/Rust-load-up-ping
[INFO] tweaked toml for git repo https://github.com/mmishkin747/Rust-load-up-ping written to /workspace/builds/worker-5-tc2/source/Cargo.toml
[INFO] crate git repo https://github.com/mmishkin747/Rust-load-up-ping already has a lockfile, it will not be regenerated
[INFO] running `Command { std: CARGO_HOME="/workspace/cargo-home" RUSTUP_HOME="/workspace/rustup-home" "/workspace/cargo-home/bin/cargo" "+beta-2023-12-22" "fetch" "--manifest-path" "Cargo.toml", kill_on_drop: false }`
[INFO] running `Command { std: "docker" "create" "-v" "/var/lib/crater-agent-workspace/builds/worker-5-tc2/target:/opt/rustwide/target:rw,Z" "-v" "/var/lib/crater-agent-workspace/builds/worker-5-tc2/source:/opt/rustwide/workdir:ro,Z" "-v" "/var/lib/crater-agent-workspace/cargo-home:/opt/rustwide/cargo-home:ro,Z" "-v" "/var/lib/crater-agent-workspace/rustup-home:/opt/rustwide/rustup-home:ro,Z" "-e" "SOURCE_DIR=/opt/rustwide/workdir" "-e" "CARGO_TARGET_DIR=/opt/rustwide/target" "-e" "CARGO_HOME=/opt/rustwide/cargo-home" "-e" "RUSTUP_HOME=/opt/rustwide/rustup-home" "-w" "/opt/rustwide/workdir" "-m" "1610612736" "--user" "0:0" "--network" "none" "ghcr.io/rust-lang/crates-build-env/linux@sha256:2788e3201cd34a07e3172128adcd8b3090168a8e3bcc40d7c032b9dda1df7d1c" "/opt/rustwide/cargo-home/bin/cargo" "+beta-2023-12-22" "metadata" "--no-deps" "--format-version=1", kill_on_drop: false }`
[INFO] [stdout] 692b37dc677b1063f2d322bb9b9e4b4a21198b2688cce56be1ccb026bd26ecea
[INFO] running `Command { std: "docker" "start" "-a" "692b37dc677b1063f2d322bb9b9e4b4a21198b2688cce56be1ccb026bd26ecea", kill_on_drop: false }`
[INFO] running `Command { std: "docker" "inspect" "692b37dc677b1063f2d322bb9b9e4b4a21198b2688cce56be1ccb026bd26ecea", kill_on_drop: false }`
[INFO] running `Command { std: "docker" "rm" "-f" "692b37dc677b1063f2d322bb9b9e4b4a21198b2688cce56be1ccb026bd26ecea", kill_on_drop: false }`
[INFO] [stdout] 692b37dc677b1063f2d322bb9b9e4b4a21198b2688cce56be1ccb026bd26ecea
[INFO] running `Command { std: "docker" "create" "-v" "/var/lib/crater-agent-workspace/builds/worker-5-tc2/target:/opt/rustwide/target:rw,Z" "-v" "/var/lib/crater-agent-workspace/builds/worker-5-tc2/source:/opt/rustwide/workdir:ro,Z" "-v" "/var/lib/crater-agent-workspace/cargo-home:/opt/rustwide/cargo-home:ro,Z" "-v" "/var/lib/crater-agent-workspace/rustup-home:/opt/rustwide/rustup-home:ro,Z" "-e" "SOURCE_DIR=/opt/rustwide/workdir" "-e" "CARGO_TARGET_DIR=/opt/rustwide/target" "-e" "CARGO_INCREMENTAL=0" "-e" "RUST_BACKTRACE=full" "-e" "RUSTFLAGS=--cap-lints=warn" "-e" "RUSTDOCFLAGS=--cap-lints=warn" "-e" "CARGO_HOME=/opt/rustwide/cargo-home" "-e" "RUSTUP_HOME=/opt/rustwide/rustup-home" "-w" "/opt/rustwide/workdir" "-m" "1610612736" "--user" "0:0" "--network" "none" "ghcr.io/rust-lang/crates-build-env/linux@sha256:2788e3201cd34a07e3172128adcd8b3090168a8e3bcc40d7c032b9dda1df7d1c" "/opt/rustwide/cargo-home/bin/cargo" "+beta-2023-12-22" "build" "--frozen" "--message-format=json", kill_on_drop: false }`
[INFO] [stdout] 3c0d8a0c9b112f29575f0050e9d372f4e705fa13288261e61837b235da5cdfad
[INFO] running `Command { std: "docker" "start" "-a" "3c0d8a0c9b112f29575f0050e9d372f4e705fa13288261e61837b235da5cdfad", kill_on_drop: false }`
[INFO] [stderr]    Compiling proc-macro2 v1.0.47
[INFO] [stderr]    Compiling quote v1.0.21
[INFO] [stderr]    Compiling unicode-ident v1.0.5
[INFO] [stderr]    Compiling syn v1.0.105
[INFO] [stderr]    Compiling libc v0.2.138
[INFO] [stderr]    Compiling log v0.4.17
[INFO] [stderr]    Compiling polling v2.5.2
[INFO] [stderr]    Compiling proc-macro-error-attr v1.0.4
[INFO] [stderr]    Compiling futures-channel v0.3.25
[INFO] [stderr]    Compiling io-lifetimes v1.0.3
[INFO] [stderr]    Compiling futures-task v0.3.25
[INFO] [stderr]    Compiling concurrent-queue v2.0.0
[INFO] [stderr]    Compiling async-io v1.12.0
[INFO] [stderr]    Compiling proc-macro-error v1.0.4
[INFO] [stderr]    Compiling pin-utils v0.1.0
[INFO] [stderr]    Compiling futures-util v0.3.25
[INFO] [stderr]    Compiling rustix v0.36.5
[INFO] [stderr]    Compiling futures-sink v0.3.25
[INFO] [stderr]    Compiling atomic-waker v1.0.0
[INFO] [stderr]    Compiling async-channel v1.8.0
[INFO] [stderr]    Compiling linux-raw-sys v0.1.3
[INFO] [stderr]    Compiling once_cell v1.16.0
[INFO] [stderr]    Compiling async-executor v1.5.0
[INFO] [stderr]    Compiling heck v0.4.0
[INFO] [stderr]    Compiling os_str_bytes v6.4.1
[INFO] [stderr]    Compiling termcolor v1.1.3
[INFO] [stderr]    Compiling strsim v0.10.0
[INFO] [stderr]    Compiling blocking v1.3.0
[INFO] [stderr]    Compiling clap_lex v0.3.0
[INFO] [stderr]    Compiling getrandom v0.2.8
[INFO] [stderr]    Compiling socket2 v0.4.7
[INFO] [stderr]    Compiling rand_core v0.6.4
[INFO] [stderr]    Compiling rand_chacha v0.3.1
[INFO] [stderr]    Compiling rand v0.8.5
[INFO] [stderr]    Compiling is-terminal v0.4.1
[INFO] [stderr]    Compiling ctor v0.1.26
[INFO] [stderr]    Compiling futures-macro v0.3.25
[INFO] [stderr]    Compiling clap_derive v4.0.21
[INFO] [stderr]    Compiling value-bag v1.0.0-alpha.9
[INFO] [stderr]    Compiling kv-log-macro v1.0.7
[INFO] [stderr]    Compiling async-global-executor v2.3.1
[INFO] [stderr]    Compiling clap v4.0.29
[INFO] [stderr]    Compiling async-std v1.12.0
[INFO] [stderr]    Compiling futures-executor v0.3.25
[INFO] [stderr]    Compiling futures v0.3.25
[INFO] [stderr]    Compiling rlup v0.1.0 (/opt/rustwide/workdir)
[INFO] [stderr]     Finished dev [unoptimized + debuginfo] target(s) in 6.90s
[INFO] running `Command { std: "docker" "inspect" "3c0d8a0c9b112f29575f0050e9d372f4e705fa13288261e61837b235da5cdfad", kill_on_drop: false }`
[INFO] running `Command { std: "docker" "rm" "-f" "3c0d8a0c9b112f29575f0050e9d372f4e705fa13288261e61837b235da5cdfad", kill_on_drop: false }`
[INFO] [stdout] 3c0d8a0c9b112f29575f0050e9d372f4e705fa13288261e61837b235da5cdfad
[INFO] running `Command { std: "docker" "create" "-v" "/var/lib/crater-agent-workspace/builds/worker-5-tc2/target:/opt/rustwide/target:rw,Z" "-v" "/var/lib/crater-agent-workspace/builds/worker-5-tc2/source:/opt/rustwide/workdir:ro,Z" "-v" "/var/lib/crater-agent-workspace/cargo-home:/opt/rustwide/cargo-home:ro,Z" "-v" "/var/lib/crater-agent-workspace/rustup-home:/opt/rustwide/rustup-home:ro,Z" "-e" "SOURCE_DIR=/opt/rustwide/workdir" "-e" "CARGO_TARGET_DIR=/opt/rustwide/target" "-e" "CARGO_INCREMENTAL=0" "-e" "RUST_BACKTRACE=full" "-e" "RUSTFLAGS=--cap-lints=warn" "-e" "RUSTDOCFLAGS=--cap-lints=warn" "-e" "CARGO_HOME=/opt/rustwide/cargo-home" "-e" "RUSTUP_HOME=/opt/rustwide/rustup-home" "-w" "/opt/rustwide/workdir" "-m" "1610612736" "--user" "0:0" "--network" "none" "ghcr.io/rust-lang/crates-build-env/linux@sha256:2788e3201cd34a07e3172128adcd8b3090168a8e3bcc40d7c032b9dda1df7d1c" "/opt/rustwide/cargo-home/bin/cargo" "+beta-2023-12-22" "test" "--frozen" "--no-run" "--message-format=json", kill_on_drop: false }`
[INFO] [stdout] 124081220a8d44a1760bfd8b073e1d707ee646b7205ac86af122a6a6c69d71c3
[INFO] running `Command { std: "docker" "start" "-a" "124081220a8d44a1760bfd8b073e1d707ee646b7205ac86af122a6a6c69d71c3", kill_on_drop: false }`
[INFO] [stderr]    Compiling num-traits v0.2.15
[INFO] [stderr]    Compiling predicates-core v1.0.5
[INFO] [stderr]    Compiling either v1.8.0
[INFO] [stderr]    Compiling doc-comment v0.3.3
[INFO] [stderr]    Compiling normalize-line-endings v0.3.0
[INFO] [stderr]    Compiling termtree v0.4.0
[INFO] [stderr]    Compiling difflib v0.4.0
[INFO] [stderr]    Compiling regex-automata v0.1.10
[INFO] [stderr]    Compiling wait-timeout v0.2.0
[INFO] [stderr]    Compiling predicates-tree v1.0.7
[INFO] [stderr]    Compiling itertools v0.10.5
[INFO] [stderr]    Compiling bstr v1.1.0
[INFO] [stderr]    Compiling float-cmp v0.9.0
[INFO] [stderr]    Compiling predicates v2.1.5
[INFO] [stderr]    Compiling assert_cmd v2.0.7
[INFO] [stderr]    Compiling rlup v0.1.0 (/opt/rustwide/workdir)
[INFO] [stderr]     Finished test [unoptimized + debuginfo] target(s) in 2.18s
[INFO] running `Command { std: "docker" "inspect" "124081220a8d44a1760bfd8b073e1d707ee646b7205ac86af122a6a6c69d71c3", kill_on_drop: false }`
[INFO] running `Command { std: "docker" "rm" "-f" "124081220a8d44a1760bfd8b073e1d707ee646b7205ac86af122a6a6c69d71c3", kill_on_drop: false }`
[INFO] [stdout] 124081220a8d44a1760bfd8b073e1d707ee646b7205ac86af122a6a6c69d71c3
[INFO] running `Command { std: "docker" "create" "-v" "/var/lib/crater-agent-workspace/builds/worker-5-tc2/target:/opt/rustwide/target:rw,Z" "-v" "/var/lib/crater-agent-workspace/builds/worker-5-tc2/source:/opt/rustwide/workdir:ro,Z" "-v" "/var/lib/crater-agent-workspace/cargo-home:/opt/rustwide/cargo-home:ro,Z" "-v" "/var/lib/crater-agent-workspace/rustup-home:/opt/rustwide/rustup-home:ro,Z" "-e" "SOURCE_DIR=/opt/rustwide/workdir" "-e" "CARGO_TARGET_DIR=/opt/rustwide/target" "-e" "CARGO_INCREMENTAL=0" "-e" "RUST_BACKTRACE=full" "-e" "RUSTFLAGS=--cap-lints=warn" "-e" "RUSTDOCFLAGS=--cap-lints=warn" "-e" "CARGO_HOME=/opt/rustwide/cargo-home" "-e" "RUSTUP_HOME=/opt/rustwide/rustup-home" "-w" "/opt/rustwide/workdir" "-m" "1610612736" "--user" "0:0" "--network" "none" "ghcr.io/rust-lang/crates-build-env/linux@sha256:2788e3201cd34a07e3172128adcd8b3090168a8e3bcc40d7c032b9dda1df7d1c" "/opt/rustwide/cargo-home/bin/cargo" "+beta-2023-12-22" "test" "--frozen", kill_on_drop: false }`
[INFO] [stdout] 19ac2dffd4370daccc548d7f1e6c01d8ded71ec8ba15b6dabddc3db5ec252b6b
[INFO] running `Command { std: "docker" "start" "-a" "19ac2dffd4370daccc548d7f1e6c01d8ded71ec8ba15b6dabddc3db5ec252b6b", kill_on_drop: false }`
[INFO] [stderr]     Finished test [unoptimized + debuginfo] target(s) in 0.06s
[INFO] [stderr]      Running unittests src/lib.rs (/opt/rustwide/target/debug/deps/rlup-aac5cf2ea3b9004d)
[INFO] [stdout] 
[INFO] [stdout] running 0 tests
[INFO] [stdout] 
[INFO] [stdout] test result: ok. 0 passed; 0 failed; 0 ignored; 0 measured; 0 filtered out; finished in 0.00s
[INFO] [stdout] 
[INFO] [stderr]      Running unittests src/main.rs (/opt/rustwide/target/debug/deps/rlup-9d710f58232179fa)
[INFO] [stdout] 
[INFO] [stdout] running 0 tests
[INFO] [stdout] 
[INFO] [stdout] test result: ok. 0 passed; 0 failed; 0 ignored; 0 measured; 0 filtered out; finished in 0.00s
[INFO] [stdout] 
[INFO] [stderr]      Running tests/cli.rs (/opt/rustwide/target/debug/deps/cli-7bc2bf26c68ebcc6)
[INFO] [stdout] 
[INFO] [stdout] running 2 tests
[INFO] [stdout] test dies_no_args ... ok
[INFO] [stdout] test test_1 ... FAILED
[INFO] [stdout] 
[INFO] [stdout] failures:
[INFO] [stdout] 
[INFO] [stdout] ---- test_1 stdout ----
[INFO] [stdout] thread 'test_1' panicked at /rustc/0e09125c6c3c2fd70d7de961bcf0e51575235fad/library/core/src/ops/function.rs:250:5:
[INFO] [stdout] Unexpected stdout, failed diff original var
[INFO] [stdout] ├── original: Success rate is ... TEST 1 OK
[INFO] [stdout] ├── diff: 
[INFO] [stdout] │   --- 	orig
[INFO] [stdout] │   +++ 	var
[INFO] [stdout] │   @@ -1 +0,0 @@
[INFO] [stdout] │   -Success rate is ... TEST 1 OK
[INFO] [stdout] └── var as str: 
[INFO] [stdout] 
[INFO] [stdout] command=`"/opt/rustwide/target/debug/rlup" "127.0.0.1" "192.168.1.1" "--port" "2061"`
[INFO] [stdout] code=0
[INFO] [stdout] stdout=""
[INFO] [stdout] stderr=""
[INFO] [stdout] 
[INFO] [stdout] stack backtrace:
[INFO] [stdout]    0:     0x55e1a4b1ca56 - std::backtrace_rs::backtrace::libunwind::trace::h261606ad26a499c1
[INFO] [stdout]                                at /rustc/0e09125c6c3c2fd70d7de961bcf0e51575235fad/library/std/src/../../backtrace/src/backtrace/libunwind.rs:104:5
[INFO] [stdout]    1:     0x55e1a4b1ca56 - std::backtrace_rs::backtrace::trace_unsynchronized::hd183f0625477fb28
[INFO] [stdout]                                at /rustc/0e09125c6c3c2fd70d7de961bcf0e51575235fad/library/std/src/../../backtrace/src/backtrace/mod.rs:66:5
[INFO] [stdout]    2:     0x55e1a4b1ca56 - std::sys_common::backtrace::_print_fmt::hd7f8fef21b4eda67
[INFO] [stdout]                                at /rustc/0e09125c6c3c2fd70d7de961bcf0e51575235fad/library/std/src/sys_common/backtrace.rs:68:5
[INFO] [stdout]    3:     0x55e1a4b1ca56 - <std::sys_common::backtrace::_print::DisplayBacktrace as core::fmt::Display>::fmt::h623d9b51f2f453f1
[INFO] [stdout]                                at /rustc/0e09125c6c3c2fd70d7de961bcf0e51575235fad/library/std/src/sys_common/backtrace.rs:44:22
[INFO] [stdout]    4:     0x55e1a4b467c0 - core::fmt::rt::Argument::fmt::h9f417ac76a86f368
[INFO] [stdout]                                at /rustc/0e09125c6c3c2fd70d7de961bcf0e51575235fad/library/core/src/fmt/rt.rs:142:9
[INFO] [stdout]    5:     0x55e1a4b467c0 - core::fmt::write::hc9b6faf4ac2aeff7
[INFO] [stdout]                                at /rustc/0e09125c6c3c2fd70d7de961bcf0e51575235fad/library/core/src/fmt/mod.rs:1120:17
[INFO] [stdout]    6:     0x55e1a4b19c1f - std::io::Write::write_fmt::he04625a3a989fec3
[INFO] [stdout]                                at /rustc/0e09125c6c3c2fd70d7de961bcf0e51575235fad/library/std/src/io/mod.rs:1810:15
[INFO] [stdout]    7:     0x55e1a4b1c834 - std::sys_common::backtrace::_print::hd5d66399c7df88a2
[INFO] [stdout]                                at /rustc/0e09125c6c3c2fd70d7de961bcf0e51575235fad/library/std/src/sys_common/backtrace.rs:47:5
[INFO] [stdout]    8:     0x55e1a4b1c834 - std::sys_common::backtrace::print::he81ed2da642d37e5
[INFO] [stdout]                                at /rustc/0e09125c6c3c2fd70d7de961bcf0e51575235fad/library/std/src/sys_common/backtrace.rs:34:9
[INFO] [stdout]    9:     0x55e1a4b1e627 - std::panicking::default_hook::{{closure}}::h85773f4fa117163d
[INFO] [stdout]   10:     0x55e1a4b1e30d - std::panicking::default_hook::h6a1694a91d09b278
[INFO] [stdout]                                at /rustc/0e09125c6c3c2fd70d7de961bcf0e51575235fad/library/std/src/panicking.rs:289:9
[INFO] [stdout]   11:     0x55e1a4a7f3c7 - <alloc::boxed::Box<F,A> as core::ops::function::Fn<Args>>::call::h616ac37fa3cd6c8f
[INFO] [stdout]                                at /rustc/0e09125c6c3c2fd70d7de961bcf0e51575235fad/library/alloc/src/boxed.rs:2029:9
[INFO] [stdout]   12:     0x55e1a4a7f3c7 - test::test_main::{{closure}}::h00d84697cefdcbb6
[INFO] [stdout]                                at /rustc/0e09125c6c3c2fd70d7de961bcf0e51575235fad/library/test/src/lib.rs:138:21
[INFO] [stdout]   13:     0x55e1a4b1ec46 - <alloc::boxed::Box<F,A> as core::ops::function::Fn<Args>>::call::hcb3fe3b9bb537ba8
[INFO] [stdout]                                at /rustc/0e09125c6c3c2fd70d7de961bcf0e51575235fad/library/alloc/src/boxed.rs:2029:9
[INFO] [stdout]   14:     0x55e1a4b1ec46 - std::panicking::rust_panic_with_hook::h0a7ad96e90f7145b
[INFO] [stdout]                                at /rustc/0e09125c6c3c2fd70d7de961bcf0e51575235fad/library/std/src/panicking.rs:783:13
[INFO] [stderr] error: test failed, to rerun pass `--test cli`
[INFO] [stdout]   15:     0x55e1a4b1e992 - std::panicking::begin_panic_handler::{{closure}}::h7919090525c6485e
[INFO] [stdout]                                at /rustc/0e09125c6c3c2fd70d7de961bcf0e51575235fad/library/std/src/panicking.rs:657:13
[INFO] [stdout]   16:     0x55e1a4b1cf56 - std::sys_common::backtrace::__rust_end_short_backtrace::hf3289479464f7dfe
[INFO] [stdout]                                at /rustc/0e09125c6c3c2fd70d7de961bcf0e51575235fad/library/std/src/sys_common/backtrace.rs:171:18
[INFO] [stdout]   17:     0x55e1a4b1e6f0 - rust_begin_unwind
[INFO] [stdout]                                at /rustc/0e09125c6c3c2fd70d7de961bcf0e51575235fad/library/std/src/panicking.rs:645:5
[INFO] [stdout]   18:     0x55e1a4a45d55 - core::panicking::panic_fmt::hcc9f77c5c132af55
[INFO] [stdout]                                at /rustc/0e09125c6c3c2fd70d7de961bcf0e51575235fad/library/core/src/panicking.rs:72:14
[INFO] [stdout]   19:     0x55e1a4a973ff - core::panicking::panic_display::h16516885998f0a63
[INFO] [stdout]                                at /rustc/0e09125c6c3c2fd70d7de961bcf0e51575235fad/library/core/src/panicking.rs:196:5
[INFO] [stdout]   20:     0x55e1a4a9c67e - assert_cmd::assert::AssertError::panic::panic_cold_display::hd61a2c98573f3bc8
[INFO] [stdout]                                at /rustc/0e09125c6c3c2fd70d7de961bcf0e51575235fad/library/core/src/panic.rs:99:13
[INFO] [stdout]   21:     0x55e1a4a9bfe7 - assert_cmd::assert::AssertError::panic::h6371671e03e7e169
[INFO] [stdout]                                at /opt/rustwide/cargo-home/registry/src/index.crates.io-6f17d22bba15001f/assert_cmd-2.0.7/src/assert.rs:1036:9
[INFO] [stdout]   22:     0x55e1a4a94b17 - core::ops::function::FnOnce::call_once::h06fc45952684a912
[INFO] [stdout]                                at /rustc/0e09125c6c3c2fd70d7de961bcf0e51575235fad/library/core/src/ops/function.rs:250:5
[INFO] [stdout]   23:     0x55e1a4a96a6f - core::result::Result<T,E>::unwrap_or_else::h42d184b36ec217f5
[INFO] [stdout]                                at /rustc/0e09125c6c3c2fd70d7de961bcf0e51575235fad/library/core/src/result.rs:1426:23
[INFO] [stdout]   24:     0x55e1a4a46ef5 - assert_cmd::assert::Assert::stdout::h3731cfebcf0bf892
[INFO] [stdout]                                at /opt/rustwide/cargo-home/registry/src/index.crates.io-6f17d22bba15001f/assert_cmd-2.0.7/src/assert.rs:362:9
[INFO] [stdout]   25:     0x55e1a4a4a392 - cli::run::hc0c2838d06cb0d69
[INFO] [stdout]                                at /opt/rustwide/workdir/tests/cli.rs:19:5
[INFO] [stdout]   26:     0x55e1a4a4a980 - cli::test_1::h3db9de1281b1d557
[INFO] [stdout]                                at /opt/rustwide/workdir/tests/cli.rs:38:15
[INFO] [stdout]   27:     0x55e1a4a4a7f7 - cli::test_1::{{closure}}::hdb0c49b185cc5144
[INFO] [stdout]                                at /opt/rustwide/workdir/tests/cli.rs:33:16
[INFO] [stdout]   28:     0x55e1a4a480b6 - core::ops::function::FnOnce::call_once::h888c538aa8e023f2
[INFO] [stdout]                                at /rustc/0e09125c6c3c2fd70d7de961bcf0e51575235fad/library/core/src/ops/function.rs:250:5
[INFO] [stdout]   29:     0x55e1a4a84c9f - core::ops::function::FnOnce::call_once::hd64d26f405258157
[INFO] [stdout]                                at /rustc/0e09125c6c3c2fd70d7de961bcf0e51575235fad/library/core/src/ops/function.rs:250:5
[INFO] [stdout]   30:     0x55e1a4a84c9f - test::__rust_begin_short_backtrace::he21b0b7a6d731bf9
[INFO] [stdout]                                at /rustc/0e09125c6c3c2fd70d7de961bcf0e51575235fad/library/test/src/lib.rs:627:18
[INFO] [stdout]   31:     0x55e1a4a83a21 - test::run_test_in_process::{{closure}}::hf5c73986d7bdfde2
[INFO] [stdout]                                at /rustc/0e09125c6c3c2fd70d7de961bcf0e51575235fad/library/test/src/lib.rs:650:60
[INFO] [stdout]   32:     0x55e1a4a83a21 - <core::panic::unwind_safe::AssertUnwindSafe<F> as core::ops::function::FnOnce<()>>::call_once::h330011ad032aadc0
[INFO] [stdout]                                at /rustc/0e09125c6c3c2fd70d7de961bcf0e51575235fad/library/core/src/panic/unwind_safe.rs:272:9
[INFO] [stdout]   33:     0x55e1a4a83a21 - std::panicking::try::do_call::he61b0a958b795a41
[INFO] [stdout]                                at /rustc/0e09125c6c3c2fd70d7de961bcf0e51575235fad/library/std/src/panicking.rs:552:40
[INFO] [stdout]   34:     0x55e1a4a83a21 - std::panicking::try::h7309da130f906eb7
[INFO] [stdout]                                at /rustc/0e09125c6c3c2fd70d7de961bcf0e51575235fad/library/std/src/panicking.rs:516:19
[INFO] [stdout]   35:     0x55e1a4a83a21 - std::panic::catch_unwind::hc5c3a06fdaf0a92a
[INFO] [stdout]                                at /rustc/0e09125c6c3c2fd70d7de961bcf0e51575235fad/library/std/src/panic.rs:142:14
[INFO] [stdout]   36:     0x55e1a4a83a21 - test::run_test_in_process::h7e7b7c71c3324e0f
[INFO] [stdout]                                at /rustc/0e09125c6c3c2fd70d7de961bcf0e51575235fad/library/test/src/lib.rs:650:27
[INFO] [stdout]   37:     0x55e1a4a83a21 - test::run_test::{{closure}}::h1f509f28f5cf20b1
[INFO] [stdout]                                at /rustc/0e09125c6c3c2fd70d7de961bcf0e51575235fad/library/test/src/lib.rs:573:43
[INFO] [stdout]   38:     0x55e1a4a4ad56 - test::run_test::{{closure}}::h1754218abf443f6d
[INFO] [stdout]                                at /rustc/0e09125c6c3c2fd70d7de961bcf0e51575235fad/library/test/src/lib.rs:601:41
[INFO] [stdout]   39:     0x55e1a4a4ad56 - std::sys_common::backtrace::__rust_begin_short_backtrace::h2ee174b9d5954948
[INFO] [stdout]                                at /rustc/0e09125c6c3c2fd70d7de961bcf0e51575235fad/library/std/src/sys_common/backtrace.rs:155:18
[INFO] [stdout]   40:     0x55e1a4a4fdb7 - std::thread::Builder::spawn_unchecked_::{{closure}}::{{closure}}::hf60bee9c1a17ef09
[INFO] [stdout]                                at /rustc/0e09125c6c3c2fd70d7de961bcf0e51575235fad/library/std/src/thread/mod.rs:529:17
[INFO] [stdout]   41:     0x55e1a4a4fdb7 - <core::panic::unwind_safe::AssertUnwindSafe<F> as core::ops::function::FnOnce<()>>::call_once::h33d0dddec5216160
[INFO] [stdout]                                at /rustc/0e09125c6c3c2fd70d7de961bcf0e51575235fad/library/core/src/panic/unwind_safe.rs:272:9
[INFO] [stdout]   42:     0x55e1a4a4fdb7 - std::panicking::try::do_call::h144b3048b546f835
[INFO] [stdout]                                at /rustc/0e09125c6c3c2fd70d7de961bcf0e51575235fad/library/std/src/panicking.rs:552:40
[INFO] [stdout]   43:     0x55e1a4a4fdb7 - std::panicking::try::h978244d04646189f
[INFO] [stdout]                                at /rustc/0e09125c6c3c2fd70d7de961bcf0e51575235fad/library/std/src/panicking.rs:516:19
[INFO] [stdout]   44:     0x55e1a4a4fdb7 - std::panic::catch_unwind::hdf436369d188fe86
[INFO] [stdout]                                at /rustc/0e09125c6c3c2fd70d7de961bcf0e51575235fad/library/std/src/panic.rs:142:14
[INFO] [stdout]   45:     0x55e1a4a4fdb7 - std::thread::Builder::spawn_unchecked_::{{closure}}::h87329cbdd33c79ec
[INFO] [stdout]                                at /rustc/0e09125c6c3c2fd70d7de961bcf0e51575235fad/library/std/src/thread/mod.rs:528:30
[INFO] [stdout]   46:     0x55e1a4a4fdb7 - core::ops::function::FnOnce::call_once{{vtable.shim}}::h401abbe67897d450
[INFO] [stdout]                                at /rustc/0e09125c6c3c2fd70d7de961bcf0e51575235fad/library/core/src/ops/function.rs:250:5
[INFO] [stdout]   47:     0x55e1a4b240c5 - <alloc::boxed::Box<F,A> as core::ops::function::FnOnce<Args>>::call_once::h5d7c8f150ab9c84c
[INFO] [stdout]                                at /rustc/0e09125c6c3c2fd70d7de961bcf0e51575235fad/library/alloc/src/boxed.rs:2015:9
[INFO] [stdout]   48:     0x55e1a4b240c5 - <alloc::boxed::Box<F,A> as core::ops::function::FnOnce<Args>>::call_once::h570d5b005c242c15
[INFO] [stdout]                                at /rustc/0e09125c6c3c2fd70d7de961bcf0e51575235fad/library/alloc/src/boxed.rs:2015:9
[INFO] [stdout]   49:     0x55e1a4b240c5 - std::sys::unix::thread::Thread::new::thread_start::h36b0a20c0b2361ad
[INFO] [stdout]                                at /rustc/0e09125c6c3c2fd70d7de961bcf0e51575235fad/library/std/src/sys/unix/thread.rs:108:17
[INFO] [stdout]   50:     0x7fe2bfcc9ac3 - <unknown>
[INFO] [stdout]   51:     0x7fe2bfd5abf4 - __clone
[INFO] [stdout]   52:                0x0 - <unknown>
[INFO] [stdout] 
[INFO] [stdout] 
[INFO] [stdout] failures:
[INFO] [stdout]     test_1
[INFO] [stdout] 
[INFO] [stdout] test result: FAILED. 1 passed; 1 failed; 0 ignored; 0 measured; 0 filtered out; finished in 3.03s
[INFO] [stdout] 
[INFO] running `Command { std: "docker" "inspect" "19ac2dffd4370daccc548d7f1e6c01d8ded71ec8ba15b6dabddc3db5ec252b6b", kill_on_drop: false }`
[INFO] running `Command { std: "docker" "rm" "-f" "19ac2dffd4370daccc548d7f1e6c01d8ded71ec8ba15b6dabddc3db5ec252b6b", kill_on_drop: false }`
[INFO] [stdout] 19ac2dffd4370daccc548d7f1e6c01d8ded71ec8ba15b6dabddc3db5ec252b6b
