[INFO] cloning repository https://github.com/mimuw-jnp2-rust/small-task-9-macros
[INFO] running `Command { std: "git" "-c" "credential.helper=" "-c" "credential.helper=/workspace/cargo-home/bin/git-credential-null" "clone" "--bare" "https://github.com/mimuw-jnp2-rust/small-task-9-macros" "/workspace/cache/git-repos/https%3A%2F%2Fgithub.com%2Fmimuw-jnp2-rust%2Fsmall-task-9-macros", kill_on_drop: false }`
[INFO] [stderr] Cloning into bare repository '/workspace/cache/git-repos/https%3A%2F%2Fgithub.com%2Fmimuw-jnp2-rust%2Fsmall-task-9-macros'...
[INFO] running `Command { std: "git" "rev-parse" "HEAD", kill_on_drop: false }`
[INFO] [stdout] c9d4303237e0e900965bd21b3860933357976ea0
[INFO] testing mimuw-jnp2-rust/small-task-9-macros against 1.75.0 for beta-1.76-1
[INFO] running `Command { std: "git" "clone" "/workspace/cache/git-repos/https%3A%2F%2Fgithub.com%2Fmimuw-jnp2-rust%2Fsmall-task-9-macros" "/workspace/builds/worker-7-tc1/source", kill_on_drop: false }`
[INFO] [stderr] Cloning into '/workspace/builds/worker-7-tc1/source'...
[INFO] [stderr] done.
[INFO] validating manifest of git repo https://github.com/mimuw-jnp2-rust/small-task-9-macros on toolchain 1.75.0
[INFO] running `Command { std: CARGO_HOME="/workspace/cargo-home" RUSTUP_HOME="/workspace/rustup-home" "/workspace/cargo-home/bin/cargo" "+1.75.0" "metadata" "--manifest-path" "Cargo.toml" "--no-deps", kill_on_drop: false }`
[INFO] started tweaking git repo https://github.com/mimuw-jnp2-rust/small-task-9-macros
[INFO] removed 0 missing tests
[INFO] finished tweaking git repo https://github.com/mimuw-jnp2-rust/small-task-9-macros
[INFO] tweaked toml for git repo https://github.com/mimuw-jnp2-rust/small-task-9-macros written to /workspace/builds/worker-7-tc1/source/Cargo.toml
[INFO] crate git repo https://github.com/mimuw-jnp2-rust/small-task-9-macros already has a lockfile, it will not be regenerated
[INFO] running `Command { std: CARGO_HOME="/workspace/cargo-home" RUSTUP_HOME="/workspace/rustup-home" "/workspace/cargo-home/bin/cargo" "+1.75.0" "fetch" "--manifest-path" "Cargo.toml", kill_on_drop: false }`
[INFO] [stderr]  Downloading crates ...
[INFO] [stderr]   Downloaded dissimilar v1.0.4
[INFO] [stderr]   Downloaded trybuild v1.0.63
[INFO] running `Command { std: "docker" "create" "-v" "/var/lib/crater-agent-workspace/builds/worker-7-tc1/target:/opt/rustwide/target:rw,Z" "-v" "/var/lib/crater-agent-workspace/builds/worker-7-tc1/source:/opt/rustwide/workdir:ro,Z" "-v" "/var/lib/crater-agent-workspace/cargo-home:/opt/rustwide/cargo-home:ro,Z" "-v" "/var/lib/crater-agent-workspace/rustup-home:/opt/rustwide/rustup-home:ro,Z" "-e" "SOURCE_DIR=/opt/rustwide/workdir" "-e" "CARGO_TARGET_DIR=/opt/rustwide/target" "-e" "CARGO_HOME=/opt/rustwide/cargo-home" "-e" "RUSTUP_HOME=/opt/rustwide/rustup-home" "-w" "/opt/rustwide/workdir" "-m" "1610612736" "--user" "0:0" "--network" "none" "ghcr.io/rust-lang/crates-build-env/linux@sha256:2788e3201cd34a07e3172128adcd8b3090168a8e3bcc40d7c032b9dda1df7d1c" "/opt/rustwide/cargo-home/bin/cargo" "+1.75.0" "metadata" "--no-deps" "--format-version=1", kill_on_drop: false }`
[INFO] [stdout] 46a328a1a127f71c586e2ffc842e0930c80a1618b8549fb05ab0a43e33133d7c
[INFO] running `Command { std: "docker" "start" "-a" "46a328a1a127f71c586e2ffc842e0930c80a1618b8549fb05ab0a43e33133d7c", kill_on_drop: false }`
[INFO] running `Command { std: "docker" "inspect" "46a328a1a127f71c586e2ffc842e0930c80a1618b8549fb05ab0a43e33133d7c", kill_on_drop: false }`
[INFO] running `Command { std: "docker" "rm" "-f" "46a328a1a127f71c586e2ffc842e0930c80a1618b8549fb05ab0a43e33133d7c", kill_on_drop: false }`
[INFO] [stdout] 46a328a1a127f71c586e2ffc842e0930c80a1618b8549fb05ab0a43e33133d7c
[INFO] running `Command { std: "docker" "create" "-v" "/var/lib/crater-agent-workspace/builds/worker-7-tc1/target:/opt/rustwide/target:rw,Z" "-v" "/var/lib/crater-agent-workspace/builds/worker-7-tc1/source:/opt/rustwide/workdir:ro,Z" "-v" "/var/lib/crater-agent-workspace/cargo-home:/opt/rustwide/cargo-home:ro,Z" "-v" "/var/lib/crater-agent-workspace/rustup-home:/opt/rustwide/rustup-home:ro,Z" "-e" "SOURCE_DIR=/opt/rustwide/workdir" "-e" "CARGO_TARGET_DIR=/opt/rustwide/target" "-e" "CARGO_INCREMENTAL=0" "-e" "RUST_BACKTRACE=full" "-e" "RUSTFLAGS=--cap-lints=warn" "-e" "RUSTDOCFLAGS=--cap-lints=warn" "-e" "CARGO_HOME=/opt/rustwide/cargo-home" "-e" "RUSTUP_HOME=/opt/rustwide/rustup-home" "-w" "/opt/rustwide/workdir" "-m" "1610612736" "--user" "0:0" "--network" "none" "ghcr.io/rust-lang/crates-build-env/linux@sha256:2788e3201cd34a07e3172128adcd8b3090168a8e3bcc40d7c032b9dda1df7d1c" "/opt/rustwide/cargo-home/bin/cargo" "+1.75.0" "build" "--frozen" "--message-format=json", kill_on_drop: false }`
[INFO] [stdout] 677ce989bdd1cc88ec52988e3db3742451b5f504a87bd4092d157b1c7694125a
[INFO] running `Command { std: "docker" "start" "-a" "677ce989bdd1cc88ec52988e3db3742451b5f504a87bd4092d157b1c7694125a", kill_on_drop: false }`
[INFO] [stderr]    Compiling proc-macro2 v1.0.40
[INFO] [stderr]    Compiling quote v1.0.20
[INFO] [stderr]    Compiling unicode-ident v1.0.1
[INFO] [stderr]    Compiling syn v1.0.98
[INFO] [stderr]    Compiling derive_builder v0.0.0 (/opt/rustwide/workdir)
[INFO] [stderr]     Finished dev [unoptimized + debuginfo] target(s) in 2.01s
[INFO] running `Command { std: "docker" "inspect" "677ce989bdd1cc88ec52988e3db3742451b5f504a87bd4092d157b1c7694125a", kill_on_drop: false }`
[INFO] running `Command { std: "docker" "rm" "-f" "677ce989bdd1cc88ec52988e3db3742451b5f504a87bd4092d157b1c7694125a", kill_on_drop: false }`
[INFO] [stdout] 677ce989bdd1cc88ec52988e3db3742451b5f504a87bd4092d157b1c7694125a
[INFO] running `Command { std: "docker" "create" "-v" "/var/lib/crater-agent-workspace/builds/worker-7-tc1/target:/opt/rustwide/target:rw,Z" "-v" "/var/lib/crater-agent-workspace/builds/worker-7-tc1/source:/opt/rustwide/workdir:ro,Z" "-v" "/var/lib/crater-agent-workspace/cargo-home:/opt/rustwide/cargo-home:ro,Z" "-v" "/var/lib/crater-agent-workspace/rustup-home:/opt/rustwide/rustup-home:ro,Z" "-e" "SOURCE_DIR=/opt/rustwide/workdir" "-e" "CARGO_TARGET_DIR=/opt/rustwide/target" "-e" "CARGO_INCREMENTAL=0" "-e" "RUST_BACKTRACE=full" "-e" "RUSTFLAGS=--cap-lints=warn" "-e" "RUSTDOCFLAGS=--cap-lints=warn" "-e" "CARGO_HOME=/opt/rustwide/cargo-home" "-e" "RUSTUP_HOME=/opt/rustwide/rustup-home" "-w" "/opt/rustwide/workdir" "-m" "1610612736" "--user" "0:0" "--network" "none" "ghcr.io/rust-lang/crates-build-env/linux@sha256:2788e3201cd34a07e3172128adcd8b3090168a8e3bcc40d7c032b9dda1df7d1c" "/opt/rustwide/cargo-home/bin/cargo" "+1.75.0" "test" "--frozen" "--no-run" "--message-format=json", kill_on_drop: false }`
[INFO] [stdout] 24f4fe414df93dd9d16c54d72eb433283e9bf4a342405f95f86300eeef61a187
[INFO] running `Command { std: "docker" "start" "-a" "24f4fe414df93dd9d16c54d72eb433283e9bf4a342405f95f86300eeef61a187", kill_on_drop: false }`
[INFO] [stderr]    Compiling serde v1.0.137
[INFO] [stderr]    Compiling serde_derive v1.0.137
[INFO] [stderr]    Compiling serde_json v1.0.81
[INFO] [stderr]    Compiling itoa v1.0.2
[INFO] [stderr]    Compiling trybuild v1.0.63
[INFO] [stderr]    Compiling ryu v1.0.10
[INFO] [stderr]    Compiling dissimilar v1.0.4
[INFO] [stderr]    Compiling termcolor v1.1.3
[INFO] [stderr]    Compiling once_cell v1.12.0
[INFO] [stderr]    Compiling glob v0.3.0
[INFO] [stderr]    Compiling derive_builder v0.0.0 (/opt/rustwide/workdir)
[INFO] [stderr]    Compiling toml v0.5.9
[INFO] [stderr]     Finished test [unoptimized + debuginfo] target(s) in 4.38s
[INFO] running `Command { std: "docker" "inspect" "24f4fe414df93dd9d16c54d72eb433283e9bf4a342405f95f86300eeef61a187", kill_on_drop: false }`
[INFO] running `Command { std: "docker" "rm" "-f" "24f4fe414df93dd9d16c54d72eb433283e9bf4a342405f95f86300eeef61a187", kill_on_drop: false }`
[INFO] [stdout] 24f4fe414df93dd9d16c54d72eb433283e9bf4a342405f95f86300eeef61a187
[INFO] running `Command { std: "docker" "create" "-v" "/var/lib/crater-agent-workspace/builds/worker-7-tc1/target:/opt/rustwide/target:rw,Z" "-v" "/var/lib/crater-agent-workspace/builds/worker-7-tc1/source:/opt/rustwide/workdir:ro,Z" "-v" "/var/lib/crater-agent-workspace/cargo-home:/opt/rustwide/cargo-home:ro,Z" "-v" "/var/lib/crater-agent-workspace/rustup-home:/opt/rustwide/rustup-home:ro,Z" "-e" "SOURCE_DIR=/opt/rustwide/workdir" "-e" "CARGO_TARGET_DIR=/opt/rustwide/target" "-e" "CARGO_INCREMENTAL=0" "-e" "RUST_BACKTRACE=full" "-e" "RUSTFLAGS=--cap-lints=warn" "-e" "RUSTDOCFLAGS=--cap-lints=warn" "-e" "CARGO_HOME=/opt/rustwide/cargo-home" "-e" "RUSTUP_HOME=/opt/rustwide/rustup-home" "-w" "/opt/rustwide/workdir" "-m" "1610612736" "--user" "0:0" "--network" "none" "ghcr.io/rust-lang/crates-build-env/linux@sha256:2788e3201cd34a07e3172128adcd8b3090168a8e3bcc40d7c032b9dda1df7d1c" "/opt/rustwide/cargo-home/bin/cargo" "+1.75.0" "test" "--frozen", kill_on_drop: false }`
[INFO] [stdout] 41ba9d433f429fcc25e68c8d7026ea1937fd10e6b3e0e2c12f09d80bf2c9cea1
[INFO] running `Command { std: "docker" "start" "-a" "41ba9d433f429fcc25e68c8d7026ea1937fd10e6b3e0e2c12f09d80bf2c9cea1", kill_on_drop: false }`
[INFO] [stderr]     Finished test [unoptimized + debuginfo] target(s) in 0.01s
[INFO] [stderr]      Running unittests src/lib.rs (/opt/rustwide/target/debug/deps/derive_builder-0b55ca8f785a058a)
[INFO] [stdout] 
[INFO] [stdout] running 0 tests
[INFO] [stdout] 
[INFO] [stdout] test result: ok. 0 passed; 0 failed; 0 ignored; 0 measured; 0 filtered out; finished in 0.00s
[INFO] [stdout] 
[INFO] [stderr]      Running unittests src/main.rs (/opt/rustwide/target/debug/deps/derive_builder-8476af6e32befada)
[INFO] [stdout] 
[INFO] [stdout] running 0 tests
[INFO] [stdout] 
[INFO] [stdout] test result: ok. 0 passed; 0 failed; 0 ignored; 0 measured; 0 filtered out; finished in 0.00s
[INFO] [stdout] 
[INFO] [stderr]      Running tests/progress.rs (/opt/rustwide/target/debug/deps/tests-d7a06dfd4b9ca1a0)
[INFO] [stdout] 
[INFO] [stdout] running 1 test
[INFO] [stderr]    Compiling proc-macro2 v1.0.40
[INFO] [stderr]    Compiling quote v1.0.20
[INFO] [stderr]    Compiling syn v1.0.98
[INFO] [stderr]    Compiling unicode-ident v1.0.1
[INFO] [stderr]    Compiling derive_builder v0.0.0 (/opt/rustwide/workdir)
[INFO] [stderr]    Compiling derive_builder-tests v0.0.0 (/opt/rustwide/target/tests/derive_builder)
[INFO] [stderr]     Finished dev [unoptimized + debuginfo] target(s) in 2.38s
[INFO] [stderr] 
[INFO] [stderr] 
[INFO] [stderr] test tests/01-parse.rs [should pass] ... error
[INFO] [stderr] ┈┈┈┈┈┈┈┈┈┈┈┈┈┈┈┈┈┈┈┈┈┈┈┈┈┈┈┈┈┈┈┈┈┈┈┈┈┈┈┈┈┈┈┈┈┈┈┈┈┈┈┈┈┈┈┈┈┈┈┈
[INFO] [stderr] error: proc-macro derive panicked
[INFO] [stderr]   --> tests/01-parse.rs:26:10
[INFO] [stderr]    |
[INFO] [stderr] 26 | #[derive(Builder)]
[INFO] [stderr]    |          ^^^^^^^
[INFO] [stderr]    |
[INFO] [stderr]    = help: message: not implemented
[INFO] [stderr] ┈┈┈┈┈┈┈┈┈┈┈┈┈┈┈┈┈┈┈┈┈┈┈┈┈┈┈┈┈┈┈┈┈┈┈┈┈┈┈┈┈┈┈┈┈┈┈┈┈┈┈┈┈┈┈┈┈┈┈┈
[INFO] [stderr] 
[INFO] [stderr] test tests/02-create-builder.rs [should pass] ... error
[INFO] [stderr] ┈┈┈┈┈┈┈┈┈┈┈┈┈┈┈┈┈┈┈┈┈┈┈┈┈┈┈┈┈┈┈┈┈┈┈┈┈┈┈┈┈┈┈┈┈┈┈┈┈┈┈┈┈┈┈┈┈┈┈┈
[INFO] [stderr] error: proc-macro derive panicked
[INFO] [stderr]   --> tests/02-create-builder.rs:47:10
[INFO] [stderr]    |
[INFO] [stderr] 47 | #[derive(Builder)]
[INFO] [stderr]    |          ^^^^^^^
[INFO] [stderr]    |
[INFO] [stderr]    = help: message: not implemented
[INFO] [stderr] 
[INFO] [stderr] error[E0599]: no function or associated item named `builder` found for struct `Command` in the current scope
[INFO] [stderr]   --> tests/02-create-builder.rs:56:28
[INFO] [stderr]    |
[INFO] [stderr] 48 | pub struct Command {
[INFO] [stderr]    | ------------------ function or associated item `builder` not found for this struct
[INFO] [stderr] ...
[INFO] [stderr] 56 |     let builder = Command::builder();
[INFO] [stderr]    |                            ^^^^^^^ function or associated item not found in `Command`
[INFO] [stderr] ┈┈┈┈┈┈┈┈┈┈┈┈┈┈┈┈┈┈┈┈┈┈┈┈┈┈┈┈┈┈┈┈┈┈┈┈┈┈┈┈┈┈┈┈┈┈┈┈┈┈┈┈┈┈┈┈┈┈┈┈
[INFO] [stderr] 
[INFO] [stderr] test tests/03-call-setters.rs [should pass] ... error
[INFO] [stderr] ┈┈┈┈┈┈┈┈┈┈┈┈┈┈┈┈┈┈┈┈┈┈┈┈┈┈┈┈┈┈┈┈┈┈┈┈┈┈┈┈┈┈┈┈┈┈┈┈┈┈┈┈┈┈┈┈┈┈┈┈
[INFO] [stderr] error: proc-macro derive panicked
[INFO] [stderr]   --> tests/03-call-setters.rs:15:10
[INFO] [stderr]    |
[INFO] [stderr] 15 | #[derive(Builder)]
[INFO] [stderr]    |          ^^^^^^^
[INFO] [stderr]    |
[INFO] [stderr]    = help: message: not implemented
[INFO] [stderr] 
[INFO] [stderr] error[E0599]: no function or associated item named `builder` found for struct `Command` in the current scope
[INFO] [stderr]   --> tests/03-call-setters.rs:24:32
[INFO] [stderr]    |
[INFO] [stderr] 16 | pub struct Command {
[INFO] [stderr]    | ------------------ function or associated item `builder` not found for this struct
[INFO] [stderr] ...
[INFO] [stderr] 24 |     let mut builder = Command::builder();
[INFO] [stderr]    |                                ^^^^^^^ function or associated item not found in `Command`
[INFO] [stderr] ┈┈┈┈┈┈┈┈┈┈┈┈┈┈┈┈┈┈┈┈┈┈┈┈┈┈┈┈┈┈┈┈┈┈┈┈┈┈┈┈┈┈┈┈┈┈┈┈┈┈┈┈┈┈┈┈┈┈┈┈
[INFO] [stderr] 
[INFO] [stderr] test tests/04-call-build.rs [should pass] ... error
[INFO] [stderr] ┈┈┈┈┈┈┈┈┈┈┈┈┈┈┈┈┈┈┈┈┈┈┈┈┈┈┈┈┈┈┈┈┈┈┈┈┈┈┈┈┈┈┈┈┈┈┈┈┈┈┈┈┈┈┈┈┈┈┈┈
[INFO] [stderr] error: proc-macro derive panicked
[INFO] [stderr]   --> tests/04-call-build.rs:16:10
[INFO] [stderr]    |
[INFO] [stderr] 16 | #[derive(Builder)]
[INFO] [stderr]    |          ^^^^^^^
[INFO] [stderr]    |
[INFO] [stderr]    = help: message: not implemented
[INFO] [stderr] 
[INFO] [stderr] error[E0599]: no function or associated item named `builder` found for struct `Command` in the current scope
[INFO] [stderr]   --> tests/04-call-build.rs:25:32
[INFO] [stderr]    |
[INFO] [stderr] 17 | pub struct Command {
[INFO] [stderr]    | ------------------ function or associated item `builder` not found for this struct
[INFO] [stderr] ...
[INFO] [stderr] 25 |     let mut builder = Command::builder();
[INFO] [stderr]    |                                ^^^^^^^ function or associated item not found in `Command`
[INFO] [stderr] ┈┈┈┈┈┈┈┈┈┈┈┈┈┈┈┈┈┈┈┈┈┈┈┈┈┈┈┈┈┈┈┈┈┈┈┈┈┈┈┈┈┈┈┈┈┈┈┈┈┈┈┈┈┈┈┈┈┈┈┈
[INFO] [stderr] 
[INFO] [stderr] test tests/05-method-chaining.rs [should pass] ... error
[INFO] [stderr] ┈┈┈┈┈┈┈┈┈┈┈┈┈┈┈┈┈┈┈┈┈┈┈┈┈┈┈┈┈┈┈┈┈┈┈┈┈┈┈┈┈┈┈┈┈┈┈┈┈┈┈┈┈┈┈┈┈┈┈┈
[INFO] [stderr] error: proc-macro derive panicked
[INFO] [stderr]  --> tests/05-method-chaining.rs:6:10
[INFO] [stderr]   |
[INFO] [stderr] 6 | #[derive(Builder)]
[INFO] [stderr]   |          ^^^^^^^
[INFO] [stderr]   |
[INFO] [stderr]   = help: message: not implemented
[INFO] [stderr] 
[INFO] [stderr] error[E0599]: no function or associated item named `builder` found for struct `Command` in the current scope
[INFO] [stderr]   --> tests/05-method-chaining.rs:15:28
[INFO] [stderr]    |
[INFO] [stderr] 7  | pub struct Command {
[INFO] [stderr]    | ------------------ function or associated item `builder` not found for this struct
[INFO] [stderr] ...
[INFO] [stderr] 15 |     let command = Command::builder()
[INFO] [stderr]    |                            ^^^^^^^ function or associated item not found in `Command`
[INFO] [stderr] ┈┈┈┈┈┈┈┈┈┈┈┈┈┈┈┈┈┈┈┈┈┈┈┈┈┈┈┈┈┈┈┈┈┈┈┈┈┈┈┈┈┈┈┈┈┈┈┈┈┈┈┈┈┈┈┈┈┈┈┈
[INFO] [stderr] 
[INFO] [stderr] test tests/06-optional-field.rs [should pass] ... error
[INFO] [stderr] ┈┈┈┈┈┈┈┈┈┈┈┈┈┈┈┈┈┈┈┈┈┈┈┈┈┈┈┈┈┈┈┈┈┈┈┈┈┈┈┈┈┈┈┈┈┈┈┈┈┈┈┈┈┈┈┈┈┈┈┈
[INFO] [stderr] error: proc-macro derive panicked
[INFO] [stderr]   --> tests/06-optional-field.rs:57:10
[INFO] [stderr]    |
[INFO] [stderr] 57 | #[derive(Builder)]
[INFO] [stderr]    |          ^^^^^^^
[INFO] [stderr]    |
[INFO] [stderr]    = help: message: not implemented
[INFO] [stderr] 
[INFO] [stderr] error[E0599]: no function or associated item named `builder` found for struct `Command` in the current scope
[INFO] [stderr]   --> tests/06-optional-field.rs:66:28
[INFO] [stderr]    |
[INFO] [stderr] 58 | pub struct Command {
[INFO] [stderr]    | ------------------ function or associated item `builder` not found for this struct
[INFO] [stderr] ...
[INFO] [stderr] 66 |     let command = Command::builder()
[INFO] [stderr]    |                            ^^^^^^^ function or associated item not found in `Command`
[INFO] [stderr] 
[INFO] [stderr] error[E0599]: no function or associated item named `builder` found for struct `Command` in the current scope
[INFO] [stderr]   --> tests/06-optional-field.rs:74:28
[INFO] [stderr]    |
[INFO] [stderr] 58 | pub struct Command {
[INFO] [stderr]    | ------------------ function or associated item `builder` not found for this struct
[INFO] [stderr] ...
[INFO] [stderr] 74 |     let command = Command::builder()
[INFO] [stderr]    |                            ^^^^^^^ function or associated item not found in `Command`
[INFO] [stderr] ┈┈┈┈┈┈┈┈┈┈┈┈┈┈┈┈┈┈┈┈┈┈┈┈┈┈┈┈┈┈┈┈┈┈┈┈┈┈┈┈┈┈┈┈┈┈┈┈┈┈┈┈┈┈┈┈┈┈┈┈
[INFO] [stderr] 
[INFO] [stderr] test tests/07-repeated-field.rs [should pass] ... error
[INFO] [stderr] ┈┈┈┈┈┈┈┈┈┈┈┈┈┈┈┈┈┈┈┈┈┈┈┈┈┈┈┈┈┈┈┈┈┈┈┈┈┈┈┈┈┈┈┈┈┈┈┈┈┈┈┈┈┈┈┈┈┈┈┈
[INFO] [stderr] error: proc-macro derive panicked
[INFO] [stderr]   --> tests/07-repeated-field.rs:34:10
[INFO] [stderr]    |
[INFO] [stderr] 34 | #[derive(Builder)]
[INFO] [stderr]    |          ^^^^^^^
[INFO] [stderr]    |
[INFO] [stderr]    = help: message: not implemented
[INFO] [stderr] 
[INFO] [stderr] error: cannot find attribute `builder` in this scope
[INFO] [stderr]   --> tests/07-repeated-field.rs:37:7
[INFO] [stderr]    |
[INFO] [stderr] 37 |     #[builder(each = "arg")]
[INFO] [stderr]    |       ^^^^^^^
[INFO] [stderr] 
[INFO] [stderr] error: cannot find attribute `builder` in this scope
[INFO] [stderr]   --> tests/07-repeated-field.rs:39:7
[INFO] [stderr]    |
[INFO] [stderr] 39 |     #[builder(each = "env")]
[INFO] [stderr]    |       ^^^^^^^
[INFO] [stderr] 
[INFO] [stderr] error[E0599]: no function or associated item named `builder` found for struct `Command` in the current scope
[INFO] [stderr]   --> tests/07-repeated-field.rs:45:28
[INFO] [stderr]    |
[INFO] [stderr] 35 | pub struct Command {
[INFO] [stderr]    | ------------------ function or associated item `builder` not found for this struct
[INFO] [stderr] ...
[INFO] [stderr] 45 |     let command = Command::builder()
[INFO] [stderr]    |                            ^^^^^^^ function or associated item not found in `Command`
[INFO] [stderr] ┈┈┈┈┈┈┈┈┈┈┈┈┈┈┈┈┈┈┈┈┈┈┈┈┈┈┈┈┈┈┈┈┈┈┈┈┈┈┈┈┈┈┈┈┈┈┈┈┈┈┈┈┈┈┈┈┈┈┈┈
[INFO] [stderr] 
[INFO] [stderr] test tests/08-unrecognized-attribute.rs [should fail to compile] ... mismatch
[INFO] [stderr] 
[INFO] [stderr] EXPECTED:
[INFO] [stderr] ┈┈┈┈┈┈┈┈┈┈┈┈┈┈┈┈┈┈┈┈┈┈┈┈┈┈┈┈┈┈┈┈┈┈┈┈┈┈┈┈┈┈┈┈┈┈┈┈┈┈┈┈┈┈┈┈┈┈┈┈
[INFO] [stderr] error: expected `builder(each = "...")`
[INFO] [stderr]   --> tests/08-unrecognized-attribute.rs:22:7
[INFO] [stderr]    |
[INFO] [stderr] 22 |     #[builder(eac = "arg")]
[INFO] [stderr]    |       ^^^^^^^^^^^^^^^^^^^^
[INFO] [stderr] ┈┈┈┈┈┈┈┈┈┈┈┈┈┈┈┈┈┈┈┈┈┈┈┈┈┈┈┈┈┈┈┈┈┈┈┈┈┈┈┈┈┈┈┈┈┈┈┈┈┈┈┈┈┈┈┈┈┈┈┈
[INFO] [stderr] 
[INFO] [stderr] ACTUAL OUTPUT:
[INFO] [stderr] ┈┈┈┈┈┈┈┈┈┈┈┈┈┈┈┈┈┈┈┈┈┈┈┈┈┈┈┈┈┈┈┈┈┈┈┈┈┈┈┈┈┈┈┈┈┈┈┈┈┈┈┈┈┈┈┈┈┈┈┈
[INFO] [stderr] error: proc-macro derive panicked
[INFO] [stderr]   --> tests/08-unrecognized-attribute.rs:19:10
[INFO] [stderr]    |
[INFO] [stderr] 19 | #[derive(Builder)]
[INFO] [stderr]    |          ^^^^^^^
[INFO] [stderr]    |
[INFO] [stderr]    = help: message: not implemented
[INFO] [stderr] 
[INFO] [stderr] error: cannot find attribute `builder` in this scope
[INFO] [stderr]   --> tests/08-unrecognized-attribute.rs:22:7
[INFO] [stderr]    |
[INFO] [stderr] 22 |     #[builder(eac = "arg")]
[INFO] [stderr]    |       ^^^^^^^
[INFO] [stderr] ┈┈┈┈┈┈┈┈┈┈┈┈┈┈┈┈┈┈┈┈┈┈┈┈┈┈┈┈┈┈┈┈┈┈┈┈┈┈┈┈┈┈┈┈┈┈┈┈┈┈┈┈┈┈┈┈┈┈┈┈
[INFO] [stderr] note: If the actual output is the correct output you can bless it by rerunning
[INFO] [stderr]       your test with the environment variable TRYBUILD=overwrite
[INFO] [stderr] 
[INFO] [stderr] test tests/09-redefined-prelude-types.rs [should pass] ... error
[INFO] [stderr] ┈┈┈┈┈┈┈┈┈┈┈┈┈┈┈┈┈┈┈┈┈┈┈┈┈┈┈┈┈┈┈┈┈┈┈┈┈┈┈┈┈┈┈┈┈┈┈┈┈┈┈┈┈┈┈┈┈┈┈┈
[INFO] [stderr] error: proc-macro derive panicked
[INFO] [stderr]   --> tests/09-redefined-prelude-types.rs:25:10
[INFO] [stderr]    |
[INFO] [stderr] 25 | #[derive(Builder)]
[INFO] [stderr]    |          ^^^^^^^
[INFO] [stderr]    |
[INFO] [stderr]    = help: message: not implemented
[INFO] [stderr] ┈┈┈┈┈┈┈┈┈┈┈┈┈┈┈┈┈┈┈┈┈┈┈┈┈┈┈┈┈┈┈┈┈┈┈┈┈┈┈┈┈┈┈┈┈┈┈┈┈┈┈┈┈┈┈┈┈┈┈┈
[INFO] [stderr] 
[INFO] [stderr] 
[INFO] [stderr] 
[INFO] [stdout] test tests ... FAILED
[INFO] [stdout] 
[INFO] [stdout] failures:
[INFO] [stdout] 
[INFO] [stdout] ---- tests stdout ----
[INFO] [stdout] thread 'tests' panicked at /opt/rustwide/cargo-home/registry/src/index.crates.io-6f17d22bba15001f/trybuild-1.0.63/src/run.rs:101:13:
[INFO] [stdout] 9 of 9 tests failed
[INFO] [stdout] stack backtrace:
[INFO] [stdout]    0:     0x562a00e90cdc - std::backtrace_rs::backtrace::libunwind::trace::ha637c64ce894333a
[INFO] [stdout]                                at /rustc/82e1608dfa6e0b5569232559e3d385fea5a93112/library/std/src/../../backtrace/src/backtrace/libunwind.rs:104:5
[INFO] [stdout]    1:     0x562a00e90cdc - std::backtrace_rs::backtrace::trace_unsynchronized::h47f62dea28e0c88d
[INFO] [stdout]                                at /rustc/82e1608dfa6e0b5569232559e3d385fea5a93112/library/std/src/../../backtrace/src/backtrace/mod.rs:66:5
[INFO] [stdout]    2:     0x562a00e90cdc - std::sys_common::backtrace::_print_fmt::h9eef0abe20ede486
[INFO] [stdout]                                at /rustc/82e1608dfa6e0b5569232559e3d385fea5a93112/library/std/src/sys_common/backtrace.rs:67:5
[INFO] [stdout]    3:     0x562a00e90cdc - <std::sys_common::backtrace::_print::DisplayBacktrace as core::fmt::Display>::fmt::hed7f999df88cc644
[INFO] [stdout]                                at /rustc/82e1608dfa6e0b5569232559e3d385fea5a93112/library/std/src/sys_common/backtrace.rs:44:22
[INFO] [stdout]    4:     0x562a00ebd110 - core::fmt::rt::Argument::fmt::h1539a9308b8d058d
[INFO] [stdout]                                at /rustc/82e1608dfa6e0b5569232559e3d385fea5a93112/library/core/src/fmt/rt.rs:142:9
[INFO] [stdout]    5:     0x562a00ebd110 - core::fmt::write::h3a39390d8560d9c9
[INFO] [stdout]                                at /rustc/82e1608dfa6e0b5569232559e3d385fea5a93112/library/core/src/fmt/mod.rs:1120:17
[INFO] [stdout]    6:     0x562a00e8db8f - std::io::Write::write_fmt::h040b369f3a0f9cbc
[INFO] [stdout]                                at /rustc/82e1608dfa6e0b5569232559e3d385fea5a93112/library/std/src/io/mod.rs:1762:15
[INFO] [stdout]    7:     0x562a00e90ac4 - std::sys_common::backtrace::_print::h894006fb5c6f3d45
[INFO] [stdout]                                at /rustc/82e1608dfa6e0b5569232559e3d385fea5a93112/library/std/src/sys_common/backtrace.rs:47:5
[INFO] [stdout]    8:     0x562a00e90ac4 - std::sys_common::backtrace::print::h23a2d212c6fff936
[INFO] [stdout]                                at /rustc/82e1608dfa6e0b5569232559e3d385fea5a93112/library/std/src/sys_common/backtrace.rs:34:9
[INFO] [stdout]    9:     0x562a00e92787 - std::panicking::default_hook::{{closure}}::h8a1d2ee00185001a
[INFO] [stdout]   10:     0x562a00e92473 - std::panicking::default_hook::h6038f2eba384e475
[INFO] [stdout]                                at /rustc/82e1608dfa6e0b5569232559e3d385fea5a93112/library/std/src/panicking.rs:289:9
[INFO] [stdout]   11:     0x562a00e60f77 - <alloc::boxed::Box<F,A> as core::ops::function::Fn<Args>>::call::h0ad024c9bdc6d768
[INFO] [stdout]                                at /rustc/82e1608dfa6e0b5569232559e3d385fea5a93112/library/alloc/src/boxed.rs:2021:9
[INFO] [stdout]   12:     0x562a00e60f77 - test::test_main::{{closure}}::h7500b54257359db6
[INFO] [stdout]                                at /rustc/82e1608dfa6e0b5569232559e3d385fea5a93112/library/test/src/lib.rs:138:21
[INFO] [stdout]   13:     0x562a00e92d98 - <alloc::boxed::Box<F,A> as core::ops::function::Fn<Args>>::call::h1f8f335eaa9cfaee
[INFO] [stdout]                                at /rustc/82e1608dfa6e0b5569232559e3d385fea5a93112/library/alloc/src/boxed.rs:2021:9
[INFO] [stdout]   14:     0x562a00e92d98 - std::panicking::rust_panic_with_hook::h2b5517d590cab22e
[INFO] [stdout]                                at /rustc/82e1608dfa6e0b5569232559e3d385fea5a93112/library/std/src/panicking.rs:783:13
[INFO] [stdout]   15:     0x562a00e92aee - std::panicking::begin_panic_handler::{{closure}}::h233112c06e0ef43e
[INFO] [stdout]                                at /rustc/82e1608dfa6e0b5569232559e3d385fea5a93112/library/std/src/panicking.rs:657:13
[INFO] [stdout]   16:     0x562a00e911a6 - std::sys_common::backtrace::__rust_end_short_backtrace::h6e893f24d7ebbff8
[INFO] [stdout]                                at /rustc/82e1608dfa6e0b5569232559e3d385fea5a93112/library/std/src/sys_common/backtrace.rs:170:18
[INFO] [stdout]   17:     0x562a00e92852 - rust_begin_unwind
[INFO] [stdout]                                at /rustc/82e1608dfa6e0b5569232559e3d385fea5a93112/library/std/src/panicking.rs:645:5
[INFO] [stdout]   18:     0x562a00c2ffc5 - core::panicking::panic_fmt::hbf0e066aabfa482c
[INFO] [stdout]                                at /rustc/82e1608dfa6e0b5569232559e3d385fea5a93112/library/core/src/panicking.rs:72:14
[INFO] [stdout]   19:     0x562a00c520a3 - trybuild::run::<impl trybuild::Runner>::run::hf94ddda2175d1a67
[INFO] [stdout]                                at /opt/rustwide/cargo-home/registry/src/index.crates.io-6f17d22bba15001f/trybuild-1.0.63/src/run.rs:101:13
[INFO] [stdout]   20:     0x562a00c56e08 - <trybuild::TestCases as core::ops::drop::Drop>::drop::h46516edd8fbd7ed4
[INFO] [stdout]                                at /opt/rustwide/cargo-home/registry/src/index.crates.io-6f17d22bba15001f/trybuild-1.0.63/src/lib.rs:310:13
[INFO] [stdout]   21:     0x562a00c30bc7 - core::ptr::drop_in_place<trybuild::TestCases>::he4c477497eb104fd
[INFO] [stdout]                                at /rustc/82e1608dfa6e0b5569232559e3d385fea5a93112/library/core/src/ptr/mod.rs:498:1
[INFO] [stdout]   22:     0x562a00c31d56 - tests::tests::h29e5beea13759c97
[INFO] [stdout]                                at /opt/rustwide/workdir/tests/progress.rs:13:1
[INFO] [stdout]   23:     0x562a00c31c27 - tests::tests::{{closure}}::ha94c1c593de59cc2
[INFO] [stdout]                                at /opt/rustwide/workdir/tests/progress.rs:2:11
[INFO] [stdout]   24:     0x562a00c30b76 - core::ops::function::FnOnce::call_once::hd3aff3344c24b4e5
[INFO] [stdout]                                at /rustc/82e1608dfa6e0b5569232559e3d385fea5a93112/library/core/src/ops/function.rs:250:5
[INFO] [stdout]   25:     0x562a00e665cf - core::ops::function::FnOnce::call_once::h2b5d431d5046312d
[INFO] [stdout]                                at /rustc/82e1608dfa6e0b5569232559e3d385fea5a93112/library/core/src/ops/function.rs:250:5
[INFO] [stdout]   26:     0x562a00e665cf - test::__rust_begin_short_backtrace::h7714669af176e207
[INFO] [stdout]                                at /rustc/82e1608dfa6e0b5569232559e3d385fea5a93112/library/test/src/lib.rs:628:18
[INFO] [stdout]   27:     0x562a00e655e5 - test::run_test_in_process::{{closure}}::h85218797dcbcec12
[INFO] [stdout]                                at /rustc/82e1608dfa6e0b5569232559e3d385fea5a93112/library/test/src/lib.rs:651:60
[INFO] [stdout]   28:     0x562a00e655e5 - <core::panic::unwind_safe::AssertUnwindSafe<F> as core::ops::function::FnOnce<()>>::call_once::h76c106ea31c14d7b
[INFO] [stdout]                                at /rustc/82e1608dfa6e0b5569232559e3d385fea5a93112/library/core/src/panic/unwind_safe.rs:272:9
[INFO] [stdout]   29:     0x562a00e655e5 - std::panicking::try::do_call::h3bd5d0f6620ee946
[INFO] [stdout]                                at /rustc/82e1608dfa6e0b5569232559e3d385fea5a93112/library/std/src/panicking.rs:552:40
[INFO] [stdout]   30:     0x562a00e655e5 - std::panicking::try::h232e535e4744fe31
[INFO] [stdout]                                at /rustc/82e1608dfa6e0b5569232559e3d385fea5a93112/library/std/src/panicking.rs:516:19
[INFO] [stdout]   31:     0x562a00e655e5 - std::panic::catch_unwind::h3ce3bd6ca8dbac68
[INFO] [stdout]                                at /rustc/82e1608dfa6e0b5569232559e3d385fea5a93112/library/std/src/panic.rs:142:14
[INFO] [stdout]   32:     0x562a00e655e5 - test::run_test_in_process::hc97b257c9621286a
[INFO] [stdout]                                at /rustc/82e1608dfa6e0b5569232559e3d385fea5a93112/library/test/src/lib.rs:651:27
[INFO] [stdout]   33:     0x562a00e655e5 - test::run_test::{{closure}}::h2aa798823a438d38
[INFO] [stdout]                                at /rustc/82e1608dfa6e0b5569232559e3d385fea5a93112/library/test/src/lib.rs:574:43
[INFO] [stdout]   34:     0x562a00e2d8a6 - test::run_test::{{closure}}::h87d231c78fb59832
[INFO] [stdout]                                at /rustc/82e1608dfa6e0b5569232559e3d385fea5a93112/library/test/src/lib.rs:602:41
[INFO] [stdout]   35:     0x562a00e2d8a6 - std::sys_common::backtrace::__rust_begin_short_backtrace::he6df152596625789
[INFO] [stdout]                                at /rustc/82e1608dfa6e0b5569232559e3d385fea5a93112/library/std/src/sys_common/backtrace.rs:154:18
[INFO] [stdout]   36:     0x562a00e32957 - std::thread::Builder::spawn_unchecked_::{{closure}}::{{closure}}::ha94be15d1e0acf36
[INFO] [stdout]                                at /rustc/82e1608dfa6e0b5569232559e3d385fea5a93112/library/std/src/thread/mod.rs:529:17
[INFO] [stdout]   37:     0x562a00e32957 - <core::panic::unwind_safe::AssertUnwindSafe<F> as core::ops::function::FnOnce<()>>::call_once::h9dc6bd6372f16606
[INFO] [stdout]                                at /rustc/82e1608dfa6e0b5569232559e3d385fea5a93112/library/core/src/panic/unwind_safe.rs:272:9
[INFO] [stdout]   38:     0x562a00e32957 - std::panicking::try::do_call::h9057517f80303cd4
[INFO] [stdout]                                at /rustc/82e1608dfa6e0b5569232559e3d385fea5a93112/library/std/src/panicking.rs:552:40
[INFO] [stdout]   39:     0x562a00e32957 - std::panicking::try::he3a30b11ee45340c
[INFO] [stdout]                                at /rustc/82e1608dfa6e0b5569232559e3d385fea5a93112/library/std/src/panicking.rs:516:19
[INFO] [stdout]   40:     0x562a00e32957 - std::panic::catch_unwind::h410458cfd3528b8b
[INFO] [stdout]                                at /rustc/82e1608dfa6e0b5569232559e3d385fea5a93112/library/std/src/panic.rs:142:14
[INFO] [stdout]   41:     0x562a00e32957 - std::thread::Builder::spawn_unchecked_::{{closure}}::h72ac3bdb567b737b
[INFO] [stdout]                                at /rustc/82e1608dfa6e0b5569232559e3d385fea5a93112/library/std/src/thread/mod.rs:528:30
[INFO] [stdout]   42:     0x562a00e32957 - core::ops::function::FnOnce::call_once{{vtable.shim}}::h38f34da3654a8344
[INFO] [stdout]                                at /rustc/82e1608dfa6e0b5569232559e3d385fea5a93112/library/core/src/ops/function.rs:250:5
[INFO] [stdout]   43:     0x562a00e98975 - <alloc::boxed::Box<F,A> as core::ops::function::FnOnce<Args>>::call_once::hc7eafaff61e32df9
[INFO] [stdout]                                at /rustc/82e1608dfa6e0b5569232559e3d385fea5a93112/library/alloc/src/boxed.rs:2007:9
[INFO] [stdout]   44:     0x562a00e98975 - <alloc::boxed::Box<F,A> as core::ops::function::FnOnce<Args>>::call_once::h6ba4a5de48dd2304
[INFO] [stdout]                                at /rustc/82e1608dfa6e0b5569232559e3d385fea5a93112/library/alloc/src/boxed.rs:2007:9
[INFO] [stdout]   45:     0x562a00e98975 - std::sys::unix::thread::Thread::new::thread_start::he469335aef763e45
[INFO] [stdout]                                at /rustc/82e1608dfa6e0b5569232559e3d385fea5a93112/library/std/src/sys/unix/thread.rs:108:17
[INFO] [stdout]   46:     0x7f197c802ac3 - <unknown>
[INFO] [stdout]   47:     0x7f197c893bf4 - __clone
[INFO] [stdout]   48:                0x0 - <unknown>
[INFO] [stdout] 
[INFO] [stdout] 
[INFO] [stdout] failures:
[INFO] [stdout]     tests
[INFO] [stdout] 
[INFO] [stdout] test result: FAILED. 0 passed; 1 failed; 0 ignored; 0 measured; 0 filtered out; finished in 3.14s
[INFO] [stdout] 
[INFO] [stderr] error: test failed, to rerun pass `--test tests`
[INFO] running `Command { std: "docker" "inspect" "41ba9d433f429fcc25e68c8d7026ea1937fd10e6b3e0e2c12f09d80bf2c9cea1", kill_on_drop: false }`
[INFO] running `Command { std: "docker" "rm" "-f" "41ba9d433f429fcc25e68c8d7026ea1937fd10e6b3e0e2c12f09d80bf2c9cea1", kill_on_drop: false }`
[INFO] [stdout] 41ba9d433f429fcc25e68c8d7026ea1937fd10e6b3e0e2c12f09d80bf2c9cea1
