[INFO] cloning repository https://github.com/mikeleppane/AoC-2023-Rust
[INFO] running `Command { std: "git" "-c" "credential.helper=" "-c" "credential.helper=/workspace/cargo-home/bin/git-credential-null" "clone" "--bare" "https://github.com/mikeleppane/AoC-2023-Rust" "/workspace/cache/git-repos/https%3A%2F%2Fgithub.com%2Fmikeleppane%2FAoC-2023-Rust", kill_on_drop: false }`
[INFO] [stderr] Cloning into bare repository '/workspace/cache/git-repos/https%3A%2F%2Fgithub.com%2Fmikeleppane%2FAoC-2023-Rust'...
[INFO] running `Command { std: "git" "rev-parse" "HEAD", kill_on_drop: false }`
[INFO] [stdout] 75a45b9ec5b536b3d7a6b79219404c794306c5f5
[INFO] testing mikeleppane/AoC-2023-Rust against 1.75.0 for beta-1.76-1
[INFO] running `Command { std: "git" "clone" "/workspace/cache/git-repos/https%3A%2F%2Fgithub.com%2Fmikeleppane%2FAoC-2023-Rust" "/workspace/builds/worker-5-tc1/source", kill_on_drop: false }`
[INFO] [stderr] Cloning into '/workspace/builds/worker-5-tc1/source'...
[INFO] [stderr] done.
[INFO] validating manifest of git repo https://github.com/mikeleppane/AoC-2023-Rust on toolchain 1.75.0
[INFO] running `Command { std: CARGO_HOME="/workspace/cargo-home" RUSTUP_HOME="/workspace/rustup-home" "/workspace/cargo-home/bin/cargo" "+1.75.0" "metadata" "--manifest-path" "Cargo.toml" "--no-deps", kill_on_drop: false }`
[INFO] removed /workspace/builds/worker-5-tc1/source/.cargo/config.toml
[INFO] started tweaking git repo https://github.com/mikeleppane/AoC-2023-Rust
[INFO] finished tweaking git repo https://github.com/mikeleppane/AoC-2023-Rust
[INFO] tweaked toml for git repo https://github.com/mikeleppane/AoC-2023-Rust written to /workspace/builds/worker-5-tc1/source/Cargo.toml
[INFO] crate git repo https://github.com/mikeleppane/AoC-2023-Rust already has a lockfile, it will not be regenerated
[INFO] running `Command { std: CARGO_HOME="/workspace/cargo-home" RUSTUP_HOME="/workspace/rustup-home" "/workspace/cargo-home/bin/cargo" "+1.75.0" "fetch" "--manifest-path" "Cargo.toml", kill_on_drop: false }`
[INFO] running `Command { std: "docker" "create" "-v" "/var/lib/crater-agent-workspace/builds/worker-5-tc1/target:/opt/rustwide/target:rw,Z" "-v" "/var/lib/crater-agent-workspace/builds/worker-5-tc1/source:/opt/rustwide/workdir:ro,Z" "-v" "/var/lib/crater-agent-workspace/cargo-home:/opt/rustwide/cargo-home:ro,Z" "-v" "/var/lib/crater-agent-workspace/rustup-home:/opt/rustwide/rustup-home:ro,Z" "-e" "SOURCE_DIR=/opt/rustwide/workdir" "-e" "CARGO_TARGET_DIR=/opt/rustwide/target" "-e" "CARGO_HOME=/opt/rustwide/cargo-home" "-e" "RUSTUP_HOME=/opt/rustwide/rustup-home" "-w" "/opt/rustwide/workdir" "-m" "1610612736" "--user" "0:0" "--network" "none" "ghcr.io/rust-lang/crates-build-env/linux@sha256:2788e3201cd34a07e3172128adcd8b3090168a8e3bcc40d7c032b9dda1df7d1c" "/opt/rustwide/cargo-home/bin/cargo" "+1.75.0" "metadata" "--no-deps" "--format-version=1", kill_on_drop: false }`
[INFO] [stdout] 48fc55707dc131a84f8b7ca673fd1de871ba70a08f74f4d1f8b25f9fe059201f
[INFO] running `Command { std: "docker" "start" "-a" "48fc55707dc131a84f8b7ca673fd1de871ba70a08f74f4d1f8b25f9fe059201f", kill_on_drop: false }`
[INFO] running `Command { std: "docker" "inspect" "48fc55707dc131a84f8b7ca673fd1de871ba70a08f74f4d1f8b25f9fe059201f", kill_on_drop: false }`
[INFO] running `Command { std: "docker" "rm" "-f" "48fc55707dc131a84f8b7ca673fd1de871ba70a08f74f4d1f8b25f9fe059201f", kill_on_drop: false }`
[INFO] [stdout] 48fc55707dc131a84f8b7ca673fd1de871ba70a08f74f4d1f8b25f9fe059201f
[INFO] running `Command { std: "docker" "create" "-v" "/var/lib/crater-agent-workspace/builds/worker-5-tc1/target:/opt/rustwide/target:rw,Z" "-v" "/var/lib/crater-agent-workspace/builds/worker-5-tc1/source:/opt/rustwide/workdir:ro,Z" "-v" "/var/lib/crater-agent-workspace/cargo-home:/opt/rustwide/cargo-home:ro,Z" "-v" "/var/lib/crater-agent-workspace/rustup-home:/opt/rustwide/rustup-home:ro,Z" "-e" "SOURCE_DIR=/opt/rustwide/workdir" "-e" "CARGO_TARGET_DIR=/opt/rustwide/target" "-e" "CARGO_INCREMENTAL=0" "-e" "RUST_BACKTRACE=full" "-e" "RUSTFLAGS=--cap-lints=warn" "-e" "RUSTDOCFLAGS=--cap-lints=warn" "-e" "CARGO_HOME=/opt/rustwide/cargo-home" "-e" "RUSTUP_HOME=/opt/rustwide/rustup-home" "-w" "/opt/rustwide/workdir" "-m" "1610612736" "--user" "0:0" "--network" "none" "ghcr.io/rust-lang/crates-build-env/linux@sha256:2788e3201cd34a07e3172128adcd8b3090168a8e3bcc40d7c032b9dda1df7d1c" "/opt/rustwide/cargo-home/bin/cargo" "+1.75.0" "build" "--frozen" "--message-format=json", kill_on_drop: false }`
[INFO] [stdout] 3944ecd614ece57d8d54d5999b99fca0f8f95e273b730d8847ba96850862ccc7
[INFO] running `Command { std: "docker" "start" "-a" "3944ecd614ece57d8d54d5999b99fca0f8f95e273b730d8847ba96850862ccc7", kill_on_drop: false }`
[INFO] [stderr]    Compiling proc-macro2 v1.0.70
[INFO] [stderr]    Compiling unicode-ident v1.0.12
[INFO] [stderr]    Compiling utf8parse v0.2.1
[INFO] [stderr]    Compiling anstyle-query v1.0.0
[INFO] [stderr]    Compiling colorchoice v1.0.0
[INFO] [stderr]    Compiling anstyle v1.0.4
[INFO] [stderr]    Compiling memchr v2.6.4
[INFO] [stderr]    Compiling clap_lex v0.6.0
[INFO] [stderr]    Compiling anstyle-parse v0.2.2
[INFO] [stderr]    Compiling regex-syntax v0.8.2
[INFO] [stderr]    Compiling heck v0.4.1
[INFO] [stderr]    Compiling strsim v0.10.0
[INFO] [stderr]    Compiling anstream v0.6.4
[INFO] [stderr]    Compiling either v1.9.0
[INFO] [stderr]    Compiling yansi v0.5.1
[INFO] [stderr]    Compiling diff v0.1.13
[INFO] [stderr]    Compiling lazy_static v1.4.0
[INFO] [stderr]    Compiling clap_builder v4.4.9
[INFO] [stderr]    Compiling colored v2.1.0
[INFO] [stderr]    Compiling pretty_assertions v1.4.0
[INFO] [stderr]    Compiling aho-corasick v1.1.2
[INFO] [stderr]    Compiling itertools v0.12.0
[INFO] [stderr]    Compiling quote v1.0.33
[INFO] [stderr]    Compiling md5 v0.7.0
[INFO] [stderr]    Compiling syn v2.0.39
[INFO] [stderr]    Compiling regex-automata v0.4.3
[INFO] [stderr]    Compiling clap_derive v4.4.7
[INFO] [stderr]    Compiling regex v1.10.2
[INFO] [stderr]    Compiling clap v4.4.10
[INFO] [stderr]    Compiling aoc-2023-rust v0.1.0 (/opt/rustwide/workdir)
[INFO] [stderr]     Finished dev [unoptimized + debuginfo] target(s) in 16.34s
[INFO] running `Command { std: "docker" "inspect" "3944ecd614ece57d8d54d5999b99fca0f8f95e273b730d8847ba96850862ccc7", kill_on_drop: false }`
[INFO] running `Command { std: "docker" "rm" "-f" "3944ecd614ece57d8d54d5999b99fca0f8f95e273b730d8847ba96850862ccc7", kill_on_drop: false }`
[INFO] [stdout] 3944ecd614ece57d8d54d5999b99fca0f8f95e273b730d8847ba96850862ccc7
[INFO] running `Command { std: "docker" "create" "-v" "/var/lib/crater-agent-workspace/builds/worker-5-tc1/target:/opt/rustwide/target:rw,Z" "-v" "/var/lib/crater-agent-workspace/builds/worker-5-tc1/source:/opt/rustwide/workdir:ro,Z" "-v" "/var/lib/crater-agent-workspace/cargo-home:/opt/rustwide/cargo-home:ro,Z" "-v" "/var/lib/crater-agent-workspace/rustup-home:/opt/rustwide/rustup-home:ro,Z" "-e" "SOURCE_DIR=/opt/rustwide/workdir" "-e" "CARGO_TARGET_DIR=/opt/rustwide/target" "-e" "CARGO_INCREMENTAL=0" "-e" "RUST_BACKTRACE=full" "-e" "RUSTFLAGS=--cap-lints=warn" "-e" "RUSTDOCFLAGS=--cap-lints=warn" "-e" "CARGO_HOME=/opt/rustwide/cargo-home" "-e" "RUSTUP_HOME=/opt/rustwide/rustup-home" "-w" "/opt/rustwide/workdir" "-m" "1610612736" "--user" "0:0" "--network" "none" "ghcr.io/rust-lang/crates-build-env/linux@sha256:2788e3201cd34a07e3172128adcd8b3090168a8e3bcc40d7c032b9dda1df7d1c" "/opt/rustwide/cargo-home/bin/cargo" "+1.75.0" "test" "--frozen" "--no-run" "--message-format=json", kill_on_drop: false }`
[INFO] [stdout] 6c81a9e4df7af0e38e59b0c90c067bc462b982b15c5323158357623ce511ca6e
[INFO] running `Command { std: "docker" "start" "-a" "6c81a9e4df7af0e38e59b0c90c067bc462b982b15c5323158357623ce511ca6e", kill_on_drop: false }`
[INFO] [stderr]    Compiling aoc-2023-rust v0.1.0 (/opt/rustwide/workdir)
[INFO] [stderr]     Finished test [unoptimized + debuginfo] target(s) in 2.58s
[INFO] running `Command { std: "docker" "inspect" "6c81a9e4df7af0e38e59b0c90c067bc462b982b15c5323158357623ce511ca6e", kill_on_drop: false }`
[INFO] running `Command { std: "docker" "rm" "-f" "6c81a9e4df7af0e38e59b0c90c067bc462b982b15c5323158357623ce511ca6e", kill_on_drop: false }`
[INFO] [stdout] 6c81a9e4df7af0e38e59b0c90c067bc462b982b15c5323158357623ce511ca6e
[INFO] running `Command { std: "docker" "create" "-v" "/var/lib/crater-agent-workspace/builds/worker-5-tc1/target:/opt/rustwide/target:rw,Z" "-v" "/var/lib/crater-agent-workspace/builds/worker-5-tc1/source:/opt/rustwide/workdir:ro,Z" "-v" "/var/lib/crater-agent-workspace/cargo-home:/opt/rustwide/cargo-home:ro,Z" "-v" "/var/lib/crater-agent-workspace/rustup-home:/opt/rustwide/rustup-home:ro,Z" "-e" "SOURCE_DIR=/opt/rustwide/workdir" "-e" "CARGO_TARGET_DIR=/opt/rustwide/target" "-e" "CARGO_INCREMENTAL=0" "-e" "RUST_BACKTRACE=full" "-e" "RUSTFLAGS=--cap-lints=warn" "-e" "RUSTDOCFLAGS=--cap-lints=warn" "-e" "CARGO_HOME=/opt/rustwide/cargo-home" "-e" "RUSTUP_HOME=/opt/rustwide/rustup-home" "-w" "/opt/rustwide/workdir" "-m" "1610612736" "--user" "0:0" "--network" "none" "ghcr.io/rust-lang/crates-build-env/linux@sha256:2788e3201cd34a07e3172128adcd8b3090168a8e3bcc40d7c032b9dda1df7d1c" "/opt/rustwide/cargo-home/bin/cargo" "+1.75.0" "test" "--frozen", kill_on_drop: false }`
[INFO] [stdout] 4eb23e9530822ef63cc25ab996174478b113fe88213143a9a1669f4ab431ba21
[INFO] running `Command { std: "docker" "start" "-a" "4eb23e9530822ef63cc25ab996174478b113fe88213143a9a1669f4ab431ba21", kill_on_drop: false }`
[INFO] [stderr]     Finished test [unoptimized + debuginfo] target(s) in 0.03s
[INFO] [stderr]      Running unittests src/lib.rs (/opt/rustwide/target/debug/deps/aoc_2023_rust-d715775365d83f65)
[INFO] [stdout] 
[INFO] [stdout] running 1 test
[INFO] [stdout] test point::test::comma_space_separated ... ok
[INFO] [stdout] 
[INFO] [stdout] test result: ok. 1 passed; 0 failed; 0 ignored; 0 measured; 0 filtered out; finished in 0.00s
[INFO] [stdout] 
[INFO] [stderr]      Running unittests src/main.rs (/opt/rustwide/target/debug/deps/aoc_2023_rust-c36f236779ad5ded)
[INFO] [stdout] 
[INFO] [stdout] running 66 tests
[INFO] [stdout] test solutions::day01::tests::part1_test_works ... ok
[INFO] [stdout] test solutions::day01::tests::part2_works ... ok
[INFO] [stdout] test solutions::day02::tests::part1_test_works ... ok
[INFO] [stdout] test solutions::day01::tests::part2_test_works ... ok
[INFO] [stdout] test solutions::day01::tests::part1_works ... ok
[INFO] [stdout] test solutions::day04::tests::part1_test_works ... ok
[INFO] [stdout] test solutions::day02::tests::part1_works ... ok
[INFO] [stdout] test solutions::day02::tests::part2_works ... ok
[INFO] [stdout] test solutions::day02::tests::part2_test_works ... ok
[INFO] [stdout] test solutions::day03::tests::part1_test_works ... ok
[INFO] [stdout] test solutions::day04::tests::part1_works ... ok
[INFO] [stdout] test solutions::day05::tests::part1_test_works ... ok
[INFO] [stdout] test solutions::day04::tests::part2_test_works ... ok
[INFO] [stdout] test solutions::day05::tests::part2_test_works ... ok
[INFO] [stdout] test solutions::day03::tests::part2_test_works ... ok
[INFO] [stdout] test solutions::day05::tests::part1_works ... ok
[INFO] [stdout] test solutions::day06::tests::part1_test_works ... ok
[INFO] [stdout] test solutions::day06::tests::part2_test_works ... ok
[INFO] [stdout] test solutions::day07::tests::part1_test_works ... ok
[INFO] [stdout] test solutions::day06::tests::part1_works ... ok
[INFO] [stdout] test solutions::day07::tests::part2_test_works ... ok
[INFO] [stdout] test solutions::day08::tests::part1_test2_works ... ok
[INFO] [stdout] test solutions::day08::tests::part1_test_works ... ok
[INFO] [stdout] test solutions::day03::tests::part2_works ... ok
[INFO] [stdout] test solutions::day08::tests::part1_works ... ok
[INFO] [stdout] test solutions::day08::tests::part2_test_works ... ok
[INFO] [stdout] test solutions::day03::tests::part1_works ... ok
[INFO] [stdout] test solutions::day09::tests::part1_test_works ... ok
[INFO] [stdout] test solutions::day09::tests::part1_works ... ok
[INFO] [stdout] test solutions::day09::tests::part2_test_works ... ok
[INFO] [stdout] test solutions::day09::tests::part2_works ... ok
[INFO] [stdout] test solutions::day10::tests::part1_test_works ... ok
[INFO] [stdout] test solutions::day10::tests::part1_test2_works ... ok
[INFO] [stdout] test solutions::day10::tests::part2_test_works ... ok
[INFO] [stdout] test solutions::day10::tests::part2_works ... ok
[INFO] [stdout] test solutions::day11::tests::part1_test_works ... ok
[INFO] [stdout] test solutions::day07::tests::part1_works ... ok
[INFO] [stdout] test solutions::day11::tests::part2_test_works ... ok
[INFO] [stdout] test solutions::day07::tests::part2_works ... ok
[INFO] [stdout] test solutions::day12::tests::part1_test_works ... FAILED
[INFO] [stdout] test solutions::day12::tests::part1_works ... FAILED
[INFO] [stdout] test solutions::day12::tests::part2_test_works ... FAILED
[INFO] [stdout] test solutions::day12::tests::part2_works ... FAILED
[INFO] [stdout] test solutions::day13::tests::part1_test_works ... FAILED
[INFO] [stdout] test solutions::day13::tests::part1_works ... FAILED
[INFO] [stdout] test solutions::day13::tests::part2_test_works ... FAILED
[INFO] [stdout] test solutions::day06::tests::part2_works ... ok
[INFO] [stdout] test solutions::day13::tests::part2_works ... FAILED
[INFO] [stdout] test solutions::day14::tests::part1_works ... ok
[INFO] [stdout] test solutions::day14::tests::part1_test_works ... ok
[INFO] [stdout] test solutions::day14::tests::part2_test_works ... ok
[INFO] [stdout] test solutions::day15::tests::part1_test_works ... ok
[INFO] [stdout] test solutions::day15::tests::part1_works ... ok
[INFO] [stdout] test solutions::day15::tests::part2_test_works ... ok
[INFO] [stdout] test solutions::day15::tests::part2_works ... ok
[INFO] [stdout] test solutions::day16::tests::part1_test_works ... ok
[INFO] [stdout] test solutions::day16::tests::part1_works ... ok
[INFO] [stdout] test solutions::day16::tests::part2_test_works ... ok
[INFO] [stdout] test solutions::day11::tests::part1_works ... ok
[INFO] [stdout] test solutions::day11::tests::part2_works ... ok
[INFO] [stdout] test solutions::day04::tests::part2_works ... ok
[INFO] [stdout] test solutions::day14::tests::part2_works ... ok
[INFO] [stdout] test solutions::day10::tests::part1_works ... ok
[INFO] [stdout] test solutions::day05::tests::part2_works has been running for over 60 seconds
[INFO] [stdout] test solutions::day08::tests::part2_works has been running for over 60 seconds
[INFO] [stdout] test solutions::day16::tests::part2_works has been running for over 60 seconds
[INFO] [stdout] test solutions::day16::tests::part2_works ... ok
[ERROR] error running command: no output for 300 seconds
[INFO] running `Command { std: "docker" "inspect" "4eb23e9530822ef63cc25ab996174478b113fe88213143a9a1669f4ab431ba21", kill_on_drop: false }`
[INFO] running `Command { std: "docker" "rm" "-f" "4eb23e9530822ef63cc25ab996174478b113fe88213143a9a1669f4ab431ba21", kill_on_drop: false }`
[INFO] [stdout] 4eb23e9530822ef63cc25ab996174478b113fe88213143a9a1669f4ab431ba21
[INFO] testing mikeleppane/AoC-2023-Rust against beta-2023-12-22 for beta-1.76-1
[INFO] running `Command { std: "git" "clone" "/workspace/cache/git-repos/https%3A%2F%2Fgithub.com%2Fmikeleppane%2FAoC-2023-Rust" "/workspace/builds/worker-5-tc2/source", kill_on_drop: false }`
[INFO] [stderr] Cloning into '/workspace/builds/worker-5-tc2/source'...
[INFO] [stderr] done.
[INFO] validating manifest of git repo https://github.com/mikeleppane/AoC-2023-Rust on toolchain beta-2023-12-22
[INFO] running `Command { std: CARGO_HOME="/workspace/cargo-home" RUSTUP_HOME="/workspace/rustup-home" "/workspace/cargo-home/bin/cargo" "+beta-2023-12-22" "metadata" "--manifest-path" "Cargo.toml" "--no-deps", kill_on_drop: false }`
[INFO] removed /workspace/builds/worker-5-tc2/source/.cargo/config.toml
[INFO] started tweaking git repo https://github.com/mikeleppane/AoC-2023-Rust
[INFO] finished tweaking git repo https://github.com/mikeleppane/AoC-2023-Rust
[INFO] tweaked toml for git repo https://github.com/mikeleppane/AoC-2023-Rust written to /workspace/builds/worker-5-tc2/source/Cargo.toml
[INFO] crate git repo https://github.com/mikeleppane/AoC-2023-Rust already has a lockfile, it will not be regenerated
[INFO] running `Command { std: CARGO_HOME="/workspace/cargo-home" RUSTUP_HOME="/workspace/rustup-home" "/workspace/cargo-home/bin/cargo" "+beta-2023-12-22" "fetch" "--manifest-path" "Cargo.toml", kill_on_drop: false }`
[INFO] running `Command { std: "docker" "create" "-v" "/var/lib/crater-agent-workspace/builds/worker-5-tc2/target:/opt/rustwide/target:rw,Z" "-v" "/var/lib/crater-agent-workspace/builds/worker-5-tc2/source:/opt/rustwide/workdir:ro,Z" "-v" "/var/lib/crater-agent-workspace/cargo-home:/opt/rustwide/cargo-home:ro,Z" "-v" "/var/lib/crater-agent-workspace/rustup-home:/opt/rustwide/rustup-home:ro,Z" "-e" "SOURCE_DIR=/opt/rustwide/workdir" "-e" "CARGO_TARGET_DIR=/opt/rustwide/target" "-e" "CARGO_HOME=/opt/rustwide/cargo-home" "-e" "RUSTUP_HOME=/opt/rustwide/rustup-home" "-w" "/opt/rustwide/workdir" "-m" "1610612736" "--user" "0:0" "--network" "none" "ghcr.io/rust-lang/crates-build-env/linux@sha256:2788e3201cd34a07e3172128adcd8b3090168a8e3bcc40d7c032b9dda1df7d1c" "/opt/rustwide/cargo-home/bin/cargo" "+beta-2023-12-22" "metadata" "--no-deps" "--format-version=1", kill_on_drop: false }`
[INFO] [stdout] 8c1dcb00e0ccf87be739bc57de63c8d52e8806e4d4e3c171f0097a6cd2e89723
[INFO] running `Command { std: "docker" "start" "-a" "8c1dcb00e0ccf87be739bc57de63c8d52e8806e4d4e3c171f0097a6cd2e89723", kill_on_drop: false }`
[INFO] running `Command { std: "docker" "inspect" "8c1dcb00e0ccf87be739bc57de63c8d52e8806e4d4e3c171f0097a6cd2e89723", kill_on_drop: false }`
[INFO] running `Command { std: "docker" "rm" "-f" "8c1dcb00e0ccf87be739bc57de63c8d52e8806e4d4e3c171f0097a6cd2e89723", kill_on_drop: false }`
[INFO] [stdout] 8c1dcb00e0ccf87be739bc57de63c8d52e8806e4d4e3c171f0097a6cd2e89723
[INFO] running `Command { std: "docker" "create" "-v" "/var/lib/crater-agent-workspace/builds/worker-5-tc2/target:/opt/rustwide/target:rw,Z" "-v" "/var/lib/crater-agent-workspace/builds/worker-5-tc2/source:/opt/rustwide/workdir:ro,Z" "-v" "/var/lib/crater-agent-workspace/cargo-home:/opt/rustwide/cargo-home:ro,Z" "-v" "/var/lib/crater-agent-workspace/rustup-home:/opt/rustwide/rustup-home:ro,Z" "-e" "SOURCE_DIR=/opt/rustwide/workdir" "-e" "CARGO_TARGET_DIR=/opt/rustwide/target" "-e" "CARGO_INCREMENTAL=0" "-e" "RUST_BACKTRACE=full" "-e" "RUSTFLAGS=--cap-lints=warn" "-e" "RUSTDOCFLAGS=--cap-lints=warn" "-e" "CARGO_HOME=/opt/rustwide/cargo-home" "-e" "RUSTUP_HOME=/opt/rustwide/rustup-home" "-w" "/opt/rustwide/workdir" "-m" "1610612736" "--user" "0:0" "--network" "none" "ghcr.io/rust-lang/crates-build-env/linux@sha256:2788e3201cd34a07e3172128adcd8b3090168a8e3bcc40d7c032b9dda1df7d1c" "/opt/rustwide/cargo-home/bin/cargo" "+beta-2023-12-22" "build" "--frozen" "--message-format=json", kill_on_drop: false }`
[INFO] [stdout] 59c0bdb06e6962e31b3f165c09a699a24d67f046332e914bdfeb6ee7dcade1dc
[INFO] running `Command { std: "docker" "start" "-a" "59c0bdb06e6962e31b3f165c09a699a24d67f046332e914bdfeb6ee7dcade1dc", kill_on_drop: false }`
[INFO] [stderr]    Compiling proc-macro2 v1.0.70
[INFO] [stderr]    Compiling unicode-ident v1.0.12
[INFO] [stderr]    Compiling utf8parse v0.2.1
[INFO] [stderr]    Compiling anstyle v1.0.4
[INFO] [stderr]    Compiling memchr v2.6.4
[INFO] [stderr]    Compiling anstyle-query v1.0.0
[INFO] [stderr]    Compiling colorchoice v1.0.0
[INFO] [stderr]    Compiling clap_lex v0.6.0
[INFO] [stderr]    Compiling anstyle-parse v0.2.2
[INFO] [stderr]    Compiling strsim v0.10.0
[INFO] [stderr]    Compiling regex-syntax v0.8.2
[INFO] [stderr]    Compiling heck v0.4.1
[INFO] [stderr]    Compiling anstream v0.6.4
[INFO] [stderr]    Compiling diff v0.1.13
[INFO] [stderr]    Compiling yansi v0.5.1
[INFO] [stderr]    Compiling lazy_static v1.4.0
[INFO] [stderr]    Compiling either v1.9.0
[INFO] [stderr]    Compiling clap_builder v4.4.9
[INFO] [stderr]    Compiling aho-corasick v1.1.2
[INFO] [stderr]    Compiling itertools v0.12.0
[INFO] [stderr]    Compiling pretty_assertions v1.4.0
[INFO] [stderr]    Compiling colored v2.1.0
[INFO] [stderr]    Compiling md5 v0.7.0
[INFO] [stderr]    Compiling quote v1.0.33
[INFO] [stderr]    Compiling syn v2.0.39
[INFO] [stderr]    Compiling regex-automata v0.4.3
[INFO] [stderr]    Compiling clap_derive v4.4.7
[INFO] [stderr]    Compiling regex v1.10.2
[INFO] [stderr]    Compiling clap v4.4.10
[INFO] [stderr]    Compiling aoc-2023-rust v0.1.0 (/opt/rustwide/workdir)
[INFO] [stderr]     Finished dev [unoptimized + debuginfo] target(s) in 7.27s
[INFO] running `Command { std: "docker" "inspect" "59c0bdb06e6962e31b3f165c09a699a24d67f046332e914bdfeb6ee7dcade1dc", kill_on_drop: false }`
[INFO] running `Command { std: "docker" "rm" "-f" "59c0bdb06e6962e31b3f165c09a699a24d67f046332e914bdfeb6ee7dcade1dc", kill_on_drop: false }`
[INFO] [stdout] 59c0bdb06e6962e31b3f165c09a699a24d67f046332e914bdfeb6ee7dcade1dc
[INFO] running `Command { std: "docker" "create" "-v" "/var/lib/crater-agent-workspace/builds/worker-5-tc2/target:/opt/rustwide/target:rw,Z" "-v" "/var/lib/crater-agent-workspace/builds/worker-5-tc2/source:/opt/rustwide/workdir:ro,Z" "-v" "/var/lib/crater-agent-workspace/cargo-home:/opt/rustwide/cargo-home:ro,Z" "-v" "/var/lib/crater-agent-workspace/rustup-home:/opt/rustwide/rustup-home:ro,Z" "-e" "SOURCE_DIR=/opt/rustwide/workdir" "-e" "CARGO_TARGET_DIR=/opt/rustwide/target" "-e" "CARGO_INCREMENTAL=0" "-e" "RUST_BACKTRACE=full" "-e" "RUSTFLAGS=--cap-lints=warn" "-e" "RUSTDOCFLAGS=--cap-lints=warn" "-e" "CARGO_HOME=/opt/rustwide/cargo-home" "-e" "RUSTUP_HOME=/opt/rustwide/rustup-home" "-w" "/opt/rustwide/workdir" "-m" "1610612736" "--user" "0:0" "--network" "none" "ghcr.io/rust-lang/crates-build-env/linux@sha256:2788e3201cd34a07e3172128adcd8b3090168a8e3bcc40d7c032b9dda1df7d1c" "/opt/rustwide/cargo-home/bin/cargo" "+beta-2023-12-22" "test" "--frozen" "--no-run" "--message-format=json", kill_on_drop: false }`
[INFO] [stdout] 77aa1b539673d490b6dae116d93d6516a95972a4cacae273a32dd57ea7b39758
[INFO] running `Command { std: "docker" "start" "-a" "77aa1b539673d490b6dae116d93d6516a95972a4cacae273a32dd57ea7b39758", kill_on_drop: false }`
[INFO] [stderr]    Compiling aoc-2023-rust v0.1.0 (/opt/rustwide/workdir)
[INFO] [stderr]     Finished test [unoptimized + debuginfo] target(s) in 1.33s
[INFO] running `Command { std: "docker" "inspect" "77aa1b539673d490b6dae116d93d6516a95972a4cacae273a32dd57ea7b39758", kill_on_drop: false }`
[INFO] running `Command { std: "docker" "rm" "-f" "77aa1b539673d490b6dae116d93d6516a95972a4cacae273a32dd57ea7b39758", kill_on_drop: false }`
[INFO] [stdout] 77aa1b539673d490b6dae116d93d6516a95972a4cacae273a32dd57ea7b39758
[INFO] running `Command { std: "docker" "create" "-v" "/var/lib/crater-agent-workspace/builds/worker-5-tc2/target:/opt/rustwide/target:rw,Z" "-v" "/var/lib/crater-agent-workspace/builds/worker-5-tc2/source:/opt/rustwide/workdir:ro,Z" "-v" "/var/lib/crater-agent-workspace/cargo-home:/opt/rustwide/cargo-home:ro,Z" "-v" "/var/lib/crater-agent-workspace/rustup-home:/opt/rustwide/rustup-home:ro,Z" "-e" "SOURCE_DIR=/opt/rustwide/workdir" "-e" "CARGO_TARGET_DIR=/opt/rustwide/target" "-e" "CARGO_INCREMENTAL=0" "-e" "RUST_BACKTRACE=full" "-e" "RUSTFLAGS=--cap-lints=warn" "-e" "RUSTDOCFLAGS=--cap-lints=warn" "-e" "CARGO_HOME=/opt/rustwide/cargo-home" "-e" "RUSTUP_HOME=/opt/rustwide/rustup-home" "-w" "/opt/rustwide/workdir" "-m" "1610612736" "--user" "0:0" "--network" "none" "ghcr.io/rust-lang/crates-build-env/linux@sha256:2788e3201cd34a07e3172128adcd8b3090168a8e3bcc40d7c032b9dda1df7d1c" "/opt/rustwide/cargo-home/bin/cargo" "+beta-2023-12-22" "test" "--frozen", kill_on_drop: false }`
[INFO] [stdout] 24528530c7201bf624e1d5e88d7686da730f1b2fa50f897176daf2a2e1d71a09
[INFO] running `Command { std: "docker" "start" "-a" "24528530c7201bf624e1d5e88d7686da730f1b2fa50f897176daf2a2e1d71a09", kill_on_drop: false }`
[INFO] [stderr]     Finished test [unoptimized + debuginfo] target(s) in 0.03s
[INFO] [stderr]      Running unittests src/lib.rs (/opt/rustwide/target/debug/deps/aoc_2023_rust-cd5e6f72b9ac599c)
[INFO] [stdout] 
[INFO] [stdout] running 1 test
[INFO] [stdout] test point::test::comma_space_separated ... ok
[INFO] [stdout] 
[INFO] [stdout] test result: ok. 1 passed; 0 failed; 0 ignored; 0 measured; 0 filtered out; finished in 0.00s
[INFO] [stdout] 
[INFO] [stderr]      Running unittests src/main.rs (/opt/rustwide/target/debug/deps/aoc_2023_rust-782a9d9c5c6542ef)
[INFO] [stdout] 
[INFO] [stdout] running 66 tests
[INFO] [stdout] test solutions::day01::tests::part1_test_works ... ok
[INFO] [stdout] test solutions::day02::tests::part1_test_works ... ok
[INFO] [stdout] test solutions::day01::tests::part2_test_works ... ok
[INFO] [stdout] test solutions::day02::tests::part2_test_works ... ok
[INFO] [stdout] test solutions::day02::tests::part2_works ... ok
[INFO] [stdout] test solutions::day03::tests::part2_test_works ... ok
[INFO] [stdout] test solutions::day03::tests::part1_test_works ... ok
[INFO] [stdout] test solutions::day02::tests::part1_works ... ok
[INFO] [stdout] test solutions::day01::tests::part1_works ... ok
[INFO] [stdout] test solutions::day01::tests::part2_works ... ok
[INFO] [stdout] test solutions::day04::tests::part1_test_works ... ok
[INFO] [stdout] test solutions::day04::tests::part2_test_works ... ok
[INFO] [stdout] test solutions::day05::tests::part1_test_works ... ok
[INFO] [stdout] test solutions::day05::tests::part1_works ... ok
[INFO] [stdout] test solutions::day06::tests::part1_test_works ... ok
[INFO] [stdout] test solutions::day06::tests::part1_works ... ok
[INFO] [stdout] test solutions::day06::tests::part2_test_works ... ok
[INFO] [stdout] test solutions::day07::tests::part1_test_works ... ok
[INFO] [stdout] test solutions::day04::tests::part1_works ... ok
[INFO] [stdout] test solutions::day05::tests::part2_test_works ... ok
[INFO] [stdout] test solutions::day07::tests::part2_test_works ... ok
[INFO] [stdout] test solutions::day08::tests::part1_test2_works ... ok
[INFO] [stdout] test solutions::day08::tests::part1_test_works ... ok
[INFO] [stdout] test solutions::day03::tests::part1_works ... ok
[INFO] [stdout] test solutions::day08::tests::part2_test_works ... ok
[INFO] [stdout] test solutions::day03::tests::part2_works ... ok
[INFO] [stdout] test solutions::day08::tests::part1_works ... ok
[INFO] [stdout] test solutions::day09::tests::part1_test_works ... ok
[INFO] [stdout] test solutions::day09::tests::part1_works ... ok
[INFO] [stdout] test solutions::day09::tests::part2_works ... ok
[INFO] [stdout] test solutions::day09::tests::part2_test_works ... ok
[INFO] [stdout] test solutions::day10::tests::part1_test_works ... ok
[INFO] [stdout] test solutions::day10::tests::part1_test2_works ... ok
[INFO] [stdout] test solutions::day10::tests::part2_test_works ... ok
[INFO] [stdout] test solutions::day10::tests::part2_works ... ok
[INFO] [stdout] test solutions::day11::tests::part1_test_works ... ok
[INFO] [stdout] test solutions::day07::tests::part2_works ... ok
[INFO] [stdout] test solutions::day11::tests::part2_test_works ... ok
[INFO] [stdout] test solutions::day07::tests::part1_works ... ok
[INFO] [stdout] test solutions::day12::tests::part1_test_works ... FAILED
[INFO] [stdout] test solutions::day12::tests::part1_works ... FAILED
[INFO] [stdout] test solutions::day06::tests::part2_works ... ok
[INFO] [stdout] test solutions::day12::tests::part2_test_works ... FAILED
[INFO] [stdout] test solutions::day12::tests::part2_works ... FAILED
[INFO] [stdout] test solutions::day13::tests::part1_test_works ... FAILED
[INFO] [stdout] test solutions::day13::tests::part1_works ... FAILED
[INFO] [stdout] test solutions::day13::tests::part2_works ... FAILED
[INFO] [stdout] test solutions::day13::tests::part2_test_works ... FAILED
[INFO] [stdout] test solutions::day14::tests::part1_works ... ok
[INFO] [stdout] test solutions::day14::tests::part1_test_works ... ok
[INFO] [stdout] test solutions::day14::tests::part2_test_works ... ok
[INFO] [stdout] test solutions::day15::tests::part1_test_works ... ok
[INFO] [stdout] test solutions::day15::tests::part1_works ... ok
[INFO] [stdout] test solutions::day15::tests::part2_test_works ... ok
[INFO] [stdout] test solutions::day15::tests::part2_works ... ok
[INFO] [stdout] test solutions::day16::tests::part1_test_works ... ok
[INFO] [stdout] test solutions::day16::tests::part1_works ... ok
[INFO] [stdout] test solutions::day16::tests::part2_test_works ... ok
[INFO] [stdout] test solutions::day11::tests::part2_works ... ok
[INFO] [stdout] test solutions::day11::tests::part1_works ... ok
[INFO] [stdout] test solutions::day04::tests::part2_works ... ok
[INFO] [stdout] test solutions::day14::tests::part2_works ... ok
[INFO] [stdout] test solutions::day10::tests::part1_works ... ok
[INFO] [stdout] test solutions::day16::tests::part2_works ... ok
[INFO] [stdout] test solutions::day05::tests::part2_works has been running for over 60 seconds
[INFO] [stdout] test solutions::day08::tests::part2_works has been running for over 60 seconds
[ERROR] error running command: no output for 300 seconds
[INFO] running `Command { std: "docker" "inspect" "24528530c7201bf624e1d5e88d7686da730f1b2fa50f897176daf2a2e1d71a09", kill_on_drop: false }`
[INFO] running `Command { std: "docker" "rm" "-f" "24528530c7201bf624e1d5e88d7686da730f1b2fa50f897176daf2a2e1d71a09", kill_on_drop: false }`
[INFO] [stdout] 24528530c7201bf624e1d5e88d7686da730f1b2fa50f897176daf2a2e1d71a09
