[INFO] cloning repository https://github.com/mikegin/moleculer-rust-gateway
[INFO] running `Command { std: "git" "-c" "credential.helper=" "-c" "credential.helper=/workspace/cargo-home/bin/git-credential-null" "clone" "--bare" "https://github.com/mikegin/moleculer-rust-gateway" "/workspace/cache/git-repos/https%3A%2F%2Fgithub.com%2Fmikegin%2Fmoleculer-rust-gateway", kill_on_drop: false }`
[INFO] [stderr] Cloning into bare repository '/workspace/cache/git-repos/https%3A%2F%2Fgithub.com%2Fmikegin%2Fmoleculer-rust-gateway'...
[INFO] running `Command { std: "git" "rev-parse" "HEAD", kill_on_drop: false }`
[INFO] [stdout] 84d8acae88de98a1519842b9fbb9f0e22ae0faa8
[INFO] testing mikegin/moleculer-rust-gateway against 1.75.0 for beta-1.76-1
[INFO] running `Command { std: "git" "clone" "/workspace/cache/git-repos/https%3A%2F%2Fgithub.com%2Fmikegin%2Fmoleculer-rust-gateway" "/workspace/builds/worker-5-tc1/source", kill_on_drop: false }`
[INFO] [stderr] Cloning into '/workspace/builds/worker-5-tc1/source'...
[INFO] [stderr] done.
[INFO] validating manifest of git repo https://github.com/mikegin/moleculer-rust-gateway on toolchain 1.75.0
[INFO] running `Command { std: CARGO_HOME="/workspace/cargo-home" RUSTUP_HOME="/workspace/rustup-home" "/workspace/cargo-home/bin/cargo" "+1.75.0" "metadata" "--manifest-path" "Cargo.toml" "--no-deps", kill_on_drop: false }`
[INFO] started tweaking git repo https://github.com/mikegin/moleculer-rust-gateway
[INFO] finished tweaking git repo https://github.com/mikegin/moleculer-rust-gateway
[INFO] tweaked toml for git repo https://github.com/mikegin/moleculer-rust-gateway written to /workspace/builds/worker-5-tc1/source/Cargo.toml
[INFO] crate git repo https://github.com/mikegin/moleculer-rust-gateway already has a lockfile, it will not be regenerated
[INFO] running `Command { std: CARGO_HOME="/workspace/cargo-home" RUSTUP_HOME="/workspace/rustup-home" "/workspace/cargo-home/bin/cargo" "+1.75.0" "fetch" "--manifest-path" "Cargo.toml", kill_on_drop: false }`
[INFO] [stderr]     Updating crates.io index
[INFO] [stderr]     Updating git repository `https://github.com/temporalio/sdk-core.git`
[INFO] [stderr]  Downloading crates ...
[INFO] [stderr]   Downloaded uuid-macro-internal v1.2.2
[INFO] [stderr]   Downloaded opentelemetry-otlp v0.11.0
[INFO] [stderr]   Downloaded nkeys v0.1.0
[INFO] [stderr]   Downloaded act-zero v0.4.0
[INFO] [stderr]   Downloaded prost-derive v0.11.6
[INFO] [stderr]   Downloaded prost-build v0.11.6
[INFO] [stderr]   Downloaded prost v0.11.6
[INFO] [stderr]   Downloaded raw-cpuid v10.6.0
[INFO] [stderr]   Downloaded signatory v0.21.0
[INFO] [stderr]   Downloaded axum v0.6.3
[INFO] [stderr]   Downloaded object v0.30.1
[INFO] [stderr]   Downloaded sysinfo v0.19.2
[INFO] [stderr]   Downloaded prost-types v0.11.6
[INFO] [stderr]   Downloaded ringbuf v0.3.2
[INFO] [stderr]   Downloaded opentelemetry-proto v0.1.0
[INFO] [stderr]   Downloaded nats v0.10.1
[INFO] [stderr]   Downloaded async-nats v0.10.1
[INFO] [stderr]   Downloaded moleculer v0.3.5
[INFO] running `Command { std: "docker" "create" "-v" "/var/lib/crater-agent-workspace/builds/worker-5-tc1/target:/opt/rustwide/target:rw,Z" "-v" "/var/lib/crater-agent-workspace/builds/worker-5-tc1/source:/opt/rustwide/workdir:ro,Z" "-v" "/var/lib/crater-agent-workspace/cargo-home:/opt/rustwide/cargo-home:ro,Z" "-v" "/var/lib/crater-agent-workspace/rustup-home:/opt/rustwide/rustup-home:ro,Z" "-e" "SOURCE_DIR=/opt/rustwide/workdir" "-e" "CARGO_TARGET_DIR=/opt/rustwide/target" "-e" "CARGO_HOME=/opt/rustwide/cargo-home" "-e" "RUSTUP_HOME=/opt/rustwide/rustup-home" "-w" "/opt/rustwide/workdir" "-m" "1610612736" "--user" "0:0" "--network" "none" "ghcr.io/rust-lang/crates-build-env/linux@sha256:2788e3201cd34a07e3172128adcd8b3090168a8e3bcc40d7c032b9dda1df7d1c" "/opt/rustwide/cargo-home/bin/cargo" "+1.75.0" "metadata" "--no-deps" "--format-version=1", kill_on_drop: false }`
[INFO] [stdout] b2dfb9a044bfca7b45c612124f957f70e98f5f3a20c74e018cf267e46478fd40
[INFO] running `Command { std: "docker" "start" "-a" "b2dfb9a044bfca7b45c612124f957f70e98f5f3a20c74e018cf267e46478fd40", kill_on_drop: false }`
[INFO] running `Command { std: "docker" "inspect" "b2dfb9a044bfca7b45c612124f957f70e98f5f3a20c74e018cf267e46478fd40", kill_on_drop: false }`
[INFO] running `Command { std: "docker" "rm" "-f" "b2dfb9a044bfca7b45c612124f957f70e98f5f3a20c74e018cf267e46478fd40", kill_on_drop: false }`
[INFO] [stdout] b2dfb9a044bfca7b45c612124f957f70e98f5f3a20c74e018cf267e46478fd40
[INFO] running `Command { std: "docker" "create" "-v" "/var/lib/crater-agent-workspace/builds/worker-5-tc1/target:/opt/rustwide/target:rw,Z" "-v" "/var/lib/crater-agent-workspace/builds/worker-5-tc1/source:/opt/rustwide/workdir:ro,Z" "-v" "/var/lib/crater-agent-workspace/cargo-home:/opt/rustwide/cargo-home:ro,Z" "-v" "/var/lib/crater-agent-workspace/rustup-home:/opt/rustwide/rustup-home:ro,Z" "-e" "SOURCE_DIR=/opt/rustwide/workdir" "-e" "CARGO_TARGET_DIR=/opt/rustwide/target" "-e" "CARGO_INCREMENTAL=0" "-e" "RUST_BACKTRACE=full" "-e" "RUSTFLAGS=--cap-lints=warn" "-e" "RUSTDOCFLAGS=--cap-lints=warn" "-e" "CARGO_HOME=/opt/rustwide/cargo-home" "-e" "RUSTUP_HOME=/opt/rustwide/rustup-home" "-w" "/opt/rustwide/workdir" "-m" "1610612736" "--user" "0:0" "--network" "none" "ghcr.io/rust-lang/crates-build-env/linux@sha256:2788e3201cd34a07e3172128adcd8b3090168a8e3bcc40d7c032b9dda1df7d1c" "/opt/rustwide/cargo-home/bin/cargo" "+1.75.0" "build" "--frozen" "--message-format=json", kill_on_drop: false }`
[INFO] [stdout] eefe0824e8eb1086b31054a9859087436c2f3b84a4483bc29636f8e0a1143feb
[INFO] running `Command { std: "docker" "start" "-a" "eefe0824e8eb1086b31054a9859087436c2f3b84a4483bc29636f8e0a1143feb", kill_on_drop: false }`
[INFO] [stderr]    Compiling cfg-if v1.0.0
[INFO] [stderr]    Compiling proc-macro2 v1.0.49
[INFO] [stderr]    Compiling unicode-ident v1.0.6
[INFO] [stderr]    Compiling quote v1.0.23
[INFO] [stderr]    Compiling syn v1.0.107
[INFO] [stderr]    Compiling libc v0.2.139
[INFO] [stderr]    Compiling autocfg v1.1.0
[INFO] [stderr]    Compiling serde_derive v1.0.152
[INFO] [stderr]    Compiling memchr v2.5.0
[INFO] [stderr]    Compiling serde v1.0.152
[INFO] [stderr]    Compiling version_check v0.9.4
[INFO] [stderr]    Compiling once_cell v1.17.0
[INFO] [stderr]    Compiling log v0.4.17
[INFO] [stderr]    Compiling scopeguard v1.1.0
[INFO] [stderr]    Compiling pin-project-lite v0.2.9
[INFO] [stderr]    Compiling lock_api v0.4.9
[INFO] [stderr]    Compiling smallvec v1.10.0
[INFO] [stderr]    Compiling fnv v1.0.7
[INFO] [stderr]    Compiling futures-core v0.3.25
[INFO] [stderr]    Compiling parking_lot_core v0.9.5
[INFO] [stderr]    Compiling typenum v1.16.0
[INFO] [stderr]    Compiling generic-array v0.14.6
[INFO] [stderr]    Compiling bytes v1.3.0
[INFO] [stderr]    Compiling futures-io v0.3.25
[INFO] [stderr]    Compiling slab v0.4.7
[INFO] [stderr]    Compiling futures-sink v0.3.25
[INFO] [stderr]    Compiling jobserver v0.1.25
[INFO] [stderr]    Compiling hashbrown v0.12.3
[INFO] [stderr]    Compiling futures-channel v0.3.25
[INFO] [stderr]    Compiling cc v1.0.78
[INFO] [stderr]    Compiling getrandom v0.2.8
[INFO] [stderr]    Compiling rand_core v0.6.4
[INFO] [stderr]    Compiling num_cpus v1.15.0
[INFO] [stderr]    Compiling parking_lot v0.12.1
[INFO] [stderr]    Compiling futures-task v0.3.25
[INFO] [stderr]    Compiling pin-utils v0.1.0
[INFO] [stderr]    Compiling futures-util v0.3.25
[INFO] [stderr]    Compiling tokio v1.24.1
[INFO] [stderr]    Compiling ppv-lite86 v0.2.17
[INFO] [stderr]    Compiling signal-hook-registry v1.4.0
[INFO] [stderr]    Compiling socket2 v0.4.7
[INFO] [stderr]    Compiling crossbeam-utils v0.8.14
[INFO] [stderr]    Compiling itoa v1.0.5
[INFO] [stderr]    Compiling rand_chacha v0.3.1
[INFO] [stderr]    Compiling lazy_static v1.4.0
[INFO] [stderr]    Compiling tracing-core v0.1.30
[INFO] [stderr]    Compiling ring v0.16.20
[INFO] [stderr]    Compiling percent-encoding v2.2.0
[INFO] [stderr]    Compiling rand v0.8.5
[INFO] [stderr]    Compiling indexmap v1.9.2
[INFO] [stderr]    Compiling subtle v2.4.1
[INFO] [stderr]    Compiling untrusted v0.7.1
[INFO] [stderr]    Compiling spin v0.5.2
[INFO] [stderr]    Compiling fastrand v1.8.0
[INFO] [stderr]    Compiling http v0.2.8
[INFO] [stderr]    Compiling cpufeatures v0.2.5
[INFO] [stderr]    Compiling crypto-common v0.1.6
[INFO] [stderr]    Compiling bitflags v1.3.2
[INFO] [stderr]    Compiling anyhow v1.0.68
[INFO] [stderr]    Compiling either v1.8.0
[INFO] [stderr]    Compiling httparse v1.8.0
[INFO] [stderr]    Compiling itertools v0.10.5
[INFO] [stderr]    Compiling thiserror v1.0.38
[INFO] [stderr]    Compiling base64 v0.13.1
[INFO] [stderr]    Compiling async-trait v0.1.60
[INFO] [stderr]    Compiling crossbeam-channel v0.5.6
[INFO] [stderr]    Compiling remove_dir_all v0.5.3
[INFO] [stderr]    Compiling tower-service v0.3.2
[INFO] [stderr]    Compiling strsim v0.10.0
[INFO] [stderr]    Compiling ident_case v1.0.1
[INFO] [stderr]    Compiling tinyvec_macros v0.1.0
[INFO] [stderr]    Compiling tinyvec v1.6.0
[INFO] [stderr]    Compiling http-body v0.4.5
[INFO] [stderr]    Compiling regex-syntax v0.6.28
[INFO] [stderr]    Compiling rustversion v1.0.11
[INFO] [stderr]    Compiling form_urlencoded v1.1.0
[INFO] [stderr]    Compiling prettyplease v0.1.23
[INFO] [stderr]    Compiling try-lock v0.2.4
[INFO] [stderr]    Compiling mime v0.3.16
[INFO] [stderr]    Compiling unicode-bidi v0.3.8
[INFO] [stderr]    Compiling httpdate v1.0.2
[INFO] [stderr]    Compiling unicode-normalization v0.1.22
[INFO] [stderr]    Compiling aho-corasick v0.7.20
[INFO] [stderr]    Compiling idna v0.3.0
[INFO] [stderr]    Compiling fixedbitset v0.4.2
[INFO] [stderr]    Compiling petgraph v0.6.2
[INFO] [stderr]    Compiling url v2.3.1
[INFO] [stderr]    Compiling webpki v0.22.0
[INFO] [stderr]    Compiling regex v1.7.0
[INFO] [stderr]    Compiling tempfile v3.3.0
[INFO] [stderr]    Compiling which v4.4.0
[INFO] [stderr]    Compiling futures-macro v0.3.25
[INFO] [stderr]    Compiling tokio-macros v1.8.2
[INFO] [stderr]    Compiling tracing-attributes v0.1.23
[INFO] [stderr]    Compiling prost-derive v0.11.6
[INFO] [stderr]    Compiling thiserror-impl v1.0.38
[INFO] [stderr]    Compiling pin-project-internal v1.0.12
[INFO] [stderr]    Compiling block-buffer v0.10.3
[INFO] [stderr]    Compiling memoffset v0.7.1
[INFO] [stderr]    Compiling openssl-probe v0.1.5
[INFO] [stderr]    Compiling prost v0.11.6
[INFO] [stderr]    Compiling pkg-config v0.3.26
[INFO] [stderr]    Compiling multimap v0.8.3
[INFO] [stderr]    Compiling heck v0.4.0
[INFO] [stderr]    Compiling opaque-debug v0.3.0
[INFO] [stderr]    Compiling getrandom v0.1.16
[INFO] [stderr]    Compiling prost-types v0.11.6
[INFO] [stderr]    Compiling rustls v0.20.8
[INFO] [stderr]    Compiling pin-project v1.0.12
[INFO] [stderr]    Compiling digest v0.10.6
[INFO] [stderr]    Compiling sct v0.7.0
[INFO] [stderr]    Compiling tower-layer v0.3.2
[INFO] [stderr]    Compiling unicode-xid v0.2.4
[INFO] [stderr]    Compiling byteorder v1.4.3
[INFO] [stderr]    Compiling synstructure v0.12.6
[INFO] [stderr]    Compiling axum-core v0.3.2
[INFO] [stderr]    Compiling dashmap v5.4.0
[INFO] [stderr]    Compiling base64 v0.21.0
[INFO] [stderr]    Compiling axum v0.6.3
[INFO] [stderr]    Compiling crossbeam-epoch v0.9.13
[INFO] [stderr]    Compiling rustls-pemfile v1.0.2
[INFO] [stderr]    Compiling instant v0.1.12
[INFO] [stderr]    Compiling ryu v1.0.12
[INFO] [stderr]    Compiling prost-build v0.11.6
[INFO] [stderr]    Compiling http-range-header v0.3.0
[INFO] [stderr]    Compiling zeroize_derive v1.3.3
[INFO] [stderr]    Compiling serde_json v1.0.91
[INFO] [stderr]    Compiling rand_core v0.5.1
[INFO] [stderr]    Compiling async-stream-impl v0.3.3
[INFO] [stderr]    Compiling darling_core v0.14.2
[INFO] [stderr]    Compiling matchit v0.7.0
[INFO] [stderr]    Compiling futures-executor v0.3.25
[INFO] [stderr]    Compiling tonic-build v0.8.4
[INFO] [stderr]    Compiling futures v0.3.25
[INFO] [stderr]    Compiling opentelemetry_api v0.18.0
[INFO] [stderr]    Compiling zeroize v1.3.0
[INFO] [stderr]    Compiling sync_wrapper v0.1.1
[INFO] [stderr]    Compiling async-stream v0.3.3
[INFO] [stderr]    Compiling rustls-native-certs v0.6.2
[INFO] [stderr]    Compiling zstd-sys v2.0.5+zstd.1.5.2
[INFO] [stderr]    Compiling regex-automata v0.1.10
[INFO] [stderr]    Compiling digest v0.9.0
[INFO] [stderr]    Compiling unicase v2.6.0
[INFO] [stderr]    Compiling overload v0.1.1
[INFO] [stderr]    Compiling semver v1.0.16
[INFO] [stderr]    Compiling signature v1.6.4
[INFO] [stderr]    Compiling convert_case v0.4.0
[INFO] [stderr]    Compiling matchers v0.1.0
[INFO] [stderr]    Compiling nu-ansi-term v0.46.0
[INFO] [stderr]    Compiling derive_more v0.99.17
[INFO] [stderr]    Compiling crossbeam-deque v0.8.2
[INFO] [stderr]    Compiling darling_macro v0.14.2
[INFO] [stderr]    Compiling darling_core v0.12.4
[INFO] [stderr]    Compiling block-buffer v0.9.0
[INFO] [stderr]    Compiling sharded-slab v0.1.4
[INFO] [stderr]    Compiling thread_local v1.1.4
[INFO] [stderr]    Compiling num-traits v0.2.15
[INFO] [stderr]    Compiling event-listener v2.5.3
[INFO] [stderr]    Compiling mio v0.8.5
[INFO] [stderr]    Compiling tracing v0.1.37
[INFO] [stderr]    Compiling want v0.3.0
[INFO] [stderr]    Compiling darling v0.14.2
[INFO] [stderr]    Compiling tracing-futures v0.2.5
[INFO] [stderr]    Compiling tracing-log v0.1.3
[INFO] [stderr]    Compiling parking_lot_core v0.8.6
[INFO] [stderr]    Compiling adler v1.0.2
[INFO] [stderr]    Compiling miniz_oxide v0.6.2
[INFO] [stderr]    Compiling tracing-subscriber v0.3.16
[INFO] [stderr]    Compiling derive_builder_core v0.12.0
[INFO] [stderr]    Compiling toml v0.5.10
[INFO] [stderr]    Compiling sha2 v0.9.9
[INFO] [stderr]    Compiling darling_macro v0.12.4
[INFO] [stderr]    Compiling ed25519 v1.5.2
[INFO] [stderr]    Compiling curve25519-dalek v3.2.1
[INFO] [stderr]    Compiling temporal-sdk-core-protos v0.1.0 (https://github.com/temporalio/sdk-core.git#feb62589)
[INFO] [stderr]    Compiling subtle-encoding v0.5.1
[INFO] [stderr]    Compiling rand_chacha v0.2.2
[INFO] [stderr]    Compiling bzip2-sys v0.1.11+1.0.8
[INFO] [stderr]    Compiling uuid-macro-internal v1.2.2
[INFO] [stderr]    Compiling sct v0.6.1
[INFO] [stderr]    Compiling webpki v0.21.4
[INFO] [stderr]    Compiling concurrent-queue v2.0.0
[INFO] [stderr]    Compiling ahash v0.8.2
[INFO] [stderr]    Compiling zstd-safe v5.0.2+zstd.1.5.2
[INFO] [stderr]    Compiling io-lifetimes v1.0.3
[INFO] [stderr]    Compiling rayon-core v1.10.1
[INFO] [stderr]    Compiling protobuf v2.28.0
[INFO] [stderr]    Compiling parking v2.0.0
[INFO] [stderr]    Compiling waker-fn v1.1.0
[INFO] [stderr]    Compiling crc32fast v1.3.2
[INFO] [stderr]    Compiling futures-lite v1.12.0
[INFO] [stderr]    Compiling uuid v1.2.2
[INFO] [stderr]    Compiling async-channel v1.8.0
[INFO] [stderr]    Compiling rustls v0.19.1
[INFO] [stderr]    Compiling tokio-util v0.7.4
[INFO] [stderr]    Compiling tokio-stream v0.1.11
[INFO] [stderr]    Compiling tokio-rustls v0.23.4
[INFO] [stderr]    Compiling opentelemetry_sdk v0.18.0
[INFO] [stderr]    Compiling tokio-io-timeout v1.2.0
[INFO] [stderr]    Compiling rand v0.7.3
[INFO] [stderr]    Compiling h2 v0.3.15
[INFO] [stderr]    Compiling tower v0.4.13
[INFO] [stderr]    Compiling ed25519-dalek v1.0.1
[INFO] [stderr]    Compiling signatory v0.21.0
[INFO] [stderr]    Compiling darling v0.12.4
[INFO] [stderr]    Compiling cargo-lock v8.0.3
[INFO] [stderr]    Compiling mime_guess v2.0.4
[INFO] [stderr]    Compiling opentelemetry v0.18.0
[INFO] [stderr]    Compiling derive_builder_macro v0.12.0
[INFO] [stderr]    Compiling tower-http v0.3.5
[INFO] [stderr]    Compiling opentelemetry-proto v0.1.0
[INFO] [stderr]    Compiling sha1 v0.10.5
[INFO] [stderr]    Compiling inout v0.1.3
[INFO] [stderr]    Compiling cipher v0.3.0
[INFO] [stderr]    Compiling base64ct v1.5.3
[INFO] [stderr]    Compiling prometheus v0.13.3
[INFO] [stderr]    Compiling crossbeam-queue v0.3.8
[INFO] [stderr]    Compiling predicates-core v1.0.5
[INFO] [stderr]    Compiling unicode-segmentation v1.10.0
[INFO] [stderr]    Compiling data-encoding v2.3.3
[INFO] [stderr]    Compiling doc-comment v0.3.3
[INFO] [stderr]    Compiling encoding_rs v0.8.31
[INFO] [stderr]    Compiling rustix v0.36.6
[INFO] [stderr]    Compiling time-core v0.1.0
[INFO] [stderr]    Compiling static_assertions v1.1.0
[INFO] [stderr]    Compiling nix v0.26.1
[INFO] [stderr]    Compiling time-macros v0.2.6
[INFO] [stderr]    Compiling nkeys v0.1.0
[INFO] [stderr]    Compiling hyper v0.14.23
[INFO] [stderr]    Compiling heck v0.3.3
[INFO] [stderr]    Compiling password-hash v0.4.2
[INFO] [stderr]    Compiling cipher v0.4.3
[INFO] [stderr]    Compiling parking_lot v0.11.2
[INFO] [stderr]    Compiling derive_builder v0.12.0
[INFO] [stderr]    Compiling float-cmp v0.9.0
[INFO] [stderr]    Compiling built v0.5.2
[INFO] [stderr]    Compiling rustls-native-certs v0.5.0
[INFO] [stderr]    Compiling derive_builder_core v0.10.2
[INFO] [stderr]    Compiling async-lock v2.6.0
[INFO] [stderr]    Compiling futures-retry v0.6.0
[INFO] [stderr]    Compiling serde_urlencoded v0.7.1
[INFO] [stderr]    Compiling backoff v0.4.0
[INFO] [stderr]    Compiling sha-1 v0.10.1
[INFO] [stderr]    Compiling sha2 v0.10.6
[INFO] [stderr]    Compiling hmac v0.12.1
[INFO] [stderr]    Compiling base64-url v1.4.13
[INFO] [stderr]    Compiling nuid v0.3.2
[INFO] [stderr]    Compiling universal-hash v0.5.0
[INFO] [stderr]    Compiling raw-cpuid v10.6.0
[INFO] [stderr]    Compiling backtrace v0.3.67
[INFO] [stderr]    Compiling slotmap v1.0.6
[INFO] [stderr]    Compiling difflib v0.4.0
[INFO] [stderr]    Compiling safemem v0.3.3
[INFO] [stderr]    Compiling termtree v0.4.0
[INFO] [stderr]    Compiling gimli v0.27.0
[INFO] [stderr]    Compiling sysinfo v0.19.2
[INFO] [stderr]    Compiling eyre v0.6.8
[INFO] [stderr]    Compiling itoa v0.4.8
[INFO] [stderr]    Compiling linux-raw-sys v0.1.4
[INFO] [stderr]    Compiling async-task v4.3.0
[INFO] [stderr]    Compiling rustfsm_trait v0.1.0 (https://github.com/temporalio/sdk-core.git#feb62589)
[INFO] [stderr]    Compiling json v0.12.4
[INFO] [stderr]    Compiling utf-8 v0.7.6
[INFO] [stderr]    Compiling hyper-timeout v0.4.1
[INFO] [stderr]    Compiling normalize-line-endings v0.3.0
[INFO] [stderr]    Compiling atomic-waker v1.0.0
[INFO] [stderr]    Compiling blocking v1.3.0
[INFO] [stderr]    Compiling predicates v2.1.5
[INFO] [stderr]    Compiling nats v0.10.1
[INFO] [stderr]    Compiling tungstenite v0.17.3
[INFO] [stderr]    Compiling addr2line v0.19.0
[INFO] [stderr]    Compiling hyper-rustls v0.23.2
[INFO] [stderr]    Compiling rustfsm_procmacro v0.1.0 (https://github.com/temporalio/sdk-core.git#feb62589)
[INFO] [stderr]    Compiling quanta v0.9.3
[INFO] [stderr]    Compiling predicates-tree v1.0.7
[INFO] [stderr]    Compiling buf_redux v0.8.4
[INFO] [stderr]    Compiling polyval v0.6.0
[INFO] [stderr]    Compiling pbkdf2 v0.11.0
[INFO] [stderr]    Compiling derive_builder_macro v0.10.2
[INFO] [stderr]    Compiling rayon v1.6.1
[INFO] [stderr]    Compiling hashbrown v0.13.2
[INFO] [stderr]    Compiling moleculer v0.3.5
[INFO] [stderr]    Compiling flate2 v1.0.25
[INFO] [stderr]    Compiling time v0.3.17
[INFO] [stderr]    Compiling strum_macros v0.21.1
[INFO] [stderr]    Compiling tonic v0.8.3
[INFO] [stderr]    Compiling aes v0.7.5
[INFO] [stderr]    Compiling tracing-error v0.2.0
[INFO] [stderr]    Compiling mockall_derive v0.11.3
[INFO] [stderr]    Compiling webpki-roots v0.22.6
[INFO] [stderr]    Compiling headers-core v0.2.0
[INFO] [stderr]    Compiling filetime v0.2.19
[INFO] [stderr]    Compiling xattr v0.2.3
[INFO] [stderr]    Compiling twoway v0.1.8
[INFO] [stderr]    Compiling object v0.30.1
[INFO] [stderr]    Compiling owo-colors v3.5.0
[INFO] [stderr]    Compiling indenter v0.3.3
[INFO] [stderr]    Compiling match_cfg v0.1.0
[INFO] [stderr]    Compiling no-std-compat v0.4.1
[INFO] [stderr]    Compiling rustc-demangle v0.1.21
[INFO] [stderr]    Compiling fragile v2.0.0
[INFO] [stderr]    Compiling futures-timer v3.0.2
[INFO] [stderr]    Compiling nonzero_ext v0.3.0
[INFO] [stderr]    Compiling constant_time_eq v0.1.5
[INFO] [stderr]    Compiling ipnet v2.7.1
[INFO] [stderr]    Compiling quick-error v1.2.3
[INFO] [stderr]    Compiling downcast v0.11.0
[INFO] [stderr]    Compiling c_linked_list v1.1.1
[INFO] [stderr]    Compiling get_if_addrs v0.5.3
[INFO] [stderr]    Compiling reqwest v0.11.14
[INFO] [stderr]    Compiling multipart v0.18.0
[INFO] [stderr]    Compiling opentelemetry-otlp v0.11.0
[INFO] [stderr]    Compiling governor v0.5.1
[INFO] [stderr]    Compiling enum_dispatch v0.3.11
[INFO] [stderr]    Compiling color-spantrace v0.2.0
[INFO] [stderr]    Compiling strum v0.21.0
[INFO] [stderr]    Compiling hostname v0.3.1
[INFO] [stderr]    Compiling mockall v0.11.3
[INFO] [stderr]    Compiling tar v0.4.38
[INFO] [stderr]    Compiling headers v0.3.8
[INFO] [stderr]    Compiling crossbeam v0.8.2
[INFO] [stderr]    Compiling derive_builder v0.10.2
[INFO] [stderr]    Compiling lru v0.9.0
[INFO] [stderr]    Compiling rustfsm v0.1.0 (https://github.com/temporalio/sdk-core.git#feb62589)
[INFO] [stderr]    Compiling ghash v0.5.0
[INFO] [stderr]    Compiling is-terminal v0.4.2
[INFO] [stderr]    Compiling opentelemetry-prometheus v0.11.0
[INFO] [stderr]    Compiling async-nats v0.10.1
[INFO] [stderr]    Compiling tokio-tungstenite v0.17.2
[INFO] [stderr]    Compiling ctrlc v3.2.4
[INFO] [stderr]    Compiling ctr v0.9.2
[INFO] [stderr]    Compiling aes v0.8.2
[INFO] [stderr]    Compiling tracing-opentelemetry v0.18.0
[INFO] [stderr]    Compiling act-zero v0.4.0
[INFO] [stderr]    Compiling uuid v0.8.2
[INFO] [stderr]    Compiling rustls-pemfile v0.2.1
[INFO] [stderr]    Compiling aead v0.5.1
[INFO] [stderr]    Compiling ringbuf v0.3.2
[INFO] [stderr]    Compiling maplit v1.0.2
[INFO] [stderr]    Compiling termcolor v1.1.3
[INFO] [stderr]    Compiling humantime v2.1.0
[INFO] [stderr]    Compiling scoped-tls v1.0.1
[INFO] [stderr]    Compiling block-padding v0.2.1
[INFO] [stderr]    Compiling arc-swap v1.6.0
[INFO] [stderr]    Compiling siphasher v0.3.10
[INFO] [stderr]    Compiling block-modes v0.8.1
[INFO] [stderr]    Compiling env_logger v0.10.0
[INFO] [stderr]    Compiling warp v0.3.3
[INFO] [stderr]    Compiling aes-gcm v0.10.1
[INFO] [stderr]    Compiling color-eyre v0.6.2
[INFO] [stderr]    Compiling hex-literal v0.3.4
[INFO] [stderr]    Compiling temporal-client v0.1.0 (https://github.com/temporalio/sdk-core.git#feb62589)
[INFO] [stderr]    Compiling bzip2 v0.4.4
[INFO] [stderr]    Compiling temporal-sdk-core-api v0.1.0 (https://github.com/temporalio/sdk-core.git#feb62589)
[INFO] [stderr]    Compiling zstd v0.11.2+zstd.1.5.2
[INFO] [stderr]    Compiling zip v0.6.3
[INFO] [stderr]    Compiling temporal-sdk-core v0.1.0 (https://github.com/temporalio/sdk-core.git#feb62589)
[INFO] [stderr]    Compiling moleculer-gateway v0.1.0 (/opt/rustwide/workdir)
[INFO] [stdout] warning: unused import: `env`
[INFO] [stdout]  --> src/main.rs:1:25
[INFO] [stdout]   |
[INFO] [stdout] 1 | use std::{error::Error, env, convert::Infallible};
[INFO] [stdout]   |                         ^^^
[INFO] [stdout]   |
[INFO] [stdout]   = note: `#[warn(unused_imports)]` on by default
[INFO] [stdout] 
[INFO] [stdout] 
[INFO] [stdout] warning: unused import: `Error as MoleculerError`
[INFO] [stdout]  --> src/main.rs:4:5
[INFO] [stdout]   |
[INFO] [stdout] 4 |     Error as MoleculerError,
[INFO] [stdout]   |     ^^^^^^^^^^^^^^^^^^^^^^^
[INFO] [stdout] 
[INFO] [stdout] 
[INFO] [stdout] warning: unused import: `Map`
[INFO] [stdout]   --> src/main.rs:10:25
[INFO] [stdout]    |
[INFO] [stdout] 10 | use serde_json::{Value, Map, Number};
[INFO] [stdout]    |                         ^^^
[INFO] [stdout] 
[INFO] [stdout] 
[INFO] [stdout] warning: unused imports: `net::TcpListener`, `task`
[INFO] [stdout]   --> src/main.rs:11:13
[INFO] [stdout]    |
[INFO] [stdout] 11 | use tokio::{net::TcpListener, task};
[INFO] [stdout]    |             ^^^^^^^^^^^^^^^^  ^^^^
[INFO] [stdout] 
[INFO] [stdout] 
[INFO] [stdout] warning: unused imports: `json`, `reject`, `self`
[INFO] [stdout]   --> src/main.rs:12:57
[INFO] [stdout]    |
[INFO] [stdout] 12 | use warp::{Filter, hyper::StatusCode, Rejection, Reply, reject, reply::{json, self}};
[INFO] [stdout]    |                                                         ^^^^^^          ^^^^  ^^^^
[INFO] [stdout] 
[INFO] [stdout] 
[INFO] [stdout] warning: unused import: `aes_gcm::aead::OsRng`
[INFO] [stdout]  --> src/encryption.rs:1:5
[INFO] [stdout]   |
[INFO] [stdout] 1 | use aes_gcm::aead::OsRng;
[INFO] [stdout]   |     ^^^^^^^^^^^^^^^^^^^^
[INFO] [stdout] 
[INFO] [stdout] 
[INFO] [stdout] warning: unused import: `aes_gcm::aead::generic_array::ArrayLength`
[INFO] [stdout]  --> src/encryption.rs:2:5
[INFO] [stdout]   |
[INFO] [stdout] 2 | use aes_gcm::aead::generic_array::ArrayLength;
[INFO] [stdout]   |     ^^^^^^^^^^^^^^^^^^^^^^^^^^^^^^^^^^^^^^^^^
[INFO] [stdout] 
[INFO] [stdout] 
[INFO] [stdout] warning: unused import: `hex_literal::hex`
[INFO] [stdout]  --> src/encryption.rs:3:5
[INFO] [stdout]   |
[INFO] [stdout] 3 | use hex_literal::hex;
[INFO] [stdout]   |     ^^^^^^^^^^^^^^^^
[INFO] [stdout] 
[INFO] [stdout] 
[INFO] [stdout] warning: unused imports: `Aead`, `KeyInit`, `Payload`, `generic_array::GenericArray`
[INFO] [stdout]  --> src/encryption.rs:5:21
[INFO] [stdout]   |
[INFO] [stdout] 5 | use aes_gcm::aead::{generic_array::GenericArray, Aead, KeyInit, Payload};
[INFO] [stdout]   |                     ^^^^^^^^^^^^^^^^^^^^^^^^^^^  ^^^^  ^^^^^^^  ^^^^^^^
[INFO] [stdout] 
[INFO] [stdout] 
[INFO] [stdout] warning: unused imports: `Aes128Gcm`, `Nonce`
[INFO] [stdout]  --> src/encryption.rs:6:15
[INFO] [stdout]   |
[INFO] [stdout] 6 | use aes_gcm::{Aes128Gcm, Nonce};
[INFO] [stdout]   |               ^^^^^^^^^  ^^^^^
[INFO] [stdout] 
[INFO] [stdout] 
[INFO] [stdout] warning: unused import: `std::str`
[INFO] [stdout]  --> src/encryption.rs:8:5
[INFO] [stdout]   |
[INFO] [stdout] 8 | use std::str;
[INFO] [stdout]   |     ^^^^^^^^
[INFO] [stdout] 
[INFO] [stdout] 
[INFO] [stdout] warning: unused imports: `Bytes`, `Uuid`
[INFO] [stdout]   --> src/encryption.rs:10:12
[INFO] [stdout]    |
[INFO] [stdout] 10 | use uuid::{Bytes, Uuid};
[INFO] [stdout]    |            ^^^^^  ^^^^
[INFO] [stdout] 
[INFO] [stdout] 
[INFO] [stdout] warning: unused imports: `Rng`, `distributions::Alphanumeric`
[INFO] [stdout]   --> src/encryption.rs:12:12
[INFO] [stdout]    |
[INFO] [stdout] 12 | use rand::{distributions::Alphanumeric, Rng};
[INFO] [stdout]    |            ^^^^^^^^^^^^^^^^^^^^^^^^^^^  ^^^
[INFO] [stdout] 
[INFO] [stdout] 
[INFO] [stdout] warning: unused import: `serde_json::json`
[INFO] [stdout]  --> src/temporal.rs:1:5
[INFO] [stdout]   |
[INFO] [stdout] 1 | use serde_json::json;
[INFO] [stdout]   |     ^^^^^^^^^^^^^^^^
[INFO] [stdout] 
[INFO] [stdout] 
[INFO] [stdout] warning: unused imports: `Client`, `WorkflowClientTrait`, `WorkflowOptions`
[INFO] [stdout]  --> src/temporal.rs:3:23
[INFO] [stdout]   |
[INFO] [stdout] 3 | use temporal_client::{Client, WorkflowClientTrait, WorkflowOptions};
[INFO] [stdout]   |                       ^^^^^^  ^^^^^^^^^^^^^^^^^^^  ^^^^^^^^^^^^^^^
[INFO] [stdout] 
[INFO] [stdout] 
[INFO] [stdout] warning: unused import: `uuid::Uuid`
[INFO] [stdout]  --> src/temporal.rs:4:5
[INFO] [stdout]   |
[INFO] [stdout] 4 | use uuid::Uuid;
[INFO] [stdout]   |     ^^^^^^^^^^
[INFO] [stdout] 
[INFO] [stdout] 
[INFO] [stdout] warning: unused imports: `collections::HashMap`, `future::Future`, `net::SocketAddr`, `path::PathBuf`, `sync::Arc`, `time::Duration`
[INFO] [stdout]  --> src/temporal.rs:6:26
[INFO] [stdout]   |
[INFO] [stdout] 6 |   convert::TryFrom, env, future::Future, net::SocketAddr, path::PathBuf, sync::Arc,
[INFO] [stdout]   |                          ^^^^^^^^^^^^^^  ^^^^^^^^^^^^^^^  ^^^^^^^^^^^^^  ^^^^^^^^^
[INFO] [stdout] 7 |   time::Duration, collections::HashMap,
[INFO] [stdout]   |   ^^^^^^^^^^^^^^  ^^^^^^^^^^^^^^^^^^^^
[INFO] [stdout] 
[INFO] [stdout] 
[INFO] [stdout] warning: unused imports: `*`, `AsJsonPayloadExt`, `FromJsonPayloadExt`, `Header`, `IntoPayloadsExt`, `Payload`, `Payloads`, `TaskQueueKind`, `TaskToken`, `WorkflowExecution`, `WorkflowIdReusePolicy`, `WorkflowTaskFailedCause`, `WorkflowType`, `failure::v1::Failure`, `grpc::health::v1::health_client::HealthClient`, `operatorservice::v1::operator_service_client::OperatorServiceClient`, `query::v1::WorkflowQuery`, `replication::v1::ClusterReplicationConfig`, `taskqueue::v1::TaskQueue`, `testservice::v1::test_service_client::TestServiceClient`, `workflow_commands::QueryResult`, `workflow_service_client::WorkflowServiceClient`
[INFO] [stdout]   --> src/temporal.rs:10:13
[INFO] [stdout]    |
[INFO] [stdout] 10 |   coresdk::{workflow_commands::QueryResult, IntoPayloadsExt, AsJsonPayloadExt, FromJsonPayloadExt},
[INFO] [stdout]    |             ^^^^^^^^^^^^^^^^^^^^^^^^^^^^^^  ^^^^^^^^^^^^^^^  ^^^^^^^^^^^^^^^^  ^^^^^^^^^^^^^^^^^^
[INFO] [stdout] 11 |   grpc::health::v1::health_client::HealthClient,
[INFO] [stdout]    |   ^^^^^^^^^^^^^^^^^^^^^^^^^^^^^^^^^^^^^^^^^^^^^
[INFO] [stdout] 12 |   temporal::api::{
[INFO] [stdout] 13 |       common::v1::{Header, Payload, Payloads, WorkflowExecution, WorkflowType},
[INFO] [stdout]    |                    ^^^^^^  ^^^^^^^  ^^^^^^^^  ^^^^^^^^^^^^^^^^^  ^^^^^^^^^^^^
[INFO] [stdout] 14 |       enums::v1::{TaskQueueKind, WorkflowIdReusePolicy, WorkflowTaskFailedCause},
[INFO] [stdout]    |                   ^^^^^^^^^^^^^  ^^^^^^^^^^^^^^^^^^^^^  ^^^^^^^^^^^^^^^^^^^^^^^
[INFO] [stdout] 15 |       failure::v1::Failure,
[INFO] [stdout]    |       ^^^^^^^^^^^^^^^^^^^^
[INFO] [stdout] 16 |       operatorservice::v1::operator_service_client::OperatorServiceClient,
[INFO] [stdout]    |       ^^^^^^^^^^^^^^^^^^^^^^^^^^^^^^^^^^^^^^^^^^^^^^^^^^^^^^^^^^^^^^^^^^^
[INFO] [stdout] 17 |       query::v1::WorkflowQuery,
[INFO] [stdout]    |       ^^^^^^^^^^^^^^^^^^^^^^^^
[INFO] [stdout] 18 |       replication::v1::ClusterReplicationConfig,
[INFO] [stdout]    |       ^^^^^^^^^^^^^^^^^^^^^^^^^^^^^^^^^^^^^^^^^
[INFO] [stdout] 19 |       taskqueue::v1::TaskQueue,
[INFO] [stdout]    |       ^^^^^^^^^^^^^^^^^^^^^^^^
[INFO] [stdout] 20 |       testservice::v1::test_service_client::TestServiceClient,
[INFO] [stdout]    |       ^^^^^^^^^^^^^^^^^^^^^^^^^^^^^^^^^^^^^^^^^^^^^^^^^^^^^^^
[INFO] [stdout] 21 |       workflowservice::v1::{workflow_service_client::WorkflowServiceClient, *},
[INFO] [stdout]    |                             ^^^^^^^^^^^^^^^^^^^^^^^^^^^^^^^^^^^^^^^^^^^^^^  ^
[INFO] [stdout] 22 |   },
[INFO] [stdout] 23 |   TaskToken,
[INFO] [stdout]    |   ^^^^^^^^^
[INFO] [stdout] 
[INFO] [stdout] 
[INFO] [stdout] warning: unused variable: `query`
[INFO] [stdout]    --> src/main.rs:176:33
[INFO] [stdout]     |
[INFO] [stdout] 176 | pub async fn list_todos_handler(query: SearchQuery, broker: ServiceBroker) -> std::result::Result<impl Reply, Rejection> {
[INFO] [stdout]     |                                 ^^^^^ help: if this is intentional, prefix it with an underscore: `_query`
[INFO] [stdout]     |
[INFO] [stdout]     = note: `#[warn(unused_variables)]` on by default
[INFO] [stdout] 
[INFO] [stdout] 
[INFO] [stdout] warning: unused variable: `bytes`
[INFO] [stdout]   --> src/encryption.rs:15:38
[INFO] [stdout]    |
[INFO] [stdout] 15 | pub fn conforms_to_encrypted_bld_tok(bytes: &[u8]) {
[INFO] [stdout]    |                                      ^^^^^ help: if this is intentional, prefix it with an underscore: `_bytes`
[INFO] [stdout] 
[INFO] [stdout] 
[INFO] [stdout] warning: field `search` is never read
[INFO] [stdout]    --> src/main.rs:169:5
[INFO] [stdout]     |
[INFO] [stdout] 168 | pub struct SearchQuery {
[INFO] [stdout]     |            ----------- field in this struct
[INFO] [stdout] 169 |     search: Option<String>,
[INFO] [stdout]     |     ^^^^^^
[INFO] [stdout]     |
[INFO] [stdout]     = note: `#[warn(dead_code)]` on by default
[INFO] [stdout] 
[INFO] [stdout] 
[INFO] [stdout] warning: function `conforms_to_encrypted_bld_tok` is never used
[INFO] [stdout]   --> src/encryption.rs:15:8
[INFO] [stdout]    |
[INFO] [stdout] 15 | pub fn conforms_to_encrypted_bld_tok(bytes: &[u8]) {
[INFO] [stdout]    |        ^^^^^^^^^^^^^^^^^^^^^^^^^^^^^
[INFO] [stdout] 
[INFO] [stdout] 
[INFO] [stdout] warning: constant `INTEG_SERVER_TARGET_ENV_VAR` is never used
[INFO] [stdout]   --> src/temporal.rs:26:11
[INFO] [stdout]    |
[INFO] [stdout] 26 | pub const INTEG_SERVER_TARGET_ENV_VAR: &str = "TEMPORAL_SERVICE_ADDRESS";
[INFO] [stdout]    |           ^^^^^^^^^^^^^^^^^^^^^^^^^^^
[INFO] [stdout] 
[INFO] [stdout] 
[INFO] [stdout] warning: function `get_integ_server_options` is never used
[INFO] [stdout]   --> src/temporal.rs:28:4
[INFO] [stdout]    |
[INFO] [stdout] 28 | fn get_integ_server_options() -> ClientOptions {
[INFO] [stdout]    |    ^^^^^^^^^^^^^^^^^^^^^^^^
[INFO] [stdout] 
[INFO] [stdout] 
[INFO] [stdout] warning: 24 warnings emitted
[INFO] [stdout] 
[INFO] [stdout] 
[INFO] [stderr]     Finished dev [unoptimized + debuginfo] target(s) in 1m 40s
[INFO] [stderr] warning: the following packages contain code that will be rejected by a future version of Rust: buf_redux v0.8.4, multipart v0.18.0
[INFO] [stderr] note: to see what the problems were, use the option `--future-incompat-report`, or run `cargo report future-incompatibilities --id 1`
[INFO] running `Command { std: "docker" "inspect" "eefe0824e8eb1086b31054a9859087436c2f3b84a4483bc29636f8e0a1143feb", kill_on_drop: false }`
[INFO] running `Command { std: "docker" "rm" "-f" "eefe0824e8eb1086b31054a9859087436c2f3b84a4483bc29636f8e0a1143feb", kill_on_drop: false }`
[INFO] [stdout] eefe0824e8eb1086b31054a9859087436c2f3b84a4483bc29636f8e0a1143feb
[INFO] running `Command { std: "docker" "create" "-v" "/var/lib/crater-agent-workspace/builds/worker-5-tc1/target:/opt/rustwide/target:rw,Z" "-v" "/var/lib/crater-agent-workspace/builds/worker-5-tc1/source:/opt/rustwide/workdir:ro,Z" "-v" "/var/lib/crater-agent-workspace/cargo-home:/opt/rustwide/cargo-home:ro,Z" "-v" "/var/lib/crater-agent-workspace/rustup-home:/opt/rustwide/rustup-home:ro,Z" "-e" "SOURCE_DIR=/opt/rustwide/workdir" "-e" "CARGO_TARGET_DIR=/opt/rustwide/target" "-e" "CARGO_INCREMENTAL=0" "-e" "RUST_BACKTRACE=full" "-e" "RUSTFLAGS=--cap-lints=warn" "-e" "RUSTDOCFLAGS=--cap-lints=warn" "-e" "CARGO_HOME=/opt/rustwide/cargo-home" "-e" "RUSTUP_HOME=/opt/rustwide/rustup-home" "-w" "/opt/rustwide/workdir" "-m" "1610612736" "--user" "0:0" "--network" "none" "ghcr.io/rust-lang/crates-build-env/linux@sha256:2788e3201cd34a07e3172128adcd8b3090168a8e3bcc40d7c032b9dda1df7d1c" "/opt/rustwide/cargo-home/bin/cargo" "+1.75.0" "test" "--frozen" "--no-run" "--message-format=json", kill_on_drop: false }`
[INFO] [stdout] c40bb372b609603e5aa89e2962f049fa6e01965bea743fca7d971f6925e92fed
[INFO] running `Command { std: "docker" "start" "-a" "c40bb372b609603e5aa89e2962f049fa6e01965bea743fca7d971f6925e92fed", kill_on_drop: false }`
[INFO] [stderr]    Compiling moleculer-gateway v0.1.0 (/opt/rustwide/workdir)
[INFO] [stdout] warning: unused import: `env`
[INFO] [stdout]  --> src/main.rs:1:25
[INFO] [stdout]   |
[INFO] [stdout] 1 | use std::{error::Error, env, convert::Infallible};
[INFO] [stdout]   |                         ^^^
[INFO] [stdout]   |
[INFO] [stdout]   = note: `#[warn(unused_imports)]` on by default
[INFO] [stdout] 
[INFO] [stdout] 
[INFO] [stdout] warning: unused import: `Error as MoleculerError`
[INFO] [stdout]  --> src/main.rs:4:5
[INFO] [stdout]   |
[INFO] [stdout] 4 |     Error as MoleculerError,
[INFO] [stdout]   |     ^^^^^^^^^^^^^^^^^^^^^^^
[INFO] [stdout] 
[INFO] [stdout] 
[INFO] [stdout] warning: unused import: `Map`
[INFO] [stdout]   --> src/main.rs:10:25
[INFO] [stdout]    |
[INFO] [stdout] 10 | use serde_json::{Value, Map, Number};
[INFO] [stdout]    |                         ^^^
[INFO] [stdout] 
[INFO] [stdout] 
[INFO] [stdout] warning: unused imports: `net::TcpListener`, `task`
[INFO] [stdout]   --> src/main.rs:11:13
[INFO] [stdout]    |
[INFO] [stdout] 11 | use tokio::{net::TcpListener, task};
[INFO] [stdout]    |             ^^^^^^^^^^^^^^^^  ^^^^
[INFO] [stdout] 
[INFO] [stdout] 
[INFO] [stdout] warning: unused imports: `json`, `reject`, `self`
[INFO] [stdout]   --> src/main.rs:12:57
[INFO] [stdout]    |
[INFO] [stdout] 12 | use warp::{Filter, hyper::StatusCode, Rejection, Reply, reject, reply::{json, self}};
[INFO] [stdout]    |                                                         ^^^^^^          ^^^^  ^^^^
[INFO] [stdout] 
[INFO] [stdout] 
[INFO] [stdout] warning: unused import: `aes_gcm::aead::generic_array::ArrayLength`
[INFO] [stdout]  --> src/encryption.rs:2:5
[INFO] [stdout]   |
[INFO] [stdout] 2 | use aes_gcm::aead::generic_array::ArrayLength;
[INFO] [stdout]   |     ^^^^^^^^^^^^^^^^^^^^^^^^^^^^^^^^^^^^^^^^^
[INFO] [stdout] 
[INFO] [stdout] 
[INFO] [stdout] warning: unused imports: `Bytes`, `Uuid`
[INFO] [stdout]   --> src/encryption.rs:10:12
[INFO] [stdout]    |
[INFO] [stdout] 10 | use uuid::{Bytes, Uuid};
[INFO] [stdout]    |            ^^^^^  ^^^^
[INFO] [stdout] 
[INFO] [stdout] 
[INFO] [stdout] warning: unused import: `Client`
[INFO] [stdout]  --> src/temporal.rs:3:23
[INFO] [stdout]   |
[INFO] [stdout] 3 | use temporal_client::{Client, WorkflowClientTrait, WorkflowOptions};
[INFO] [stdout]   |                       ^^^^^^
[INFO] [stdout] 
[INFO] [stdout] 
[INFO] [stdout] warning: unused imports: `future::Future`, `net::SocketAddr`, `path::PathBuf`, `time::Duration`
[INFO] [stdout]  --> src/temporal.rs:6:26
[INFO] [stdout]   |
[INFO] [stdout] 6 |   convert::TryFrom, env, future::Future, net::SocketAddr, path::PathBuf, sync::Arc,
[INFO] [stdout]   |                          ^^^^^^^^^^^^^^  ^^^^^^^^^^^^^^^  ^^^^^^^^^^^^^
[INFO] [stdout] 7 |   time::Duration, collections::HashMap,
[INFO] [stdout]   |   ^^^^^^^^^^^^^^
[INFO] [stdout] 
[INFO] [stdout] 
[INFO] [stdout] warning: unused imports: `*`, `AsJsonPayloadExt`, `FromJsonPayloadExt`, `Header`, `IntoPayloadsExt`, `Payloads`, `TaskQueueKind`, `TaskToken`, `WorkflowExecution`, `WorkflowIdReusePolicy`, `WorkflowTaskFailedCause`, `WorkflowType`, `failure::v1::Failure`, `grpc::health::v1::health_client::HealthClient`, `operatorservice::v1::operator_service_client::OperatorServiceClient`, `query::v1::WorkflowQuery`, `replication::v1::ClusterReplicationConfig`, `taskqueue::v1::TaskQueue`, `testservice::v1::test_service_client::TestServiceClient`, `workflow_commands::QueryResult`, `workflow_service_client::WorkflowServiceClient`
[INFO] [stdout]   --> src/temporal.rs:10:13
[INFO] [stdout]    |
[INFO] [stdout] 10 |   coresdk::{workflow_commands::QueryResult, IntoPayloadsExt, AsJsonPayloadExt, FromJsonPayloadExt},
[INFO] [stdout]    |             ^^^^^^^^^^^^^^^^^^^^^^^^^^^^^^  ^^^^^^^^^^^^^^^  ^^^^^^^^^^^^^^^^  ^^^^^^^^^^^^^^^^^^
[INFO] [stdout] 11 |   grpc::health::v1::health_client::HealthClient,
[INFO] [stdout]    |   ^^^^^^^^^^^^^^^^^^^^^^^^^^^^^^^^^^^^^^^^^^^^^
[INFO] [stdout] 12 |   temporal::api::{
[INFO] [stdout] 13 |       common::v1::{Header, Payload, Payloads, WorkflowExecution, WorkflowType},
[INFO] [stdout]    |                    ^^^^^^           ^^^^^^^^  ^^^^^^^^^^^^^^^^^  ^^^^^^^^^^^^
[INFO] [stdout] 14 |       enums::v1::{TaskQueueKind, WorkflowIdReusePolicy, WorkflowTaskFailedCause},
[INFO] [stdout]    |                   ^^^^^^^^^^^^^  ^^^^^^^^^^^^^^^^^^^^^  ^^^^^^^^^^^^^^^^^^^^^^^
[INFO] [stdout] 15 |       failure::v1::Failure,
[INFO] [stdout]    |       ^^^^^^^^^^^^^^^^^^^^
[INFO] [stdout] 16 |       operatorservice::v1::operator_service_client::OperatorServiceClient,
[INFO] [stdout]    |       ^^^^^^^^^^^^^^^^^^^^^^^^^^^^^^^^^^^^^^^^^^^^^^^^^^^^^^^^^^^^^^^^^^^
[INFO] [stdout] 17 |       query::v1::WorkflowQuery,
[INFO] [stdout]    |       ^^^^^^^^^^^^^^^^^^^^^^^^
[INFO] [stdout] 18 |       replication::v1::ClusterReplicationConfig,
[INFO] [stdout]    |       ^^^^^^^^^^^^^^^^^^^^^^^^^^^^^^^^^^^^^^^^^
[INFO] [stdout] 19 |       taskqueue::v1::TaskQueue,
[INFO] [stdout]    |       ^^^^^^^^^^^^^^^^^^^^^^^^
[INFO] [stdout] 20 |       testservice::v1::test_service_client::TestServiceClient,
[INFO] [stdout]    |       ^^^^^^^^^^^^^^^^^^^^^^^^^^^^^^^^^^^^^^^^^^^^^^^^^^^^^^^
[INFO] [stdout] 21 |       workflowservice::v1::{workflow_service_client::WorkflowServiceClient, *},
[INFO] [stdout]    |                             ^^^^^^^^^^^^^^^^^^^^^^^^^^^^^^^^^^^^^^^^^^^^^^  ^
[INFO] [stdout] 22 |   },
[INFO] [stdout] 23 |   TaskToken,
[INFO] [stdout]    |   ^^^^^^^^^
[INFO] [stdout] 
[INFO] [stdout] 
[INFO] [stdout] warning: unused variable: `query`
[INFO] [stdout]    --> src/main.rs:176:33
[INFO] [stdout]     |
[INFO] [stdout] 176 | pub async fn list_todos_handler(query: SearchQuery, broker: ServiceBroker) -> std::result::Result<impl Reply, Rejection> {
[INFO] [stdout]     |                                 ^^^^^ help: if this is intentional, prefix it with an underscore: `_query`
[INFO] [stdout]     |
[INFO] [stdout]     = note: `#[warn(unused_variables)]` on by default
[INFO] [stdout] 
[INFO] [stdout] 
[INFO] [stdout] warning: unused variable: `bytes`
[INFO] [stdout]   --> src/encryption.rs:15:38
[INFO] [stdout]    |
[INFO] [stdout] 15 | pub fn conforms_to_encrypted_bld_tok(bytes: &[u8]) {
[INFO] [stdout]    |                                      ^^^^^ help: if this is intentional, prefix it with an underscore: `_bytes`
[INFO] [stdout] 
[INFO] [stdout] 
[INFO] [stdout] warning: field `search` is never read
[INFO] [stdout]    --> src/main.rs:169:5
[INFO] [stdout]     |
[INFO] [stdout] 168 | pub struct SearchQuery {
[INFO] [stdout]     |            ----------- field in this struct
[INFO] [stdout] 169 |     search: Option<String>,
[INFO] [stdout]     |     ^^^^^^
[INFO] [stdout]     |
[INFO] [stdout]     = note: `#[warn(dead_code)]` on by default
[INFO] [stdout] 
[INFO] [stdout] 
[INFO] [stdout] warning: function `conforms_to_encrypted_bld_tok` is never used
[INFO] [stdout]   --> src/encryption.rs:15:8
[INFO] [stdout]    |
[INFO] [stdout] 15 | pub fn conforms_to_encrypted_bld_tok(bytes: &[u8]) {
[INFO] [stdout]    |        ^^^^^^^^^^^^^^^^^^^^^^^^^^^^^
[INFO] [stdout] 
[INFO] [stdout] 
[INFO] [stdout] warning: 14 warnings emitted
[INFO] [stdout] 
[INFO] [stdout] 
[INFO] [stderr]     Finished test [unoptimized + debuginfo] target(s) in 18.96s
[INFO] [stderr] warning: the following packages contain code that will be rejected by a future version of Rust: buf_redux v0.8.4, multipart v0.18.0
[INFO] [stderr] note: to see what the problems were, use the option `--future-incompat-report`, or run `cargo report future-incompatibilities --id 1`
[INFO] running `Command { std: "docker" "inspect" "c40bb372b609603e5aa89e2962f049fa6e01965bea743fca7d971f6925e92fed", kill_on_drop: false }`
[INFO] running `Command { std: "docker" "rm" "-f" "c40bb372b609603e5aa89e2962f049fa6e01965bea743fca7d971f6925e92fed", kill_on_drop: false }`
[INFO] [stdout] c40bb372b609603e5aa89e2962f049fa6e01965bea743fca7d971f6925e92fed
[INFO] running `Command { std: "docker" "create" "-v" "/var/lib/crater-agent-workspace/builds/worker-5-tc1/target:/opt/rustwide/target:rw,Z" "-v" "/var/lib/crater-agent-workspace/builds/worker-5-tc1/source:/opt/rustwide/workdir:ro,Z" "-v" "/var/lib/crater-agent-workspace/cargo-home:/opt/rustwide/cargo-home:ro,Z" "-v" "/var/lib/crater-agent-workspace/rustup-home:/opt/rustwide/rustup-home:ro,Z" "-e" "SOURCE_DIR=/opt/rustwide/workdir" "-e" "CARGO_TARGET_DIR=/opt/rustwide/target" "-e" "CARGO_INCREMENTAL=0" "-e" "RUST_BACKTRACE=full" "-e" "RUSTFLAGS=--cap-lints=warn" "-e" "RUSTDOCFLAGS=--cap-lints=warn" "-e" "CARGO_HOME=/opt/rustwide/cargo-home" "-e" "RUSTUP_HOME=/opt/rustwide/rustup-home" "-w" "/opt/rustwide/workdir" "-m" "1610612736" "--user" "0:0" "--network" "none" "ghcr.io/rust-lang/crates-build-env/linux@sha256:2788e3201cd34a07e3172128adcd8b3090168a8e3bcc40d7c032b9dda1df7d1c" "/opt/rustwide/cargo-home/bin/cargo" "+1.75.0" "test" "--frozen", kill_on_drop: false }`
[INFO] [stdout] c458030f1b50b7de69d27ee3ed5a6bc329be492bab4d3df32ebceb7b53d76a1a
[INFO] running `Command { std: "docker" "start" "-a" "c458030f1b50b7de69d27ee3ed5a6bc329be492bab4d3df32ebceb7b53d76a1a", kill_on_drop: false }`
[INFO] [stderr] warning: unused import: `env`
[INFO] [stderr]  --> src/main.rs:1:25
[INFO] [stderr]   |
[INFO] [stderr] 1 | use std::{error::Error, env, convert::Infallible};
[INFO] [stderr]   |                         ^^^
[INFO] [stderr]   |
[INFO] [stderr]   = note: `#[warn(unused_imports)]` on by default
[INFO] [stderr] 
[INFO] [stderr] warning: unused import: `Error as MoleculerError`
[INFO] [stderr]  --> src/main.rs:4:5
[INFO] [stderr]   |
[INFO] [stderr] 4 |     Error as MoleculerError,
[INFO] [stderr]   |     ^^^^^^^^^^^^^^^^^^^^^^^
[INFO] [stderr] 
[INFO] [stderr] warning: unused import: `Map`
[INFO] [stderr]   --> src/main.rs:10:25
[INFO] [stderr]    |
[INFO] [stderr] 10 | use serde_json::{Value, Map, Number};
[INFO] [stderr]    |                         ^^^
[INFO] [stderr] 
[INFO] [stderr] warning: unused imports: `net::TcpListener`, `task`
[INFO] [stderr]   --> src/main.rs:11:13
[INFO] [stderr]    |
[INFO] [stderr] 11 | use tokio::{net::TcpListener, task};
[INFO] [stderr]    |             ^^^^^^^^^^^^^^^^  ^^^^
[INFO] [stderr] 
[INFO] [stderr] warning: unused imports: `json`, `reject`, `self`
[INFO] [stderr]   --> src/main.rs:12:57
[INFO] [stderr]    |
[INFO] [stderr] 12 | use warp::{Filter, hyper::StatusCode, Rejection, Reply, reject, reply::{json, self}};
[INFO] [stderr]    |                                                         ^^^^^^          ^^^^  ^^^^
[INFO] [stderr] 
[INFO] [stderr] warning: unused import: `aes_gcm::aead::generic_array::ArrayLength`
[INFO] [stderr]  --> src/encryption.rs:2:5
[INFO] [stderr]   |
[INFO] [stderr] 2 | use aes_gcm::aead::generic_array::ArrayLength;
[INFO] [stderr]   |     ^^^^^^^^^^^^^^^^^^^^^^^^^^^^^^^^^^^^^^^^^
[INFO] [stderr] 
[INFO] [stderr] warning: unused imports: `Bytes`, `Uuid`
[INFO] [stderr]   --> src/encryption.rs:10:12
[INFO] [stderr]    |
[INFO] [stderr] 10 | use uuid::{Bytes, Uuid};
[INFO] [stderr]    |            ^^^^^  ^^^^
[INFO] [stderr] 
[INFO] [stderr] warning: unused import: `Client`
[INFO] [stderr]  --> src/temporal.rs:3:23
[INFO] [stderr]   |
[INFO] [stderr] 3 | use temporal_client::{Client, WorkflowClientTrait, WorkflowOptions};
[INFO] [stderr]   |                       ^^^^^^
[INFO] [stderr] 
[INFO] [stderr] warning: unused imports: `future::Future`, `net::SocketAddr`, `path::PathBuf`, `time::Duration`
[INFO] [stderr]  --> src/temporal.rs:6:26
[INFO] [stderr]   |
[INFO] [stderr] 6 |   convert::TryFrom, env, future::Future, net::SocketAddr, path::PathBuf, sync::Arc,
[INFO] [stderr]   |                          ^^^^^^^^^^^^^^  ^^^^^^^^^^^^^^^  ^^^^^^^^^^^^^
[INFO] [stderr] 7 |   time::Duration, collections::HashMap,
[INFO] [stderr]   |   ^^^^^^^^^^^^^^
[INFO] [stderr] 
[INFO] [stderr] warning: unused imports: `*`, `AsJsonPayloadExt`, `FromJsonPayloadExt`, `Header`, `IntoPayloadsExt`, `Payloads`, `TaskQueueKind`, `TaskToken`, `WorkflowExecution`, `WorkflowIdReusePolicy`, `WorkflowTaskFailedCause`, `WorkflowType`, `failure::v1::Failure`, `grpc::health::v1::health_client::HealthClient`, `operatorservice::v1::operator_service_client::OperatorServiceClient`, `query::v1::WorkflowQuery`, `replication::v1::ClusterReplicationConfig`, `taskqueue::v1::TaskQueue`, `testservice::v1::test_service_client::TestServiceClient`, `workflow_commands::QueryResult`, `workflow_service_client::WorkflowServiceClient`
[INFO] [stderr]   --> src/temporal.rs:10:13
[INFO] [stderr]    |
[INFO] [stderr] 10 |   coresdk::{workflow_commands::QueryResult, IntoPayloadsExt, AsJsonPayloadExt, FromJsonPayloadExt},
[INFO] [stderr]    |             ^^^^^^^^^^^^^^^^^^^^^^^^^^^^^^  ^^^^^^^^^^^^^^^  ^^^^^^^^^^^^^^^^  ^^^^^^^^^^^^^^^^^^
[INFO] [stderr] 11 |   grpc::health::v1::health_client::HealthClient,
[INFO] [stderr]    |   ^^^^^^^^^^^^^^^^^^^^^^^^^^^^^^^^^^^^^^^^^^^^^
[INFO] [stderr] 12 |   temporal::api::{
[INFO] [stderr] 13 |       common::v1::{Header, Payload, Payloads, WorkflowExecution, WorkflowType},
[INFO] [stderr]    |                    ^^^^^^           ^^^^^^^^  ^^^^^^^^^^^^^^^^^  ^^^^^^^^^^^^
[INFO] [stderr] 14 |       enums::v1::{TaskQueueKind, WorkflowIdReusePolicy, WorkflowTaskFailedCause},
[INFO] [stderr]    |                   ^^^^^^^^^^^^^  ^^^^^^^^^^^^^^^^^^^^^  ^^^^^^^^^^^^^^^^^^^^^^^
[INFO] [stderr] 15 |       failure::v1::Failure,
[INFO] [stderr]    |       ^^^^^^^^^^^^^^^^^^^^
[INFO] [stderr] 16 |       operatorservice::v1::operator_service_client::OperatorServiceClient,
[INFO] [stderr]    |       ^^^^^^^^^^^^^^^^^^^^^^^^^^^^^^^^^^^^^^^^^^^^^^^^^^^^^^^^^^^^^^^^^^^
[INFO] [stderr] 17 |       query::v1::WorkflowQuery,
[INFO] [stderr]    |       ^^^^^^^^^^^^^^^^^^^^^^^^
[INFO] [stderr] 18 |       replication::v1::ClusterReplicationConfig,
[INFO] [stderr]    |       ^^^^^^^^^^^^^^^^^^^^^^^^^^^^^^^^^^^^^^^^^
[INFO] [stderr] 19 |       taskqueue::v1::TaskQueue,
[INFO] [stderr]    |       ^^^^^^^^^^^^^^^^^^^^^^^^
[INFO] [stderr] 20 |       testservice::v1::test_service_client::TestServiceClient,
[INFO] [stderr]    |       ^^^^^^^^^^^^^^^^^^^^^^^^^^^^^^^^^^^^^^^^^^^^^^^^^^^^^^^
[INFO] [stderr] 21 |       workflowservice::v1::{workflow_service_client::WorkflowServiceClient, *},
[INFO] [stderr]    |                             ^^^^^^^^^^^^^^^^^^^^^^^^^^^^^^^^^^^^^^^^^^^^^^  ^
[INFO] [stderr] 22 |   },
[INFO] [stderr] 23 |   TaskToken,
[INFO] [stderr]    |   ^^^^^^^^^
[INFO] [stderr] 
[INFO] [stderr] warning: unused variable: `query`
[INFO] [stderr]    --> src/main.rs:176:33
[INFO] [stderr]     |
[INFO] [stderr] 176 | pub async fn list_todos_handler(query: SearchQuery, broker: ServiceBroker) -> std::result::Result<impl Reply, Rejection> {
[INFO] [stderr]     |                                 ^^^^^ help: if this is intentional, prefix it with an underscore: `_query`
[INFO] [stderr]     |
[INFO] [stderr]     = note: `#[warn(unused_variables)]` on by default
[INFO] [stderr] 
[INFO] [stderr] warning: unused variable: `bytes`
[INFO] [stderr]   --> src/encryption.rs:15:38
[INFO] [stderr]    |
[INFO] [stderr] 15 | pub fn conforms_to_encrypted_bld_tok(bytes: &[u8]) {
[INFO] [stderr]    |                                      ^^^^^ help: if this is intentional, prefix it with an underscore: `_bytes`
[INFO] [stderr] 
[INFO] [stderr] warning: field `search` is never read
[INFO] [stderr]    --> src/main.rs:169:5
[INFO] [stderr]     |
[INFO] [stderr] 168 | pub struct SearchQuery {
[INFO] [stderr]     |            ----------- field in this struct
[INFO] [stderr] 169 |     search: Option<String>,
[INFO] [stderr]     |     ^^^^^^
[INFO] [stderr]     |
[INFO] [stderr]     = note: `#[warn(dead_code)]` on by default
[INFO] [stderr] 
[INFO] [stderr] warning: function `conforms_to_encrypted_bld_tok` is never used
[INFO] [stderr]   --> src/encryption.rs:15:8
[INFO] [stderr]    |
[INFO] [stderr] 15 | pub fn conforms_to_encrypted_bld_tok(bytes: &[u8]) {
[INFO] [stderr]    |        ^^^^^^^^^^^^^^^^^^^^^^^^^^^^^
[INFO] [stderr] 
[INFO] [stderr] warning: `moleculer-gateway` (bin "moleculer-gateway" test) generated 14 warnings (run `cargo fix --bin "moleculer-gateway" --tests` to apply 12 suggestions)
[INFO] [stderr]     Finished test [unoptimized + debuginfo] target(s) in 0.58s
[INFO] [stderr] warning: the following packages contain code that will be rejected by a future version of Rust: buf_redux v0.8.4, multipart v0.18.0
[INFO] [stderr] note: to see what the problems were, use the option `--future-incompat-report`, or run `cargo report future-incompatibilities --id 1`
[INFO] [stderr]      Running unittests src/main.rs (/opt/rustwide/target/debug/deps/moleculer_gateway-5c1cf11aeb840e3a)
[INFO] [stdout] 
[INFO] [stdout] running 4 tests
[INFO] [stdout] test encryption::split_u8_array ... ok
[INFO] [stdout] test encryption::test_encrypt_decrypt ... ok
[INFO] [stdout] test encryption::test_encrypt_decrypt_bld_tok ... ok
[INFO] [stdout] test temporal::execute_workflow ... FAILED
[INFO] [stdout] 
[INFO] [stdout] failures:
[INFO] [stdout] 
[INFO] [stdout] ---- temporal::execute_workflow stdout ----
[INFO] [stdout] thread 'temporal::execute_workflow' panicked at src/temporal.rs:50:10:
[INFO] [stdout] Must connect: TonicTransportError(tonic::transport::Error(Transport, hyper::Error(Connect, ConnectError("tcp connect error", Os { code: 99, kind: AddrNotAvailable, message: "Cannot assign requested address" }))))
[INFO] [stdout] stack backtrace:
[INFO] [stdout]    0:     0x5633c83f1a8c - std::backtrace_rs::backtrace::libunwind::trace::ha637c64ce894333a
[INFO] [stdout]                                at /rustc/82e1608dfa6e0b5569232559e3d385fea5a93112/library/std/src/../../backtrace/src/backtrace/libunwind.rs:104:5
[INFO] [stdout]    1:     0x5633c83f1a8c - std::backtrace_rs::backtrace::trace_unsynchronized::h47f62dea28e0c88d
[INFO] [stdout]                                at /rustc/82e1608dfa6e0b5569232559e3d385fea5a93112/library/std/src/../../backtrace/src/backtrace/mod.rs:66:5
[INFO] [stdout]    2:     0x5633c83f1a8c - std::sys_common::backtrace::_print_fmt::h9eef0abe20ede486
[INFO] [stdout]                                at /rustc/82e1608dfa6e0b5569232559e3d385fea5a93112/library/std/src/sys_common/backtrace.rs:67:5
[INFO] [stdout]    3:     0x5633c83f1a8c - <std::sys_common::backtrace::_print::DisplayBacktrace as core::fmt::Display>::fmt::hed7f999df88cc644
[INFO] [stdout]                                at /rustc/82e1608dfa6e0b5569232559e3d385fea5a93112/library/std/src/sys_common/backtrace.rs:44:22
[INFO] [stdout]    4:     0x5633c841e980 - core::fmt::rt::Argument::fmt::h1539a9308b8d058d
[INFO] [stdout]                                at /rustc/82e1608dfa6e0b5569232559e3d385fea5a93112/library/core/src/fmt/rt.rs:142:9
[INFO] [stdout]    5:     0x5633c841e980 - core::fmt::write::h3a39390d8560d9c9
[INFO] [stdout]                                at /rustc/82e1608dfa6e0b5569232559e3d385fea5a93112/library/core/src/fmt/mod.rs:1120:17
[INFO] [stdout]    6:     0x5633c83ee9ef - std::io::Write::write_fmt::h040b369f3a0f9cbc
[INFO] [stdout]                                at /rustc/82e1608dfa6e0b5569232559e3d385fea5a93112/library/std/src/io/mod.rs:1762:15
[INFO] [stdout]    7:     0x5633c83f1874 - std::sys_common::backtrace::_print::h894006fb5c6f3d45
[INFO] [stdout]                                at /rustc/82e1608dfa6e0b5569232559e3d385fea5a93112/library/std/src/sys_common/backtrace.rs:47:5
[INFO] [stdout]    8:     0x5633c83f1874 - std::sys_common::backtrace::print::h23a2d212c6fff936
[INFO] [stdout]                                at /rustc/82e1608dfa6e0b5569232559e3d385fea5a93112/library/std/src/sys_common/backtrace.rs:34:9
[INFO] [stdout]    9:     0x5633c83f3537 - std::panicking::default_hook::{{closure}}::h8a1d2ee00185001a
[INFO] [stdout]   10:     0x5633c83f3223 - std::panicking::default_hook::h6038f2eba384e475
[INFO] [stdout]                                at /rustc/82e1608dfa6e0b5569232559e3d385fea5a93112/library/std/src/panicking.rs:289:9
[INFO] [stdout]   11:     0x5633c7cb7c57 - <alloc::boxed::Box<F,A> as core::ops::function::Fn<Args>>::call::h0ad024c9bdc6d768
[INFO] [stdout]                                at /rustc/82e1608dfa6e0b5569232559e3d385fea5a93112/library/alloc/src/boxed.rs:2021:9
[INFO] [stdout]   12:     0x5633c7cb7c57 - test::test_main::{{closure}}::h7500b54257359db6
[INFO] [stdout]                                at /rustc/82e1608dfa6e0b5569232559e3d385fea5a93112/library/test/src/lib.rs:138:21
[INFO] [stdout]   13:     0x5633c83f3b48 - <alloc::boxed::Box<F,A> as core::ops::function::Fn<Args>>::call::h1f8f335eaa9cfaee
[INFO] [stdout]                                at /rustc/82e1608dfa6e0b5569232559e3d385fea5a93112/library/alloc/src/boxed.rs:2021:9
[INFO] [stdout]   14:     0x5633c83f3b48 - std::panicking::rust_panic_with_hook::h2b5517d590cab22e
[INFO] [stdout]                                at /rustc/82e1608dfa6e0b5569232559e3d385fea5a93112/library/std/src/panicking.rs:783:13
[INFO] [stdout]   15:     0x5633c83f389e - std::panicking::begin_panic_handler::{{closure}}::h233112c06e0ef43e
[INFO] [stdout]                                at /rustc/82e1608dfa6e0b5569232559e3d385fea5a93112/library/std/src/panicking.rs:657:13
[INFO] [stdout]   16:     0x5633c83f1f56 - std::sys_common::backtrace::__rust_end_short_backtrace::h6e893f24d7ebbff8
[INFO] [stdout]                                at /rustc/82e1608dfa6e0b5569232559e3d385fea5a93112/library/std/src/sys_common/backtrace.rs:170:18
[INFO] [stdout]   17:     0x5633c83f3602 - rust_begin_unwind
[INFO] [stdout]                                at /rustc/82e1608dfa6e0b5569232559e3d385fea5a93112/library/std/src/panicking.rs:645:5
[INFO] [stdout]   18:     0x5633c7c57505 - core::panicking::panic_fmt::hbf0e066aabfa482c
[INFO] [stdout]                                at /rustc/82e1608dfa6e0b5569232559e3d385fea5a93112/library/core/src/panicking.rs:72:14
[INFO] [stdout]   19:     0x5633c7c57ad3 - core::result::unwrap_failed::hddb4fea594200c52
[INFO] [stdout]                                at /rustc/82e1608dfa6e0b5569232559e3d385fea5a93112/library/core/src/result.rs:1653:5
[INFO] [stdout]   20:     0x5633c7c5b0ce - core::result::Result<T,E>::expect::h16e8031452d02c59
[INFO] [stdout]                                at /rustc/82e1608dfa6e0b5569232559e3d385fea5a93112/library/core/src/result.rs:1034:23
[INFO] [stdout]   21:     0x5633c7c7af31 - moleculer_gateway::temporal::execute_workflow::{{closure}}::h1481f5291cd1ea4f
[INFO] [stdout]                                at /opt/rustwide/workdir/src/temporal.rs:47:5
[INFO] [stdout]   22:     0x5633c7c69928 - <core::pin::Pin<P> as core::future::future::Future>::poll::hd1df1fc67a453fbf
[INFO] [stdout]                                at /rustc/82e1608dfa6e0b5569232559e3d385fea5a93112/library/core/src/future/future.rs:125:9
[INFO] [stdout]   23:     0x5633c7c6997b - <core::pin::Pin<P> as core::future::future::Future>::poll::hf7e5fb405fe03cc2
[INFO] [stdout]                                at /rustc/82e1608dfa6e0b5569232559e3d385fea5a93112/library/core/src/future/future.rs:125:9
[INFO] [stdout]   24:     0x5633c7c82184 - tokio::runtime::scheduler::current_thread::CoreGuard::block_on::{{closure}}::{{closure}}::{{closure}}::h4fee8f61f88c0ade
[INFO] [stdout]                                at /opt/rustwide/cargo-home/registry/src/index.crates.io-6f17d22bba15001f/tokio-1.24.1/src/runtime/scheduler/current_thread.rs:541:57
[INFO] [stdout]   25:     0x5633c7c820ba - tokio::runtime::coop::with_budget::ha54d04a086d1f09c
[INFO] [stdout]                                at /opt/rustwide/cargo-home/registry/src/index.crates.io-6f17d22bba15001f/tokio-1.24.1/src/runtime/coop.rs:102:5
[INFO] [stdout]   26:     0x5633c7c820ba - tokio::runtime::coop::budget::h3da95ea01c41c5e8
[INFO] [stdout]                                at /opt/rustwide/cargo-home/registry/src/index.crates.io-6f17d22bba15001f/tokio-1.24.1/src/runtime/coop.rs:68:5
[INFO] [stdout]   27:     0x5633c7c820ba - tokio::runtime::scheduler::current_thread::CoreGuard::block_on::{{closure}}::{{closure}}::he94867c8be3ea89e
[INFO] [stdout]                                at /opt/rustwide/cargo-home/registry/src/index.crates.io-6f17d22bba15001f/tokio-1.24.1/src/runtime/scheduler/current_thread.rs:541:25
[INFO] [stdout]   28:     0x5633c7c80b7c - tokio::runtime::scheduler::current_thread::Context::enter::hf5d36f92fa841434
[INFO] [stdout]                                at /opt/rustwide/cargo-home/registry/src/index.crates.io-6f17d22bba15001f/tokio-1.24.1/src/runtime/scheduler/current_thread.rs:350:19
[INFO] [stdout]   29:     0x5633c7c81662 - tokio::runtime::scheduler::current_thread::CoreGuard::block_on::{{closure}}::h452291c702e4c42c
[INFO] [stdout]                                at /opt/rustwide/cargo-home/registry/src/index.crates.io-6f17d22bba15001f/tokio-1.24.1/src/runtime/scheduler/current_thread.rs:540:36
[INFO] [stdout]   30:     0x5633c7c8137b - tokio::runtime::scheduler::current_thread::CoreGuard::enter::{{closure}}::h3e9cb0467ae5dc65
[INFO] [stdout]                                at /opt/rustwide/cargo-home/registry/src/index.crates.io-6f17d22bba15001f/tokio-1.24.1/src/runtime/scheduler/current_thread.rs:615:57
[INFO] [stdout]   31:     0x5633c7c726ed - tokio::macros::scoped_tls::ScopedKey<T>::set::h087ac6f8bce7b397
[INFO] [stdout]                                at /opt/rustwide/cargo-home/registry/src/index.crates.io-6f17d22bba15001f/tokio-1.24.1/src/macros/scoped_tls.rs:61:9
[INFO] [stdout]   32:     0x5633c7c8110f - tokio::runtime::scheduler::current_thread::CoreGuard::enter::hf7b0107be7f17d0f
[INFO] [stdout]                                at /opt/rustwide/cargo-home/registry/src/index.crates.io-6f17d22bba15001f/tokio-1.24.1/src/runtime/scheduler/current_thread.rs:615:27
[INFO] [stdout]   33:     0x5633c7c813ac - tokio::runtime::scheduler::current_thread::CoreGuard::block_on::h0726430c9d0e0f13
[INFO] [stdout]                                at /opt/rustwide/cargo-home/registry/src/index.crates.io-6f17d22bba15001f/tokio-1.24.1/src/runtime/scheduler/current_thread.rs:530:19
[INFO] [stdout]   34:     0x5633c7c8032d - tokio::runtime::scheduler::current_thread::CurrentThread::block_on::h244ac73d311262fa
[INFO] [stdout]                                at /opt/rustwide/cargo-home/registry/src/index.crates.io-6f17d22bba15001f/tokio-1.24.1/src/runtime/scheduler/current_thread.rs:154:24
[INFO] [stdout]   35:     0x5633c7c72d8d - tokio::runtime::runtime::Runtime::block_on::hf4aebbf7a4b19045
[INFO] [stdout]                                at /opt/rustwide/cargo-home/registry/src/index.crates.io-6f17d22bba15001f/tokio-1.24.1/src/runtime/runtime.rs:282:47
[INFO] [stdout]   36:     0x5633c7c7aab3 - moleculer_gateway::temporal::execute_workflow::hc22a4ebf075ee3e9
[INFO] [stdout]                                at /opt/rustwide/workdir/src/temporal.rs:112:3
[INFO] [stdout]   37:     0x5633c7c7a927 - moleculer_gateway::temporal::execute_workflow::{{closure}}::h31f88ff7f4567134
[INFO] [stdout]                                at /opt/rustwide/workdir/src/temporal.rs:45:28
[INFO] [stdout]   38:     0x5633c7c585c6 - core::ops::function::FnOnce::call_once::h24c9e29965461260
[INFO] [stdout]                                at /rustc/82e1608dfa6e0b5569232559e3d385fea5a93112/library/core/src/ops/function.rs:250:5
[INFO] [stdout]   39:     0x5633c7cbd2af - core::ops::function::FnOnce::call_once::h2b5d431d5046312d
[INFO] [stdout]                                at /rustc/82e1608dfa6e0b5569232559e3d385fea5a93112/library/core/src/ops/function.rs:250:5
[INFO] [stdout]   40:     0x5633c7cbd2af - test::__rust_begin_short_backtrace::h7714669af176e207
[INFO] [stdout]                                at /rustc/82e1608dfa6e0b5569232559e3d385fea5a93112/library/test/src/lib.rs:628:18
[INFO] [stdout]   41:     0x5633c7cbc2c5 - test::run_test_in_process::{{closure}}::h85218797dcbcec12
[INFO] [stdout]                                at /rustc/82e1608dfa6e0b5569232559e3d385fea5a93112/library/test/src/lib.rs:651:60
[INFO] [stdout]   42:     0x5633c7cbc2c5 - <core::panic::unwind_safe::AssertUnwindSafe<F> as core::ops::function::FnOnce<()>>::call_once::h76c106ea31c14d7b
[INFO] [stdout]                                at /rustc/82e1608dfa6e0b5569232559e3d385fea5a93112/library/core/src/panic/unwind_safe.rs:272:9
[INFO] [stdout]   43:     0x5633c7cbc2c5 - std::panicking::try::do_call::h3bd5d0f6620ee946
[INFO] [stdout]                                at /rustc/82e1608dfa6e0b5569232559e3d385fea5a93112/library/std/src/panicking.rs:552:40
[INFO] [stdout]   44:     0x5633c7cbc2c5 - std::panicking::try::h232e535e4744fe31
[INFO] [stdout]                                at /rustc/82e1608dfa6e0b5569232559e3d385fea5a93112/library/std/src/panicking.rs:516:19
[INFO] [stdout]   45:     0x5633c7cbc2c5 - std::panic::catch_unwind::h3ce3bd6ca8dbac68
[INFO] [stdout]                                at /rustc/82e1608dfa6e0b5569232559e3d385fea5a93112/library/std/src/panic.rs:142:14
[INFO] [stdout]   46:     0x5633c7cbc2c5 - test::run_test_in_process::hc97b257c9621286a
[INFO] [stdout]                                at /rustc/82e1608dfa6e0b5569232559e3d385fea5a93112/library/test/src/lib.rs:651:27
[INFO] [stdout]   47:     0x5633c7cbc2c5 - test::run_test::{{closure}}::h2aa798823a438d38
[INFO] [stdout]                                at /rustc/82e1608dfa6e0b5569232559e3d385fea5a93112/library/test/src/lib.rs:574:43
[INFO] [stdout]   48:     0x5633c7c84586 - test::run_test::{{closure}}::h87d231c78fb59832
[INFO] [stdout]                                at /rustc/82e1608dfa6e0b5569232559e3d385fea5a93112/library/test/src/lib.rs:602:41
[INFO] [stdout]   49:     0x5633c7c84586 - std::sys_common::backtrace::__rust_begin_short_backtrace::he6df152596625789
[INFO] [stdout]                                at /rustc/82e1608dfa6e0b5569232559e3d385fea5a93112/library/std/src/sys_common/backtrace.rs:154:18
[INFO] [stdout]   50:     0x5633c7c89637 - std::thread::Builder::spawn_unchecked_::{{closure}}::{{closure}}::ha94be15d1e0acf36
[INFO] [stdout]                                at /rustc/82e1608dfa6e0b5569232559e3d385fea5a93112/library/std/src/thread/mod.rs:529:17
[INFO] [stdout]   51:     0x5633c7c89637 - <core::panic::unwind_safe::AssertUnwindSafe<F> as core::ops::function::FnOnce<()>>::call_once::h9dc6bd6372f16606
[INFO] [stdout]                                at /rustc/82e1608dfa6e0b5569232559e3d385fea5a93112/library/core/src/panic/unwind_safe.rs:272:9
[INFO] [stdout]   52:     0x5633c7c89637 - std::panicking::try::do_call::h9057517f80303cd4
[INFO] [stdout]                                at /rustc/82e1608dfa6e0b5569232559e3d385fea5a93112/library/std/src/panicking.rs:552:40
[INFO] [stdout]   53:     0x5633c7c89637 - std::panicking::try::he3a30b11ee45340c
[INFO] [stdout]                                at /rustc/82e1608dfa6e0b5569232559e3d385fea5a93112/library/std/src/panicking.rs:516:19
[INFO] [stdout]   54:     0x5633c7c89637 - std::panic::catch_unwind::h410458cfd3528b8b
[INFO] [stdout]                                at /rustc/82e1608dfa6e0b5569232559e3d385fea5a93112/library/std/src/panic.rs:142:14
[INFO] [stdout]   55:     0x5633c7c89637 - std::thread::Builder::spawn_unchecked_::{{closure}}::h72ac3bdb567b737b
[INFO] [stdout]                                at /rustc/82e1608dfa6e0b5569232559e3d385fea5a93112/library/std/src/thread/mod.rs:528:30
[INFO] [stdout]   56:     0x5633c7c89637 - core::ops::function::FnOnce::call_once{{vtable.shim}}::h38f34da3654a8344
[INFO] [stdout]                                at /rustc/82e1608dfa6e0b5569232559e3d385fea5a93112/library/core/src/ops/function.rs:250:5
[INFO] [stdout]   57:     0x5633c83f8755 - <alloc::boxed::Box<F,A> as core::ops::function::FnOnce<Args>>::call_once::hc7eafaff61e32df9
[INFO] [stdout]                                at /rustc/82e1608dfa6e0b5569232559e3d385fea5a93112/library/alloc/src/boxed.rs:2007:9
[INFO] [stdout]   58:     0x5633c83f8755 - <alloc::boxed::Box<F,A> as core::ops::function::FnOnce<Args>>::call_once::h6ba4a5de48dd2304
[INFO] [stdout]                                at /rustc/82e1608dfa6e0b5569232559e3d385fea5a93112/library/alloc/src/boxed.rs:2007:9
[INFO] [stdout]   59:     0x5633c83f8755 - std::sys::unix::thread::Thread::new::thread_start::he469335aef763e45
[INFO] [stdout]                                at /rustc/82e1608dfa6e0b5569232559e3d385fea5a93112/library/std/src/sys/unix/thread.rs:108:17
[INFO] [stdout]   60:     0x7f6e37ea2ac3 - <unknown>
[INFO] [stdout]   61:     0x7f6e37f33bf4 - __clone
[INFO] [stdout]   62:                0x0 - <unknown>
[INFO] [stdout] 
[INFO] [stdout] 
[INFO] [stdout] failures:
[INFO] [stdout]     temporal::execute_workflow
[INFO] [stdout] 
[INFO] [stdout] test result: FAILED. 3 passed; 1 failed; 0 ignored; 0 measured; 0 filtered out; finished in 0.21s
[INFO] [stdout] 
[INFO] [stderr] error: test failed, to rerun pass `--bin moleculer-gateway`
[INFO] running `Command { std: "docker" "inspect" "c458030f1b50b7de69d27ee3ed5a6bc329be492bab4d3df32ebceb7b53d76a1a", kill_on_drop: false }`
[INFO] running `Command { std: "docker" "rm" "-f" "c458030f1b50b7de69d27ee3ed5a6bc329be492bab4d3df32ebceb7b53d76a1a", kill_on_drop: false }`
[INFO] [stdout] c458030f1b50b7de69d27ee3ed5a6bc329be492bab4d3df32ebceb7b53d76a1a
